{"id":7,"date":"2022-05-25T09:22:41","date_gmt":"2022-05-25T09:22:41","guid":{"rendered":"https:\/\/www.campings.com\/it\/content\/?page_id=7"},"modified":"2022-05-25T14:21:20","modified_gmt":"2022-05-25T14:21:20","slug":"regolamento-concorso-maggio-2022","status":"publish","type":"page","link":"https:\/\/www.campings.com\/it\/content\/regolamento-concorso-maggio-2022\/","title":{"rendered":"Regolamento Concorso &#8211; Maggio 2022"},"content":{"rendered":"<p><span style=\"font-weight: 400\">REGOLAMENTO CONCORSO CON TIRAGGIO A SORTE\u00a0 &#8220;Vinci una vacanza da sogno in campeggio&#8221;.<\/span><\/p>\n<p>&nbsp;<\/p>\n<p><span style=\"font-weight: 400\">ARTICOLO 1 &#8211; ORGANIZZATORE DEL CONCORSO<\/span><\/p>\n<p><span style=\"font-weight: 400\">La societ\u00e0 Campings.com, societ\u00e0 per azioni semplificata con capitale di 100.000 euro, con sede legale al 18\/20 Rue du Faubourg du Temple &#8211; 75011 PARIGI, iscritta al Registro del Commercio e delle Imprese di Parigi con il numero 508 290 947 (IVA intracomunitaria FR67508290947), rappresentata dalla societ\u00e0 Campings.com Group SAS, con sede legale in 18 rue du Faubourg du Temple &#8211; 75011 Parigi, iscritta al Registro del Commercio e delle Imprese di Parigi con il numero 790114409, rappresentata dal suo Amministratore Delegato, J\u00e9r\u00f4me Mercier (l'&#8221;Organizzatore&#8221;), organizza una lotteria promozionale gratuita e non vincolante intitolata &#8220;Vinci una vacanza da sogno in campeggio&#8221; (il &#8220;Concorso&#8221;).<\/span><\/p>\n<p><span style=\"font-weight: 400\">Il Concorso consente ai partecipanti di provare a vincere un (1) premio.<\/span><\/p>\n<p>&nbsp;<\/p>\n<p><span style=\"font-weight: 400\">ARTICOLO 2 &#8211; DURATA DEL CONCORSO<\/span><\/p>\n<p><span style=\"font-weight: 400\">La partecipazione al Concorso \u00e8 possibile solo fino al 31 maggio 2022.<\/span><\/p>\n<p>&nbsp;<\/p>\n<p><span style=\"font-weight: 400\">ARTICOLO 3 &#8211; CONDIZIONI DI PARTECIPAZIONE AL CONCORSO<\/span><\/p>\n<p><span style=\"font-weight: 400\">La partecipazione al Concorso \u00e8 aperta a qualsiasi persona fisica di et\u00e0 superiore ai 18 anni, residente in Italia (il &#8220;Partecipante&#8221;), che abbia letto il presente regolamento (il &#8220;Regolamento&#8221;), con l&#8217;esclusione di tutte le persone che hanno partecipato alla preparazione del Concorso e dei loro familiari diretti.<\/span><\/p>\n<p><span style=\"font-weight: 400\">\u00c8 consentita una sola partecipazione per nucleo familiare per tutto il periodo del Concorso.<\/span><\/p>\n<p><span style=\"font-weight: 400\">Il Concorso \u00e8 soggetto alle norme del diritto francese applicabili alle lotterie pubblicitarie.<\/span><\/p>\n<p><span style=\"font-weight: 400\">Il solo fatto di partecipare al Concorso implica l&#8217;accettazione senza riserve del Regolamento.<\/span><\/p>\n<p>&nbsp;<\/p>\n<p><span style=\"font-weight: 400\">ARTICOLO 4 &#8211; CONDIZIONI DI PARTECIPAZIONE<\/span><\/p>\n<p><span style=\"font-weight: 400\">Per partecipare al Concorso, il Partecipante deve compilare il modulo di iscrizione al Concorso (il &#8220;Modulo&#8221;) nella sua interezza con le seguenti informazioni: cognome, nome, et\u00e0 di tutti i partecipanti al soggiorno, indirizzo e-mail, regione desiderata per l&#8217;ubicazione del campeggio.<\/span><\/p>\n<p><span style=\"font-weight: 400\">Il Modulo deve essere compilato online entro la mezzanotte del 31 maggio 2022 per poter partecipare all&#8217;estrazione del Concorso.<\/span><\/p>\n<p><span style=\"font-weight: 400\">L&#8217;8 giugno 2022, l&#8217;Organizzatore sortegger\u00e0 il vincitore del Concorso (il &#8220;Vincitore&#8221;) secondo le condizioni stabilite nel Regolamento.<\/span><\/p>\n<p><span style=\"font-weight: 400\">Affinch\u00e9 ciascun Partecipante possa tentare di vincere il Concorso e quindi il Premio, ogni Partecipante autorizza espressamente l&#8217;Organizzatore a prenotare per suo conto l&#8217;alloggio, a seconda della disponibilit\u00e0 durante il periodo di cui all&#8217;articolo 5 del Regolamento, in un campeggio situato nella regione che ha indicato nel Modulo. Questa prenotazione sar\u00e0 effettuata da Campings.com con i suoi partner in attesa dell&#8217;estrazione.<\/span><\/p>\n<p><span style=\"font-weight: 400\">Affinch\u00e9 la partecipazione sia presa in considerazione da Campings.com, il Partecipante deve spuntare la casella di accettazione del Regolamento.<\/span><\/p>\n<p><span style=\"font-weight: 400\">La prenotazione effettuata da Campings.com non impegna i Partecipanti a pagare l&#8217;importo della prenotazione, ma consente a Campings.com di organizzare il Concorso.<\/span><\/p>\n<p><span style=\"font-weight: 400\">Al termine del sorteggio, i Partecipanti saranno informati con qualsiasi mezzo da Campings.com dei risultati del sorteggio. In tale occasione, Campings.com informer\u00e0 i Partecipanti non vincitori delle condizioni alle quali potranno, entro un periodo di 7 giorni, mantenere la prenotazione effettuata ai fini del Concorso, se lo desiderano. In caso di mancata risposta entro tale termine, Campings.com sar\u00e0 responsabile dell&#8217;annullamento o del trasferimento della prenotazione effettuata ai fini del concorso.<\/span><\/p>\n<p>&nbsp;<\/p>\n<p><span style=\"font-weight: 400\">ARTICOLO 5 &#8211; PREMIO<\/span><\/p>\n<p><span style=\"font-weight: 400\">Il Concorso comprende un (1) premio (il &#8220;Premio&#8221;):<\/span><\/p>\n<p><span style=\"font-weight: 400\">Premio 1: un soggiorno di sette (7) notti consecutive tra il 23 luglio 2022 e il 20 agosto 2022<\/span> <span style=\"font-weight: 400\">in un campeggio selezionato da Campings.com e situato nella regione indicata dal Vincitore nel Modulo. Solo alloggio. Non scambiabile e non rimborsabile.<\/span><\/p>\n<p><span style=\"font-weight: 400\">Campings.com selezioner\u00e0, in base alla disponibilit\u00e0, il campeggio che sar\u00e0 situato nella regione indicata dal Vincitore nel Modulo. Il Vincitore non potr\u00e0 richiedere alcun compenso.<\/span><\/p>\n<p><span style=\"font-weight: 400\">L&#8217;Organizzatore si riserva il diritto di verificare i termini e le condizioni di partecipazione del Vincitore.<\/span><\/p>\n<p>&nbsp;<\/p>\n<p><span style=\"font-weight: 400\">ARTICOLO 6 &#8211; CONSEGNA DEL PREMIO<\/span><\/p>\n<p><span style=\"font-weight: 400\">A seguito dell&#8217;estrazione del Concorso, il Vincitore sar\u00e0 contattato dal Servizio Clienti dell&#8217;Organizzatore per finalizzare la conferma della consegna del Premio, in conformit\u00e0 con il Premio corrispondente. Qualsiasi soggiorno prenotato direttamente dal vincitore sul sito web dell&#8217;Organizzatore nell&#8217;ambito del concorso non \u00e8 da considerarsi parte del Premio.<\/span><\/p>\n<p><span style=\"font-weight: 400\">Una volta confermata la consegna del Premio da parte del Vincitore, eventuali modifiche o cancellazioni successive, sempre che siano possibili, saranno a carico del Vincitore in caso di addebiti.<\/span><\/p>\n<p><span style=\"font-weight: 400\">Il Vincitore non pu\u00f2 richiedere l&#8217;equivalente in contanti del Premio o il suo scambio con altri beni o servizi. Il Premio \u00e8 nominativo, non commerciabile e non pu\u00f2 essere assegnato o trasferito a terzi dal Vincitore. L&#8217;Organizzatore non pu\u00f2 essere ritenuto responsabile della partecipazione o della mancata partecipazione al soggiorno da parte del Vincitore.<\/span><\/p>\n<p><span style=\"font-weight: 400\">Il Premio sar\u00e0 accettato come da bando. Il Vincitore non pu\u00f2 richiedere modifiche per alcun motivo.<\/span><\/p>\n<p><span style=\"font-weight: 400\">L&#8217;Organizzatore non fornir\u00e0 alcun servizio o garanzia, in quanto la vincita consiste esclusivamente nella consegna del Premio sopra previsto.<\/span><\/p>\n<p><span style=\"font-weight: 400\">Partecipando al Concorso, ogni Partecipante accetta e si impegna ad affrontare personalmente qualsiasi danno o perdita causati o subiti in seguito alla sua partecipazione.<\/span><\/p>\n<p>&nbsp;<\/p>\n<p><span style=\"font-weight: 400\">ARTICOLO 7 &#8211; IDENTIFICAZIONE DEI PARTECIPANTI E DEL VINCITORE<\/span><\/p>\n<p><span style=\"font-weight: 400\">I Partecipanti autorizzano l&#8217;Organizzatore a verificare la loro identit\u00e0 per garantire il rispetto del Regolamento.<\/span><\/p>\n<p><span style=\"font-weight: 400\">Il Vincitore autorizza l&#8217;Organizzatore a procedere alla verifica della sua identit\u00e0 per la consegna dei premi.<\/span><\/p>\n<p>&nbsp;<\/p>\n<p><span style=\"font-weight: 400\">ARTICOLO 8 &#8211; PROTEZIONE DEI DATI PERSONALI<\/span><\/p>\n<p><span style=\"font-weight: 400\">Partecipando al Concorso, i Partecipanti sono informati che i loro dati personali saranno raccolti e utilizzati dall&#8217;Organizzatore ai fini dell&#8217;organizzazione del Concorso (base giuridica: interesse legittimo dell&#8217;Organizzatore). In conformit\u00e0 al Regolamento generale sulla protezione dei dati (il &#8220;GDPR&#8221;), entrato in vigore il 25 maggio 2018, i dati personali trattati dall&#8217;Organizzatore sono destinati all&#8217;organizzazione del Concorso, in particolare per poter prenotare i soggiorni nei campeggi situati nelle regioni indicate dai Partecipanti nel Modulo, per entrare in comunicazione con i Partecipanti al Concorso, per effettuare tutti i controlli necessari a garantire il corretto svolgimento del Concorso, in particolare per prevenire e controllare eventuali frodi, e per assegnare il Premio al Vincitore.<\/span><\/p>\n<p><span style=\"font-weight: 400\">L&#8217;Organizzatore \u00e8 il responsabile del trattamento dei dati personali dei Partecipanti.<\/span><\/p>\n<p><span style=\"font-weight: 400\">L&#8217;Organizzatore si impegna a non comunicare, cedere o trasferire a terzi (diversi dai fornitori di alloggi, campeggi, ecc.) i dati personali senza il consenso esplicito dei Partecipanti, ma pu\u00f2 comunicarli se richiesto dalla legge o su richiesta giudiziaria o amministrativa.<\/span><\/p>\n<p><span style=\"font-weight: 400\">I dati personali comunicati dai Partecipanti sono ospitati dai fornitori di servizi tecnici dell&#8217;Organizzatore.<\/span><\/p>\n<p><span style=\"font-weight: 400\">I dati personali dei Partecipanti saranno conservati dall&#8217;Organizzatore per un massimo di cinque (5) anni dopo il Concorso.<\/span><\/p>\n<p><span style=\"font-weight: 400\">In conformit\u00e0 alla legislazione e ai regolamenti applicabili in materia di protezione dei dati, l&#8217;Organizzatore informa i Partecipanti dei loro diritti di accesso, modifica, opposizione al trattamento e richiesta di cancellazione dei propri dati personali raccolti e trattati e di ottenere la comunicazione di tali dati in un formato strutturato e leggibile (a meno che non vi sia un legittimo impedimento a farlo); i Partecipanti possono esercitare i loro diritti contattando l&#8217;Organizzatore all&#8217;indirizzo e-mail dpo@campings.com. Hanno inoltre il diritto di presentare un reclamo a un&#8217;autorit\u00e0 di vigilanza e di definire direttive relative al loro testamento digitale. A questo proposito, si precisa che qualsiasi richiesta di cancellazione di questi dati personali, con qualsiasi mezzo, durante la durata del Concorso, pu\u00f2 comportare l&#8217;annullamento dell&#8217;iscrizione al Concorso.<\/span><\/p>\n<p><span style=\"font-weight: 400\">Il vincitore autorizza l&#8217;Organizzatore a citare il suo nome nelle proprie pubblicazioni. In generale, il vincitore manleva espressamente l&#8217;Organizzatore da qualsiasi azione che possa essere intentata nei suoi confronti a causa della violazione dei diritti d&#8217;immagine o del nome di una persona che ha presentato al Concorso. Il Partecipante dovr\u00e0 risarcire l&#8217;Organizzatore per qualsiasi danno subito, comprese le spese legali e di consulenza.<\/span><\/p>\n<p>&nbsp;<\/p>\n<p><span style=\"font-weight: 400\">\u00a0ARTICOLO 9 &#8211; RESPONSABILIT\u00c0 E FRODE<\/span><\/p>\n<p><span style=\"font-weight: 400\">La partecipazione al Concorso implica di per s\u00e9, per ogni Partecipante, l&#8217;accettazione piena e incondizionata del Regolamento.<\/span><\/p>\n<p><span style=\"font-weight: 400\">L&#8217;Organizzatore pu\u00f2 annullare tutto o parte del Concorso se risulta che si \u00e8 verificata una frode in qualsiasi forma, in particolare per via informatica, nell&#8217;ambito della partecipazione al Concorso o della determinazione del Vincitore.<\/span><\/p>\n<p><span style=\"font-weight: 400\">Qualsiasi frode, tentativo di frode o mancato rispetto del Regolamento comporter\u00e0 automaticamente la squalifica del suo autore. La squalifica pu\u00f2 avvenire in qualsiasi momento del Concorso e senza preavviso.<\/span><\/p>\n<p><span style=\"font-weight: 400\">L&#8217;Organizzatore si riserva, in questo caso, il diritto di non assegnare i premi ai truffatori e\/o di perseguirli presso i tribunali competenti. In ogni caso, non saranno assegnati pi\u00f9 Premi di quelli previsti dal Regolamento.<\/span><\/p>\n<p><span style=\"font-weight: 400\">L&#8217;Organizzatore \u00e8 l&#8217;unico arbitro dell&#8217;esclusione o della reintegrazione dei Partecipanti interessati alla luce delle informazioni in suo possesso. In caso di reclamo o sanzione, i Partecipanti devono dimostrare di essersi comportati in modo conforme al Regolamento. L&#8217;Organizzatore non pu\u00f2 essere ritenuto responsabile a tale riguardo.<\/span><\/p>\n<p><span style=\"font-weight: 400\">L&#8217;Organizzatore non potr\u00e0 in alcun caso essere ritenuto responsabile di eventuali danni legati alla partecipazione al Concorso, diretti o indiretti, fisici o di altro tipo, causati a persone, Partecipanti o alle loro attrezzature (hardware e software), al Vincitore o alle persone che lo accompagnano, in particolare in relazione alla partecipazione al soggiorno del Lotto. Tale esonero di responsabilit\u00e0 si applica anche alle interruzioni tecniche e\/o ai difetti dell&#8217;hardware e del software utilizzati, che potrebbero rendere la partecipazione al Concorso temporanea, impossibile o molto difficile, o addirittura interromperla.<\/span><\/p>\n<p><span style=\"font-weight: 400\">L&#8217;Organizzatore si riserva il diritto di accorciare, prolungare, modificare o annullare il Concorso se le circostanze lo richiedono, senza essere ritenuto responsabile a tale riguardo. Di conseguenza, non \u00e8 possibile richiedere alcun risarcimento. Tali modifiche saranno oggetto di un&#8217;informazione preventiva con tutti i mezzi appropriati, in particolare tramite Instagram e Facebook ai Partecipanti.<\/span><\/p>\n<p><span style=\"font-weight: 400\">L&#8217;Organizzatore non \u00e8 responsabile di eventuali problemi di consegna o perdita della posta elettronica o postale del Modulo.<\/span><\/p>\n<p>&nbsp;<\/p>\n<p><span style=\"font-weight: 400\">ARTICOLO 10 &#8211; REGOLE<\/span><\/p>\n<p><span style=\"font-weight: 400\">Il Regolamento completo pu\u00f2 essere consultato gratuitamente sul sito <\/span><span style=\"font-weight: 400\">https:\/\/www.campings.com\/fr\/content\/reglement-tirage-au-sort-mai2022\/<\/span><span style=\"font-weight: 400\"> in lingua italiana. \u00c8 possibile stampare le Regole. Il Regolamento completo sar\u00e0 inviato anche per posta, gratuitamente, a chiunque, su semplice richiesta indirizzata a Campings.com 18\/20 rue du Faubourg du Temple &#8211; 75011 Parigi.<\/span><\/p>\n<p><span style=\"font-weight: 400\">Il francobollo utilizzato per l&#8217;invio della richiesta di Regolamento per posta, ai sensi del presente articolo, sar\u00e0 rimborsato sulla base della tariffa &#8220;economica&#8221; da 20 grammi in vigore (ossia 1,16 euro alla data di lancio del Concorso), su semplice richiesta presentata insieme alla richiesta di Regolamento e accompagnata da un estratto conto bancario (RIB).<\/span><\/p>\n<p><span style=\"font-weight: 400\">Ogni tipo di rimborso sar\u00e0 limitato a uno per famiglia (stesso nome, stesso indirizzo postale). Le richieste di rimborso incomplete, illeggibili, contenenti dati di contatto errati o inviate dopo il termine sopra indicato saranno respinte.<\/span><\/p>\n<p>&nbsp;<\/p>\n<p><span style=\"font-weight: 400\">ARTICOLO 11 &#8211; LEGGE APPLICABILE, CONTROVERSIE E RECLAMI<\/span><\/p>\n<p><span style=\"font-weight: 400\">Il Regolamento \u00e8 soggetto alla legge francese.<\/span><\/p>\n<p><span style=\"font-weight: 400\">In caso di controversie o reclami relativi all&#8217;interpretazione del Regolamento, per qualsiasi motivo, le richieste dovranno essere inviate a mezzo lettera raccomandata con ricevuta di ritorno all&#8217;Organizzatore, all&#8217;indirizzo 18\/20 rue du Faubourg du Temple &#8211; 75011 PARIGI, entro un termine massimo di quindici (15) giorni dalla conclusione del Concorso. Una volta ricevuta la richiesta, l&#8217;Organizzatore contatter\u00e0 il Partecipante per cercare di risolvere la controversia in via amichevole.<\/span><\/p>\n<p><span style=\"font-weight: 400\">Qualsiasi controversia derivante dall&#8217;interpretazione o dall&#8217;esecuzione del Regolamento o, pi\u00f9 in generale, dal Concorso, sar\u00e0 oggetto di un tentativo di composizione amichevole.<\/span><\/p>\n<p><span style=\"font-weight: 400\">Qualsiasi reclamo relativo al Concorso deve essere notificato all&#8217;Organizzatore tramite raccomandata con ricevuta di ritorno entro dieci (10) giorni dal verificarsi dell&#8217;evento che ha dato origine al reclamo. Trascorso tale periodo, Campings.com pu\u00f2 dichiarare il reclamo irricevibile a causa della sua tardivit\u00e0.<\/span><\/p>\n<p><span style=\"font-weight: 400\">L&#8217;eventuale nullit\u00e0 di una o pi\u00f9 clausole non pregiudica il resto del Regolamento, che rimane perfettamente valido. La clausola eventualmente invalida nella sua formulazione deve, inoltre, essere interpretata nel modo pi\u00f9 aderente possibile allo scopo originario del Regolamento.<\/span><\/p>\n<p>&nbsp;<\/p>\n<p>&nbsp;<\/p>\n<p>Campings.com \u00a9 Maggio 2022<\/p>\n","protected":false},"excerpt":{"rendered":"<p>REGOLAMENTO CONCORSO CON TIRAGGIO A SORTE\u00a0 &#8220;Vinci una vacanza da sogno in campeggio&#8221;. &nbsp; ARTICOLO 1 &#8211; ORGANIZZATORE DEL CONCORSO La societ\u00e0 Campings.com, societ\u00e0 per azioni semplificata con capitale di 100.000 euro, con sede legale al 18\/20 Rue du Faubourg du Temple &#8211; 75011 PARIGI, iscritta al Registro del Commercio e delle Imprese di Parigi [&hellip;]<\/p>\n","protected":false},"author":19,"featured_media":0,"parent":0,"menu_order":0,"comment_status":"closed","ping_status":"closed","template":"template-onecolumn.php","meta":{"_acf_changed":false,"footnotes":""},"class_list":["post-7","page","type-page","status-publish","hentry"],"acf":[],"yoast_head":"<!-- This site is optimized with the Yoast SEO plugin v27.1.1 - https:\/\/yoast.com\/product\/yoast-seo-wordpress\/ -->\n<title>Regolamento Concorso - Maggio 2022 - Campings IT Content<\/title>\n<meta name=\"robots\" content=\"index, follow, max-snippet:-1, max-image-preview:large, max-video-preview:-1\" \/>\n<link rel=\"canonical\" href=\"https:\/\/www.campings.com\/it\/content\/regolamento-concorso-maggio-2022\/\" \/>\n<meta property=\"og:locale\" content=\"en_US\" \/>\n<meta property=\"og:type\" content=\"article\" \/>\n<meta property=\"og:title\" content=\"Regolamento Concorso - Maggio 2022 - Campings IT Content\" \/>\n<meta property=\"og:description\" content=\"REGOLAMENTO CONCORSO CON TIRAGGIO A SORTE\u00a0 &#8220;Vinci una vacanza da sogno in campeggio&#8221;. &nbsp; ARTICOLO 1 &#8211; ORGANIZZATORE DEL CONCORSO La societ\u00e0 Campings.com, societ\u00e0 per azioni semplificata con capitale di 100.000 euro, con sede legale al 18\/20 Rue du Faubourg du Temple &#8211; 75011 PARIGI, iscritta al Registro del Commercio e delle Imprese di Parigi [&hellip;]\" \/>\n<meta property=\"og:url\" content=\"https:\/\/www.campings.com\/it\/content\/regolamento-concorso-maggio-2022\/\" \/>\n<meta property=\"og:site_name\" content=\"Campings IT Content\" \/>\n<meta property=\"article:modified_time\" content=\"2022-05-25T14:21:20+00:00\" \/>\n<meta name=\"twitter:card\" content=\"summary_large_image\" \/>\n<meta name=\"twitter:label1\" content=\"Est. reading time\" \/>\n\t<meta name=\"twitter:data1\" content=\"9 minutes\" \/>\n<script type=\"application\/ld+json\" class=\"yoast-schema-graph\">{\"@context\":\"https:\/\/schema.org\",\"@graph\":[{\"@type\":\"WebPage\",\"@id\":\"https:\/\/www.campings.com\/it\/content\/regolamento-concorso-maggio-2022\/\",\"url\":\"https:\/\/www.campings.com\/it\/content\/regolamento-concorso-maggio-2022\/\",\"name\":\"Regolamento Concorso - Maggio 2022 - Campings IT Content\",\"isPartOf\":{\"@id\":\"https:\/\/www.campings.com\/it\/content\/#website\"},\"datePublished\":\"2022-05-25T09:22:41+00:00\",\"dateModified\":\"2022-05-25T14:21:20+00:00\",\"breadcrumb\":{\"@id\":\"https:\/\/www.campings.com\/it\/content\/regolamento-concorso-maggio-2022\/#breadcrumb\"},\"inLanguage\":\"en-US\",\"potentialAction\":[{\"@type\":\"ReadAction\",\"target\":[\"https:\/\/www.campings.com\/it\/content\/regolamento-concorso-maggio-2022\/\"]}]},{\"@type\":\"BreadcrumbList\",\"@id\":\"https:\/\/www.campings.com\/it\/content\/regolamento-concorso-maggio-2022\/#breadcrumb\",\"itemListElement\":[{\"@type\":\"ListItem\",\"position\":1,\"name\":\"Home\",\"item\":\"https:\/\/www.campings.com\/it\/content\/\"},{\"@type\":\"ListItem\",\"position\":2,\"name\":\"Regolamento Concorso &#8211; Maggio 2022\"}]},{\"@type\":\"WebSite\",\"@id\":\"https:\/\/www.campings.com\/it\/content\/#website\",\"url\":\"https:\/\/www.campings.com\/it\/content\/\",\"name\":\"Campings IT Content\",\"description\":\"Just another Campings Blog Sites site\",\"potentialAction\":[{\"@type\":\"SearchAction\",\"target\":{\"@type\":\"EntryPoint\",\"urlTemplate\":\"https:\/\/www.campings.com\/it\/content\/?s={search_term_string}\"},\"query-input\":{\"@type\":\"PropertyValueSpecification\",\"valueRequired\":true,\"valueName\":\"search_term_string\"}}],\"inLanguage\":\"en-US\"}]}<\/script>\n<!-- \/ Yoast SEO plugin. -->","yoast_head_json":{"title":"Regolamento Concorso - Maggio 2022 - Campings IT Content","robots":{"index":"index","follow":"follow","max-snippet":"max-snippet:-1","max-image-preview":"max-image-preview:large","max-video-preview":"max-video-preview:-1"},"canonical":"https:\/\/www.campings.com\/it\/content\/regolamento-concorso-maggio-2022\/","og_locale":"en_US","og_type":"article","og_title":"Regolamento Concorso - Maggio 2022 - Campings IT Content","og_description":"REGOLAMENTO CONCORSO CON TIRAGGIO A SORTE\u00a0 &#8220;Vinci una vacanza da sogno in campeggio&#8221;. &nbsp; ARTICOLO 1 &#8211; ORGANIZZATORE DEL CONCORSO La societ\u00e0 Campings.com, societ\u00e0 per azioni semplificata con capitale di 100.000 euro, con sede legale al 18\/20 Rue du Faubourg du Temple &#8211; 75011 PARIGI, iscritta al Registro del Commercio e delle Imprese di Parigi [&hellip;]","og_url":"https:\/\/www.campings.com\/it\/content\/regolamento-concorso-maggio-2022\/","og_site_name":"Campings IT Content","article_modified_time":"2022-05-25T14:21:20+00:00","twitter_card":"summary_large_image","twitter_misc":{"Est. reading time":"9 minutes"},"schema":{"@context":"https:\/\/schema.org","@graph":[{"@type":"WebPage","@id":"https:\/\/www.campings.com\/it\/content\/regolamento-concorso-maggio-2022\/","url":"https:\/\/www.campings.com\/it\/content\/regolamento-concorso-maggio-2022\/","name":"Regolamento Concorso - Maggio 2022 - Campings IT Content","isPartOf":{"@id":"https:\/\/www.campings.com\/it\/content\/#website"},"datePublished":"2022-05-25T09:22:41+00:00","dateModified":"2022-05-25T14:21:20+00:00","breadcrumb":{"@id":"https:\/\/www.campings.com\/it\/content\/regolamento-concorso-maggio-2022\/#breadcrumb"},"inLanguage":"en-US","potentialAction":[{"@type":"ReadAction","target":["https:\/\/www.campings.com\/it\/content\/regolamento-concorso-maggio-2022\/"]}]},{"@type":"BreadcrumbList","@id":"https:\/\/www.campings.com\/it\/content\/regolamento-concorso-maggio-2022\/#breadcrumb","itemListElement":[{"@type":"ListItem","position":1,"name":"Home","item":"https:\/\/www.campings.com\/it\/content\/"},{"@type":"ListItem","position":2,"name":"Regolamento Concorso &#8211; Maggio 2022"}]},{"@type":"WebSite","@id":"https:\/\/www.campings.com\/it\/content\/#website","url":"https:\/\/www.campings.com\/it\/content\/","name":"Campings IT Content","description":"Just another Campings Blog Sites site","potentialAction":[{"@type":"SearchAction","target":{"@type":"EntryPoint","urlTemplate":"https:\/\/www.campings.com\/it\/content\/?s={search_term_string}"},"query-input":{"@type":"PropertyValueSpecification","valueRequired":true,"valueName":"search_term_string"}}],"inLanguage":"en-US"}]}},"_links":{"self":[{"href":"https:\/\/www.campings.com\/it\/content\/wp-json\/wp\/v2\/pages\/7","targetHints":{"allow":["GET"]}}],"collection":[{"href":"https:\/\/www.campings.com\/it\/content\/wp-json\/wp\/v2\/pages"}],"about":[{"href":"https:\/\/www.campings.com\/it\/content\/wp-json\/wp\/v2\/types\/page"}],"author":[{"embeddable":true,"href":"https:\/\/www.campings.com\/it\/content\/wp-json\/wp\/v2\/users\/19"}],"replies":[{"embeddable":true,"href":"https:\/\/www.campings.com\/it\/content\/wp-json\/wp\/v2\/comments?post=7"}],"version-history":[{"count":5,"href":"https:\/\/www.campings.com\/it\/content\/wp-json\/wp\/v2\/pages\/7\/revisions"}],"predecessor-version":[{"id":13,"href":"https:\/\/www.campings.com\/it\/content\/wp-json\/wp\/v2\/pages\/7\/revisions\/13"}],"wp:attachment":[{"href":"https:\/\/www.campings.com\/it\/content\/wp-json\/wp\/v2\/media?parent=7"}],"curies":[{"name":"wp","href":"https:\/\/api.w.org\/{rel}","templated":true}]}}