{"id":689,"date":"2019-03-26T10:03:11","date_gmt":"2019-03-26T10:03:11","guid":{"rendered":"https:\/\/www.campings.com\/fr\/content\/?page_id=689"},"modified":"2024-12-06T14:52:01","modified_gmt":"2024-12-06T13:52:01","slug":"guide-camping-alpes-maritimes","status":"publish","type":"page","link":"https:\/\/www.campings.com\/fr\/content\/guide-camping-alpes-maritimes\/","title":{"rendered":"Guide Camping Alpes-Maritimes"},"content":{"rendered":"<p style=\"text-align: left\"><span style=\"font-weight: 400\">Si les Alpes-Maritimes forment l&rsquo;un des d\u00e9partements fran\u00e7ais les plus touristiques, c&rsquo;est sans aucun doute gr\u00e2ce au climat ensoleill\u00e9 et \u00e0 la beaut\u00e9 des sites qu&rsquo;on y trouve. De plus, le territoire est fier de ses traditions et cultive ses diff\u00e9rences avec soin. Il est vrai que les atouts culturels et naturels des Alpes-Maritimes ont de quoi faire r\u00eaver : les ruelles color\u00e9es du Vieux-Nice, le festival de Cannes, les \u00eeles sauvegs de L\u00e9rin, le l\u00e9gendaire Cap-Ferrat, le nom moins c\u00e9l\u00e8bre Cap d&rsquo;Antibes ou encore le Parc du Mercantour et ses paysages \u00e0 couper le souffle. Les Alpes-Maritimes regorgent de tr\u00e9sors plus remarquables les uns que les autres. Succombez au calme de la nature et \u00e0 la fr\u00e9n\u00e9sie des grandes villes c\u00f4ti\u00e8res sans avoir \u00e0 choisir. Pour profiter au mieux de votre s\u00e9jour, r\u00e9server en ligne vos vacances en camping dans les Alpes-Maritimes. <\/span><\/p>\n<p><span style=\"font-weight: 400\">Si vous partez en famille ou entre amis, privil\u00e9giez un bungalow moderne et spacieux pour accueillir tout le monde sans l\u00e9siner sur le confort. En optant pour une location de mobil-home dans les Alpes-Maritimes, vous faites avant tout le choix d&rsquo;un d\u00e9partement chaleureux et enrichissant qui invite au d\u00e9paysement et \u00e0 la d\u00e9tente. Oui, passez un s\u00e9jour d\u00e9paysant en France, c&rsquo;est encore possible ! Loin de la routine journali\u00e8re de votre r\u00e9gion, osez faire le plein d&rsquo;une \u00e9nergie nouvelle en explorant les nombreuses facettes des Alpes-Maritimes. Authenticit\u00e9 et \u00e9merveillement rythmeront un s\u00e9jour que vous n&rsquo;\u00eates pas pr\u00eat d&rsquo;oublier. <\/span><\/p>\n","protected":false},"excerpt":{"rendered":"<p>Si les Alpes-Maritimes forment l&rsquo;un des d\u00e9partements fran\u00e7ais les plus touristiques, c&rsquo;est sans aucun doute gr\u00e2ce au climat ensoleill\u00e9 et \u00e0 la beaut\u00e9 des sites qu&rsquo;on y trouve. De plus, le territoire est fier de ses traditions et cultive ses diff\u00e9rences avec soin. Il est vrai que les atouts culturels et naturels des Alpes-Maritimes ont [&hellip;]<\/p>\n","protected":false},"author":2,"featured_media":974,"parent":0,"menu_order":0,"comment_status":"closed","ping_status":"closed","template":"template-region.php","meta":{"_acf_changed":false,"footnotes":""},"class_list":["post-689","page","type-page","status-publish","has-post-thumbnail","hentry"],"acf":[],"yoast_head":"<!-- This site is optimized with the Yoast SEO plugin v27.1.1 - https:\/\/yoast.com\/product\/yoast-seo-wordpress\/ -->\n<title>Guide Camping Alpes-Maritimes -<\/title>\n<meta name=\"robots\" content=\"index, follow, max-snippet:-1, max-image-preview:large, max-video-preview:-1\" \/>\n<link rel=\"canonical\" href=\"https:\/\/www.campings.com\/fr\/content\/guide-camping-alpes-maritimes\/\" \/>\n<meta property=\"og:locale\" content=\"fr_FR\" \/>\n<meta property=\"og:type\" content=\"article\" \/>\n<meta property=\"og:title\" content=\"Guide Camping Alpes-Maritimes -\" \/>\n<meta property=\"og:description\" content=\"Si les Alpes-Maritimes forment l&rsquo;un des d\u00e9partements fran\u00e7ais les plus touristiques, c&rsquo;est sans aucun doute gr\u00e2ce au climat ensoleill\u00e9 et \u00e0 la beaut\u00e9 des sites qu&rsquo;on y trouve. De plus, le territoire est fier de ses traditions et cultive ses diff\u00e9rences avec soin. Il est vrai que les atouts culturels et naturels des Alpes-Maritimes ont [&hellip;]\" \/>\n<meta property=\"og:url\" content=\"https:\/\/www.campings.com\/fr\/content\/guide-camping-alpes-maritimes\/\" \/>\n<meta property=\"article:modified_time\" content=\"2024-12-06T13:52:01+00:00\" \/>\n<meta property=\"og:image\" content=\"https:\/\/www.campings.com\/fr\/content\/wp-content\/uploads\/2019\/03\/Alpes-Maritimes-min.jpg\" \/>\n\t<meta property=\"og:image:width\" content=\"1670\" \/>\n\t<meta property=\"og:image:height\" content=\"650\" \/>\n\t<meta property=\"og:image:type\" content=\"image\/jpeg\" \/>\n<meta name=\"twitter:card\" content=\"summary_large_image\" \/>\n<meta name=\"twitter:label1\" content=\"Dur\u00e9e de lecture estim\u00e9e\" \/>\n\t<meta name=\"twitter:data1\" content=\"1 minute\" \/>\n<script type=\"application\/ld+json\" class=\"yoast-schema-graph\">{\"@context\":\"https:\/\/schema.org\",\"@graph\":[{\"@type\":\"WebPage\",\"@id\":\"https:\/\/www.campings.com\/fr\/content\/guide-camping-alpes-maritimes\/\",\"url\":\"https:\/\/www.campings.com\/fr\/content\/guide-camping-alpes-maritimes\/\",\"name\":\"Guide Camping Alpes-Maritimes -\",\"isPartOf\":{\"@id\":\"https:\/\/www.campings.com\/fr\/content\/#website\"},\"primaryImageOfPage\":{\"@id\":\"https:\/\/www.campings.com\/fr\/content\/guide-camping-alpes-maritimes\/#primaryimage\"},\"image\":{\"@id\":\"https:\/\/www.campings.com\/fr\/content\/guide-camping-alpes-maritimes\/#primaryimage\"},\"thumbnailUrl\":\"https:\/\/www.campings.com\/fr\/content\/wp-content\/uploads\/2019\/03\/Alpes-Maritimes-min.jpg\",\"datePublished\":\"2019-03-26T10:03:11+00:00\",\"dateModified\":\"2024-12-06T13:52:01+00:00\",\"breadcrumb\":{\"@id\":\"https:\/\/www.campings.com\/fr\/content\/guide-camping-alpes-maritimes\/#breadcrumb\"},\"inLanguage\":\"fr-FR\",\"potentialAction\":[{\"@type\":\"ReadAction\",\"target\":[\"https:\/\/www.campings.com\/fr\/content\/guide-camping-alpes-maritimes\/\"]}]},{\"@type\":\"ImageObject\",\"inLanguage\":\"fr-FR\",\"@id\":\"https:\/\/www.campings.com\/fr\/content\/guide-camping-alpes-maritimes\/#primaryimage\",\"url\":\"https:\/\/www.campings.com\/fr\/content\/wp-content\/uploads\/2019\/03\/Alpes-Maritimes-min.jpg\",\"contentUrl\":\"https:\/\/www.campings.com\/fr\/content\/wp-content\/uploads\/2019\/03\/Alpes-Maritimes-min.jpg\",\"width\":1670,\"height\":650},{\"@type\":\"BreadcrumbList\",\"@id\":\"https:\/\/www.campings.com\/fr\/content\/guide-camping-alpes-maritimes\/#breadcrumb\",\"itemListElement\":[{\"@type\":\"ListItem\",\"position\":1,\"name\":\"Home\",\"item\":\"https:\/\/www.campings.com\/fr\/content\/\"},{\"@type\":\"ListItem\",\"position\":2,\"name\":\"Guide Camping Alpes-Maritimes\"}]},{\"@type\":\"WebSite\",\"@id\":\"https:\/\/www.campings.com\/fr\/content\/#website\",\"url\":\"https:\/\/www.campings.com\/fr\/content\/\",\"name\":\"\",\"description\":\"\",\"publisher\":{\"@id\":\"https:\/\/www.campings.com\/fr\/content\/#organization\"},\"potentialAction\":[{\"@type\":\"SearchAction\",\"target\":{\"@type\":\"EntryPoint\",\"urlTemplate\":\"https:\/\/www.campings.com\/fr\/content\/?s={search_term_string}\"},\"query-input\":{\"@type\":\"PropertyValueSpecification\",\"valueRequired\":true,\"valueName\":\"search_term_string\"}}],\"inLanguage\":\"fr-FR\"},{\"@type\":\"Organization\",\"@id\":\"https:\/\/www.campings.com\/fr\/content\/#organization\",\"name\":\"CAMPINGS.COM\",\"url\":\"https:\/\/www.campings.com\/fr\/content\/\",\"logo\":{\"@type\":\"ImageObject\",\"inLanguage\":\"fr-FR\",\"@id\":\"https:\/\/www.campings.com\/fr\/content\/#\/schema\/logo\/image\/\",\"url\":\"https:\/\/www.campings.com\/fr\/content\/wp-content\/uploads\/2019\/01\/cropped-logo-1.png\",\"contentUrl\":\"https:\/\/www.campings.com\/fr\/content\/wp-content\/uploads\/2019\/01\/cropped-logo-1.png\",\"width\":174,\"height\":42,\"caption\":\"CAMPINGS.COM\"},\"image\":{\"@id\":\"https:\/\/www.campings.com\/fr\/content\/#\/schema\/logo\/image\/\"}}]}<\/script>\n<!-- \/ Yoast SEO plugin. -->","yoast_head_json":{"title":"Guide Camping Alpes-Maritimes -","robots":{"index":"index","follow":"follow","max-snippet":"max-snippet:-1","max-image-preview":"max-image-preview:large","max-video-preview":"max-video-preview:-1"},"canonical":"https:\/\/www.campings.com\/fr\/content\/guide-camping-alpes-maritimes\/","og_locale":"fr_FR","og_type":"article","og_title":"Guide Camping Alpes-Maritimes -","og_description":"Si les Alpes-Maritimes forment l&rsquo;un des d\u00e9partements fran\u00e7ais les plus touristiques, c&rsquo;est sans aucun doute gr\u00e2ce au climat ensoleill\u00e9 et \u00e0 la beaut\u00e9 des sites qu&rsquo;on y trouve. De plus, le territoire est fier de ses traditions et cultive ses diff\u00e9rences avec soin. Il est vrai que les atouts culturels et naturels des Alpes-Maritimes ont [&hellip;]","og_url":"https:\/\/www.campings.com\/fr\/content\/guide-camping-alpes-maritimes\/","article_modified_time":"2024-12-06T13:52:01+00:00","og_image":[{"width":1670,"height":650,"url":"https:\/\/www.campings.com\/fr\/content\/wp-content\/uploads\/2019\/03\/Alpes-Maritimes-min.jpg","type":"image\/jpeg"}],"twitter_card":"summary_large_image","twitter_misc":{"Dur\u00e9e de lecture estim\u00e9e":"1 minute"},"schema":{"@context":"https:\/\/schema.org","@graph":[{"@type":"WebPage","@id":"https:\/\/www.campings.com\/fr\/content\/guide-camping-alpes-maritimes\/","url":"https:\/\/www.campings.com\/fr\/content\/guide-camping-alpes-maritimes\/","name":"Guide Camping Alpes-Maritimes -","isPartOf":{"@id":"https:\/\/www.campings.com\/fr\/content\/#website"},"primaryImageOfPage":{"@id":"https:\/\/www.campings.com\/fr\/content\/guide-camping-alpes-maritimes\/#primaryimage"},"image":{"@id":"https:\/\/www.campings.com\/fr\/content\/guide-camping-alpes-maritimes\/#primaryimage"},"thumbnailUrl":"https:\/\/www.campings.com\/fr\/content\/wp-content\/uploads\/2019\/03\/Alpes-Maritimes-min.jpg","datePublished":"2019-03-26T10:03:11+00:00","dateModified":"2024-12-06T13:52:01+00:00","breadcrumb":{"@id":"https:\/\/www.campings.com\/fr\/content\/guide-camping-alpes-maritimes\/#breadcrumb"},"inLanguage":"fr-FR","potentialAction":[{"@type":"ReadAction","target":["https:\/\/www.campings.com\/fr\/content\/guide-camping-alpes-maritimes\/"]}]},{"@type":"ImageObject","inLanguage":"fr-FR","@id":"https:\/\/www.campings.com\/fr\/content\/guide-camping-alpes-maritimes\/#primaryimage","url":"https:\/\/www.campings.com\/fr\/content\/wp-content\/uploads\/2019\/03\/Alpes-Maritimes-min.jpg","contentUrl":"https:\/\/www.campings.com\/fr\/content\/wp-content\/uploads\/2019\/03\/Alpes-Maritimes-min.jpg","width":1670,"height":650},{"@type":"BreadcrumbList","@id":"https:\/\/www.campings.com\/fr\/content\/guide-camping-alpes-maritimes\/#breadcrumb","itemListElement":[{"@type":"ListItem","position":1,"name":"Home","item":"https:\/\/www.campings.com\/fr\/content\/"},{"@type":"ListItem","position":2,"name":"Guide Camping Alpes-Maritimes"}]},{"@type":"WebSite","@id":"https:\/\/www.campings.com\/fr\/content\/#website","url":"https:\/\/www.campings.com\/fr\/content\/","name":"","description":"","publisher":{"@id":"https:\/\/www.campings.com\/fr\/content\/#organization"},"potentialAction":[{"@type":"SearchAction","target":{"@type":"EntryPoint","urlTemplate":"https:\/\/www.campings.com\/fr\/content\/?s={search_term_string}"},"query-input":{"@type":"PropertyValueSpecification","valueRequired":true,"valueName":"search_term_string"}}],"inLanguage":"fr-FR"},{"@type":"Organization","@id":"https:\/\/www.campings.com\/fr\/content\/#organization","name":"CAMPINGS.COM","url":"https:\/\/www.campings.com\/fr\/content\/","logo":{"@type":"ImageObject","inLanguage":"fr-FR","@id":"https:\/\/www.campings.com\/fr\/content\/#\/schema\/logo\/image\/","url":"https:\/\/www.campings.com\/fr\/content\/wp-content\/uploads\/2019\/01\/cropped-logo-1.png","contentUrl":"https:\/\/www.campings.com\/fr\/content\/wp-content\/uploads\/2019\/01\/cropped-logo-1.png","width":174,"height":42,"caption":"CAMPINGS.COM"},"image":{"@id":"https:\/\/www.campings.com\/fr\/content\/#\/schema\/logo\/image\/"}}]}},"_links":{"self":[{"href":"https:\/\/www.campings.com\/fr\/content\/wp-json\/wp\/v2\/pages\/689","targetHints":{"allow":["GET"]}}],"collection":[{"href":"https:\/\/www.campings.com\/fr\/content\/wp-json\/wp\/v2\/pages"}],"about":[{"href":"https:\/\/www.campings.com\/fr\/content\/wp-json\/wp\/v2\/types\/page"}],"author":[{"embeddable":true,"href":"https:\/\/www.campings.com\/fr\/content\/wp-json\/wp\/v2\/users\/2"}],"replies":[{"embeddable":true,"href":"https:\/\/www.campings.com\/fr\/content\/wp-json\/wp\/v2\/comments?post=689"}],"version-history":[{"count":18,"href":"https:\/\/www.campings.com\/fr\/content\/wp-json\/wp\/v2\/pages\/689\/revisions"}],"predecessor-version":[{"id":4801,"href":"https:\/\/www.campings.com\/fr\/content\/wp-json\/wp\/v2\/pages\/689\/revisions\/4801"}],"wp:featuredmedia":[{"embeddable":true,"href":"https:\/\/www.campings.com\/fr\/content\/wp-json\/wp\/v2\/media\/974"}],"wp:attachment":[{"href":"https:\/\/www.campings.com\/fr\/content\/wp-json\/wp\/v2\/media?parent=689"}],"curies":[{"name":"wp","href":"https:\/\/api.w.org\/{rel}","templated":true}]}}