{"id":673,"date":"2019-03-26T09:27:41","date_gmt":"2019-03-26T09:27:41","guid":{"rendered":"https:\/\/www.campings.com\/fr\/content\/?page_id=673"},"modified":"2024-12-09T22:48:30","modified_gmt":"2024-12-09T21:48:30","slug":"guide-camping-var","status":"publish","type":"page","link":"https:\/\/www.campings.com\/fr\/content\/guide-camping-var\/","title":{"rendered":"Guide Camping Var"},"content":{"rendered":"<p>Au sud de la r\u00e9gion PACA, le Var est un d\u00e9partement propice aux vacances. Bord\u00e9 par la mer M\u00e9diterran\u00e9e et ensoleill\u00e9 tout au long de l&rsquo;ann\u00e9e, il vous invite \u00e0 d\u00e9couvrir une culture diff\u00e9rente et fascinantes. La nature y particuli\u00e8rement impressionnante et subjuguante. Une location de mobil-home dans le Var, c&rsquo;est tout simplement l&rsquo;occasion r\u00eav\u00e9e pour tout oublier et se d\u00e9tendre. Ou au contraire se rebooster et prendre une bonne dose d&rsquo;adr\u00e9naline avec activit\u00e9s sportives et nautiques. Randonn\u00e9e, voile, escalade ou encore plong\u00e9e : ce ne sont pas les possibilit\u00e9s qui manquent. Le Var constitue ainsi une destination adapt\u00e9e \u00e0 un s\u00e9jour ressour\u00e7ant, quels que soient le moment de l&rsquo;ann\u00e9e et les go\u00fbts et envie de chacun.<\/p>\n<p>Les \u00eeles de Porquerolles, de Port-Cros, des Embiez et la Presqu&rsquo;\u00eele de Giens offrent notamment un cadre naturel exceptionnel. Si vous pr\u00e9f\u00e9rez rester rattach\u00e9 au continent, la petite commune d&rsquo;Hy\u00e8res dans la banlieue de Toulon saura vous combler. En vacances avec des enfants, il faudra aussi programmer au moins une demie-journ\u00e9e \u00e0 Aqualand Fr\u00e9jus. Les vacances en camping dans le Var sont avant tout des vacances. Qui dit vacances, dit donc retrouvailles entre amis ou en famille. Le camping dans le Var va vous emmener de d\u00e9couvertes en d\u00e9couvertes sans jamais vous lasser ! O\u00f9 que vous soyez dans le d\u00e9partement, ne manquez pas de d\u00e9guster la cuisine naturelle, souvent \u00e0 base de poissons et l\u00e9gumes frais. Vous ne le regretterez pas !<\/p>\n","protected":false},"excerpt":{"rendered":"<p>Au sud de la r\u00e9gion PACA, le Var est un d\u00e9partement propice aux vacances. Bord\u00e9 par la mer M\u00e9diterran\u00e9e et ensoleill\u00e9 tout au long de l&rsquo;ann\u00e9e, il vous invite \u00e0 d\u00e9couvrir une culture diff\u00e9rente et fascinantes. La nature y particuli\u00e8rement impressionnante et subjuguante. Une location de mobil-home dans le Var, c&rsquo;est tout simplement l&rsquo;occasion r\u00eav\u00e9e [&hellip;]<\/p>\n","protected":false},"author":2,"featured_media":914,"parent":0,"menu_order":0,"comment_status":"closed","ping_status":"closed","template":"template-region.php","meta":{"_acf_changed":false,"footnotes":""},"class_list":["post-673","page","type-page","status-publish","has-post-thumbnail","hentry"],"acf":[],"yoast_head":"<!-- This site is optimized with the Yoast SEO plugin v27.1.1 - https:\/\/yoast.com\/product\/yoast-seo-wordpress\/ -->\n<title>Guide Camping Var -<\/title>\n<meta name=\"robots\" content=\"index, follow, max-snippet:-1, max-image-preview:large, max-video-preview:-1\" \/>\n<link rel=\"canonical\" href=\"https:\/\/www.campings.com\/fr\/content\/guide-camping-var\/\" \/>\n<meta property=\"og:locale\" content=\"fr_FR\" \/>\n<meta property=\"og:type\" content=\"article\" \/>\n<meta property=\"og:title\" content=\"Guide Camping Var -\" \/>\n<meta property=\"og:description\" content=\"Au sud de la r\u00e9gion PACA, le Var est un d\u00e9partement propice aux vacances. Bord\u00e9 par la mer M\u00e9diterran\u00e9e et ensoleill\u00e9 tout au long de l&rsquo;ann\u00e9e, il vous invite \u00e0 d\u00e9couvrir une culture diff\u00e9rente et fascinantes. La nature y particuli\u00e8rement impressionnante et subjuguante. Une location de mobil-home dans le Var, c&rsquo;est tout simplement l&rsquo;occasion r\u00eav\u00e9e [&hellip;]\" \/>\n<meta property=\"og:url\" content=\"https:\/\/www.campings.com\/fr\/content\/guide-camping-var\/\" \/>\n<meta property=\"article:modified_time\" content=\"2024-12-09T21:48:30+00:00\" \/>\n<meta property=\"og:image\" content=\"https:\/\/www.campings.com\/fr\/content\/wp-content\/uploads\/2019\/03\/var-2.jpg\" \/>\n\t<meta property=\"og:image:width\" content=\"1670\" \/>\n\t<meta property=\"og:image:height\" content=\"650\" \/>\n\t<meta property=\"og:image:type\" content=\"image\/jpeg\" \/>\n<meta name=\"twitter:card\" content=\"summary_large_image\" \/>\n<meta name=\"twitter:label1\" content=\"Dur\u00e9e de lecture estim\u00e9e\" \/>\n\t<meta name=\"twitter:data1\" content=\"1 minute\" \/>\n<script type=\"application\/ld+json\" class=\"yoast-schema-graph\">{\"@context\":\"https:\/\/schema.org\",\"@graph\":[{\"@type\":\"WebPage\",\"@id\":\"https:\/\/www.campings.com\/fr\/content\/guide-camping-var\/\",\"url\":\"https:\/\/www.campings.com\/fr\/content\/guide-camping-var\/\",\"name\":\"Guide Camping Var -\",\"isPartOf\":{\"@id\":\"https:\/\/www.campings.com\/fr\/content\/#website\"},\"primaryImageOfPage\":{\"@id\":\"https:\/\/www.campings.com\/fr\/content\/guide-camping-var\/#primaryimage\"},\"image\":{\"@id\":\"https:\/\/www.campings.com\/fr\/content\/guide-camping-var\/#primaryimage\"},\"thumbnailUrl\":\"https:\/\/www.campings.com\/fr\/content\/wp-content\/uploads\/2019\/03\/var-2.jpg\",\"datePublished\":\"2019-03-26T09:27:41+00:00\",\"dateModified\":\"2024-12-09T21:48:30+00:00\",\"breadcrumb\":{\"@id\":\"https:\/\/www.campings.com\/fr\/content\/guide-camping-var\/#breadcrumb\"},\"inLanguage\":\"fr-FR\",\"potentialAction\":[{\"@type\":\"ReadAction\",\"target\":[\"https:\/\/www.campings.com\/fr\/content\/guide-camping-var\/\"]}]},{\"@type\":\"ImageObject\",\"inLanguage\":\"fr-FR\",\"@id\":\"https:\/\/www.campings.com\/fr\/content\/guide-camping-var\/#primaryimage\",\"url\":\"https:\/\/www.campings.com\/fr\/content\/wp-content\/uploads\/2019\/03\/var-2.jpg\",\"contentUrl\":\"https:\/\/www.campings.com\/fr\/content\/wp-content\/uploads\/2019\/03\/var-2.jpg\",\"width\":1670,\"height\":650},{\"@type\":\"BreadcrumbList\",\"@id\":\"https:\/\/www.campings.com\/fr\/content\/guide-camping-var\/#breadcrumb\",\"itemListElement\":[{\"@type\":\"ListItem\",\"position\":1,\"name\":\"Home\",\"item\":\"https:\/\/www.campings.com\/fr\/content\/\"},{\"@type\":\"ListItem\",\"position\":2,\"name\":\"Guide Camping Var\"}]},{\"@type\":\"WebSite\",\"@id\":\"https:\/\/www.campings.com\/fr\/content\/#website\",\"url\":\"https:\/\/www.campings.com\/fr\/content\/\",\"name\":\"\",\"description\":\"\",\"publisher\":{\"@id\":\"https:\/\/www.campings.com\/fr\/content\/#organization\"},\"potentialAction\":[{\"@type\":\"SearchAction\",\"target\":{\"@type\":\"EntryPoint\",\"urlTemplate\":\"https:\/\/www.campings.com\/fr\/content\/?s={search_term_string}\"},\"query-input\":{\"@type\":\"PropertyValueSpecification\",\"valueRequired\":true,\"valueName\":\"search_term_string\"}}],\"inLanguage\":\"fr-FR\"},{\"@type\":\"Organization\",\"@id\":\"https:\/\/www.campings.com\/fr\/content\/#organization\",\"name\":\"CAMPINGS.COM\",\"url\":\"https:\/\/www.campings.com\/fr\/content\/\",\"logo\":{\"@type\":\"ImageObject\",\"inLanguage\":\"fr-FR\",\"@id\":\"https:\/\/www.campings.com\/fr\/content\/#\/schema\/logo\/image\/\",\"url\":\"https:\/\/www.campings.com\/fr\/content\/wp-content\/uploads\/2019\/01\/cropped-logo-1.png\",\"contentUrl\":\"https:\/\/www.campings.com\/fr\/content\/wp-content\/uploads\/2019\/01\/cropped-logo-1.png\",\"width\":174,\"height\":42,\"caption\":\"CAMPINGS.COM\"},\"image\":{\"@id\":\"https:\/\/www.campings.com\/fr\/content\/#\/schema\/logo\/image\/\"}}]}<\/script>\n<!-- \/ Yoast SEO plugin. -->","yoast_head_json":{"title":"Guide Camping Var -","robots":{"index":"index","follow":"follow","max-snippet":"max-snippet:-1","max-image-preview":"max-image-preview:large","max-video-preview":"max-video-preview:-1"},"canonical":"https:\/\/www.campings.com\/fr\/content\/guide-camping-var\/","og_locale":"fr_FR","og_type":"article","og_title":"Guide Camping Var -","og_description":"Au sud de la r\u00e9gion PACA, le Var est un d\u00e9partement propice aux vacances. Bord\u00e9 par la mer M\u00e9diterran\u00e9e et ensoleill\u00e9 tout au long de l&rsquo;ann\u00e9e, il vous invite \u00e0 d\u00e9couvrir une culture diff\u00e9rente et fascinantes. La nature y particuli\u00e8rement impressionnante et subjuguante. Une location de mobil-home dans le Var, c&rsquo;est tout simplement l&rsquo;occasion r\u00eav\u00e9e [&hellip;]","og_url":"https:\/\/www.campings.com\/fr\/content\/guide-camping-var\/","article_modified_time":"2024-12-09T21:48:30+00:00","og_image":[{"width":1670,"height":650,"url":"https:\/\/www.campings.com\/fr\/content\/wp-content\/uploads\/2019\/03\/var-2.jpg","type":"image\/jpeg"}],"twitter_card":"summary_large_image","twitter_misc":{"Dur\u00e9e de lecture estim\u00e9e":"1 minute"},"schema":{"@context":"https:\/\/schema.org","@graph":[{"@type":"WebPage","@id":"https:\/\/www.campings.com\/fr\/content\/guide-camping-var\/","url":"https:\/\/www.campings.com\/fr\/content\/guide-camping-var\/","name":"Guide Camping Var -","isPartOf":{"@id":"https:\/\/www.campings.com\/fr\/content\/#website"},"primaryImageOfPage":{"@id":"https:\/\/www.campings.com\/fr\/content\/guide-camping-var\/#primaryimage"},"image":{"@id":"https:\/\/www.campings.com\/fr\/content\/guide-camping-var\/#primaryimage"},"thumbnailUrl":"https:\/\/www.campings.com\/fr\/content\/wp-content\/uploads\/2019\/03\/var-2.jpg","datePublished":"2019-03-26T09:27:41+00:00","dateModified":"2024-12-09T21:48:30+00:00","breadcrumb":{"@id":"https:\/\/www.campings.com\/fr\/content\/guide-camping-var\/#breadcrumb"},"inLanguage":"fr-FR","potentialAction":[{"@type":"ReadAction","target":["https:\/\/www.campings.com\/fr\/content\/guide-camping-var\/"]}]},{"@type":"ImageObject","inLanguage":"fr-FR","@id":"https:\/\/www.campings.com\/fr\/content\/guide-camping-var\/#primaryimage","url":"https:\/\/www.campings.com\/fr\/content\/wp-content\/uploads\/2019\/03\/var-2.jpg","contentUrl":"https:\/\/www.campings.com\/fr\/content\/wp-content\/uploads\/2019\/03\/var-2.jpg","width":1670,"height":650},{"@type":"BreadcrumbList","@id":"https:\/\/www.campings.com\/fr\/content\/guide-camping-var\/#breadcrumb","itemListElement":[{"@type":"ListItem","position":1,"name":"Home","item":"https:\/\/www.campings.com\/fr\/content\/"},{"@type":"ListItem","position":2,"name":"Guide Camping Var"}]},{"@type":"WebSite","@id":"https:\/\/www.campings.com\/fr\/content\/#website","url":"https:\/\/www.campings.com\/fr\/content\/","name":"","description":"","publisher":{"@id":"https:\/\/www.campings.com\/fr\/content\/#organization"},"potentialAction":[{"@type":"SearchAction","target":{"@type":"EntryPoint","urlTemplate":"https:\/\/www.campings.com\/fr\/content\/?s={search_term_string}"},"query-input":{"@type":"PropertyValueSpecification","valueRequired":true,"valueName":"search_term_string"}}],"inLanguage":"fr-FR"},{"@type":"Organization","@id":"https:\/\/www.campings.com\/fr\/content\/#organization","name":"CAMPINGS.COM","url":"https:\/\/www.campings.com\/fr\/content\/","logo":{"@type":"ImageObject","inLanguage":"fr-FR","@id":"https:\/\/www.campings.com\/fr\/content\/#\/schema\/logo\/image\/","url":"https:\/\/www.campings.com\/fr\/content\/wp-content\/uploads\/2019\/01\/cropped-logo-1.png","contentUrl":"https:\/\/www.campings.com\/fr\/content\/wp-content\/uploads\/2019\/01\/cropped-logo-1.png","width":174,"height":42,"caption":"CAMPINGS.COM"},"image":{"@id":"https:\/\/www.campings.com\/fr\/content\/#\/schema\/logo\/image\/"}}]}},"_links":{"self":[{"href":"https:\/\/www.campings.com\/fr\/content\/wp-json\/wp\/v2\/pages\/673","targetHints":{"allow":["GET"]}}],"collection":[{"href":"https:\/\/www.campings.com\/fr\/content\/wp-json\/wp\/v2\/pages"}],"about":[{"href":"https:\/\/www.campings.com\/fr\/content\/wp-json\/wp\/v2\/types\/page"}],"author":[{"embeddable":true,"href":"https:\/\/www.campings.com\/fr\/content\/wp-json\/wp\/v2\/users\/2"}],"replies":[{"embeddable":true,"href":"https:\/\/www.campings.com\/fr\/content\/wp-json\/wp\/v2\/comments?post=673"}],"version-history":[{"count":10,"href":"https:\/\/www.campings.com\/fr\/content\/wp-json\/wp\/v2\/pages\/673\/revisions"}],"predecessor-version":[{"id":4848,"href":"https:\/\/www.campings.com\/fr\/content\/wp-json\/wp\/v2\/pages\/673\/revisions\/4848"}],"wp:featuredmedia":[{"embeddable":true,"href":"https:\/\/www.campings.com\/fr\/content\/wp-json\/wp\/v2\/media\/914"}],"wp:attachment":[{"href":"https:\/\/www.campings.com\/fr\/content\/wp-json\/wp\/v2\/media?parent=673"}],"curies":[{"name":"wp","href":"https:\/\/api.w.org\/{rel}","templated":true}]}}