{"id":656,"date":"2019-03-25T20:14:55","date_gmt":"2019-03-25T20:14:55","guid":{"rendered":"https:\/\/www.campings.com\/fr\/content\/?page_id=656"},"modified":"2024-12-09T22:03:25","modified_gmt":"2024-12-09T21:03:25","slug":"guide-camping-gard","status":"publish","type":"page","link":"https:\/\/www.campings.com\/fr\/content\/guide-camping-gard\/","title":{"rendered":"Guide Camping Gard"},"content":{"rendered":"<p class=\"p1\"><span class=\"s1\"> Localis\u00e9 \u00e0 l&rsquo;extr\u00e9mit\u00e9 est de la r\u00e9gion Occitanie, le d\u00e9partement du Gard se propose de vous d\u00e9payser. Ceux qui choisissent de partir en camping dans le Gard, ont la chance de pouvoir d\u00e9couvrir un territoire fascinant, caract\u00e9ris\u00e9 par des paysages grandioses et des villes aux nombreux charmes. <\/span><\/p>\n<p class=\"p1\"><span class=\"s1\">La feria de N\u00eemes, le Pont du Gard, les \u00e9tangs de la Camargue, le SeaQuarium du Grau du Roi, les fa\u00e7ades baign\u00e9es de soleil d&rsquo;Uz\u00e8s, les tours d&rsquo;Aigues-Mortes&#8230; il y a toujours un site ou un \u00e9v\u00e9nement pour vous guider jusqu&rsquo;au Gard. Privil\u00e9gier la location de mobil-home dans le Gard pour ses vacances, c&rsquo;est pouvoir arpenter sans limites une r\u00e9gion au patrimoine culturel important et aux richesse naturelles vari\u00e9es. <\/span><\/p>\n<p class=\"p1\"><span class=\"s1\">D&rsquo;un bout \u00e0 l&rsquo;autre de ce d\u00e9partement, vous pourrez profiter d&rsquo;exp\u00e9riences diversifi\u00e9es pour ne jamais vous lasser. Sur la m\u00eame journ\u00e9e, il est possible de pousser la porte d&rsquo;un ch\u00e2teau m\u00e9di\u00e9val, d&rsquo;admirer un panorama \u00e0 couper le souffle depuis les hauteurs d&rsquo;un parc naturel et de prendre un verre en terrasse dans une ville anim\u00e9e. <\/span><\/p>\n<p class=\"p1\"><span class=\"s1\">En groupe d&rsquo;amis, en famille avec enfants en bas \u00e2ge ou adolescents connect\u00e9s ou simplement en couple en qu\u00eate de romantisme ? Peu importe, dans le Gard, le programme des vacances sera charg\u00e9 pour tous. Relativement peu \u00e9tendu et peu peupl\u00e9, ce d\u00e9partement est une r\u00e9elle invitation \u00e0 la d\u00e9tente, \u00e0 la d\u00e9couverte et au plaisir. Vous n&rsquo;\u00eates pas pr\u00eat d&rsquo;oublier vos vacances au camping dans le Gard !<\/span><\/p>\n","protected":false},"excerpt":{"rendered":"<p>Localis\u00e9 \u00e0 l&rsquo;extr\u00e9mit\u00e9 est de la r\u00e9gion Occitanie, le d\u00e9partement du Gard se propose de vous d\u00e9payser. Ceux qui choisissent de partir en camping dans le Gard, ont la chance de pouvoir d\u00e9couvrir un territoire fascinant, caract\u00e9ris\u00e9 par des paysages grandioses et des villes aux nombreux charmes. La feria de N\u00eemes, le Pont du Gard, [&hellip;]<\/p>\n","protected":false},"author":2,"featured_media":902,"parent":0,"menu_order":0,"comment_status":"closed","ping_status":"closed","template":"template-region.php","meta":{"_acf_changed":false,"footnotes":""},"class_list":["post-656","page","type-page","status-publish","has-post-thumbnail","hentry"],"acf":[],"yoast_head":"<!-- This site is optimized with the Yoast SEO plugin v27.1.1 - https:\/\/yoast.com\/product\/yoast-seo-wordpress\/ -->\n<title>Guide Camping Gard -<\/title>\n<meta name=\"robots\" content=\"index, follow, max-snippet:-1, max-image-preview:large, max-video-preview:-1\" \/>\n<link rel=\"canonical\" href=\"https:\/\/www.campings.com\/fr\/content\/guide-camping-gard\/\" \/>\n<meta property=\"og:locale\" content=\"fr_FR\" \/>\n<meta property=\"og:type\" content=\"article\" \/>\n<meta property=\"og:title\" content=\"Guide Camping Gard -\" \/>\n<meta property=\"og:description\" content=\"Localis\u00e9 \u00e0 l&rsquo;extr\u00e9mit\u00e9 est de la r\u00e9gion Occitanie, le d\u00e9partement du Gard se propose de vous d\u00e9payser. Ceux qui choisissent de partir en camping dans le Gard, ont la chance de pouvoir d\u00e9couvrir un territoire fascinant, caract\u00e9ris\u00e9 par des paysages grandioses et des villes aux nombreux charmes. La feria de N\u00eemes, le Pont du Gard, [&hellip;]\" \/>\n<meta property=\"og:url\" content=\"https:\/\/www.campings.com\/fr\/content\/guide-camping-gard\/\" \/>\n<meta property=\"article:modified_time\" content=\"2024-12-09T21:03:25+00:00\" \/>\n<meta property=\"og:image\" content=\"https:\/\/www.campings.com\/fr\/content\/wp-content\/uploads\/2019\/03\/Gard.jpg\" \/>\n\t<meta property=\"og:image:width\" content=\"1670\" \/>\n\t<meta property=\"og:image:height\" content=\"650\" \/>\n\t<meta property=\"og:image:type\" content=\"image\/jpeg\" \/>\n<meta name=\"twitter:card\" content=\"summary_large_image\" \/>\n<meta name=\"twitter:label1\" content=\"Dur\u00e9e de lecture estim\u00e9e\" \/>\n\t<meta name=\"twitter:data1\" content=\"1 minute\" \/>\n<script type=\"application\/ld+json\" class=\"yoast-schema-graph\">{\"@context\":\"https:\/\/schema.org\",\"@graph\":[{\"@type\":\"WebPage\",\"@id\":\"https:\/\/www.campings.com\/fr\/content\/guide-camping-gard\/\",\"url\":\"https:\/\/www.campings.com\/fr\/content\/guide-camping-gard\/\",\"name\":\"Guide Camping Gard -\",\"isPartOf\":{\"@id\":\"https:\/\/www.campings.com\/fr\/content\/#website\"},\"primaryImageOfPage\":{\"@id\":\"https:\/\/www.campings.com\/fr\/content\/guide-camping-gard\/#primaryimage\"},\"image\":{\"@id\":\"https:\/\/www.campings.com\/fr\/content\/guide-camping-gard\/#primaryimage\"},\"thumbnailUrl\":\"https:\/\/www.campings.com\/fr\/content\/wp-content\/uploads\/2019\/03\/Gard.jpg\",\"datePublished\":\"2019-03-25T20:14:55+00:00\",\"dateModified\":\"2024-12-09T21:03:25+00:00\",\"breadcrumb\":{\"@id\":\"https:\/\/www.campings.com\/fr\/content\/guide-camping-gard\/#breadcrumb\"},\"inLanguage\":\"fr-FR\",\"potentialAction\":[{\"@type\":\"ReadAction\",\"target\":[\"https:\/\/www.campings.com\/fr\/content\/guide-camping-gard\/\"]}]},{\"@type\":\"ImageObject\",\"inLanguage\":\"fr-FR\",\"@id\":\"https:\/\/www.campings.com\/fr\/content\/guide-camping-gard\/#primaryimage\",\"url\":\"https:\/\/www.campings.com\/fr\/content\/wp-content\/uploads\/2019\/03\/Gard.jpg\",\"contentUrl\":\"https:\/\/www.campings.com\/fr\/content\/wp-content\/uploads\/2019\/03\/Gard.jpg\",\"width\":1670,\"height\":650},{\"@type\":\"BreadcrumbList\",\"@id\":\"https:\/\/www.campings.com\/fr\/content\/guide-camping-gard\/#breadcrumb\",\"itemListElement\":[{\"@type\":\"ListItem\",\"position\":1,\"name\":\"Home\",\"item\":\"https:\/\/www.campings.com\/fr\/content\/\"},{\"@type\":\"ListItem\",\"position\":2,\"name\":\"Guide Camping Gard\"}]},{\"@type\":\"WebSite\",\"@id\":\"https:\/\/www.campings.com\/fr\/content\/#website\",\"url\":\"https:\/\/www.campings.com\/fr\/content\/\",\"name\":\"\",\"description\":\"\",\"publisher\":{\"@id\":\"https:\/\/www.campings.com\/fr\/content\/#organization\"},\"potentialAction\":[{\"@type\":\"SearchAction\",\"target\":{\"@type\":\"EntryPoint\",\"urlTemplate\":\"https:\/\/www.campings.com\/fr\/content\/?s={search_term_string}\"},\"query-input\":{\"@type\":\"PropertyValueSpecification\",\"valueRequired\":true,\"valueName\":\"search_term_string\"}}],\"inLanguage\":\"fr-FR\"},{\"@type\":\"Organization\",\"@id\":\"https:\/\/www.campings.com\/fr\/content\/#organization\",\"name\":\"CAMPINGS.COM\",\"url\":\"https:\/\/www.campings.com\/fr\/content\/\",\"logo\":{\"@type\":\"ImageObject\",\"inLanguage\":\"fr-FR\",\"@id\":\"https:\/\/www.campings.com\/fr\/content\/#\/schema\/logo\/image\/\",\"url\":\"https:\/\/www.campings.com\/fr\/content\/wp-content\/uploads\/2019\/01\/cropped-logo-1.png\",\"contentUrl\":\"https:\/\/www.campings.com\/fr\/content\/wp-content\/uploads\/2019\/01\/cropped-logo-1.png\",\"width\":174,\"height\":42,\"caption\":\"CAMPINGS.COM\"},\"image\":{\"@id\":\"https:\/\/www.campings.com\/fr\/content\/#\/schema\/logo\/image\/\"}}]}<\/script>\n<!-- \/ Yoast SEO plugin. -->","yoast_head_json":{"title":"Guide Camping Gard -","robots":{"index":"index","follow":"follow","max-snippet":"max-snippet:-1","max-image-preview":"max-image-preview:large","max-video-preview":"max-video-preview:-1"},"canonical":"https:\/\/www.campings.com\/fr\/content\/guide-camping-gard\/","og_locale":"fr_FR","og_type":"article","og_title":"Guide Camping Gard -","og_description":"Localis\u00e9 \u00e0 l&rsquo;extr\u00e9mit\u00e9 est de la r\u00e9gion Occitanie, le d\u00e9partement du Gard se propose de vous d\u00e9payser. Ceux qui choisissent de partir en camping dans le Gard, ont la chance de pouvoir d\u00e9couvrir un territoire fascinant, caract\u00e9ris\u00e9 par des paysages grandioses et des villes aux nombreux charmes. La feria de N\u00eemes, le Pont du Gard, [&hellip;]","og_url":"https:\/\/www.campings.com\/fr\/content\/guide-camping-gard\/","article_modified_time":"2024-12-09T21:03:25+00:00","og_image":[{"width":1670,"height":650,"url":"https:\/\/www.campings.com\/fr\/content\/wp-content\/uploads\/2019\/03\/Gard.jpg","type":"image\/jpeg"}],"twitter_card":"summary_large_image","twitter_misc":{"Dur\u00e9e de lecture estim\u00e9e":"1 minute"},"schema":{"@context":"https:\/\/schema.org","@graph":[{"@type":"WebPage","@id":"https:\/\/www.campings.com\/fr\/content\/guide-camping-gard\/","url":"https:\/\/www.campings.com\/fr\/content\/guide-camping-gard\/","name":"Guide Camping Gard -","isPartOf":{"@id":"https:\/\/www.campings.com\/fr\/content\/#website"},"primaryImageOfPage":{"@id":"https:\/\/www.campings.com\/fr\/content\/guide-camping-gard\/#primaryimage"},"image":{"@id":"https:\/\/www.campings.com\/fr\/content\/guide-camping-gard\/#primaryimage"},"thumbnailUrl":"https:\/\/www.campings.com\/fr\/content\/wp-content\/uploads\/2019\/03\/Gard.jpg","datePublished":"2019-03-25T20:14:55+00:00","dateModified":"2024-12-09T21:03:25+00:00","breadcrumb":{"@id":"https:\/\/www.campings.com\/fr\/content\/guide-camping-gard\/#breadcrumb"},"inLanguage":"fr-FR","potentialAction":[{"@type":"ReadAction","target":["https:\/\/www.campings.com\/fr\/content\/guide-camping-gard\/"]}]},{"@type":"ImageObject","inLanguage":"fr-FR","@id":"https:\/\/www.campings.com\/fr\/content\/guide-camping-gard\/#primaryimage","url":"https:\/\/www.campings.com\/fr\/content\/wp-content\/uploads\/2019\/03\/Gard.jpg","contentUrl":"https:\/\/www.campings.com\/fr\/content\/wp-content\/uploads\/2019\/03\/Gard.jpg","width":1670,"height":650},{"@type":"BreadcrumbList","@id":"https:\/\/www.campings.com\/fr\/content\/guide-camping-gard\/#breadcrumb","itemListElement":[{"@type":"ListItem","position":1,"name":"Home","item":"https:\/\/www.campings.com\/fr\/content\/"},{"@type":"ListItem","position":2,"name":"Guide Camping Gard"}]},{"@type":"WebSite","@id":"https:\/\/www.campings.com\/fr\/content\/#website","url":"https:\/\/www.campings.com\/fr\/content\/","name":"","description":"","publisher":{"@id":"https:\/\/www.campings.com\/fr\/content\/#organization"},"potentialAction":[{"@type":"SearchAction","target":{"@type":"EntryPoint","urlTemplate":"https:\/\/www.campings.com\/fr\/content\/?s={search_term_string}"},"query-input":{"@type":"PropertyValueSpecification","valueRequired":true,"valueName":"search_term_string"}}],"inLanguage":"fr-FR"},{"@type":"Organization","@id":"https:\/\/www.campings.com\/fr\/content\/#organization","name":"CAMPINGS.COM","url":"https:\/\/www.campings.com\/fr\/content\/","logo":{"@type":"ImageObject","inLanguage":"fr-FR","@id":"https:\/\/www.campings.com\/fr\/content\/#\/schema\/logo\/image\/","url":"https:\/\/www.campings.com\/fr\/content\/wp-content\/uploads\/2019\/01\/cropped-logo-1.png","contentUrl":"https:\/\/www.campings.com\/fr\/content\/wp-content\/uploads\/2019\/01\/cropped-logo-1.png","width":174,"height":42,"caption":"CAMPINGS.COM"},"image":{"@id":"https:\/\/www.campings.com\/fr\/content\/#\/schema\/logo\/image\/"}}]}},"_links":{"self":[{"href":"https:\/\/www.campings.com\/fr\/content\/wp-json\/wp\/v2\/pages\/656","targetHints":{"allow":["GET"]}}],"collection":[{"href":"https:\/\/www.campings.com\/fr\/content\/wp-json\/wp\/v2\/pages"}],"about":[{"href":"https:\/\/www.campings.com\/fr\/content\/wp-json\/wp\/v2\/types\/page"}],"author":[{"embeddable":true,"href":"https:\/\/www.campings.com\/fr\/content\/wp-json\/wp\/v2\/users\/2"}],"replies":[{"embeddable":true,"href":"https:\/\/www.campings.com\/fr\/content\/wp-json\/wp\/v2\/comments?post=656"}],"version-history":[{"count":10,"href":"https:\/\/www.campings.com\/fr\/content\/wp-json\/wp\/v2\/pages\/656\/revisions"}],"predecessor-version":[{"id":4822,"href":"https:\/\/www.campings.com\/fr\/content\/wp-json\/wp\/v2\/pages\/656\/revisions\/4822"}],"wp:featuredmedia":[{"embeddable":true,"href":"https:\/\/www.campings.com\/fr\/content\/wp-json\/wp\/v2\/media\/902"}],"wp:attachment":[{"href":"https:\/\/www.campings.com\/fr\/content\/wp-json\/wp\/v2\/media?parent=656"}],"curies":[{"name":"wp","href":"https:\/\/api.w.org\/{rel}","templated":true}]}}