{"id":6152,"date":"2025-12-01T10:11:31","date_gmt":"2025-12-01T09:11:31","guid":{"rendered":"https:\/\/www.campings.com\/fr\/content\/?page_id=6152"},"modified":"2026-03-16T09:30:58","modified_gmt":"2026-03-16T08:30:58","slug":"inscription-newsletter","status":"publish","type":"page","link":"https:\/\/www.campings.com\/fr\/content\/inscription-newsletter\/","title":{"rendered":"<span style=\"display:none;\">Inscription Newsletter<\/span>"},"content":{"rendered":"<div class=\"lp-cc lp--newsletter\">\n<div class=\"lp--newsletter-img\"><img decoding=\"async\" src=\"https:\/\/www.campings.com\/fr\/content\/wp-content\/uploads\/2025\/12\/phone-newsletter.png\" alt=\"Inscription Newsletter\" \/><\/div>\n<div class=\"lp-newsletter-content\">\n<h2><strong>Abonnez-vous<\/strong> \u00e0 notre newsletter pour recevoir les meilleurs deals !<\/h2>\n<div class=\"lp-newsletter-form\">\n<h4>Restez inform\u00e9 !<\/h4>\n<p><iframe loading=\"lazy\" style=\"margin: 0px auto; display: block; border:none;\" src=\"https:\/\/www.campings.com\/fr\/inscription-newsletter\" width=\"100%\" height=\"500\" data-service=\"campingscom\"><span data-mce-type=\"bookmark\" style=\"display: inline-block; width: 0px; overflow: hidden; line-height: 0;\" class=\"mce_SELRES_start\">\ufeff<\/span><\/iframe><\/div>\n<div class=\"lp--newsletter-benefits\">\n<h4>Profitez de 15 \u20ac offerts sur votre premi\u00e8re commande*<\/h4>\n<p>Recevez en avant-premi\u00e8re nos promotions exclusives ainsi que des suggestions de campings pour vos prochaines vacances.<\/p>\n<ul>\n<li>Inscrivez vous \u00e0 notre newsletter<\/li>\n<li>Recevez un code promo de 15\u20ac \u00e0 valoir sur votre premi\u00e8re commande<\/li>\n<li>Ajouter le code promo dans le panier et hop partez en vacances !<\/li>\n<\/ul>\n<\/div>\n<p class=\"lp--conditions\">*Offre valable sur l&rsquo;ensemble des campings pr\u00e9sents sur Campings.com. 15 \u20ac offerts sur votre premi\u00e8re commande d\u00e8s 50 \u20ac d&rsquo;achat. Offre non cumulable avec d&rsquo;autres codes promotionnels mais cumulable avec les promotions en cours.<\/p>\n<\/div>\n<\/div>\n","protected":false},"excerpt":{"rendered":"<p>Abonnez-vous \u00e0 notre newsletter pour recevoir les meilleurs deals ! Restez inform\u00e9 ! \ufeff Profitez de 15 \u20ac offerts sur votre premi\u00e8re commande* Recevez en avant-premi\u00e8re nos promotions exclusives ainsi que des suggestions de campings pour vos prochaines vacances. Inscrivez vous \u00e0 notre newsletter Recevez un code promo de 15\u20ac \u00e0 valoir sur votre premi\u00e8re [&hellip;]<\/p>\n","protected":false},"author":35,"featured_media":0,"parent":0,"menu_order":0,"comment_status":"closed","ping_status":"closed","template":"template-onecolumn.php","meta":{"_acf_changed":false,"footnotes":""},"class_list":["post-6152","page","type-page","status-publish","hentry"],"acf":[],"yoast_head":"<!-- This site is optimized with the Yoast SEO plugin v27.1.1 - https:\/\/yoast.com\/product\/yoast-seo-wordpress\/ -->\n<title>Newsletter Campings.com | Meilleures offres et r\u00e9ductions pour les campings<\/title>\n<meta name=\"description\" content=\"Inscrivez-vous \u00e0 la newsletter Campings.com et recevez des offres exclusives et une r\u00e9duction de 15 \u20ac sur votre premi\u00e8re r\u00e9servation.\" \/>\n<meta name=\"robots\" content=\"index, follow, max-snippet:-1, max-image-preview:large, max-video-preview:-1\" \/>\n<link rel=\"canonical\" href=\"https:\/\/www.campings.com\/fr\/content\/inscription-newsletter\/\" \/>\n<meta property=\"og:locale\" content=\"fr_FR\" \/>\n<meta property=\"og:type\" content=\"article\" \/>\n<meta property=\"og:title\" content=\"Newsletter Campings.com | Meilleures offres et r\u00e9ductions pour les campings\" \/>\n<meta property=\"og:description\" content=\"Inscrivez-vous \u00e0 la newsletter Campings.com et recevez des offres exclusives et une r\u00e9duction de 15 \u20ac sur votre premi\u00e8re r\u00e9servation.\" \/>\n<meta property=\"og:url\" content=\"https:\/\/www.campings.com\/fr\/content\/inscription-newsletter\/\" \/>\n<meta property=\"article:modified_time\" content=\"2026-03-16T08:30:58+00:00\" \/>\n<meta property=\"og:image\" content=\"https:\/\/www.campings.com\/fr\/content\/wp-content\/uploads\/2025\/12\/phone-newsletter.png\" \/>\n<meta name=\"twitter:card\" content=\"summary_large_image\" \/>\n<meta name=\"twitter:label1\" content=\"Dur\u00e9e de lecture estim\u00e9e\" \/>\n\t<meta name=\"twitter:data1\" content=\"1 minute\" \/>\n<script type=\"application\/ld+json\" class=\"yoast-schema-graph\">{\"@context\":\"https:\/\/schema.org\",\"@graph\":[{\"@type\":\"WebPage\",\"@id\":\"https:\/\/www.campings.com\/fr\/content\/inscription-newsletter\/\",\"url\":\"https:\/\/www.campings.com\/fr\/content\/inscription-newsletter\/\",\"name\":\"Newsletter Campings.com | Meilleures offres et r\u00e9ductions pour les campings\",\"isPartOf\":{\"@id\":\"https:\/\/www.campings.com\/fr\/content\/#website\"},\"primaryImageOfPage\":{\"@id\":\"https:\/\/www.campings.com\/fr\/content\/inscription-newsletter\/#primaryimage\"},\"image\":{\"@id\":\"https:\/\/www.campings.com\/fr\/content\/inscription-newsletter\/#primaryimage\"},\"thumbnailUrl\":\"https:\/\/www.campings.com\/fr\/content\/wp-content\/uploads\/2025\/12\/phone-newsletter.png\",\"datePublished\":\"2025-12-01T09:11:31+00:00\",\"dateModified\":\"2026-03-16T08:30:58+00:00\",\"description\":\"Inscrivez-vous \u00e0 la newsletter Campings.com et recevez des offres exclusives et une r\u00e9duction de 15 \u20ac sur votre premi\u00e8re r\u00e9servation.\",\"breadcrumb\":{\"@id\":\"https:\/\/www.campings.com\/fr\/content\/inscription-newsletter\/#breadcrumb\"},\"inLanguage\":\"fr-FR\",\"potentialAction\":[{\"@type\":\"ReadAction\",\"target\":[\"https:\/\/www.campings.com\/fr\/content\/inscription-newsletter\/\"]}]},{\"@type\":\"ImageObject\",\"inLanguage\":\"fr-FR\",\"@id\":\"https:\/\/www.campings.com\/fr\/content\/inscription-newsletter\/#primaryimage\",\"url\":\"https:\/\/www.campings.com\/fr\/content\/wp-content\/uploads\/2025\/12\/phone-newsletter.png\",\"contentUrl\":\"https:\/\/www.campings.com\/fr\/content\/wp-content\/uploads\/2025\/12\/phone-newsletter.png\",\"width\":729,\"height\":1227},{\"@type\":\"BreadcrumbList\",\"@id\":\"https:\/\/www.campings.com\/fr\/content\/inscription-newsletter\/#breadcrumb\",\"itemListElement\":[{\"@type\":\"ListItem\",\"position\":1,\"name\":\"Home\",\"item\":\"https:\/\/www.campings.com\/fr\/content\/\"},{\"@type\":\"ListItem\",\"position\":2,\"name\":\"Inscription Newsletter\"}]},{\"@type\":\"WebSite\",\"@id\":\"https:\/\/www.campings.com\/fr\/content\/#website\",\"url\":\"https:\/\/www.campings.com\/fr\/content\/\",\"name\":\"\",\"description\":\"\",\"publisher\":{\"@id\":\"https:\/\/www.campings.com\/fr\/content\/#organization\"},\"potentialAction\":[{\"@type\":\"SearchAction\",\"target\":{\"@type\":\"EntryPoint\",\"urlTemplate\":\"https:\/\/www.campings.com\/fr\/content\/?s={search_term_string}\"},\"query-input\":{\"@type\":\"PropertyValueSpecification\",\"valueRequired\":true,\"valueName\":\"search_term_string\"}}],\"inLanguage\":\"fr-FR\"},{\"@type\":\"Organization\",\"@id\":\"https:\/\/www.campings.com\/fr\/content\/#organization\",\"name\":\"CAMPINGS.COM\",\"url\":\"https:\/\/www.campings.com\/fr\/content\/\",\"logo\":{\"@type\":\"ImageObject\",\"inLanguage\":\"fr-FR\",\"@id\":\"https:\/\/www.campings.com\/fr\/content\/#\/schema\/logo\/image\/\",\"url\":\"https:\/\/www.campings.com\/fr\/content\/wp-content\/uploads\/2019\/01\/cropped-logo-1.png\",\"contentUrl\":\"https:\/\/www.campings.com\/fr\/content\/wp-content\/uploads\/2019\/01\/cropped-logo-1.png\",\"width\":174,\"height\":42,\"caption\":\"CAMPINGS.COM\"},\"image\":{\"@id\":\"https:\/\/www.campings.com\/fr\/content\/#\/schema\/logo\/image\/\"}}]}<\/script>\n<!-- \/ Yoast SEO plugin. -->","yoast_head_json":{"title":"Newsletter Campings.com | Meilleures offres et r\u00e9ductions pour les campings","description":"Inscrivez-vous \u00e0 la newsletter Campings.com et recevez des offres exclusives et une r\u00e9duction de 15 \u20ac sur votre premi\u00e8re r\u00e9servation.","robots":{"index":"index","follow":"follow","max-snippet":"max-snippet:-1","max-image-preview":"max-image-preview:large","max-video-preview":"max-video-preview:-1"},"canonical":"https:\/\/www.campings.com\/fr\/content\/inscription-newsletter\/","og_locale":"fr_FR","og_type":"article","og_title":"Newsletter Campings.com | Meilleures offres et r\u00e9ductions pour les campings","og_description":"Inscrivez-vous \u00e0 la newsletter Campings.com et recevez des offres exclusives et une r\u00e9duction de 15 \u20ac sur votre premi\u00e8re r\u00e9servation.","og_url":"https:\/\/www.campings.com\/fr\/content\/inscription-newsletter\/","article_modified_time":"2026-03-16T08:30:58+00:00","og_image":[{"url":"https:\/\/www.campings.com\/fr\/content\/wp-content\/uploads\/2025\/12\/phone-newsletter.png","type":"","width":"","height":""}],"twitter_card":"summary_large_image","twitter_misc":{"Dur\u00e9e de lecture estim\u00e9e":"1 minute"},"schema":{"@context":"https:\/\/schema.org","@graph":[{"@type":"WebPage","@id":"https:\/\/www.campings.com\/fr\/content\/inscription-newsletter\/","url":"https:\/\/www.campings.com\/fr\/content\/inscription-newsletter\/","name":"Newsletter Campings.com | Meilleures offres et r\u00e9ductions pour les campings","isPartOf":{"@id":"https:\/\/www.campings.com\/fr\/content\/#website"},"primaryImageOfPage":{"@id":"https:\/\/www.campings.com\/fr\/content\/inscription-newsletter\/#primaryimage"},"image":{"@id":"https:\/\/www.campings.com\/fr\/content\/inscription-newsletter\/#primaryimage"},"thumbnailUrl":"https:\/\/www.campings.com\/fr\/content\/wp-content\/uploads\/2025\/12\/phone-newsletter.png","datePublished":"2025-12-01T09:11:31+00:00","dateModified":"2026-03-16T08:30:58+00:00","description":"Inscrivez-vous \u00e0 la newsletter Campings.com et recevez des offres exclusives et une r\u00e9duction de 15 \u20ac sur votre premi\u00e8re r\u00e9servation.","breadcrumb":{"@id":"https:\/\/www.campings.com\/fr\/content\/inscription-newsletter\/#breadcrumb"},"inLanguage":"fr-FR","potentialAction":[{"@type":"ReadAction","target":["https:\/\/www.campings.com\/fr\/content\/inscription-newsletter\/"]}]},{"@type":"ImageObject","inLanguage":"fr-FR","@id":"https:\/\/www.campings.com\/fr\/content\/inscription-newsletter\/#primaryimage","url":"https:\/\/www.campings.com\/fr\/content\/wp-content\/uploads\/2025\/12\/phone-newsletter.png","contentUrl":"https:\/\/www.campings.com\/fr\/content\/wp-content\/uploads\/2025\/12\/phone-newsletter.png","width":729,"height":1227},{"@type":"BreadcrumbList","@id":"https:\/\/www.campings.com\/fr\/content\/inscription-newsletter\/#breadcrumb","itemListElement":[{"@type":"ListItem","position":1,"name":"Home","item":"https:\/\/www.campings.com\/fr\/content\/"},{"@type":"ListItem","position":2,"name":"Inscription Newsletter"}]},{"@type":"WebSite","@id":"https:\/\/www.campings.com\/fr\/content\/#website","url":"https:\/\/www.campings.com\/fr\/content\/","name":"","description":"","publisher":{"@id":"https:\/\/www.campings.com\/fr\/content\/#organization"},"potentialAction":[{"@type":"SearchAction","target":{"@type":"EntryPoint","urlTemplate":"https:\/\/www.campings.com\/fr\/content\/?s={search_term_string}"},"query-input":{"@type":"PropertyValueSpecification","valueRequired":true,"valueName":"search_term_string"}}],"inLanguage":"fr-FR"},{"@type":"Organization","@id":"https:\/\/www.campings.com\/fr\/content\/#organization","name":"CAMPINGS.COM","url":"https:\/\/www.campings.com\/fr\/content\/","logo":{"@type":"ImageObject","inLanguage":"fr-FR","@id":"https:\/\/www.campings.com\/fr\/content\/#\/schema\/logo\/image\/","url":"https:\/\/www.campings.com\/fr\/content\/wp-content\/uploads\/2019\/01\/cropped-logo-1.png","contentUrl":"https:\/\/www.campings.com\/fr\/content\/wp-content\/uploads\/2019\/01\/cropped-logo-1.png","width":174,"height":42,"caption":"CAMPINGS.COM"},"image":{"@id":"https:\/\/www.campings.com\/fr\/content\/#\/schema\/logo\/image\/"}}]}},"_links":{"self":[{"href":"https:\/\/www.campings.com\/fr\/content\/wp-json\/wp\/v2\/pages\/6152","targetHints":{"allow":["GET"]}}],"collection":[{"href":"https:\/\/www.campings.com\/fr\/content\/wp-json\/wp\/v2\/pages"}],"about":[{"href":"https:\/\/www.campings.com\/fr\/content\/wp-json\/wp\/v2\/types\/page"}],"author":[{"embeddable":true,"href":"https:\/\/www.campings.com\/fr\/content\/wp-json\/wp\/v2\/users\/35"}],"replies":[{"embeddable":true,"href":"https:\/\/www.campings.com\/fr\/content\/wp-json\/wp\/v2\/comments?post=6152"}],"version-history":[{"count":22,"href":"https:\/\/www.campings.com\/fr\/content\/wp-json\/wp\/v2\/pages\/6152\/revisions"}],"predecessor-version":[{"id":7116,"href":"https:\/\/www.campings.com\/fr\/content\/wp-json\/wp\/v2\/pages\/6152\/revisions\/7116"}],"wp:attachment":[{"href":"https:\/\/www.campings.com\/fr\/content\/wp-json\/wp\/v2\/media?parent=6152"}],"curies":[{"name":"wp","href":"https:\/\/api.w.org\/{rel}","templated":true}]}}