{"id":494,"date":"2019-03-25T10:48:37","date_gmt":"2019-03-25T10:48:37","guid":{"rendered":"https:\/\/www.campings.com\/fr\/content\/?page_id=494"},"modified":"2025-09-04T10:28:21","modified_gmt":"2025-09-04T09:28:21","slug":"guide-camping-morbihan","status":"publish","type":"page","link":"https:\/\/www.campings.com\/fr\/content\/guide-camping-morbihan\/","title":{"rendered":"Guide Camping Morbihan"},"content":{"rendered":"<p><span style=\"font-weight: 400;\">Situ\u00e9 au sud de la Bretagne, le d\u00e9partement du Morbihan va vous faire appr\u00e9cier le grand air. Partez en camping au Morbihan et d\u00e9couvrez un territoire des plus surprenants, partag\u00e9 entre les plaisirs de la mer et les attraits de la terre. D&rsquo;ailleurs, Morbihan signifie \u00ab\u00a0petite mer\u00a0\u00bb en breton. Et pourtant, le d\u00e9partement a vraiment tout d&rsquo;un grand ! For\u00eats enchant\u00e9es et fronts de mer anim\u00e9s rythmeront aussi bien vos journ\u00e9es que vos soir\u00e9es. <\/span><\/p>\n<p><span style=\"font-weight: 400;\">En optant pour une location de mobil-home dans le Morbihan, vous pourrez explorer \u00e0 souhait la c\u00f4te de Quiberon et les nombreux petits villages qui fa\u00e7onnent le visage paisible de la campagne morbihannaise. Si la nature est toujours splendide d&rsquo;un bout \u00e0 l&rsquo;autre du Morbihan, l&rsquo;h\u00e9ritage historique et culturel l&rsquo;est tout autant. Les belles \u00e9glises en pierre, les ch\u00e2teaux vieux de plusieurs si\u00e8cle et les mus\u00e9es qui exposent la vie locale le prouvent \u00e0 merveille. Mais plus encore, les menhirs de Carnac en sont sans l&rsquo;ombre d&rsquo;un doute le meilleur t\u00e9moin. <\/span><\/p>\n<p><span style=\"font-weight: 400;\">C\u00f4t\u00e9 repos, Belle \u00eele en Mer et La Trinit\u00e9 sur Mer n&rsquo;ont pas leur pareil. Entre amis, en famille avec enfants et adolescents ou en couple, une chose est s\u00fbre : vous n&rsquo;oublierez pas de si t\u00f4t vos vacances au camping au Morbihan. Amateurs de vieilles pierres, passionn\u00e9s de nature verdoyante voire vacanciers simplement en qu\u00eate de d\u00e9tente : tout le monde trouvera son bonheur au Finist\u00e8re.<\/span><\/p>\n","protected":false},"excerpt":{"rendered":"<p>Situ\u00e9 au sud de la Bretagne, le d\u00e9partement du Morbihan va vous faire appr\u00e9cier le grand air. Partez en camping au Morbihan et d\u00e9couvrez un territoire des plus surprenants, partag\u00e9 entre les plaisirs de la mer et les attraits de la terre. D&rsquo;ailleurs, Morbihan signifie \u00ab\u00a0petite mer\u00a0\u00bb en breton. Et pourtant, le d\u00e9partement a vraiment [&hellip;]<\/p>\n","protected":false},"author":2,"featured_media":949,"parent":0,"menu_order":0,"comment_status":"closed","ping_status":"closed","template":"template-region.php","meta":{"_acf_changed":false,"footnotes":""},"class_list":["post-494","page","type-page","status-publish","has-post-thumbnail","hentry"],"acf":[],"yoast_head":"<!-- This site is optimized with the Yoast SEO plugin v27.1.1 - https:\/\/yoast.com\/product\/yoast-seo-wordpress\/ -->\n<title>Guide Camping Morbihan -<\/title>\n<meta name=\"robots\" content=\"index, follow, max-snippet:-1, max-image-preview:large, max-video-preview:-1\" \/>\n<link rel=\"canonical\" href=\"https:\/\/www.campings.com\/fr\/content\/guide-camping-morbihan\/\" \/>\n<meta property=\"og:locale\" content=\"fr_FR\" \/>\n<meta property=\"og:type\" content=\"article\" \/>\n<meta property=\"og:title\" content=\"Guide Camping Morbihan -\" \/>\n<meta property=\"og:description\" content=\"Situ\u00e9 au sud de la Bretagne, le d\u00e9partement du Morbihan va vous faire appr\u00e9cier le grand air. Partez en camping au Morbihan et d\u00e9couvrez un territoire des plus surprenants, partag\u00e9 entre les plaisirs de la mer et les attraits de la terre. D&rsquo;ailleurs, Morbihan signifie \u00ab\u00a0petite mer\u00a0\u00bb en breton. Et pourtant, le d\u00e9partement a vraiment [&hellip;]\" \/>\n<meta property=\"og:url\" content=\"https:\/\/www.campings.com\/fr\/content\/guide-camping-morbihan\/\" \/>\n<meta property=\"article:modified_time\" content=\"2025-09-04T09:28:21+00:00\" \/>\n<meta property=\"og:image\" content=\"https:\/\/www.campings.com\/fr\/content\/wp-content\/uploads\/2019\/03\/Morbihan-1-min.jpg\" \/>\n\t<meta property=\"og:image:width\" content=\"1670\" \/>\n\t<meta property=\"og:image:height\" content=\"650\" \/>\n\t<meta property=\"og:image:type\" content=\"image\/jpeg\" \/>\n<meta name=\"twitter:card\" content=\"summary_large_image\" \/>\n<meta name=\"twitter:label1\" content=\"Dur\u00e9e de lecture estim\u00e9e\" \/>\n\t<meta name=\"twitter:data1\" content=\"1 minute\" \/>\n<script type=\"application\/ld+json\" class=\"yoast-schema-graph\">{\"@context\":\"https:\/\/schema.org\",\"@graph\":[{\"@type\":\"WebPage\",\"@id\":\"https:\/\/www.campings.com\/fr\/content\/guide-camping-morbihan\/\",\"url\":\"https:\/\/www.campings.com\/fr\/content\/guide-camping-morbihan\/\",\"name\":\"Guide Camping Morbihan -\",\"isPartOf\":{\"@id\":\"https:\/\/www.campings.com\/fr\/content\/#website\"},\"primaryImageOfPage\":{\"@id\":\"https:\/\/www.campings.com\/fr\/content\/guide-camping-morbihan\/#primaryimage\"},\"image\":{\"@id\":\"https:\/\/www.campings.com\/fr\/content\/guide-camping-morbihan\/#primaryimage\"},\"thumbnailUrl\":\"https:\/\/www.campings.com\/fr\/content\/wp-content\/uploads\/2019\/03\/Morbihan-1-min.jpg\",\"datePublished\":\"2019-03-25T10:48:37+00:00\",\"dateModified\":\"2025-09-04T09:28:21+00:00\",\"breadcrumb\":{\"@id\":\"https:\/\/www.campings.com\/fr\/content\/guide-camping-morbihan\/#breadcrumb\"},\"inLanguage\":\"fr-FR\",\"potentialAction\":[{\"@type\":\"ReadAction\",\"target\":[\"https:\/\/www.campings.com\/fr\/content\/guide-camping-morbihan\/\"]}]},{\"@type\":\"ImageObject\",\"inLanguage\":\"fr-FR\",\"@id\":\"https:\/\/www.campings.com\/fr\/content\/guide-camping-morbihan\/#primaryimage\",\"url\":\"https:\/\/www.campings.com\/fr\/content\/wp-content\/uploads\/2019\/03\/Morbihan-1-min.jpg\",\"contentUrl\":\"https:\/\/www.campings.com\/fr\/content\/wp-content\/uploads\/2019\/03\/Morbihan-1-min.jpg\",\"width\":1670,\"height\":650},{\"@type\":\"BreadcrumbList\",\"@id\":\"https:\/\/www.campings.com\/fr\/content\/guide-camping-morbihan\/#breadcrumb\",\"itemListElement\":[{\"@type\":\"ListItem\",\"position\":1,\"name\":\"Home\",\"item\":\"https:\/\/www.campings.com\/fr\/content\/\"},{\"@type\":\"ListItem\",\"position\":2,\"name\":\"Guide Camping Morbihan\"}]},{\"@type\":\"WebSite\",\"@id\":\"https:\/\/www.campings.com\/fr\/content\/#website\",\"url\":\"https:\/\/www.campings.com\/fr\/content\/\",\"name\":\"\",\"description\":\"\",\"publisher\":{\"@id\":\"https:\/\/www.campings.com\/fr\/content\/#organization\"},\"potentialAction\":[{\"@type\":\"SearchAction\",\"target\":{\"@type\":\"EntryPoint\",\"urlTemplate\":\"https:\/\/www.campings.com\/fr\/content\/?s={search_term_string}\"},\"query-input\":{\"@type\":\"PropertyValueSpecification\",\"valueRequired\":true,\"valueName\":\"search_term_string\"}}],\"inLanguage\":\"fr-FR\"},{\"@type\":\"Organization\",\"@id\":\"https:\/\/www.campings.com\/fr\/content\/#organization\",\"name\":\"CAMPINGS.COM\",\"url\":\"https:\/\/www.campings.com\/fr\/content\/\",\"logo\":{\"@type\":\"ImageObject\",\"inLanguage\":\"fr-FR\",\"@id\":\"https:\/\/www.campings.com\/fr\/content\/#\/schema\/logo\/image\/\",\"url\":\"https:\/\/www.campings.com\/fr\/content\/wp-content\/uploads\/2019\/01\/cropped-logo-1.png\",\"contentUrl\":\"https:\/\/www.campings.com\/fr\/content\/wp-content\/uploads\/2019\/01\/cropped-logo-1.png\",\"width\":174,\"height\":42,\"caption\":\"CAMPINGS.COM\"},\"image\":{\"@id\":\"https:\/\/www.campings.com\/fr\/content\/#\/schema\/logo\/image\/\"}}]}<\/script>\n<!-- \/ Yoast SEO plugin. -->","yoast_head_json":{"title":"Guide Camping Morbihan -","robots":{"index":"index","follow":"follow","max-snippet":"max-snippet:-1","max-image-preview":"max-image-preview:large","max-video-preview":"max-video-preview:-1"},"canonical":"https:\/\/www.campings.com\/fr\/content\/guide-camping-morbihan\/","og_locale":"fr_FR","og_type":"article","og_title":"Guide Camping Morbihan -","og_description":"Situ\u00e9 au sud de la Bretagne, le d\u00e9partement du Morbihan va vous faire appr\u00e9cier le grand air. Partez en camping au Morbihan et d\u00e9couvrez un territoire des plus surprenants, partag\u00e9 entre les plaisirs de la mer et les attraits de la terre. D&rsquo;ailleurs, Morbihan signifie \u00ab\u00a0petite mer\u00a0\u00bb en breton. Et pourtant, le d\u00e9partement a vraiment [&hellip;]","og_url":"https:\/\/www.campings.com\/fr\/content\/guide-camping-morbihan\/","article_modified_time":"2025-09-04T09:28:21+00:00","og_image":[{"width":1670,"height":650,"url":"https:\/\/www.campings.com\/fr\/content\/wp-content\/uploads\/2019\/03\/Morbihan-1-min.jpg","type":"image\/jpeg"}],"twitter_card":"summary_large_image","twitter_misc":{"Dur\u00e9e de lecture estim\u00e9e":"1 minute"},"schema":{"@context":"https:\/\/schema.org","@graph":[{"@type":"WebPage","@id":"https:\/\/www.campings.com\/fr\/content\/guide-camping-morbihan\/","url":"https:\/\/www.campings.com\/fr\/content\/guide-camping-morbihan\/","name":"Guide Camping Morbihan -","isPartOf":{"@id":"https:\/\/www.campings.com\/fr\/content\/#website"},"primaryImageOfPage":{"@id":"https:\/\/www.campings.com\/fr\/content\/guide-camping-morbihan\/#primaryimage"},"image":{"@id":"https:\/\/www.campings.com\/fr\/content\/guide-camping-morbihan\/#primaryimage"},"thumbnailUrl":"https:\/\/www.campings.com\/fr\/content\/wp-content\/uploads\/2019\/03\/Morbihan-1-min.jpg","datePublished":"2019-03-25T10:48:37+00:00","dateModified":"2025-09-04T09:28:21+00:00","breadcrumb":{"@id":"https:\/\/www.campings.com\/fr\/content\/guide-camping-morbihan\/#breadcrumb"},"inLanguage":"fr-FR","potentialAction":[{"@type":"ReadAction","target":["https:\/\/www.campings.com\/fr\/content\/guide-camping-morbihan\/"]}]},{"@type":"ImageObject","inLanguage":"fr-FR","@id":"https:\/\/www.campings.com\/fr\/content\/guide-camping-morbihan\/#primaryimage","url":"https:\/\/www.campings.com\/fr\/content\/wp-content\/uploads\/2019\/03\/Morbihan-1-min.jpg","contentUrl":"https:\/\/www.campings.com\/fr\/content\/wp-content\/uploads\/2019\/03\/Morbihan-1-min.jpg","width":1670,"height":650},{"@type":"BreadcrumbList","@id":"https:\/\/www.campings.com\/fr\/content\/guide-camping-morbihan\/#breadcrumb","itemListElement":[{"@type":"ListItem","position":1,"name":"Home","item":"https:\/\/www.campings.com\/fr\/content\/"},{"@type":"ListItem","position":2,"name":"Guide Camping Morbihan"}]},{"@type":"WebSite","@id":"https:\/\/www.campings.com\/fr\/content\/#website","url":"https:\/\/www.campings.com\/fr\/content\/","name":"","description":"","publisher":{"@id":"https:\/\/www.campings.com\/fr\/content\/#organization"},"potentialAction":[{"@type":"SearchAction","target":{"@type":"EntryPoint","urlTemplate":"https:\/\/www.campings.com\/fr\/content\/?s={search_term_string}"},"query-input":{"@type":"PropertyValueSpecification","valueRequired":true,"valueName":"search_term_string"}}],"inLanguage":"fr-FR"},{"@type":"Organization","@id":"https:\/\/www.campings.com\/fr\/content\/#organization","name":"CAMPINGS.COM","url":"https:\/\/www.campings.com\/fr\/content\/","logo":{"@type":"ImageObject","inLanguage":"fr-FR","@id":"https:\/\/www.campings.com\/fr\/content\/#\/schema\/logo\/image\/","url":"https:\/\/www.campings.com\/fr\/content\/wp-content\/uploads\/2019\/01\/cropped-logo-1.png","contentUrl":"https:\/\/www.campings.com\/fr\/content\/wp-content\/uploads\/2019\/01\/cropped-logo-1.png","width":174,"height":42,"caption":"CAMPINGS.COM"},"image":{"@id":"https:\/\/www.campings.com\/fr\/content\/#\/schema\/logo\/image\/"}}]}},"_links":{"self":[{"href":"https:\/\/www.campings.com\/fr\/content\/wp-json\/wp\/v2\/pages\/494","targetHints":{"allow":["GET"]}}],"collection":[{"href":"https:\/\/www.campings.com\/fr\/content\/wp-json\/wp\/v2\/pages"}],"about":[{"href":"https:\/\/www.campings.com\/fr\/content\/wp-json\/wp\/v2\/types\/page"}],"author":[{"embeddable":true,"href":"https:\/\/www.campings.com\/fr\/content\/wp-json\/wp\/v2\/users\/2"}],"replies":[{"embeddable":true,"href":"https:\/\/www.campings.com\/fr\/content\/wp-json\/wp\/v2\/comments?post=494"}],"version-history":[{"count":19,"href":"https:\/\/www.campings.com\/fr\/content\/wp-json\/wp\/v2\/pages\/494\/revisions"}],"predecessor-version":[{"id":6130,"href":"https:\/\/www.campings.com\/fr\/content\/wp-json\/wp\/v2\/pages\/494\/revisions\/6130"}],"wp:featuredmedia":[{"embeddable":true,"href":"https:\/\/www.campings.com\/fr\/content\/wp-json\/wp\/v2\/media\/949"}],"wp:attachment":[{"href":"https:\/\/www.campings.com\/fr\/content\/wp-json\/wp\/v2\/media?parent=494"}],"curies":[{"name":"wp","href":"https:\/\/api.w.org\/{rel}","templated":true}]}}