{"id":4484,"date":"2024-04-30T13:26:45","date_gmt":"2024-04-30T12:26:45","guid":{"rendered":"https:\/\/www.campings.com\/fr\/content\/?page_id=4484"},"modified":"2024-05-03T13:41:28","modified_gmt":"2024-05-03T12:41:28","slug":"programme-fidelite-decathlon","status":"publish","type":"page","link":"https:\/\/www.campings.com\/fr\/content\/programme-fidelite-decathlon\/","title":{"rendered":"<span style=\"display:none;\">Programme fid\u00e9lit\u00e9 Decathlon<\/span>"},"content":{"rendered":"<div class=\"lp-cc\">\n<section class=\"lp--decathlon-hero\">\n<div class=\"hero--wrapper\">\n<article>\n<h1>Gr\u00e2ce \u00e0 <strong>Decathlon<\/strong>, profitez <strong>d\u2019une r\u00e9duction de 100 \u20ac<\/strong> sur votre s\u00e9jour en camping<\/h1>\n<p>Et en plus, apr\u00e8s avoir r\u00e9serv\u00e9 chez\u00a0Campings.com avec votre code promo unique, vous profiterez d&rsquo;un remboursement exclusif allant jusqu&rsquo;\u00e0 10% sous forme de cr\u00e9dit voyage, utilisable pour votre prochain s\u00e9jour. <br \/>\nC&rsquo;est simple et avantageux, profitez-en !<\/p>\n<p><img decoding=\"async\" src=\"https:\/\/www.campings.com\/fr\/content\/wp-content\/uploads\/2024\/05\/Logo_Programme-de_fidelite.png\" class=\"logo--decathlon\" \/><br \/>\n<\/article>\n<\/div>\n<\/section>\n<section class=\"lp--section\">\n<article class=\"lp--section-wrapper\"><img loading=\"lazy\" decoding=\"async\" class=\"illus\" src=\"https:\/\/www.campings.com\/fr\/content\/wp-content\/uploads\/2024\/05\/hiw.png\" alt=\"\" width=\"240\" height=\"240\" \/><\/p>\n<div class=\"lp--section-content\">\n<h2>Comment <strong>en profiter ?<\/strong><\/h2>\n<ol>\n<li>Au sein du catalogue de r\u00e9compenses accessible <strong>depuis votre compte Decathlon**<\/strong>, vous avez d\u00e9bloqu\u00e9 une <strong>r\u00e9compense<\/strong> qui vous a permis d&rsquo;obtenir <strong>un code promo unique utilisable uniquement sur\u00a0www.campings.com\/fr<\/strong><\/li>\n<li>Munissez-vous de votre code unique, puis <strong>s\u00e9lectionnez votre s\u00e9jour sur www.campings.com\/fr<\/strong><\/li>\n<li>Renseignez votre <strong>code unique dans le champ \u201cCode promo\u201d<\/strong> avant d\u2019effectuer le paiement de votre r\u00e9servation sur campings.com et b\u00e9n\u00e9ficiez instantan\u00e9ment <strong>de votre remise*<\/strong><\/li>\n<\/ol>\n<\/div>\n<\/article>\n<div class=\"lp--neutral-box\">\n<h6>O\u00f9 saisir votre code unique Decathlon ?<\/h6>\n<p><img decoding=\"async\" src=\"https:\/\/www.campings.com\/fr\/content\/wp-content\/uploads\/2024\/05\/promocode-decathlon.png\" alt=\"O\u00f9 saisir votre code unique Decathlon ?\" \/><\/p>\n<\/div>\n<\/section>\n<section class=\"lp--section lp--thematic\">\n<article class=\"lp--section-wrapper\">\n<div class=\"lp--section-content\">\n<header>\n<h2><strong>Th\u00e8mes populaires<\/strong> pour vous inspirer<\/h2>\n<p>De nombreuses possibilit\u00e9s de vacances vous attendent !<\/p>\n<\/header>\n<div class=\"thematic--grid\"><a href=\"https:\/\/www.campings.com\/fr\/camping-parc-aquatique\" class=\"thematic--link\" target=\"_blank\" rel=\"noopener\">Campings avec parc aquatique<\/a><a class=\"thematic--link\" href=\"https:\/\/www.campings.com\/fr\/search\/?product_properties%5B0%5D=kids_club\" target=\"_blank\" rel=\"noopener\">Campings avec club enfant<\/a><a href=\"https:\/\/www.campings.com\/fr\/camping-bord-de-mer\" class=\"thematic--link\" target=\"_blank\" rel=\"noopener\">Campings bord de mer<\/a><a href=\"https:\/\/www.campings.com\/fr\/france\/bretagne\" class=\"thematic--link\" target=\"_blank\" rel=\"noopener\">Campings en Bretagne<\/a><a href=\"https:\/\/www.campings.com\/fr\/search\/?product_properties%5B0%5D=bycicle_rental\" class=\"thematic--link\" target=\"_blank\" rel=\"noopener\">Campings avec location de v\u00e9lo sur place<\/a><a href=\"https:\/\/www.campings.com\/fr\/france\/pays-de-la-loire\/vendee\" class=\"thematic--link\" target=\"_blank\" rel=\"noopener\">Campings en Vend\u00e9e<\/a><a href=\"https:\/\/www.campings.com\/fr\/search\/?product_properties%5B0%5D=water_sports\" class=\"thematic--link\" target=\"_blank\" rel=\"noopener\">Campings avec activit\u00e9s nautiques \u00e0 proximit\u00e9<\/a><a href=\"https:\/\/www.campings.com\/fr\/france\/languedoc-roussillon\" class=\"thematic--link\" target=\"_blank\" rel=\"noopener\">Campings dans le Languedoc-Roussillon<\/a><\/div>\n<\/div>\n<\/article>\n<\/section>\n<section class=\"lp--section lp--reinsurance\">\n<article class=\"lp--section-wrapper\">\n<div class=\"lp--section-content\">\n<header>\n<h2>Pourquoi choisir <strong>Campings.com<\/strong><\/h2>\n<\/header>\n<div class=\"reinsurance--grid\">\n<div class=\"reinsurance--item\">\n<img decoding=\"async\" src=\"https:\/\/assets.campings.com\/assets\/campings\/images\/sponsored-landing\/intermarche\/icons\/travel-or.0187f463.svg\" alt=\"\" loading=\"lazy\"><strong>Travel d&rsquo;Or 2024<\/strong><span>\u00c9lu meilleure plateforme de r\u00e9servation en ligne 2024<\/span>\n<\/div>\n<div class=\"reinsurance--item\">\n<img decoding=\"async\" src=\"https:\/\/assets.campings.com\/assets\/campings\/images\/sponsored-landing\/intermarche\/icons\/search.abdf2039.svg\" alt=\"\" loading=\"lazy\"><strong>Le plus grand choix<\/strong><span>avec plus de 3000 campings r\u00e9f\u00e9renc\u00e9s<\/span>\n<\/div>\n<div class=\"reinsurance--item\">\n<img decoding=\"async\" src=\"https:\/\/assets.campings.com\/assets\/campings\/images\/sponsored-landing\/intermarche\/icons\/label.acf187a0.svg\" alt=\"\" loading=\"lazy\"><strong>Des prix exclusifs<\/strong><span>d\u00e8s 99 \u20ac la semaine<\/span>\n<\/div>\n<div class=\"reinsurance--item\">\n<img decoding=\"async\" src=\"https:\/\/assets.campings.com\/assets\/campings\/images\/sponsored-landing\/intermarche\/icons\/comments.dbb879ee.svg\" alt=\"\" loading=\"lazy\"><strong>Des avis authentiques<\/strong><span>publi\u00e9es par nos clients<\/span>\n<\/div>\n<div class=\"reinsurance--item\">\n<img decoding=\"async\" src=\"https:\/\/assets.campings.com\/assets\/campings\/images\/sponsored-landing\/intermarche\/icons\/payment-card.12fea154.svg\" alt=\"\" loading=\"lazy\"><strong>Facilit\u00e9s de paiement<\/strong><span>r\u00e9glez jusqu\u2019\u00e0 3x sans frais<\/span>\n<\/div>\n<\/div>\n<div class=\"reinsurance--help\"><strong>Besoin d&rsquo;aide ?<\/strong> Appelez le <strong>02 53 04 00 89<\/strong>, du lundi au dimanche de 9h \u00e0 20h (prix d\u2019un appel local)<\/div>\n<\/article>\n<\/section>\n<section class=\"lp--section lp--conditions\">\n<article class=\"lp--section-wrapper\">\n<div class=\"lp--section-content\">\n<div><strong>*Conditions d\u2019utilisation du code unique<\/strong><\/p>\n<p>Code de r\u00e9duction unique, donnant droit \u00e0 50\u20ac de remise pour un s\u00e9jour d&rsquo;un montant d&rsquo;h\u00e9bergement minimum de 499\u20ac ou 100\u20ac de remise pour un s\u00e9jour d&rsquo;un montant d&rsquo;h\u00e9bergement minimum de 899\u20ac.<br \/>\nCode utilisable une seule fois jusqu&rsquo;au 31\/12\/2024, valable uniquement sur\u00a0campings.com\/fr, sur l\u2019ensemble du catalogue, hors emplacement nus, (toutes destinations en France et \u00e0 l\u2019international), pour un s\u00e9jour en 2024 sur les dates de d\u00e9part et p\u00e9riodes disponibles sur le site. Code de r\u00e9duction unique non cumulable avec un autre code promotionnel, cr\u00e9dit voyage ou avec votre code avantage CSE \u00e9ventuel. Offre valable uniquement sur une nouvelle r\u00e9servation, le code de r\u00e9duction unique ne pourra \u00eatre ajout\u00e9 \u00e0 une r\u00e9servation d\u00e9j\u00e0 valid\u00e9e. Offre valable sur les prix barr\u00e9s et ventes flash \u00e9ventuels pr\u00e9sents sur le catalogue\u00a0campings.com\/fr. La r\u00e9duction s&rsquo;applique sur le montant de l&rsquo;h\u00e9bergement hors frais de dossier, frais de traitement, assurance ou options. Toute r\u00e9servation avec un code de r\u00e9duction unique Decathlon est soumise au CGV applicables sur\u00a0campings.com\/fr.<\/p>\n<\/div>\n<div><strong>**Conditions d\u2019obtention du code unique<\/strong><\/p>\n<p>Offre valable lors d&rsquo;un d\u00e9blocage de r\u00e9compense sur le catalogue de r\u00e9compenses dans votre compte D\u00e9cathlon jusqu&rsquo;au 30\/11.2024 en \u00e9change du nombre de points requis. Un seul code promo est d\u00e9livr\u00e9 lors du d\u00e9blocage de r\u00e9compense. Conservez bien votre code unique jusqu&rsquo;\u00e0 l&rsquo;utilisation.<\/p>\n<\/div>\n<\/div>\n<\/article>\n<\/section>\n<\/div>\n","protected":false},"excerpt":{"rendered":"<p>Gr\u00e2ce \u00e0 Decathlon, profitez d\u2019une r\u00e9duction de 100 \u20ac sur votre s\u00e9jour en camping Et en plus, apr\u00e8s avoir r\u00e9serv\u00e9 chez\u00a0Campings.com avec votre code promo unique, vous profiterez d&rsquo;un remboursement exclusif allant jusqu&rsquo;\u00e0 10% sous forme de cr\u00e9dit voyage, utilisable pour votre prochain s\u00e9jour. C&rsquo;est simple et avantageux, profitez-en ! Comment en profiter ? Au [&hellip;]<\/p>\n","protected":false},"author":35,"featured_media":0,"parent":0,"menu_order":0,"comment_status":"closed","ping_status":"closed","template":"template-onecolumn.php","meta":{"_acf_changed":false,"footnotes":""},"class_list":["post-4484","page","type-page","status-publish","hentry"],"acf":[],"yoast_head":"<!-- This site is optimized with the Yoast SEO plugin v27.1.1 - https:\/\/yoast.com\/product\/yoast-seo-wordpress\/ -->\n<title>Programme fid\u00e9lit\u00e9 Decathlon -<\/title>\n<meta name=\"robots\" content=\"index, follow, max-snippet:-1, max-image-preview:large, max-video-preview:-1\" \/>\n<link rel=\"canonical\" href=\"https:\/\/www.campings.com\/fr\/content\/programme-fidelite-decathlon\/\" \/>\n<meta property=\"og:locale\" content=\"fr_FR\" \/>\n<meta property=\"og:type\" content=\"article\" \/>\n<meta property=\"og:title\" content=\"Programme fid\u00e9lit\u00e9 Decathlon -\" \/>\n<meta property=\"og:description\" content=\"Gr\u00e2ce \u00e0 Decathlon, profitez d\u2019une r\u00e9duction de 100 \u20ac sur votre s\u00e9jour en camping Et en plus, apr\u00e8s avoir r\u00e9serv\u00e9 chez\u00a0Campings.com avec votre code promo unique, vous profiterez d&rsquo;un remboursement exclusif allant jusqu&rsquo;\u00e0 10% sous forme de cr\u00e9dit voyage, utilisable pour votre prochain s\u00e9jour. C&rsquo;est simple et avantageux, profitez-en ! Comment en profiter ? Au [&hellip;]\" \/>\n<meta property=\"og:url\" content=\"https:\/\/www.campings.com\/fr\/content\/programme-fidelite-decathlon\/\" \/>\n<meta property=\"article:modified_time\" content=\"2024-05-03T12:41:28+00:00\" \/>\n<meta property=\"og:image\" content=\"https:\/\/www.campings.com\/fr\/content\/wp-content\/uploads\/2024\/05\/Logo_Programme-de_fidelite.png\" \/>\n<meta name=\"twitter:card\" content=\"summary_large_image\" \/>\n<meta name=\"twitter:label1\" content=\"Dur\u00e9e de lecture estim\u00e9e\" \/>\n\t<meta name=\"twitter:data1\" content=\"2 minutes\" \/>\n<script type=\"application\/ld+json\" class=\"yoast-schema-graph\">{\"@context\":\"https:\/\/schema.org\",\"@graph\":[{\"@type\":\"WebPage\",\"@id\":\"https:\/\/www.campings.com\/fr\/content\/programme-fidelite-decathlon\/\",\"url\":\"https:\/\/www.campings.com\/fr\/content\/programme-fidelite-decathlon\/\",\"name\":\"Programme fid\u00e9lit\u00e9 Decathlon -\",\"isPartOf\":{\"@id\":\"https:\/\/www.campings.com\/fr\/content\/#website\"},\"primaryImageOfPage\":{\"@id\":\"https:\/\/www.campings.com\/fr\/content\/programme-fidelite-decathlon\/#primaryimage\"},\"image\":{\"@id\":\"https:\/\/www.campings.com\/fr\/content\/programme-fidelite-decathlon\/#primaryimage\"},\"thumbnailUrl\":\"https:\/\/www.campings.com\/fr\/content\/wp-content\/uploads\/2024\/05\/Logo_Programme-de_fidelite.png\",\"datePublished\":\"2024-04-30T12:26:45+00:00\",\"dateModified\":\"2024-05-03T12:41:28+00:00\",\"breadcrumb\":{\"@id\":\"https:\/\/www.campings.com\/fr\/content\/programme-fidelite-decathlon\/#breadcrumb\"},\"inLanguage\":\"fr-FR\",\"potentialAction\":[{\"@type\":\"ReadAction\",\"target\":[\"https:\/\/www.campings.com\/fr\/content\/programme-fidelite-decathlon\/\"]}]},{\"@type\":\"ImageObject\",\"inLanguage\":\"fr-FR\",\"@id\":\"https:\/\/www.campings.com\/fr\/content\/programme-fidelite-decathlon\/#primaryimage\",\"url\":\"https:\/\/www.campings.com\/fr\/content\/wp-content\/uploads\/2024\/05\/Logo_Programme-de_fidelite.png\",\"contentUrl\":\"https:\/\/www.campings.com\/fr\/content\/wp-content\/uploads\/2024\/05\/Logo_Programme-de_fidelite.png\",\"width\":4662,\"height\":525},{\"@type\":\"BreadcrumbList\",\"@id\":\"https:\/\/www.campings.com\/fr\/content\/programme-fidelite-decathlon\/#breadcrumb\",\"itemListElement\":[{\"@type\":\"ListItem\",\"position\":1,\"name\":\"Home\",\"item\":\"https:\/\/www.campings.com\/fr\/content\/\"},{\"@type\":\"ListItem\",\"position\":2,\"name\":\"Programme fid\u00e9lit\u00e9 Decathlon\"}]},{\"@type\":\"WebSite\",\"@id\":\"https:\/\/www.campings.com\/fr\/content\/#website\",\"url\":\"https:\/\/www.campings.com\/fr\/content\/\",\"name\":\"\",\"description\":\"\",\"publisher\":{\"@id\":\"https:\/\/www.campings.com\/fr\/content\/#organization\"},\"potentialAction\":[{\"@type\":\"SearchAction\",\"target\":{\"@type\":\"EntryPoint\",\"urlTemplate\":\"https:\/\/www.campings.com\/fr\/content\/?s={search_term_string}\"},\"query-input\":{\"@type\":\"PropertyValueSpecification\",\"valueRequired\":true,\"valueName\":\"search_term_string\"}}],\"inLanguage\":\"fr-FR\"},{\"@type\":\"Organization\",\"@id\":\"https:\/\/www.campings.com\/fr\/content\/#organization\",\"name\":\"CAMPINGS.COM\",\"url\":\"https:\/\/www.campings.com\/fr\/content\/\",\"logo\":{\"@type\":\"ImageObject\",\"inLanguage\":\"fr-FR\",\"@id\":\"https:\/\/www.campings.com\/fr\/content\/#\/schema\/logo\/image\/\",\"url\":\"https:\/\/www.campings.com\/fr\/content\/wp-content\/uploads\/2019\/01\/cropped-logo-1.png\",\"contentUrl\":\"https:\/\/www.campings.com\/fr\/content\/wp-content\/uploads\/2019\/01\/cropped-logo-1.png\",\"width\":174,\"height\":42,\"caption\":\"CAMPINGS.COM\"},\"image\":{\"@id\":\"https:\/\/www.campings.com\/fr\/content\/#\/schema\/logo\/image\/\"}}]}<\/script>\n<!-- \/ Yoast SEO plugin. -->","yoast_head_json":{"title":"Programme fid\u00e9lit\u00e9 Decathlon -","robots":{"index":"index","follow":"follow","max-snippet":"max-snippet:-1","max-image-preview":"max-image-preview:large","max-video-preview":"max-video-preview:-1"},"canonical":"https:\/\/www.campings.com\/fr\/content\/programme-fidelite-decathlon\/","og_locale":"fr_FR","og_type":"article","og_title":"Programme fid\u00e9lit\u00e9 Decathlon -","og_description":"Gr\u00e2ce \u00e0 Decathlon, profitez d\u2019une r\u00e9duction de 100 \u20ac sur votre s\u00e9jour en camping Et en plus, apr\u00e8s avoir r\u00e9serv\u00e9 chez\u00a0Campings.com avec votre code promo unique, vous profiterez d&rsquo;un remboursement exclusif allant jusqu&rsquo;\u00e0 10% sous forme de cr\u00e9dit voyage, utilisable pour votre prochain s\u00e9jour. C&rsquo;est simple et avantageux, profitez-en ! Comment en profiter ? Au [&hellip;]","og_url":"https:\/\/www.campings.com\/fr\/content\/programme-fidelite-decathlon\/","article_modified_time":"2024-05-03T12:41:28+00:00","og_image":[{"url":"https:\/\/www.campings.com\/fr\/content\/wp-content\/uploads\/2024\/05\/Logo_Programme-de_fidelite.png","type":"","width":"","height":""}],"twitter_card":"summary_large_image","twitter_misc":{"Dur\u00e9e de lecture estim\u00e9e":"2 minutes"},"schema":{"@context":"https:\/\/schema.org","@graph":[{"@type":"WebPage","@id":"https:\/\/www.campings.com\/fr\/content\/programme-fidelite-decathlon\/","url":"https:\/\/www.campings.com\/fr\/content\/programme-fidelite-decathlon\/","name":"Programme fid\u00e9lit\u00e9 Decathlon -","isPartOf":{"@id":"https:\/\/www.campings.com\/fr\/content\/#website"},"primaryImageOfPage":{"@id":"https:\/\/www.campings.com\/fr\/content\/programme-fidelite-decathlon\/#primaryimage"},"image":{"@id":"https:\/\/www.campings.com\/fr\/content\/programme-fidelite-decathlon\/#primaryimage"},"thumbnailUrl":"https:\/\/www.campings.com\/fr\/content\/wp-content\/uploads\/2024\/05\/Logo_Programme-de_fidelite.png","datePublished":"2024-04-30T12:26:45+00:00","dateModified":"2024-05-03T12:41:28+00:00","breadcrumb":{"@id":"https:\/\/www.campings.com\/fr\/content\/programme-fidelite-decathlon\/#breadcrumb"},"inLanguage":"fr-FR","potentialAction":[{"@type":"ReadAction","target":["https:\/\/www.campings.com\/fr\/content\/programme-fidelite-decathlon\/"]}]},{"@type":"ImageObject","inLanguage":"fr-FR","@id":"https:\/\/www.campings.com\/fr\/content\/programme-fidelite-decathlon\/#primaryimage","url":"https:\/\/www.campings.com\/fr\/content\/wp-content\/uploads\/2024\/05\/Logo_Programme-de_fidelite.png","contentUrl":"https:\/\/www.campings.com\/fr\/content\/wp-content\/uploads\/2024\/05\/Logo_Programme-de_fidelite.png","width":4662,"height":525},{"@type":"BreadcrumbList","@id":"https:\/\/www.campings.com\/fr\/content\/programme-fidelite-decathlon\/#breadcrumb","itemListElement":[{"@type":"ListItem","position":1,"name":"Home","item":"https:\/\/www.campings.com\/fr\/content\/"},{"@type":"ListItem","position":2,"name":"Programme fid\u00e9lit\u00e9 Decathlon"}]},{"@type":"WebSite","@id":"https:\/\/www.campings.com\/fr\/content\/#website","url":"https:\/\/www.campings.com\/fr\/content\/","name":"","description":"","publisher":{"@id":"https:\/\/www.campings.com\/fr\/content\/#organization"},"potentialAction":[{"@type":"SearchAction","target":{"@type":"EntryPoint","urlTemplate":"https:\/\/www.campings.com\/fr\/content\/?s={search_term_string}"},"query-input":{"@type":"PropertyValueSpecification","valueRequired":true,"valueName":"search_term_string"}}],"inLanguage":"fr-FR"},{"@type":"Organization","@id":"https:\/\/www.campings.com\/fr\/content\/#organization","name":"CAMPINGS.COM","url":"https:\/\/www.campings.com\/fr\/content\/","logo":{"@type":"ImageObject","inLanguage":"fr-FR","@id":"https:\/\/www.campings.com\/fr\/content\/#\/schema\/logo\/image\/","url":"https:\/\/www.campings.com\/fr\/content\/wp-content\/uploads\/2019\/01\/cropped-logo-1.png","contentUrl":"https:\/\/www.campings.com\/fr\/content\/wp-content\/uploads\/2019\/01\/cropped-logo-1.png","width":174,"height":42,"caption":"CAMPINGS.COM"},"image":{"@id":"https:\/\/www.campings.com\/fr\/content\/#\/schema\/logo\/image\/"}}]}},"_links":{"self":[{"href":"https:\/\/www.campings.com\/fr\/content\/wp-json\/wp\/v2\/pages\/4484","targetHints":{"allow":["GET"]}}],"collection":[{"href":"https:\/\/www.campings.com\/fr\/content\/wp-json\/wp\/v2\/pages"}],"about":[{"href":"https:\/\/www.campings.com\/fr\/content\/wp-json\/wp\/v2\/types\/page"}],"author":[{"embeddable":true,"href":"https:\/\/www.campings.com\/fr\/content\/wp-json\/wp\/v2\/users\/35"}],"replies":[{"embeddable":true,"href":"https:\/\/www.campings.com\/fr\/content\/wp-json\/wp\/v2\/comments?post=4484"}],"version-history":[{"count":29,"href":"https:\/\/www.campings.com\/fr\/content\/wp-json\/wp\/v2\/pages\/4484\/revisions"}],"predecessor-version":[{"id":4706,"href":"https:\/\/www.campings.com\/fr\/content\/wp-json\/wp\/v2\/pages\/4484\/revisions\/4706"}],"wp:attachment":[{"href":"https:\/\/www.campings.com\/fr\/content\/wp-json\/wp\/v2\/media?parent=4484"}],"curies":[{"name":"wp","href":"https:\/\/api.w.org\/{rel}","templated":true}]}}