{"id":3668,"date":"2022-03-25T12:20:25","date_gmt":"2022-03-25T12:20:25","guid":{"rendered":"https:\/\/www.campings.com\/fr\/content\/?page_id=3668"},"modified":"2022-03-25T12:20:25","modified_gmt":"2022-03-25T12:20:25","slug":"puy-en-velay-endroits-a-visiter","status":"publish","type":"page","link":"https:\/\/www.campings.com\/fr\/content\/guide-vacances-auvergne\/puy-en-velay-endroits-a-visiter\/","title":{"rendered":"Le Puy-en-Velay : les meilleurs endroits \u00e0 visiter"},"content":{"rendered":"<p>Ville d\u2019art et d\u2019histoire, le Puy-en-Velay poss\u00e8de un patrimoine exceptionnel \u00e0 d\u00e9couvrir ! Class\u00e9e au patrimoine mondial de l\u2019UNESCO, ce petit joyau situ\u00e9 au c\u0153ur de l\u2019<a href=\"https:\/\/www.campings.com\/fr\/content\/guide-vacances-auvergne\/\"><strong>Auvergne<\/strong><\/a> est incontournable. D\u00e9couvrez notre guide pour profiter au mieux de votre s\u00e9jour !<\/p>\n<p>Situ\u00e9 au c\u0153ur de la r\u00e9gion <a href=\"https:\/\/www.campings.com\/fr\/france\/auvergne\"><strong><u>Auvergne<\/u><\/strong><\/a>, en Haute-Loire, le Puy-en-Velay abrite des tr\u00e9sors naturels, architecturaux et culturels\u2026 L&rsquo;agglom\u00e9ration du Puy compte pr\u00e8s de 20 000 habitants. Elle est entour\u00e9e par plusieurs communes : Aiguilhe, Chadrac, Brives-Charensac, Coubon, Cussac-sur-Loire, Saint-Christophe-sur-Dolaison\u2026 Ville sainte, le Puy-en-Velay est la capitale europ\u00e9enne du chemin de Saint-Jacques-de-Compostelle. Elle fut le point de d\u00e9part de la via Podiensis, chemin qui m\u00e8ne \u00e0 Compostelle. Nich\u00e9e dans un cadre verdoyant de montagnes volcaniques, cette cit\u00e9 aux mille facettes n\u2019en finit pas de fasciner ses visiteurs. Suivez le guide !<\/p>\n<h2><strong>Tourisme au Puy en Velay : les activit\u00e9s \u00e0 faire <\/strong><\/h2>\n<p>Envie de bien pr\u00e9parer vos vacances en\u00a0<a href=\"https:\/\/www.campings.com\/fr\/content\/guide-vacances-auvergne\/\"><strong><u>Auvergne<\/u><\/strong><\/a><strong>\u00a0<\/strong>? Voici une s\u00e9lection d\u2019activit\u00e9s \u00e0 faire en famille<strong>.<\/strong><\/p>\n<h3><strong>Visiter la cath\u00e9drale Notre-Dame, monument class\u00e9 \u00e0 l&rsquo;UNESCO<\/strong><\/h3>\n<p>\u00c9rig\u00e9e sur le Mont Anis, cette cath\u00e9drale est l\u2019un des fleurons du Puy-en-Velay, inscrite au patrimoine de l\u2019UNESCO depuis 2018. Elle abrite de nombreuses fresques et tableaux, la pierre des Fi\u00e8vres, la statue de la Vierge Noire et la piet\u00e0.<\/p>\n<h3><strong>Monter en haut du Rocher Saint-Michel d\u2019Aiguilhe<\/strong><\/h3>\n<p>Ancienne chemin\u00e9e volcanique, Saint-Michel d&rsquo;Aiguilhe est un imposant rocher, haut de 82 m. Il se laisse gravir en ascenseur ou en escaladant les 268 marches. Au sommet, se dresse la Chapelle mill\u00e9naire Saint-Michel, monument majeur de l\u2019\u00e9poque romane.<\/p>\n<p><img loading=\"lazy\" decoding=\"async\" class=\"alignnone size-full wp-image-3670\" src=\"https:\/\/www.campings.com\/fr\/content\/wp-content\/uploads\/2022\/03\/puy-en-velay-rocher-st-michel-daiguilhe.png\" alt=\"\" width=\"1000\" height=\"665\" srcset=\"https:\/\/www.campings.com\/fr\/content\/wp-content\/uploads\/2022\/03\/puy-en-velay-rocher-st-michel-daiguilhe.png 1000w, https:\/\/www.campings.com\/fr\/content\/wp-content\/uploads\/2022\/03\/puy-en-velay-rocher-st-michel-daiguilhe-300x200.png 300w, https:\/\/www.campings.com\/fr\/content\/wp-content\/uploads\/2022\/03\/puy-en-velay-rocher-st-michel-daiguilhe-768x511.png 768w, https:\/\/www.campings.com\/fr\/content\/wp-content\/uploads\/2022\/03\/puy-en-velay-rocher-st-michel-daiguilhe-450x299.png 450w, https:\/\/www.campings.com\/fr\/content\/wp-content\/uploads\/2022\/03\/puy-en-velay-rocher-st-michel-daiguilhe-430x286.png 430w\" sizes=\"auto, (max-width: 1000px) 100vw, 1000px\" \/><\/p>\n<h3><strong>La Statue Notre-Dame de France<\/strong><\/h3>\n<p>Cette \u0153uvre monumentale a \u00e9t\u00e9 r\u00e9alis\u00e9e avec le m\u00e9tal de 213 canons pris aux Russes pendant la bataille de Crim\u00e9e. Sur le Rocher Corneille, cette statue de 22 m de haut domine le Puy-en-Velay.<\/p>\n<h3><strong>Le mus\u00e9e Crozatier<\/strong><\/h3>\n<p>Ce mus\u00e9e encyclop\u00e9dique vous invite \u00e0 d\u00e9couvrir l\u2019histoire du Puy-en-Velay. Pr\u00e9histoire, art gallo-romain, sciences naturelles, arts r\u00e9gionaux, dentelles\u2026 Vous vivrez une exp\u00e9rience in\u00e9dite dans ce mus\u00e9e unique en son genre en Auvergne qui allie tradition et modernit\u00e9.<\/p>\n<h2><strong>Faire le pr\u00e9lude du chemin de Saint-Jacques-de-Compostelle<\/strong><\/h2>\n<p>Envie d\u2019une petite mise en jambes avant de vous \u00e9lancer sur le chemin de Compostelle ? Au Puy-en-Velay, le PR 673 est un bon prologue ! A partir de la cath\u00e9drale, vous effectuerez un tour complet de la ville. Vous traverserez le rocher de la chapelle Saint-Michel et celui de la statue Notre-Dame-de-France avant de rejoindre le mus\u00e9e Crozatier. Ce chemin s\u2019\u00e9tire sur 6,6 km avec 226 m de d\u00e9nivel\u00e9 positif.<\/p>\n<p><img loading=\"lazy\" decoding=\"async\" class=\"alignnone size-full wp-image-3669\" src=\"https:\/\/www.campings.com\/fr\/content\/wp-content\/uploads\/2022\/03\/puy-en-velay-chemin-saint-jacques-de-compostelle.png\" alt=\"\" width=\"1000\" height=\"665\" srcset=\"https:\/\/www.campings.com\/fr\/content\/wp-content\/uploads\/2022\/03\/puy-en-velay-chemin-saint-jacques-de-compostelle.png 1000w, https:\/\/www.campings.com\/fr\/content\/wp-content\/uploads\/2022\/03\/puy-en-velay-chemin-saint-jacques-de-compostelle-300x200.png 300w, https:\/\/www.campings.com\/fr\/content\/wp-content\/uploads\/2022\/03\/puy-en-velay-chemin-saint-jacques-de-compostelle-768x511.png 768w, https:\/\/www.campings.com\/fr\/content\/wp-content\/uploads\/2022\/03\/puy-en-velay-chemin-saint-jacques-de-compostelle-450x299.png 450w, https:\/\/www.campings.com\/fr\/content\/wp-content\/uploads\/2022\/03\/puy-en-velay-chemin-saint-jacques-de-compostelle-430x286.png 430w\" sizes=\"auto, (max-width: 1000px) 100vw, 1000px\" \/><\/p>\n<h2><strong>S\u00e9lection des meilleurs restaurants au Puy en Velay <\/strong><\/h2>\n<p>Lors de votre s\u00e9jour au Puy-en-Velay, ne manquez pas de go\u00fbter aux sp\u00e9cialit\u00e9s du terroir dans l\u2019un de ces restaurants.<\/p>\n<h3><strong>Comme \u00e0 la maison<\/strong><\/h3>\n<p>Situ\u00e9 au pied de la cath\u00e9drale, ce restaurant semi-gastronomique propose une cuisine traditionnelle gourmande mettant les produits locaux \u00e0 l\u2019honneur. Le plat du jour est \u00e0 partir de 11,5 \u20ac et le menu gastronomique entre 30 \u20ac et 50 \u20ac.<\/p>\n<p>Pour r\u00e9server : + 33 (0)4 71 02 94 73.<br \/>\nAdresse : 7 rue S\u00e9guret, 43 000 le Puy-en-Velay.<\/p>\n<h3><strong>Le Chamarlenc<\/strong><\/h3>\n<p>Ce restaurant est sp\u00e9cialis\u00e9 dans la cuisine traditionnelle \u00e0 base de produits du terroir. Les produits frais et de saison y sont \u00e0 l\u2019honneur. De plus, ce restaurant offre un excellent rapport qualit\u00e9-prix avec des tarifs allant de 17,50 \u20ac \u00e0 38 \u20ac. Parmi les sp\u00e9cialit\u00e9s \u00e0 d\u00e9couvrir : la tranche de p\u00e2t\u00e9 en cro\u00fbte du chef.<\/p>\n<p>Pour r\u00e9server : + 33 (0)4 71 02 17 72.<br \/>\nAdresse : 19 Rue Rapha\u00ebl, 43000 Le Puy-en-Velay<\/p>\n<h3><strong>Le Comptoir des Saveurs<\/strong><\/h3>\n<p>Ce restaurant traditionnel propose une cuisine gourmande et raffin\u00e9e compos\u00e9e de produits frais. Possibilit\u00e9 de plats v\u00e9g\u00e9tariens et sans gluten \u00e0 la demande. Parmi les sp\u00e9cialit\u00e9s \u00e0 d\u00e9couvrir : la cassolette d&rsquo;escargots de Monedeyre \u00e0 la cr\u00e8me d&rsquo;ail. Un vrai r\u00e9gal pour les papilles ! Le prix des menus varie entre 21 \u20ac et 30 \u20ac.<\/p>\n<p>Adresse : 36 avenue du Mar\u00e9chal Foch<br \/>\nPour r\u00e9server : 04 71 09 28 45.<\/p>\n<h3><strong>Le Poivrier<\/strong><\/h3>\n<p>Ce restaurant est une adresse incontournable pour go\u00fbter une cuisine bistronomique raffin\u00e9e dans un cadre chic. Vous d\u00e9couvrirez des sp\u00e9cialit\u00e9s r\u00e9gionales enti\u00e8rement revisit\u00e9es. La formule midi est accessible \u00e0 partir de 12 \u20ac, et le menu est \u00e0 25 \u20ac environ.<\/p>\n<p>Adresse : 69, rue Pannessac, 43 000 Le Puy-en-Velay.<br \/>\nPour r\u00e9server : 04 71 02 41 30.<\/p>\n<h3><strong>L\u2019Emotion<\/strong><\/h3>\n<p>Ce restaurant propose une cuisine moderne, aux influences vari\u00e9es. Ainsi, la carte change tous les mois, afin de s\u2019adapter aux produits de saison provenant des producteurs locaux. L\u2019une des sp\u00e9cialit\u00e9s ? La poitrine de porc confite laqu\u00e9e et le wok de l\u00e9gumes asiatiques. Le prix des menus varie entre 32 \u20ac et 58 \u20ac et la formule du midi est \u00e0 15 \u20ac<\/p>\n<p>Adresse : 15, place Cadelade, 43 000 Le Puy en Velay<br \/>\nPour r\u00e9server : 04 71 09 74 23.<\/p>\n<h2><strong>S\u00e9lection de campings dans le d\u00e9partement pour d\u00e9couvrir la ville du Puy en Velay<\/strong><\/h2>\n<p>Vous programmez des vacances en\u00a0<a href=\"https:\/\/www.campings.com\/fr\/content\/guide-vacances-auvergne\/\"><strong><u>Auvergne<\/u><\/strong><strong>\u00a0<\/strong><\/a>? Optez pour le camping ! Pratique, abordable et conviviale, cette solution d\u2019h\u00e9bergement vous permettra de profiter pleinement de l\u2019environnement naturel. Voici notre s\u00e9lection de campings \u00e0 proximit\u00e9 du Puy-en-Velay.<\/p>\n<h3><strong>Village Les Sucs en Velay, un camping 100 % nature en Auvergne<\/strong><\/h3>\n<p>Situ\u00e9 en Haute-Loire, ce camping 3 \u00e9toiles est nich\u00e9 en plein c\u0153ur d\u2019un cadre enchanteur et verdoyant. Cet \u00e9tablissement est parfait pour se ressourcer et suivre les chemins de randonn\u00e9e sur le chemin de Compostelle.<\/p>\n<p>Adresse :<strong>\u00a0<\/strong>Rte de Valence, 43260 Saint-Julien-Chapteuil<\/p>\n<p><a href=\"https:\/\/www.campings.com\/fr\/camping\/village-les-sucs-en-velay-87841\">Plus d\u2019infos sur le camping Village Les Sucs en Velay<\/a>.<\/p>\n<h3><strong>Camping du Meygal<\/strong><\/h3>\n<p>Situ\u00e9 en Haute-Loire, ce camping convivial est parfait pour des vacances en famille. Il vous accueille dans un cadre calme et reposant. Sur place, un grand choix d\u2019activit\u00e9s comblera petits et grands.<\/p>\n<p>Adresse : Boussoulet, 43260 Champclause<\/p>\n<p><a href=\"https:\/\/www.campings.com\/fr\/camping\/camping-du-meygal-76937\">Plus d\u2019infos sur le Camping du Meygal<\/a>.<\/p>\n<h3><strong>Camping La Rochelambert<\/strong><\/h3>\n<p>En Haute-Loire, ce magnifique camping comblera toutes vos attentes. Situ\u00e9 au bord d\u2019une rivi\u00e8re, au milieu d\u2019une nature pr\u00e9serv\u00e9e, cet \u00e9tablissement offre un cadre parfait pour se ressourcer. Le camping met \u00e0 votre disposition un sauna, une piscine ext\u00e9rieure non chauff\u00e9e et une pataugeoire.<\/p>\n<p>Adresse : 3 Via Bolena, 43350 Saint-Paulien<\/p>\n<p><a href=\"https:\/\/www.campings.com\/fr\/camping\/camping-la-rochelambert-77919\">Plus d\u2019infos sur le camping La Rochelambert<\/a>.<\/p>\n","protected":false},"excerpt":{"rendered":"<p>Ville d\u2019art et d\u2019histoire, le Puy-en-Velay poss\u00e8de un patrimoine exceptionnel \u00e0 d\u00e9couvrir ! Class\u00e9e au patrimoine mondial de l\u2019UNESCO, ce petit joyau situ\u00e9 au c\u0153ur de l\u2019Auvergne est incontournable. D\u00e9couvrez notre guide pour profiter au mieux de votre s\u00e9jour ! Situ\u00e9 au c\u0153ur de la r\u00e9gion Auvergne, en Haute-Loire, le Puy-en-Velay abrite des tr\u00e9sors naturels, [&hellip;]<\/p>\n","protected":false},"author":18,"featured_media":0,"parent":3583,"menu_order":0,"comment_status":"closed","ping_status":"closed","template":"template-twocolumns.php","meta":{"_acf_changed":false,"footnotes":""},"class_list":["post-3668","page","type-page","status-publish","hentry"],"acf":[],"yoast_head":"<!-- This site is optimized with the Yoast SEO plugin v27.1.1 - https:\/\/yoast.com\/product\/yoast-seo-wordpress\/ -->\n<title>Le Puy-en-Velay : les meilleurs endroits \u00e0 visiter -<\/title>\n<meta name=\"robots\" content=\"index, follow, max-snippet:-1, max-image-preview:large, max-video-preview:-1\" \/>\n<link rel=\"canonical\" href=\"https:\/\/www.campings.com\/fr\/content\/guide-vacances-auvergne\/puy-en-velay-endroits-a-visiter\/\" \/>\n<meta property=\"og:locale\" content=\"fr_FR\" \/>\n<meta property=\"og:type\" content=\"article\" \/>\n<meta property=\"og:title\" content=\"Le Puy-en-Velay : les meilleurs endroits \u00e0 visiter -\" \/>\n<meta property=\"og:description\" content=\"Ville d\u2019art et d\u2019histoire, le Puy-en-Velay poss\u00e8de un patrimoine exceptionnel \u00e0 d\u00e9couvrir ! Class\u00e9e au patrimoine mondial de l\u2019UNESCO, ce petit joyau situ\u00e9 au c\u0153ur de l\u2019Auvergne est incontournable. D\u00e9couvrez notre guide pour profiter au mieux de votre s\u00e9jour ! Situ\u00e9 au c\u0153ur de la r\u00e9gion Auvergne, en Haute-Loire, le Puy-en-Velay abrite des tr\u00e9sors naturels, [&hellip;]\" \/>\n<meta property=\"og:url\" content=\"https:\/\/www.campings.com\/fr\/content\/guide-vacances-auvergne\/puy-en-velay-endroits-a-visiter\/\" \/>\n<meta property=\"og:image\" content=\"https:\/\/www.campings.com\/fr\/content\/wp-content\/uploads\/2022\/03\/puy-en-velay-rocher-st-michel-daiguilhe.png\" \/>\n\t<meta property=\"og:image:width\" content=\"1000\" \/>\n\t<meta property=\"og:image:height\" content=\"665\" \/>\n\t<meta property=\"og:image:type\" content=\"image\/png\" \/>\n<meta name=\"twitter:card\" content=\"summary_large_image\" \/>\n<meta name=\"twitter:label1\" content=\"Dur\u00e9e de lecture estim\u00e9e\" \/>\n\t<meta name=\"twitter:data1\" content=\"5 minutes\" \/>\n<script type=\"application\/ld+json\" class=\"yoast-schema-graph\">{\"@context\":\"https:\/\/schema.org\",\"@graph\":[{\"@type\":\"WebPage\",\"@id\":\"https:\/\/www.campings.com\/fr\/content\/guide-vacances-auvergne\/puy-en-velay-endroits-a-visiter\/\",\"url\":\"https:\/\/www.campings.com\/fr\/content\/guide-vacances-auvergne\/puy-en-velay-endroits-a-visiter\/\",\"name\":\"Le Puy-en-Velay : les meilleurs endroits \u00e0 visiter -\",\"isPartOf\":{\"@id\":\"https:\/\/www.campings.com\/fr\/content\/#website\"},\"primaryImageOfPage\":{\"@id\":\"https:\/\/www.campings.com\/fr\/content\/guide-vacances-auvergne\/puy-en-velay-endroits-a-visiter\/#primaryimage\"},\"image\":{\"@id\":\"https:\/\/www.campings.com\/fr\/content\/guide-vacances-auvergne\/puy-en-velay-endroits-a-visiter\/#primaryimage\"},\"thumbnailUrl\":\"https:\/\/www.campings.com\/fr\/content\/wp-content\/uploads\/2022\/03\/puy-en-velay-rocher-st-michel-daiguilhe.png\",\"datePublished\":\"2022-03-25T12:20:25+00:00\",\"breadcrumb\":{\"@id\":\"https:\/\/www.campings.com\/fr\/content\/guide-vacances-auvergne\/puy-en-velay-endroits-a-visiter\/#breadcrumb\"},\"inLanguage\":\"fr-FR\",\"potentialAction\":[{\"@type\":\"ReadAction\",\"target\":[\"https:\/\/www.campings.com\/fr\/content\/guide-vacances-auvergne\/puy-en-velay-endroits-a-visiter\/\"]}]},{\"@type\":\"ImageObject\",\"inLanguage\":\"fr-FR\",\"@id\":\"https:\/\/www.campings.com\/fr\/content\/guide-vacances-auvergne\/puy-en-velay-endroits-a-visiter\/#primaryimage\",\"url\":\"https:\/\/www.campings.com\/fr\/content\/wp-content\/uploads\/2022\/03\/puy-en-velay-rocher-st-michel-daiguilhe.png\",\"contentUrl\":\"https:\/\/www.campings.com\/fr\/content\/wp-content\/uploads\/2022\/03\/puy-en-velay-rocher-st-michel-daiguilhe.png\",\"width\":1000,\"height\":665},{\"@type\":\"BreadcrumbList\",\"@id\":\"https:\/\/www.campings.com\/fr\/content\/guide-vacances-auvergne\/puy-en-velay-endroits-a-visiter\/#breadcrumb\",\"itemListElement\":[{\"@type\":\"ListItem\",\"position\":1,\"name\":\"Home\",\"item\":\"https:\/\/www.campings.com\/fr\/content\/\"},{\"@type\":\"ListItem\",\"position\":2,\"name\":\"Le guide de vos vacances en Auvergne\",\"item\":\"https:\/\/www.campings.com\/fr\/content\/guide-vacances-auvergne\/\"},{\"@type\":\"ListItem\",\"position\":3,\"name\":\"Le Puy-en-Velay : les meilleurs endroits \u00e0 visiter\"}]},{\"@type\":\"WebSite\",\"@id\":\"https:\/\/www.campings.com\/fr\/content\/#website\",\"url\":\"https:\/\/www.campings.com\/fr\/content\/\",\"name\":\"\",\"description\":\"\",\"publisher\":{\"@id\":\"https:\/\/www.campings.com\/fr\/content\/#organization\"},\"potentialAction\":[{\"@type\":\"SearchAction\",\"target\":{\"@type\":\"EntryPoint\",\"urlTemplate\":\"https:\/\/www.campings.com\/fr\/content\/?s={search_term_string}\"},\"query-input\":{\"@type\":\"PropertyValueSpecification\",\"valueRequired\":true,\"valueName\":\"search_term_string\"}}],\"inLanguage\":\"fr-FR\"},{\"@type\":\"Organization\",\"@id\":\"https:\/\/www.campings.com\/fr\/content\/#organization\",\"name\":\"CAMPINGS.COM\",\"url\":\"https:\/\/www.campings.com\/fr\/content\/\",\"logo\":{\"@type\":\"ImageObject\",\"inLanguage\":\"fr-FR\",\"@id\":\"https:\/\/www.campings.com\/fr\/content\/#\/schema\/logo\/image\/\",\"url\":\"https:\/\/www.campings.com\/fr\/content\/wp-content\/uploads\/2019\/01\/cropped-logo-1.png\",\"contentUrl\":\"https:\/\/www.campings.com\/fr\/content\/wp-content\/uploads\/2019\/01\/cropped-logo-1.png\",\"width\":174,\"height\":42,\"caption\":\"CAMPINGS.COM\"},\"image\":{\"@id\":\"https:\/\/www.campings.com\/fr\/content\/#\/schema\/logo\/image\/\"}}]}<\/script>\n<!-- \/ Yoast SEO plugin. -->","yoast_head_json":{"title":"Le Puy-en-Velay : les meilleurs endroits \u00e0 visiter -","robots":{"index":"index","follow":"follow","max-snippet":"max-snippet:-1","max-image-preview":"max-image-preview:large","max-video-preview":"max-video-preview:-1"},"canonical":"https:\/\/www.campings.com\/fr\/content\/guide-vacances-auvergne\/puy-en-velay-endroits-a-visiter\/","og_locale":"fr_FR","og_type":"article","og_title":"Le Puy-en-Velay : les meilleurs endroits \u00e0 visiter -","og_description":"Ville d\u2019art et d\u2019histoire, le Puy-en-Velay poss\u00e8de un patrimoine exceptionnel \u00e0 d\u00e9couvrir ! Class\u00e9e au patrimoine mondial de l\u2019UNESCO, ce petit joyau situ\u00e9 au c\u0153ur de l\u2019Auvergne est incontournable. D\u00e9couvrez notre guide pour profiter au mieux de votre s\u00e9jour ! Situ\u00e9 au c\u0153ur de la r\u00e9gion Auvergne, en Haute-Loire, le Puy-en-Velay abrite des tr\u00e9sors naturels, [&hellip;]","og_url":"https:\/\/www.campings.com\/fr\/content\/guide-vacances-auvergne\/puy-en-velay-endroits-a-visiter\/","og_image":[{"width":1000,"height":665,"url":"https:\/\/www.campings.com\/fr\/content\/wp-content\/uploads\/2022\/03\/puy-en-velay-rocher-st-michel-daiguilhe.png","type":"image\/png"}],"twitter_card":"summary_large_image","twitter_misc":{"Dur\u00e9e de lecture estim\u00e9e":"5 minutes"},"schema":{"@context":"https:\/\/schema.org","@graph":[{"@type":"WebPage","@id":"https:\/\/www.campings.com\/fr\/content\/guide-vacances-auvergne\/puy-en-velay-endroits-a-visiter\/","url":"https:\/\/www.campings.com\/fr\/content\/guide-vacances-auvergne\/puy-en-velay-endroits-a-visiter\/","name":"Le Puy-en-Velay : les meilleurs endroits \u00e0 visiter -","isPartOf":{"@id":"https:\/\/www.campings.com\/fr\/content\/#website"},"primaryImageOfPage":{"@id":"https:\/\/www.campings.com\/fr\/content\/guide-vacances-auvergne\/puy-en-velay-endroits-a-visiter\/#primaryimage"},"image":{"@id":"https:\/\/www.campings.com\/fr\/content\/guide-vacances-auvergne\/puy-en-velay-endroits-a-visiter\/#primaryimage"},"thumbnailUrl":"https:\/\/www.campings.com\/fr\/content\/wp-content\/uploads\/2022\/03\/puy-en-velay-rocher-st-michel-daiguilhe.png","datePublished":"2022-03-25T12:20:25+00:00","breadcrumb":{"@id":"https:\/\/www.campings.com\/fr\/content\/guide-vacances-auvergne\/puy-en-velay-endroits-a-visiter\/#breadcrumb"},"inLanguage":"fr-FR","potentialAction":[{"@type":"ReadAction","target":["https:\/\/www.campings.com\/fr\/content\/guide-vacances-auvergne\/puy-en-velay-endroits-a-visiter\/"]}]},{"@type":"ImageObject","inLanguage":"fr-FR","@id":"https:\/\/www.campings.com\/fr\/content\/guide-vacances-auvergne\/puy-en-velay-endroits-a-visiter\/#primaryimage","url":"https:\/\/www.campings.com\/fr\/content\/wp-content\/uploads\/2022\/03\/puy-en-velay-rocher-st-michel-daiguilhe.png","contentUrl":"https:\/\/www.campings.com\/fr\/content\/wp-content\/uploads\/2022\/03\/puy-en-velay-rocher-st-michel-daiguilhe.png","width":1000,"height":665},{"@type":"BreadcrumbList","@id":"https:\/\/www.campings.com\/fr\/content\/guide-vacances-auvergne\/puy-en-velay-endroits-a-visiter\/#breadcrumb","itemListElement":[{"@type":"ListItem","position":1,"name":"Home","item":"https:\/\/www.campings.com\/fr\/content\/"},{"@type":"ListItem","position":2,"name":"Le guide de vos vacances en Auvergne","item":"https:\/\/www.campings.com\/fr\/content\/guide-vacances-auvergne\/"},{"@type":"ListItem","position":3,"name":"Le Puy-en-Velay : les meilleurs endroits \u00e0 visiter"}]},{"@type":"WebSite","@id":"https:\/\/www.campings.com\/fr\/content\/#website","url":"https:\/\/www.campings.com\/fr\/content\/","name":"","description":"","publisher":{"@id":"https:\/\/www.campings.com\/fr\/content\/#organization"},"potentialAction":[{"@type":"SearchAction","target":{"@type":"EntryPoint","urlTemplate":"https:\/\/www.campings.com\/fr\/content\/?s={search_term_string}"},"query-input":{"@type":"PropertyValueSpecification","valueRequired":true,"valueName":"search_term_string"}}],"inLanguage":"fr-FR"},{"@type":"Organization","@id":"https:\/\/www.campings.com\/fr\/content\/#organization","name":"CAMPINGS.COM","url":"https:\/\/www.campings.com\/fr\/content\/","logo":{"@type":"ImageObject","inLanguage":"fr-FR","@id":"https:\/\/www.campings.com\/fr\/content\/#\/schema\/logo\/image\/","url":"https:\/\/www.campings.com\/fr\/content\/wp-content\/uploads\/2019\/01\/cropped-logo-1.png","contentUrl":"https:\/\/www.campings.com\/fr\/content\/wp-content\/uploads\/2019\/01\/cropped-logo-1.png","width":174,"height":42,"caption":"CAMPINGS.COM"},"image":{"@id":"https:\/\/www.campings.com\/fr\/content\/#\/schema\/logo\/image\/"}}]}},"_links":{"self":[{"href":"https:\/\/www.campings.com\/fr\/content\/wp-json\/wp\/v2\/pages\/3668","targetHints":{"allow":["GET"]}}],"collection":[{"href":"https:\/\/www.campings.com\/fr\/content\/wp-json\/wp\/v2\/pages"}],"about":[{"href":"https:\/\/www.campings.com\/fr\/content\/wp-json\/wp\/v2\/types\/page"}],"author":[{"embeddable":true,"href":"https:\/\/www.campings.com\/fr\/content\/wp-json\/wp\/v2\/users\/18"}],"replies":[{"embeddable":true,"href":"https:\/\/www.campings.com\/fr\/content\/wp-json\/wp\/v2\/comments?post=3668"}],"version-history":[{"count":1,"href":"https:\/\/www.campings.com\/fr\/content\/wp-json\/wp\/v2\/pages\/3668\/revisions"}],"predecessor-version":[{"id":3671,"href":"https:\/\/www.campings.com\/fr\/content\/wp-json\/wp\/v2\/pages\/3668\/revisions\/3671"}],"up":[{"embeddable":true,"href":"https:\/\/www.campings.com\/fr\/content\/wp-json\/wp\/v2\/pages\/3583"}],"wp:attachment":[{"href":"https:\/\/www.campings.com\/fr\/content\/wp-json\/wp\/v2\/media?parent=3668"}],"curies":[{"name":"wp","href":"https:\/\/api.w.org\/{rel}","templated":true}]}}