{"id":3661,"date":"2022-03-25T12:14:34","date_gmt":"2022-03-25T12:14:34","guid":{"rendered":"https:\/\/www.campings.com\/fr\/content\/?page_id=3661"},"modified":"2022-03-25T12:16:52","modified_gmt":"2022-03-25T12:16:52","slug":"campings-auvergne-vacances","status":"publish","type":"page","link":"https:\/\/www.campings.com\/fr\/content\/guide-vacances-auvergne\/campings-auvergne-vacances\/","title":{"rendered":"Campings en Auvergne : o\u00f9 se loger pendant vos vacances ?"},"content":{"rendered":"<p>Dans le Massif Central, l\u2019<a href=\"https:\/\/www.campings.com\/fr\/content\/guide-vacances-auvergne\/\"><strong>Auvergne<\/strong><\/a> est une destination touristique tr\u00e8s pris\u00e9e. Avec ses paysages sauvages, alternant entre massifs volcaniques, lacs et for\u00eats, la r\u00e9gion a beaucoup \u00e0 offrir.<\/p>\n<p>Au c\u0153ur du Massif Central, l\u2019<a href=\"https:\/\/www.campings.com\/fr\/france\/auvergne\"><u>Auvergne<\/u><\/a>\u00a0est une destination id\u00e9ale pour les passionn\u00e9s de nature et d\u2019air pur. D\u2019une superficie de 26 013 km\u00b2, la r\u00e9gion abrite environ 1 360 000 habitants. En plus de ses volcans et de ses r\u00e9serves naturelles, elle abrite un patrimoine culturel d\u2019une grande richesse \u00e0 d\u00e9couvrir. Si vous comptez y s\u00e9journer en famille, optez pour une location en camping ! D\u00e9couvrez notre s\u00e9lection des meilleures adresses o\u00f9 loger durant vos vacances en Auvergne.<\/p>\n<h2><strong>S\u00e9lection de campings dans le Puy-de-D\u00f4me\u00a0<\/strong><\/h2>\n<h3><strong>Camping Les Chanterelles &#8211; Camping Paradis<\/strong><\/h3>\n<p>Ce camping 3 \u00e9toiles, calme et familial, est situ\u00e9 au c\u0153ur du parc naturel de Livradois-Forez, \u00e0 Saint-R\u00e9my-sur-Durolle. De plus, il est situ\u00e9 \u00e0 500 m seulement de la base nautique de l\u2019\u00e9tang des Prades. Sur place, un large panel d\u2019animations familiales et ludiques est propos\u00e9.<\/p>\n<p><a href=\"https:\/\/www.campings.com\/fr\/camping\/les-chanterelles-camping-paradis-78387\">Plus d\u2019infos sur le Camping Les Chanterelles-Camping Paradis<\/a><\/p>\n<h3><strong>Camping des Prairies d\u2019Auvergne<\/strong><\/h3>\n<p>\u00c0 Sauxillanges, dans le Puy-de-D\u00f4me, ce camping est id\u00e9alement situ\u00e9 \u00e0 proximit\u00e9 d\u2019un ruisseau et de multiples sentiers de randonn\u00e9e. L\u2019\u00e9tablissement abrite \u00e9galement de nombreuses infrastructures de loisirs :<\/p>\n<ul>\n<li>Une salle de fitness ;<\/li>\n<li>Une aire de jeux ;<\/li>\n<li>Une piscine en face de l\u2019\u00e9tablissement ;<\/li>\n<li>Etc.<\/li>\n<\/ul>\n<p><a href=\"https:\/\/www.campings.com\/fr\/camping\/camping-des-prairies-dauvergne-78520\">Plus d\u2019infos sur le Camping des Prairies d\u2019Auvergne<\/a><\/p>\n<h3><strong>Camping les Chelles<\/strong><\/h3>\n<p>\u00c0 Olliergues, ce camping 3 \u00e9toiles est parfait pour se ressourcer en pleine nature. En effet, il abrite un \u00e9tang o\u00f9 les r\u00e9sidents pourront y pratiquer la p\u00eache. L\u2019\u00e9tablissement compte une piscine et une pataugeoire pour les enfants. Pendant la saison estivale, un programme riche en animations est propos\u00e9 tous les soirs.<\/p>\n<p><a href=\"https:\/\/www.campings.com\/fr\/camping\/camping-les-chelles-77900\">Plus d\u2019infos sur le Camping les Chelles<\/a><\/p>\n<h2><strong>Les meilleurs campings avec piscine en Auvergne\u00a0<\/strong><\/h2>\n<p>D\u00e9couvrez les meilleurs campings avec piscine en\u00a0<a href=\"https:\/\/www.campings.com\/fr\/content\/guide-vacances-auvergne\/\"><strong><u>Auvergne<\/u><\/strong><\/a>\u00a0pour des vacances r\u00e9ussies en famille ou entre amis.<\/p>\n<h3><strong>Camping Les Loges<\/strong><\/h3>\n<p>En Auvergne, ce camping b\u00e9n\u00e9ficie d\u2019un cadre naturel parfait pour se d\u00e9connecter le temps d\u2019un s\u00e9jour. C\u00f4t\u00e9 services, les r\u00e9sidents seront combl\u00e9s. En effet, l\u2019\u00e9tablissement a d\u2019ailleurs re\u00e7u la m\u00e9daille d\u2019Or de la satisfaction client en 2020 et en 2021. En \u00e9t\u00e9, les r\u00e9sidents auront acc\u00e8s \u00e0 l\u2019espace aquatique avec toboggan.<\/p>\n<p><a href=\"https:\/\/www.campings.com\/fr\/camping\/camping-les-loges-77890\">Plus d\u2019infos sur le camping Les Loges<\/a><\/p>\n<p><img loading=\"lazy\" decoding=\"async\" class=\"alignnone size-full wp-image-3663\" src=\"https:\/\/www.campings.com\/fr\/content\/wp-content\/uploads\/2022\/03\/Camping-les-loges.png\" alt=\"\" width=\"1000\" height=\"665\" srcset=\"https:\/\/www.campings.com\/fr\/content\/wp-content\/uploads\/2022\/03\/Camping-les-loges.png 1000w, https:\/\/www.campings.com\/fr\/content\/wp-content\/uploads\/2022\/03\/Camping-les-loges-300x200.png 300w, https:\/\/www.campings.com\/fr\/content\/wp-content\/uploads\/2022\/03\/Camping-les-loges-768x511.png 768w, https:\/\/www.campings.com\/fr\/content\/wp-content\/uploads\/2022\/03\/Camping-les-loges-450x299.png 450w, https:\/\/www.campings.com\/fr\/content\/wp-content\/uploads\/2022\/03\/Camping-les-loges-430x286.png 430w\" sizes=\"auto, (max-width: 1000px) 100vw, 1000px\" \/><\/p>\n<h3><strong>Camping Champ Foss\u00e9<\/strong><\/h3>\n<p>Ce camping est situ\u00e9 en bordure de la for\u00eat de Tron\u00e7ais, dans un cadre verdoyant. En plus de son \u00e9tang, l\u2019\u00e9tablissement donne acc\u00e8s aux infrastructures suivantes :<\/p>\n<ul>\n<li>Une belle piscine privative chauff\u00e9e ;<\/li>\n<li>Une pataugeoire ;<\/li>\n<li>Des toboggans aquatiques.<\/li>\n<\/ul>\n<p><a href=\"https:\/\/www.campings.com\/fr\/camping\/camping-champ-fosse-78224\">Plus d\u2019infos sur le Camping Champ Foss\u00e9<\/a><\/p>\n<h3><strong>Camping Village De Vacances La Gineste &#8211; Camping Paradis<\/strong><\/h3>\n<p>A Arnac en Auvergne, ce camping comblera toutes vos attentes. Une piscine ext\u00e9rieure chauff\u00e9e est accessible toute l\u2019ann\u00e9e. Id\u00e9al pour passer un week-end d\u00e9tente, l\u2019\u00e9tablissement donne acc\u00e8s \u00e0 une plage privative et \u00e0 un espace bien-\u00eatre.<\/p>\n<p><a href=\"https:\/\/www.campings.com\/fr\/camping\/camping-village-de-vacances-la-gineste-camping-paradis-82156\">Plus d\u2019infos sur le Camping Village De Vacances La Gineste-Camping Paradis<\/a><\/p>\n<h2><strong>Liste des campings 4 \u00e9toiles\u00a0<\/strong><\/h2>\n<h3><strong>Camping L\u2019Air du Temps<\/strong><\/h3>\n<p>\u00c0 Beaulieu, dans le Cantal, ce camping promet un s\u00e9jour agr\u00e9able et convivial au milieu de la nature. L\u2019\u00e9tablissement propose un vaste panel d\u2019activit\u00e9s :<\/p>\n<ul>\n<li>Salle d\u2019arcade pour les gamers ;<\/li>\n<li>Randonn\u00e9e ;<\/li>\n<li>Etc.<\/li>\n<\/ul>\n<p><a href=\"https:\/\/www.campings.com\/fr\/camping\/camping-lair-du-temps-76852\">Plus d\u2019infos sur le Camping L\u2019Air du Temps<\/a><\/p>\n<h3><strong>Camping Domaine Maevag<\/strong><\/h3>\n<p>A Chazemais, dans l\u2019Allier, ce camping est parfait pour se d\u00e9connecter dans un cadre vert et reposant. De nombreux \u00e9quipements sont accessibles : salle de fitness, sauna, court de tennis, terrain de p\u00e9tanque, aire de jeux\u2026<\/p>\n<p><a href=\"https:\/\/www.campings.com\/fr\/camping\/camping-domaine-maevag-77102\">Plus d\u2019infos sur le camping Domaine Maevag<\/a><\/p>\n<h3><strong>Camping Pommeraie<\/strong><\/h3>\n<p>\u00c0 Vic-sur-C\u00e8re, dans le Cantal, cet \u00e9tablissement familial au charme authentique vous garantit un s\u00e9jour reposant. Il met \u00e0 votre disposition un espace aquatique avec piscine couverte.<\/p>\n<p><a href=\"https:\/\/www.campings.com\/fr\/camping\/camping-pommeraie-78747\">Plus d\u2019infos sur le Camping Pommeraie<\/a><\/p>\n<p><img loading=\"lazy\" decoding=\"async\" class=\"alignnone size-full wp-image-3664\" src=\"https:\/\/www.campings.com\/fr\/content\/wp-content\/uploads\/2022\/03\/Camping-Pommeraie.png\" alt=\"\" width=\"1000\" height=\"665\" srcset=\"https:\/\/www.campings.com\/fr\/content\/wp-content\/uploads\/2022\/03\/Camping-Pommeraie.png 1000w, https:\/\/www.campings.com\/fr\/content\/wp-content\/uploads\/2022\/03\/Camping-Pommeraie-300x200.png 300w, https:\/\/www.campings.com\/fr\/content\/wp-content\/uploads\/2022\/03\/Camping-Pommeraie-768x511.png 768w, https:\/\/www.campings.com\/fr\/content\/wp-content\/uploads\/2022\/03\/Camping-Pommeraie-450x299.png 450w, https:\/\/www.campings.com\/fr\/content\/wp-content\/uploads\/2022\/03\/Camping-Pommeraie-430x286.png 430w\" sizes=\"auto, (max-width: 1000px) 100vw, 1000px\" \/><\/p>\n<h2><strong>S\u00e9lection de campings pas chers en Auvergne\u00a0<\/strong><\/h2>\n<p>Vous recherchez une location \u00e0 petit prix pour vos prochaines vacances en\u00a0<a href=\"https:\/\/www.campings.com\/fr\/content\/guide-vacances-auvergne\/\"><strong><u>Auvergne<\/u><\/strong>\u00a0<\/a>? Voici notre s\u00e9lection de campings pas chers !<\/p>\n<h3><strong>Camping Les Chanterelles &#8211; Camping Paradis, avec parc aquatique\u00a0<\/strong><\/h3>\n<p>Profitez du confort d\u2019un h\u00e9bergement 3 \u00e9toiles sans vous ruiner en optant pour ce camping situ\u00e9 \u00e0 Saint-R\u00e9my-sur-Durolle pour vos vacances. Sur place vous aurez acc\u00e8s \u00e0 :<\/p>\n<ul>\n<li>Un espace aquatique chauff\u00e9 ;<\/li>\n<li>Des structures gonflables ;<\/li>\n<li>Une aire de jeux.<\/li>\n<\/ul>\n<p><a href=\"https:\/\/www.campings.com\/fr\/camping\/les-chanterelles-camping-paradis-78387\">Plus d\u2019infos sur le Camping Les Chanterelles-Camping Paradis<\/a><\/p>\n<h3><strong>Camping Le Saint Eloy, id\u00e9al pour une ambiance familiale\u00a0<\/strong><\/h3>\n<p>\u00c0 Saint-Germain-l\u2019Herm, ce camping familial se trouve \u00e0 proximit\u00e9 de l\u2019\u00e9tang de Lallabert. Sur place, les activit\u00e9s ne manquent pas. Les r\u00e9sidents pourront profiter des infrastructures suivantes :<\/p>\n<ul>\n<li>Piscine ;<\/li>\n<li>P\u00e9tanque ;<\/li>\n<li>Tennis ;<\/li>\n<li>Aire de jeux ;<\/li>\n<li>Etc.<\/li>\n<\/ul>\n<p><a href=\"https:\/\/www.campings.com\/fr\/camping\/camping-le-saint-eloy-78277\">Plus d\u2019infos sur le Camping Le Saint Eloy<\/a><\/p>\n<h3><strong>Camping Chanset, pour des vacances nature en Auvergne\u00a0<\/strong><\/h3>\n<p>Nich\u00e9 au c\u0153ur d\u2019un environnement naturel, ce camping \u00e0 Ceyrat, convient parfaitement pour un s\u00e9jour en famille. Ouvert du 15 juin au 15 septembre, il met \u00e0 votre disposition une piscine ext\u00e9rieure chauff\u00e9e.<\/p>\n<p><a href=\"https:\/\/www.campings.com\/fr\/camping\/camping-chanset-77070\">Plus d\u2019infos sur le Camping Chanset<\/a><\/p>\n","protected":false},"excerpt":{"rendered":"<p>Dans le Massif Central, l\u2019Auvergne est une destination touristique tr\u00e8s pris\u00e9e. Avec ses paysages sauvages, alternant entre massifs volcaniques, lacs et for\u00eats, la r\u00e9gion a beaucoup \u00e0 offrir. Au c\u0153ur du Massif Central, l\u2019Auvergne\u00a0est une destination id\u00e9ale pour les passionn\u00e9s de nature et d\u2019air pur. D\u2019une superficie de 26 013 km\u00b2, la r\u00e9gion abrite environ [&hellip;]<\/p>\n","protected":false},"author":18,"featured_media":0,"parent":3583,"menu_order":0,"comment_status":"closed","ping_status":"closed","template":"template-twocolumns.php","meta":{"_acf_changed":false,"footnotes":""},"class_list":["post-3661","page","type-page","status-publish","hentry"],"acf":[],"yoast_head":"<!-- This site is optimized with the Yoast SEO plugin v27.1.1 - https:\/\/yoast.com\/product\/yoast-seo-wordpress\/ -->\n<title>Campings en Auvergne : o\u00f9 se loger pendant vos vacances ? -<\/title>\n<meta name=\"robots\" content=\"index, follow, max-snippet:-1, max-image-preview:large, max-video-preview:-1\" \/>\n<link rel=\"canonical\" href=\"https:\/\/www.campings.com\/fr\/content\/guide-vacances-auvergne\/campings-auvergne-vacances\/\" \/>\n<meta property=\"og:locale\" content=\"fr_FR\" \/>\n<meta property=\"og:type\" content=\"article\" \/>\n<meta property=\"og:title\" content=\"Campings en Auvergne : o\u00f9 se loger pendant vos vacances ? -\" \/>\n<meta property=\"og:description\" content=\"Dans le Massif Central, l\u2019Auvergne est une destination touristique tr\u00e8s pris\u00e9e. Avec ses paysages sauvages, alternant entre massifs volcaniques, lacs et for\u00eats, la r\u00e9gion a beaucoup \u00e0 offrir. Au c\u0153ur du Massif Central, l\u2019Auvergne\u00a0est une destination id\u00e9ale pour les passionn\u00e9s de nature et d\u2019air pur. D\u2019une superficie de 26 013 km\u00b2, la r\u00e9gion abrite environ [&hellip;]\" \/>\n<meta property=\"og:url\" content=\"https:\/\/www.campings.com\/fr\/content\/guide-vacances-auvergne\/campings-auvergne-vacances\/\" \/>\n<meta property=\"article:modified_time\" content=\"2022-03-25T12:16:52+00:00\" \/>\n<meta property=\"og:image\" content=\"https:\/\/www.campings.com\/fr\/content\/wp-content\/uploads\/2022\/03\/Camping-les-loges.png\" \/>\n\t<meta property=\"og:image:width\" content=\"1000\" \/>\n\t<meta property=\"og:image:height\" content=\"665\" \/>\n\t<meta property=\"og:image:type\" content=\"image\/png\" \/>\n<meta name=\"twitter:card\" content=\"summary_large_image\" \/>\n<meta name=\"twitter:label1\" content=\"Dur\u00e9e de lecture estim\u00e9e\" \/>\n\t<meta name=\"twitter:data1\" content=\"4 minutes\" \/>\n<script type=\"application\/ld+json\" class=\"yoast-schema-graph\">{\"@context\":\"https:\/\/schema.org\",\"@graph\":[{\"@type\":\"WebPage\",\"@id\":\"https:\/\/www.campings.com\/fr\/content\/guide-vacances-auvergne\/campings-auvergne-vacances\/\",\"url\":\"https:\/\/www.campings.com\/fr\/content\/guide-vacances-auvergne\/campings-auvergne-vacances\/\",\"name\":\"Campings en Auvergne : o\u00f9 se loger pendant vos vacances ? -\",\"isPartOf\":{\"@id\":\"https:\/\/www.campings.com\/fr\/content\/#website\"},\"primaryImageOfPage\":{\"@id\":\"https:\/\/www.campings.com\/fr\/content\/guide-vacances-auvergne\/campings-auvergne-vacances\/#primaryimage\"},\"image\":{\"@id\":\"https:\/\/www.campings.com\/fr\/content\/guide-vacances-auvergne\/campings-auvergne-vacances\/#primaryimage\"},\"thumbnailUrl\":\"https:\/\/www.campings.com\/fr\/content\/wp-content\/uploads\/2022\/03\/Camping-les-loges.png\",\"datePublished\":\"2022-03-25T12:14:34+00:00\",\"dateModified\":\"2022-03-25T12:16:52+00:00\",\"breadcrumb\":{\"@id\":\"https:\/\/www.campings.com\/fr\/content\/guide-vacances-auvergne\/campings-auvergne-vacances\/#breadcrumb\"},\"inLanguage\":\"fr-FR\",\"potentialAction\":[{\"@type\":\"ReadAction\",\"target\":[\"https:\/\/www.campings.com\/fr\/content\/guide-vacances-auvergne\/campings-auvergne-vacances\/\"]}]},{\"@type\":\"ImageObject\",\"inLanguage\":\"fr-FR\",\"@id\":\"https:\/\/www.campings.com\/fr\/content\/guide-vacances-auvergne\/campings-auvergne-vacances\/#primaryimage\",\"url\":\"https:\/\/www.campings.com\/fr\/content\/wp-content\/uploads\/2022\/03\/Camping-les-loges.png\",\"contentUrl\":\"https:\/\/www.campings.com\/fr\/content\/wp-content\/uploads\/2022\/03\/Camping-les-loges.png\",\"width\":1000,\"height\":665},{\"@type\":\"BreadcrumbList\",\"@id\":\"https:\/\/www.campings.com\/fr\/content\/guide-vacances-auvergne\/campings-auvergne-vacances\/#breadcrumb\",\"itemListElement\":[{\"@type\":\"ListItem\",\"position\":1,\"name\":\"Home\",\"item\":\"https:\/\/www.campings.com\/fr\/content\/\"},{\"@type\":\"ListItem\",\"position\":2,\"name\":\"Le guide de vos vacances en Auvergne\",\"item\":\"https:\/\/www.campings.com\/fr\/content\/guide-vacances-auvergne\/\"},{\"@type\":\"ListItem\",\"position\":3,\"name\":\"Campings en Auvergne : o\u00f9 se loger pendant vos vacances ?\"}]},{\"@type\":\"WebSite\",\"@id\":\"https:\/\/www.campings.com\/fr\/content\/#website\",\"url\":\"https:\/\/www.campings.com\/fr\/content\/\",\"name\":\"\",\"description\":\"\",\"publisher\":{\"@id\":\"https:\/\/www.campings.com\/fr\/content\/#organization\"},\"potentialAction\":[{\"@type\":\"SearchAction\",\"target\":{\"@type\":\"EntryPoint\",\"urlTemplate\":\"https:\/\/www.campings.com\/fr\/content\/?s={search_term_string}\"},\"query-input\":{\"@type\":\"PropertyValueSpecification\",\"valueRequired\":true,\"valueName\":\"search_term_string\"}}],\"inLanguage\":\"fr-FR\"},{\"@type\":\"Organization\",\"@id\":\"https:\/\/www.campings.com\/fr\/content\/#organization\",\"name\":\"CAMPINGS.COM\",\"url\":\"https:\/\/www.campings.com\/fr\/content\/\",\"logo\":{\"@type\":\"ImageObject\",\"inLanguage\":\"fr-FR\",\"@id\":\"https:\/\/www.campings.com\/fr\/content\/#\/schema\/logo\/image\/\",\"url\":\"https:\/\/www.campings.com\/fr\/content\/wp-content\/uploads\/2019\/01\/cropped-logo-1.png\",\"contentUrl\":\"https:\/\/www.campings.com\/fr\/content\/wp-content\/uploads\/2019\/01\/cropped-logo-1.png\",\"width\":174,\"height\":42,\"caption\":\"CAMPINGS.COM\"},\"image\":{\"@id\":\"https:\/\/www.campings.com\/fr\/content\/#\/schema\/logo\/image\/\"}}]}<\/script>\n<!-- \/ Yoast SEO plugin. -->","yoast_head_json":{"title":"Campings en Auvergne : o\u00f9 se loger pendant vos vacances ? -","robots":{"index":"index","follow":"follow","max-snippet":"max-snippet:-1","max-image-preview":"max-image-preview:large","max-video-preview":"max-video-preview:-1"},"canonical":"https:\/\/www.campings.com\/fr\/content\/guide-vacances-auvergne\/campings-auvergne-vacances\/","og_locale":"fr_FR","og_type":"article","og_title":"Campings en Auvergne : o\u00f9 se loger pendant vos vacances ? -","og_description":"Dans le Massif Central, l\u2019Auvergne est une destination touristique tr\u00e8s pris\u00e9e. Avec ses paysages sauvages, alternant entre massifs volcaniques, lacs et for\u00eats, la r\u00e9gion a beaucoup \u00e0 offrir. Au c\u0153ur du Massif Central, l\u2019Auvergne\u00a0est une destination id\u00e9ale pour les passionn\u00e9s de nature et d\u2019air pur. D\u2019une superficie de 26 013 km\u00b2, la r\u00e9gion abrite environ [&hellip;]","og_url":"https:\/\/www.campings.com\/fr\/content\/guide-vacances-auvergne\/campings-auvergne-vacances\/","article_modified_time":"2022-03-25T12:16:52+00:00","og_image":[{"width":1000,"height":665,"url":"https:\/\/www.campings.com\/fr\/content\/wp-content\/uploads\/2022\/03\/Camping-les-loges.png","type":"image\/png"}],"twitter_card":"summary_large_image","twitter_misc":{"Dur\u00e9e de lecture estim\u00e9e":"4 minutes"},"schema":{"@context":"https:\/\/schema.org","@graph":[{"@type":"WebPage","@id":"https:\/\/www.campings.com\/fr\/content\/guide-vacances-auvergne\/campings-auvergne-vacances\/","url":"https:\/\/www.campings.com\/fr\/content\/guide-vacances-auvergne\/campings-auvergne-vacances\/","name":"Campings en Auvergne : o\u00f9 se loger pendant vos vacances ? -","isPartOf":{"@id":"https:\/\/www.campings.com\/fr\/content\/#website"},"primaryImageOfPage":{"@id":"https:\/\/www.campings.com\/fr\/content\/guide-vacances-auvergne\/campings-auvergne-vacances\/#primaryimage"},"image":{"@id":"https:\/\/www.campings.com\/fr\/content\/guide-vacances-auvergne\/campings-auvergne-vacances\/#primaryimage"},"thumbnailUrl":"https:\/\/www.campings.com\/fr\/content\/wp-content\/uploads\/2022\/03\/Camping-les-loges.png","datePublished":"2022-03-25T12:14:34+00:00","dateModified":"2022-03-25T12:16:52+00:00","breadcrumb":{"@id":"https:\/\/www.campings.com\/fr\/content\/guide-vacances-auvergne\/campings-auvergne-vacances\/#breadcrumb"},"inLanguage":"fr-FR","potentialAction":[{"@type":"ReadAction","target":["https:\/\/www.campings.com\/fr\/content\/guide-vacances-auvergne\/campings-auvergne-vacances\/"]}]},{"@type":"ImageObject","inLanguage":"fr-FR","@id":"https:\/\/www.campings.com\/fr\/content\/guide-vacances-auvergne\/campings-auvergne-vacances\/#primaryimage","url":"https:\/\/www.campings.com\/fr\/content\/wp-content\/uploads\/2022\/03\/Camping-les-loges.png","contentUrl":"https:\/\/www.campings.com\/fr\/content\/wp-content\/uploads\/2022\/03\/Camping-les-loges.png","width":1000,"height":665},{"@type":"BreadcrumbList","@id":"https:\/\/www.campings.com\/fr\/content\/guide-vacances-auvergne\/campings-auvergne-vacances\/#breadcrumb","itemListElement":[{"@type":"ListItem","position":1,"name":"Home","item":"https:\/\/www.campings.com\/fr\/content\/"},{"@type":"ListItem","position":2,"name":"Le guide de vos vacances en Auvergne","item":"https:\/\/www.campings.com\/fr\/content\/guide-vacances-auvergne\/"},{"@type":"ListItem","position":3,"name":"Campings en Auvergne : o\u00f9 se loger pendant vos vacances ?"}]},{"@type":"WebSite","@id":"https:\/\/www.campings.com\/fr\/content\/#website","url":"https:\/\/www.campings.com\/fr\/content\/","name":"","description":"","publisher":{"@id":"https:\/\/www.campings.com\/fr\/content\/#organization"},"potentialAction":[{"@type":"SearchAction","target":{"@type":"EntryPoint","urlTemplate":"https:\/\/www.campings.com\/fr\/content\/?s={search_term_string}"},"query-input":{"@type":"PropertyValueSpecification","valueRequired":true,"valueName":"search_term_string"}}],"inLanguage":"fr-FR"},{"@type":"Organization","@id":"https:\/\/www.campings.com\/fr\/content\/#organization","name":"CAMPINGS.COM","url":"https:\/\/www.campings.com\/fr\/content\/","logo":{"@type":"ImageObject","inLanguage":"fr-FR","@id":"https:\/\/www.campings.com\/fr\/content\/#\/schema\/logo\/image\/","url":"https:\/\/www.campings.com\/fr\/content\/wp-content\/uploads\/2019\/01\/cropped-logo-1.png","contentUrl":"https:\/\/www.campings.com\/fr\/content\/wp-content\/uploads\/2019\/01\/cropped-logo-1.png","width":174,"height":42,"caption":"CAMPINGS.COM"},"image":{"@id":"https:\/\/www.campings.com\/fr\/content\/#\/schema\/logo\/image\/"}}]}},"_links":{"self":[{"href":"https:\/\/www.campings.com\/fr\/content\/wp-json\/wp\/v2\/pages\/3661","targetHints":{"allow":["GET"]}}],"collection":[{"href":"https:\/\/www.campings.com\/fr\/content\/wp-json\/wp\/v2\/pages"}],"about":[{"href":"https:\/\/www.campings.com\/fr\/content\/wp-json\/wp\/v2\/types\/page"}],"author":[{"embeddable":true,"href":"https:\/\/www.campings.com\/fr\/content\/wp-json\/wp\/v2\/users\/18"}],"replies":[{"embeddable":true,"href":"https:\/\/www.campings.com\/fr\/content\/wp-json\/wp\/v2\/comments?post=3661"}],"version-history":[{"count":3,"href":"https:\/\/www.campings.com\/fr\/content\/wp-json\/wp\/v2\/pages\/3661\/revisions"}],"predecessor-version":[{"id":3666,"href":"https:\/\/www.campings.com\/fr\/content\/wp-json\/wp\/v2\/pages\/3661\/revisions\/3666"}],"up":[{"embeddable":true,"href":"https:\/\/www.campings.com\/fr\/content\/wp-json\/wp\/v2\/pages\/3583"}],"wp:attachment":[{"href":"https:\/\/www.campings.com\/fr\/content\/wp-json\/wp\/v2\/media?parent=3661"}],"curies":[{"name":"wp","href":"https:\/\/api.w.org\/{rel}","templated":true}]}}