{"id":3379,"date":"2022-02-11T14:17:42","date_gmt":"2022-02-11T14:17:42","guid":{"rendered":"https:\/\/www.campings.com\/fr\/content\/?page_id=3379"},"modified":"2022-03-25T10:38:39","modified_gmt":"2022-03-25T10:38:39","slug":"camping-mediterrannee","status":"publish","type":"page","link":"https:\/\/www.campings.com\/fr\/content\/guide-vacances-france\/camping-mediterrannee\/","title":{"rendered":"Les meilleurs campings au bord de la M\u00e9diterrann\u00e9e"},"content":{"rendered":"<p>Le littoral m\u00e9diterran\u00e9en abrite les plus belles stations baln\u00e9aires de <a href=\"https:\/\/www.campings.com\/fr\/content\/guide-vacances-france\/\"><strong>France<\/strong><\/a>. Tr\u00e8s appr\u00e9ci\u00e9e des touristes, la c\u00f4te offre une grande diversit\u00e9 de paysages et regorge de belles plages de sable fin\u2026 Avec ses 300 km de c\u00f4tes, le littoral m\u00e9diterran\u00e9en et ses eaux cristallines constitue une destination privil\u00e9gi\u00e9e pour des vacances en famille.<\/p>\n<p>Au sud de la\u00a0<a href=\"https:\/\/www.campings.com\/fr\/france?type=country\">France<\/a>, la c\u00f4te m\u00e9diterran\u00e9enne b\u00e9n\u00e9ficie d\u2019un climat doux et ensoleill\u00e9. Avec ses paysages paradisiaques et ses plages aux eaux turquoise, le littoral m\u00e9diterran\u00e9en se pr\u00eate parfaitement pour des vacances en camping. Voici notre s\u00e9lection des meilleurs campings de la r\u00e9gion.<\/p>\n<h2><strong>Les campings en bord de mer<\/strong><\/h2>\n<h3><strong>Camping Le Fr\u00e9jus<\/strong><\/h3>\n<p>Situ\u00e9 \u00e0 Fr\u00e9jus dans le Var, \u00e0 6 km de la plage, ce camping propose une multitude d\u2019activit\u00e9s pour tous les \u00e2ges.<\/p>\n<p><a href=\"https:\/\/www.campings.com\/fr\/camping\/camping-le-frejus-77280\">Plus d\u2019infos sur le Camping Le Fr\u00e9jus.<\/a><\/p>\n<h3><strong>Camping les Dunes<\/strong><\/h3>\n<p>Ce camping 5 \u00e9toiles offre un acc\u00e8s direct \u00e0 la plage de Torreilles, dans les Pyr\u00e9n\u00e9es-Orientales. L\u2019\u00e9tablissement dispose de plusieurs piscines chauff\u00e9es.<\/p>\n<p><a href=\"https:\/\/www.campings.com\/fr\/camping\/camping-les-dunes-78623\">Plus d\u2019infos sur le Camping les Dunes.<\/a><\/p>\n<h3><strong>Camping Bleu Marine<\/strong><\/h3>\n<p>Implant\u00e9 \u00e0 S\u00e9rignan, ce camping offre un acc\u00e8s direct \u00e0 la plage. Les r\u00e9sidents peuvent profiter d\u2019une piscine chauff\u00e9e, de terrains de sport et d\u2019une aire de jeux.<\/p>\n<p><a href=\"https:\/\/www.campings.com\/fr\/camping\/camping-bleu-marine-78529\">Plus d\u2019infos sur le Camping Bleu Marine.\u00a0<\/a><\/p>\n<h3><strong>Camping Club Le Littoral<\/strong><\/h3>\n<p>Situ\u00e9 \u00e0 800 m de la plage, ce camping est tr\u00e8s appr\u00e9ci\u00e9 pour ses services et ses animations de qualit\u00e9.<\/p>\n<p><img loading=\"lazy\" decoding=\"async\" class=\"alignnone size-full wp-image-3381\" src=\"https:\/\/www.campings.com\/fr\/content\/wp-content\/uploads\/2022\/02\/Camping-mediterrannee-le-littoral-min.png\" alt=\"\" width=\"960\" height=\"720\" srcset=\"https:\/\/www.campings.com\/fr\/content\/wp-content\/uploads\/2022\/02\/Camping-mediterrannee-le-littoral-min.png 960w, https:\/\/www.campings.com\/fr\/content\/wp-content\/uploads\/2022\/02\/Camping-mediterrannee-le-littoral-min-300x225.png 300w, https:\/\/www.campings.com\/fr\/content\/wp-content\/uploads\/2022\/02\/Camping-mediterrannee-le-littoral-min-768x576.png 768w, https:\/\/www.campings.com\/fr\/content\/wp-content\/uploads\/2022\/02\/Camping-mediterrannee-le-littoral-min-450x338.png 450w, https:\/\/www.campings.com\/fr\/content\/wp-content\/uploads\/2022\/02\/Camping-mediterrannee-le-littoral-min-430x323.png 430w\" sizes=\"auto, (max-width: 960px) 100vw, 960px\" \/><\/p>\n<p><a href=\"https:\/\/www.campings.com\/fr\/camping\/camping-club-le-littoral-76763\">Plus d\u2019infos sur le Camping Club Le Littoral.<\/a><\/p>\n<h2><strong>Les campings pas chers sur la c\u00f4te m\u00e9diterran\u00e9enne<\/strong><\/h2>\n<p>Pour vos prochaines vacances, vous recherchez un camping pas cher situ\u00e9 sur le littoral m\u00e9diterran\u00e9en en\u00a0<a href=\"https:\/\/www.campings.com\/fr\/content\/guide-vacances-france\/\">France<\/a> ? Voici quelques suggestions.<\/p>\n<h3><strong>Camping La Presqu\u2019\u00cele<\/strong><\/h3>\n<p>\u00c0 Barcar\u00e8s, ce camping dispose de nombreuses infrastructures de loisirs pour passer des vacances agr\u00e9ables en famille.<\/p>\n<p><a href=\"https:\/\/www.campings.com\/fr\/camping\/camping-la-presquile-77535\">Plus d\u2019infos sur le Camping La Presqu\u2019Ile.<\/a><\/p>\n<h3><strong>Camping La Baie des Anges<\/strong><\/h3>\n<p>\u00c0 La Ciotat dans les Bouches-du-Rh\u00f4ne, ce camping est parfait pour des vacances en famille.<\/p>\n<p><a href=\"https:\/\/www.campings.com\/fr\/camping\/camping-la-baie-des-anges-77406\">Plus d\u2019infos sur le Camping La Baie des Anges.<\/a><\/p>\n<h3><strong>Camping Clair de Lune<\/strong><\/h3>\n<p>Situ\u00e9 \u00e0 600 m du bord de mer \u00e0 Giens (Var), ce camping b\u00e9n\u00e9ficie d\u2019une situation privil\u00e9gi\u00e9e. En \u00e9t\u00e9, une programmation riche et vari\u00e9e attend les r\u00e9sidents.<\/p>\n<p><a href=\"https:\/\/www.campings.com\/fr\/camping\/camping-clair-de-lune-85562\">Plus d\u2019infos sur le Camping Clair de Lune.<\/a><\/p>\n<h3><strong>Camping Marina Paradise<\/strong><\/h3>\n<p>\u00c0 400 m de la plage, \u00e0 Cogolin, ce camping vous r\u00e9serve un grand choix d\u2019animations pour un s\u00e9jour inoubliable.<\/p>\n<p><a href=\"https:\/\/www.campings.com\/fr\/camping\/camping-marina-paradise-77158\">Plus d\u2019infos sur le Camping Marina Paradise.<\/a><\/p>\n<h2><strong>Les campings avec parcs aquatiques<\/strong><\/h2>\n<h3><strong>Naia Village &#8211; Camping Paradis<\/strong><\/h3>\n<p>Ce camping est situ\u00e9 \u00e0 600 m du bord de mer, \u00e0 Barcar\u00e8s. L\u2019\u00e9tablissement dispose d\u2019une salle de fitness, d\u2019un terrain de p\u00e9tanque et d\u2019une aire de jeux.<\/p>\n<p><a href=\"https:\/\/www.campings.com\/fr\/camping\/naia-village-camping-paradis-76624\">Plus d\u2019infos sur Naia Village &#8211; Camping Paradis<\/a><\/p>\n<h3><strong>Camping Al Sol, un camping dans le sud de la France en M\u00e9diterran\u00e9e\u00a0<\/strong><\/h3>\n<p>\u00c0 Argel\u00e8s-sur-Mer, ce camping offre un choix d\u2019animations tr\u00e8s vari\u00e9.<\/p>\n<p><img loading=\"lazy\" decoding=\"async\" class=\"alignnone size-full wp-image-3380\" src=\"https:\/\/www.campings.com\/fr\/content\/wp-content\/uploads\/2022\/02\/Camping-mediterrannee-Al-sol-min.png\" alt=\"\" width=\"1000\" height=\"665\" srcset=\"https:\/\/www.campings.com\/fr\/content\/wp-content\/uploads\/2022\/02\/Camping-mediterrannee-Al-sol-min.png 1000w, https:\/\/www.campings.com\/fr\/content\/wp-content\/uploads\/2022\/02\/Camping-mediterrannee-Al-sol-min-300x200.png 300w, https:\/\/www.campings.com\/fr\/content\/wp-content\/uploads\/2022\/02\/Camping-mediterrannee-Al-sol-min-768x511.png 768w, https:\/\/www.campings.com\/fr\/content\/wp-content\/uploads\/2022\/02\/Camping-mediterrannee-Al-sol-min-450x299.png 450w, https:\/\/www.campings.com\/fr\/content\/wp-content\/uploads\/2022\/02\/Camping-mediterrannee-Al-sol-min-430x286.png 430w\" sizes=\"auto, (max-width: 1000px) 100vw, 1000px\" \/><\/p>\n<p><a href=\"https:\/\/www.campings.com\/fr\/camping\/camping-al-sol-76765\">Plus d\u2019infos sur le Camping Al Sol.<\/a><\/p>\n<h3><strong>Camping l\u2019Etoile d\u2019Or, un camping en M\u00e9diterran\u00e9e \u00e0 Argel\u00e8s\u00a0<\/strong><\/h3>\n<p>\u00c0 Argel\u00e8s-sur-Mer, ce camping est situ\u00e9 \u00e0 3 km du bord de mer seulement. Il dispose de deux piscines, d\u2019un espace bien-\u00eatre et d\u2019une aire de jeux.<\/p>\n<p><a href=\"https:\/\/www.campings.com\/fr\/camping\/camping-l-etoile-d-or-79472\">Plus d\u2019infos sur le Camping l\u2019Etoile d\u2019Or.<\/a><\/p>\n<h3><strong>Camping Club Les Tamaris, un camping 4 \u00e9toiles en M\u00e9diterran\u00e9e\u00a0<\/strong><\/h3>\n<p>Ce camping 4 \u00e9toiles sur les bords de la M\u00e9diterran\u00e9e, situ\u00e9 \u00e0 Barcar\u00e8s, a obtenu la m\u00e9daille d\u2019Or de la satisfaction client (en 2020 et 2021).<\/p>\n<p><a href=\"https:\/\/www.campings.com\/fr\/camping\/camping-club-les-tamaris-77541\">Plus d\u2019infos sur le Camping Club Les Tamaris.<\/a><\/p>\n<h2><strong>Les campings les pieds dans l\u2019eau en Corse<\/strong><\/h2>\n<p>Les plages de Corse figurent parmi les plus belles de\u00a0<a href=\"https:\/\/www.campings.com\/fr\/content\/guide-vacances-france\/\">France<\/a>. Pour en profiter pleinement, voici notre s\u00e9lection de campings les pieds dans l\u2019eau situ\u00e9s dans l\u2019\u00eele de beaut\u00e9.<\/p>\n<h3><strong>Camping Pezza Cardo<\/strong><\/h3>\n<p>\u00c0 Porto-Vecchio, ce camping b\u00e9n\u00e9ficie d\u2019un cadre privil\u00e9gi\u00e9 \u00e0 quelques kilom\u00e8tres de la plage seulement.<\/p>\n<p><a href=\"https:\/\/www.campings.com\/fr\/camping\/camping-pezza-cardo-79193\">Plus d\u2019infos sur le Camping Pezza Cardo.<\/a><\/p>\n<h3><strong>Camping Merendella, un camping avec acc\u00e8s direct \u00e0 la mer M\u00e9diterran\u00e9e\u00a0<\/strong><\/h3>\n<p>\u00c0 San-Nicolao, en Haute-Corse, ce camping offre un acc\u00e8s direct \u00e0 la plage de Moriani et diverses animations.<\/p>\n<p><a href=\"https:\/\/www.campings.com\/fr\/camping\/camping-merendella-79272\">Plus d\u2019infos sur le Camping Merendella.<\/a><\/p>\n<h3><strong>Camping U Pezzo<\/strong><\/h3>\n<p>\u00c0 Saint-Florent, en Haute-Corse, ce camping propose un large \u00e9ventail de loisirs pour satisfaire les r\u00e9sidents.<\/p>\n<p><a href=\"https:\/\/www.campings.com\/fr\/camping\/camping-u-pezzo-78255\">Plus d\u2019infos sur le Camping U pezzo.<\/a><\/p>\n<h3><strong>Camping Lacasa<\/strong><\/h3>\n<p>Ce camping familial comblera toutes vos attentes. Il met \u00e0 la disposition de ses r\u00e9sidents un grand choix d\u2019\u00e9quipements et services pour passer un s\u00e9jour inoubliable.<\/p>\n<p><a href=\"https:\/\/www.campings.com\/fr\/camping\/camping-lacasa-76972\">Plus d\u2019infos sur le camping Lacasa.<\/a><\/p>\n<p>&nbsp;<\/p>\n","protected":false},"excerpt":{"rendered":"<p>Le littoral m\u00e9diterran\u00e9en abrite les plus belles stations baln\u00e9aires de France. Tr\u00e8s appr\u00e9ci\u00e9e des touristes, la c\u00f4te offre une grande diversit\u00e9 de paysages et regorge de belles plages de sable fin\u2026 Avec ses 300 km de c\u00f4tes, le littoral m\u00e9diterran\u00e9en et ses eaux cristallines constitue une destination privil\u00e9gi\u00e9e pour des vacances en famille. Au sud [&hellip;]<\/p>\n","protected":false},"author":18,"featured_media":0,"parent":3360,"menu_order":0,"comment_status":"closed","ping_status":"closed","template":"template-twocolumns.php","meta":{"_acf_changed":false,"footnotes":""},"class_list":["post-3379","page","type-page","status-publish","hentry"],"acf":[],"yoast_head":"<!-- This site is optimized with the Yoast SEO plugin v27.1.1 - https:\/\/yoast.com\/product\/yoast-seo-wordpress\/ -->\n<title>Les meilleurs campings au bord de la M\u00e9diterrann\u00e9e -<\/title>\n<meta name=\"robots\" content=\"index, follow, max-snippet:-1, max-image-preview:large, max-video-preview:-1\" \/>\n<link rel=\"canonical\" href=\"https:\/\/www.campings.com\/fr\/content\/guide-vacances-france\/camping-mediterrannee\/\" \/>\n<meta property=\"og:locale\" content=\"fr_FR\" \/>\n<meta property=\"og:type\" content=\"article\" \/>\n<meta property=\"og:title\" content=\"Les meilleurs campings au bord de la M\u00e9diterrann\u00e9e -\" \/>\n<meta property=\"og:description\" content=\"Le littoral m\u00e9diterran\u00e9en abrite les plus belles stations baln\u00e9aires de France. Tr\u00e8s appr\u00e9ci\u00e9e des touristes, la c\u00f4te offre une grande diversit\u00e9 de paysages et regorge de belles plages de sable fin\u2026 Avec ses 300 km de c\u00f4tes, le littoral m\u00e9diterran\u00e9en et ses eaux cristallines constitue une destination privil\u00e9gi\u00e9e pour des vacances en famille. Au sud [&hellip;]\" \/>\n<meta property=\"og:url\" content=\"https:\/\/www.campings.com\/fr\/content\/guide-vacances-france\/camping-mediterrannee\/\" \/>\n<meta property=\"article:modified_time\" content=\"2022-03-25T10:38:39+00:00\" \/>\n<meta property=\"og:image\" content=\"https:\/\/www.campings.com\/fr\/content\/wp-content\/uploads\/2022\/02\/Camping-mediterrannee-le-littoral-min.png\" \/>\n\t<meta property=\"og:image:width\" content=\"960\" \/>\n\t<meta property=\"og:image:height\" content=\"720\" \/>\n\t<meta property=\"og:image:type\" content=\"image\/png\" \/>\n<meta name=\"twitter:card\" content=\"summary_large_image\" \/>\n<meta name=\"twitter:label1\" content=\"Dur\u00e9e de lecture estim\u00e9e\" \/>\n\t<meta name=\"twitter:data1\" content=\"4 minutes\" \/>\n<script type=\"application\/ld+json\" class=\"yoast-schema-graph\">{\"@context\":\"https:\/\/schema.org\",\"@graph\":[{\"@type\":\"WebPage\",\"@id\":\"https:\/\/www.campings.com\/fr\/content\/guide-vacances-france\/camping-mediterrannee\/\",\"url\":\"https:\/\/www.campings.com\/fr\/content\/guide-vacances-france\/camping-mediterrannee\/\",\"name\":\"Les meilleurs campings au bord de la M\u00e9diterrann\u00e9e -\",\"isPartOf\":{\"@id\":\"https:\/\/www.campings.com\/fr\/content\/#website\"},\"primaryImageOfPage\":{\"@id\":\"https:\/\/www.campings.com\/fr\/content\/guide-vacances-france\/camping-mediterrannee\/#primaryimage\"},\"image\":{\"@id\":\"https:\/\/www.campings.com\/fr\/content\/guide-vacances-france\/camping-mediterrannee\/#primaryimage\"},\"thumbnailUrl\":\"https:\/\/www.campings.com\/fr\/content\/wp-content\/uploads\/2022\/02\/Camping-mediterrannee-le-littoral-min.png\",\"datePublished\":\"2022-02-11T14:17:42+00:00\",\"dateModified\":\"2022-03-25T10:38:39+00:00\",\"breadcrumb\":{\"@id\":\"https:\/\/www.campings.com\/fr\/content\/guide-vacances-france\/camping-mediterrannee\/#breadcrumb\"},\"inLanguage\":\"fr-FR\",\"potentialAction\":[{\"@type\":\"ReadAction\",\"target\":[\"https:\/\/www.campings.com\/fr\/content\/guide-vacances-france\/camping-mediterrannee\/\"]}]},{\"@type\":\"ImageObject\",\"inLanguage\":\"fr-FR\",\"@id\":\"https:\/\/www.campings.com\/fr\/content\/guide-vacances-france\/camping-mediterrannee\/#primaryimage\",\"url\":\"https:\/\/www.campings.com\/fr\/content\/wp-content\/uploads\/2022\/02\/Camping-mediterrannee-le-littoral-min.png\",\"contentUrl\":\"https:\/\/www.campings.com\/fr\/content\/wp-content\/uploads\/2022\/02\/Camping-mediterrannee-le-littoral-min.png\",\"width\":960,\"height\":720},{\"@type\":\"BreadcrumbList\",\"@id\":\"https:\/\/www.campings.com\/fr\/content\/guide-vacances-france\/camping-mediterrannee\/#breadcrumb\",\"itemListElement\":[{\"@type\":\"ListItem\",\"position\":1,\"name\":\"Home\",\"item\":\"https:\/\/www.campings.com\/fr\/content\/\"},{\"@type\":\"ListItem\",\"position\":2,\"name\":\"Le guide de vos vacances en France\",\"item\":\"https:\/\/www.campings.com\/fr\/content\/guide-vacances-france\/\"},{\"@type\":\"ListItem\",\"position\":3,\"name\":\"Les meilleurs campings au bord de la M\u00e9diterrann\u00e9e\"}]},{\"@type\":\"WebSite\",\"@id\":\"https:\/\/www.campings.com\/fr\/content\/#website\",\"url\":\"https:\/\/www.campings.com\/fr\/content\/\",\"name\":\"\",\"description\":\"\",\"publisher\":{\"@id\":\"https:\/\/www.campings.com\/fr\/content\/#organization\"},\"potentialAction\":[{\"@type\":\"SearchAction\",\"target\":{\"@type\":\"EntryPoint\",\"urlTemplate\":\"https:\/\/www.campings.com\/fr\/content\/?s={search_term_string}\"},\"query-input\":{\"@type\":\"PropertyValueSpecification\",\"valueRequired\":true,\"valueName\":\"search_term_string\"}}],\"inLanguage\":\"fr-FR\"},{\"@type\":\"Organization\",\"@id\":\"https:\/\/www.campings.com\/fr\/content\/#organization\",\"name\":\"CAMPINGS.COM\",\"url\":\"https:\/\/www.campings.com\/fr\/content\/\",\"logo\":{\"@type\":\"ImageObject\",\"inLanguage\":\"fr-FR\",\"@id\":\"https:\/\/www.campings.com\/fr\/content\/#\/schema\/logo\/image\/\",\"url\":\"https:\/\/www.campings.com\/fr\/content\/wp-content\/uploads\/2019\/01\/cropped-logo-1.png\",\"contentUrl\":\"https:\/\/www.campings.com\/fr\/content\/wp-content\/uploads\/2019\/01\/cropped-logo-1.png\",\"width\":174,\"height\":42,\"caption\":\"CAMPINGS.COM\"},\"image\":{\"@id\":\"https:\/\/www.campings.com\/fr\/content\/#\/schema\/logo\/image\/\"}}]}<\/script>\n<!-- \/ Yoast SEO plugin. -->","yoast_head_json":{"title":"Les meilleurs campings au bord de la M\u00e9diterrann\u00e9e -","robots":{"index":"index","follow":"follow","max-snippet":"max-snippet:-1","max-image-preview":"max-image-preview:large","max-video-preview":"max-video-preview:-1"},"canonical":"https:\/\/www.campings.com\/fr\/content\/guide-vacances-france\/camping-mediterrannee\/","og_locale":"fr_FR","og_type":"article","og_title":"Les meilleurs campings au bord de la M\u00e9diterrann\u00e9e -","og_description":"Le littoral m\u00e9diterran\u00e9en abrite les plus belles stations baln\u00e9aires de France. Tr\u00e8s appr\u00e9ci\u00e9e des touristes, la c\u00f4te offre une grande diversit\u00e9 de paysages et regorge de belles plages de sable fin\u2026 Avec ses 300 km de c\u00f4tes, le littoral m\u00e9diterran\u00e9en et ses eaux cristallines constitue une destination privil\u00e9gi\u00e9e pour des vacances en famille. Au sud [&hellip;]","og_url":"https:\/\/www.campings.com\/fr\/content\/guide-vacances-france\/camping-mediterrannee\/","article_modified_time":"2022-03-25T10:38:39+00:00","og_image":[{"width":960,"height":720,"url":"https:\/\/www.campings.com\/fr\/content\/wp-content\/uploads\/2022\/02\/Camping-mediterrannee-le-littoral-min.png","type":"image\/png"}],"twitter_card":"summary_large_image","twitter_misc":{"Dur\u00e9e de lecture estim\u00e9e":"4 minutes"},"schema":{"@context":"https:\/\/schema.org","@graph":[{"@type":"WebPage","@id":"https:\/\/www.campings.com\/fr\/content\/guide-vacances-france\/camping-mediterrannee\/","url":"https:\/\/www.campings.com\/fr\/content\/guide-vacances-france\/camping-mediterrannee\/","name":"Les meilleurs campings au bord de la M\u00e9diterrann\u00e9e -","isPartOf":{"@id":"https:\/\/www.campings.com\/fr\/content\/#website"},"primaryImageOfPage":{"@id":"https:\/\/www.campings.com\/fr\/content\/guide-vacances-france\/camping-mediterrannee\/#primaryimage"},"image":{"@id":"https:\/\/www.campings.com\/fr\/content\/guide-vacances-france\/camping-mediterrannee\/#primaryimage"},"thumbnailUrl":"https:\/\/www.campings.com\/fr\/content\/wp-content\/uploads\/2022\/02\/Camping-mediterrannee-le-littoral-min.png","datePublished":"2022-02-11T14:17:42+00:00","dateModified":"2022-03-25T10:38:39+00:00","breadcrumb":{"@id":"https:\/\/www.campings.com\/fr\/content\/guide-vacances-france\/camping-mediterrannee\/#breadcrumb"},"inLanguage":"fr-FR","potentialAction":[{"@type":"ReadAction","target":["https:\/\/www.campings.com\/fr\/content\/guide-vacances-france\/camping-mediterrannee\/"]}]},{"@type":"ImageObject","inLanguage":"fr-FR","@id":"https:\/\/www.campings.com\/fr\/content\/guide-vacances-france\/camping-mediterrannee\/#primaryimage","url":"https:\/\/www.campings.com\/fr\/content\/wp-content\/uploads\/2022\/02\/Camping-mediterrannee-le-littoral-min.png","contentUrl":"https:\/\/www.campings.com\/fr\/content\/wp-content\/uploads\/2022\/02\/Camping-mediterrannee-le-littoral-min.png","width":960,"height":720},{"@type":"BreadcrumbList","@id":"https:\/\/www.campings.com\/fr\/content\/guide-vacances-france\/camping-mediterrannee\/#breadcrumb","itemListElement":[{"@type":"ListItem","position":1,"name":"Home","item":"https:\/\/www.campings.com\/fr\/content\/"},{"@type":"ListItem","position":2,"name":"Le guide de vos vacances en France","item":"https:\/\/www.campings.com\/fr\/content\/guide-vacances-france\/"},{"@type":"ListItem","position":3,"name":"Les meilleurs campings au bord de la M\u00e9diterrann\u00e9e"}]},{"@type":"WebSite","@id":"https:\/\/www.campings.com\/fr\/content\/#website","url":"https:\/\/www.campings.com\/fr\/content\/","name":"","description":"","publisher":{"@id":"https:\/\/www.campings.com\/fr\/content\/#organization"},"potentialAction":[{"@type":"SearchAction","target":{"@type":"EntryPoint","urlTemplate":"https:\/\/www.campings.com\/fr\/content\/?s={search_term_string}"},"query-input":{"@type":"PropertyValueSpecification","valueRequired":true,"valueName":"search_term_string"}}],"inLanguage":"fr-FR"},{"@type":"Organization","@id":"https:\/\/www.campings.com\/fr\/content\/#organization","name":"CAMPINGS.COM","url":"https:\/\/www.campings.com\/fr\/content\/","logo":{"@type":"ImageObject","inLanguage":"fr-FR","@id":"https:\/\/www.campings.com\/fr\/content\/#\/schema\/logo\/image\/","url":"https:\/\/www.campings.com\/fr\/content\/wp-content\/uploads\/2019\/01\/cropped-logo-1.png","contentUrl":"https:\/\/www.campings.com\/fr\/content\/wp-content\/uploads\/2019\/01\/cropped-logo-1.png","width":174,"height":42,"caption":"CAMPINGS.COM"},"image":{"@id":"https:\/\/www.campings.com\/fr\/content\/#\/schema\/logo\/image\/"}}]}},"_links":{"self":[{"href":"https:\/\/www.campings.com\/fr\/content\/wp-json\/wp\/v2\/pages\/3379","targetHints":{"allow":["GET"]}}],"collection":[{"href":"https:\/\/www.campings.com\/fr\/content\/wp-json\/wp\/v2\/pages"}],"about":[{"href":"https:\/\/www.campings.com\/fr\/content\/wp-json\/wp\/v2\/types\/page"}],"author":[{"embeddable":true,"href":"https:\/\/www.campings.com\/fr\/content\/wp-json\/wp\/v2\/users\/18"}],"replies":[{"embeddable":true,"href":"https:\/\/www.campings.com\/fr\/content\/wp-json\/wp\/v2\/comments?post=3379"}],"version-history":[{"count":4,"href":"https:\/\/www.campings.com\/fr\/content\/wp-json\/wp\/v2\/pages\/3379\/revisions"}],"predecessor-version":[{"id":3909,"href":"https:\/\/www.campings.com\/fr\/content\/wp-json\/wp\/v2\/pages\/3379\/revisions\/3909"}],"up":[{"embeddable":true,"href":"https:\/\/www.campings.com\/fr\/content\/wp-json\/wp\/v2\/pages\/3360"}],"wp:attachment":[{"href":"https:\/\/www.campings.com\/fr\/content\/wp-json\/wp\/v2\/media?parent=3379"}],"curies":[{"name":"wp","href":"https:\/\/api.w.org\/{rel}","templated":true}]}}