{"id":3347,"date":"2022-02-11T11:51:45","date_gmt":"2022-02-11T11:51:45","guid":{"rendered":"https:\/\/www.campings.com\/fr\/content\/?page_id=3347"},"modified":"2022-03-25T09:57:43","modified_gmt":"2022-03-25T09:57:43","slug":"sites-naturels-var","status":"publish","type":"page","link":"https:\/\/www.campings.com\/fr\/content\/guide-vacances-var\/sites-naturels-var\/","title":{"rendered":"Les sites naturels incontournables dans le Var"},"content":{"rendered":"<p>Avec ses villages perch\u00e9s, ses criques et ses \u00e9tendues de sable fin, le <strong><a href=\"https:\/\/www.campings.com\/fr\/content\/guide-vacances-var\/\">Var<\/a> <\/strong>est un v\u00e9ritable coin de paradis. Entre mer et for\u00eats, cette destination nature s\u00e9duit tous les amateurs d\u2019activit\u00e9s de plein air !<\/p>\n<p>Situ\u00e9 au bord de la M\u00e9diterran\u00e9e, le<strong>\u00a0<\/strong><a href=\"https:\/\/www.campings.com\/fr\/france\/provence-alpes-cote-d-azur\/var\"><strong>Var<\/strong><\/a> est un v\u00e9ritable joyau de la r\u00e9gion Provence-Alpes-C\u00f4te-D\u2019azur<strong>.\u00a0<\/strong>Tr\u00e8s appr\u00e9ci\u00e9 par les<strong>\u00a0<\/strong>vacanciers, le d\u00e9partement b\u00e9n\u00e9ficie d\u2019un climat m\u00e9diterran\u00e9en doux et ensoleill\u00e9 toute l\u2019ann\u00e9e. Entre baignades, randonn\u00e9es, visites culturelles, vous ne risquez pas de vous ennuyer. Et avec 428 670 hectares de for\u00eat, ce d\u00e9partement abrite une faune et une flore d\u2019une incroyable richesse \u00e0 d\u00e9couvrir. Voici notre s\u00e9lection des plus beaux sites naturels \u00e0 d\u00e9couvrir pendant votre s\u00e9jour.<\/p>\n<h2><strong>Partir \u00e0 la d\u00e9couverte des Gorges du Verdon<\/strong><\/h2>\n<p>Les Gorges du Verdon est l\u2019un des sites les plus visit\u00e9s de France. D\u2019une profondeur de 750 m et s\u2019\u00e9tendant sur 100 kilom\u00e8tres, ce site spectaculaire est consid\u00e9r\u00e9 comme le plus grand canyon d\u2019Europe. Pendant votre s\u00e9jour, vous pourrez y pratiquer des activit\u00e9s nautiques comme le kayak, mais aussi l\u2019escalade, le parachute ou la randonn\u00e9e\u2026 Vous pourrez vous baigner dans les nombreux lacs du Verdon : lac de Quinson, lac de Castillon, lac d\u2019Artignosc\u2026 Les magnifiques cascades du Verdon valent aussi le d\u00e9tour : Sillans-la-Cascade, Vallon des Carmes\u2026<br \/>\nAfin de mieux conna\u00eetre la r\u00e9gion, ne manquez pas de visiter les villages \u00e0 proximit\u00e9 comme Aiguines, Barg\u00e8me ou Allemagne-en-Provence\u2026<\/p>\n<p><img loading=\"lazy\" decoding=\"async\" class=\"alignnone size-full wp-image-3349\" src=\"https:\/\/www.campings.com\/fr\/content\/wp-content\/uploads\/2022\/02\/Sites-Naturels_Gorges-du-Verdon-min.png\" alt=\"\" width=\"1000\" height=\"665\" srcset=\"https:\/\/www.campings.com\/fr\/content\/wp-content\/uploads\/2022\/02\/Sites-Naturels_Gorges-du-Verdon-min.png 1000w, https:\/\/www.campings.com\/fr\/content\/wp-content\/uploads\/2022\/02\/Sites-Naturels_Gorges-du-Verdon-min-300x200.png 300w, https:\/\/www.campings.com\/fr\/content\/wp-content\/uploads\/2022\/02\/Sites-Naturels_Gorges-du-Verdon-min-768x511.png 768w, https:\/\/www.campings.com\/fr\/content\/wp-content\/uploads\/2022\/02\/Sites-Naturels_Gorges-du-Verdon-min-450x299.png 450w, https:\/\/www.campings.com\/fr\/content\/wp-content\/uploads\/2022\/02\/Sites-Naturels_Gorges-du-Verdon-min-430x286.png 430w\" sizes=\"auto, (max-width: 1000px) 100vw, 1000px\" \/><\/p>\n<h2><strong>Improviser une baignade dans le lac de Sainte-Croix<\/strong><\/h2>\n<p>Le lac de Sainte-Croix est un paradis pour les amateurs de baignade en eau douce. Si vous \u00eates de passage dans le coin, ce spot est incontournable. Avec son eau turquoise et ses plages de sable blanc, ce lieu est un v\u00e9ritable enchantement. Parmi les trois plages surveill\u00e9es, vous aurez le choix entre Les Salles-sur-Verdon, Bauduen et Sainte-Croix-du-Verdon. Sur place, vous pourrez b\u00e9n\u00e9ficier d\u2019infrastructures destin\u00e9es \u00e0 rendre votre passage plus agr\u00e9able.<\/p>\n<h2><strong>Voir l\u2019archipel des Embiez et l\u2019\u00eele de Bendor<\/strong><\/h2>\n<p>Avec sa faune et sa flore riche et vari\u00e9e, l\u2019archipel des Embiez est l\u2019un des joyaux du d\u00e9partement du Var. Faire le tour de cette \u00eele permet de d\u00e9couvrir une tout autre facette de la M\u00e9diterran\u00e9e. Le voyage dure environ 2 heures. C\u00f4t\u00e9 loisirs, vous ne risquez pas de vous ennuyer. Vous pourrez y pratiquer la plong\u00e9e sous-marine, le kayak, le stand up paddle, etc. En allant vers Bandol, partez \u00e0 la d\u00e9couverte de la petite \u00eele de Bendor. Avec ses criques, la mer \u00e0 perte de vue, son village de cr\u00e9ateurs, ce lieu ne manque pas de charme.<\/p>\n<h2><strong>Admirer le paysage depuis les hauteurs du Var<\/strong><\/h2>\n<p>Envie de vous \u00e9vader en contemplant les paysages m\u00e9diterran\u00e9ens sur les hauteurs du\u00a0<a href=\"https:\/\/www.campings.com\/fr\/content\/guide-vacances-var\/\"><strong>Var<\/strong><\/a> ? Voici quelques id\u00e9es qui devraient vous inspirer.<\/p>\n<h3><strong>Le Mont Lachens<\/strong><\/h3>\n<p>Culminant \u00e0 1 715 m\u00e8tres, le Mont Lachens qu\u2019on appelle \u00ab le toit du Var \u00bb promet une tr\u00e8s belle randonn\u00e9e. D\u00e8s la premi\u00e8re partie de la mont\u00e9e, vous serez conquis par la vue sur Barg\u00e8me et la montagne de Brouis. Une fois au sommet, vous admirerez un panorama \u00e0 360\u00b0 donnant sur l\u2019arri\u00e8re-pays Grassois, la baie de Cannes et les Alpes-de-Haute-Provence.<\/p>\n<h3><strong>Le massif de l\u2019Est\u00e9rel<\/strong><\/h3>\n<p>Le massif de l\u2019Esterel, \u00e0 la roche de couleur rouge, fait partie du r\u00e9seau Natura 2000, rassemblant les plus beaux espaces naturels d\u2019Europe. Le temps d\u2019une promenade, vous d\u00e9couvrirez l\u2019incroyable diversit\u00e9 de la v\u00e9g\u00e9tation qu\u2019il abrite. Sur place, vous pourrez pratiquer la randonn\u00e9e \u00e0 pied, le VTT, le kayak ou l\u2019escalade. Plusieurs activit\u00e9s s\u2019offrent \u00e0 vous pour vivre une belle journ\u00e9e en famille.<\/p>\n<h3><strong>Le massif de la Sainte-Baume<\/strong><\/h3>\n<p>En escaladant ce massif, vous pourrez mieux observer le contraste saisissant entre l\u2019adret et l\u2019ubac. Une fois au sommet, vous pourrez contempler toute la splendeur des ch\u00eanes, des pins sylvestres et des h\u00eatraies.<\/p>\n<h3><strong>Le massif des Maures<\/strong><\/h3>\n<p>Bien que la mont\u00e9e de ce massif soit assez sportive, vous serez r\u00e9compens\u00e9s par une vue grandiose, une fois au sommet. Le massif des Maures est l\u2019un des coins les plus sauvages de Provence. La randonn\u00e9e peut se faire \u00e0 pied ou \u00e0 cheval. Pendant ce parcours, vous d\u00e9couvrirez \u00e9galement ses petits villages typiques tels que La Garde Freinet, Cogolin\u2026 Le massif est entour\u00e9 d\u2019une for\u00eat de ch\u00eanes li\u00e8ges et de ch\u00e2taigneraies.<\/p>\n<p><img loading=\"lazy\" decoding=\"async\" class=\"alignnone size-full wp-image-3348\" src=\"https:\/\/www.campings.com\/fr\/content\/wp-content\/uploads\/2022\/02\/Sites-naturels_Les-Maures-min.png\" alt=\"\" width=\"1000\" height=\"665\" srcset=\"https:\/\/www.campings.com\/fr\/content\/wp-content\/uploads\/2022\/02\/Sites-naturels_Les-Maures-min.png 1000w, https:\/\/www.campings.com\/fr\/content\/wp-content\/uploads\/2022\/02\/Sites-naturels_Les-Maures-min-300x200.png 300w, https:\/\/www.campings.com\/fr\/content\/wp-content\/uploads\/2022\/02\/Sites-naturels_Les-Maures-min-768x511.png 768w, https:\/\/www.campings.com\/fr\/content\/wp-content\/uploads\/2022\/02\/Sites-naturels_Les-Maures-min-450x299.png 450w, https:\/\/www.campings.com\/fr\/content\/wp-content\/uploads\/2022\/02\/Sites-naturels_Les-Maures-min-430x286.png 430w\" sizes=\"auto, (max-width: 1000px) 100vw, 1000px\" \/><\/p>\n<h2><strong>Visiter les grottes de Villecroze<\/strong><\/h2>\n<p>Pour une sortie en famille riche en d\u00e9couvertes, ne ratez pas la visite des grottes de Villecroze ! Vous y d\u00e9couvrirez l\u2019histoire de ces grottes troglodytiques, racont\u00e9e par un guide passionn\u00e9. Vous y verrez des stalactites en colonne, un spectacle surprenant \u00e0 ne pas manquer. Une fois la visite termin\u00e9e, vous profiterez du parc, du jardin botanique et m\u00eame d\u2019une cascade de 35 m\u00e8tres ! Et pour cl\u00f4turer votre journ\u00e9e en beaut\u00e9, une promenade dans le village m\u00e9di\u00e9val de Villecroze s\u2019impose. Les ruelles et passages \u00e9troits font tout son charme !<\/p>\n<h2><strong>Parcourir le sentier du littoral<\/strong><\/h2>\n<p>Le sentier du littoral est un parcours qui vous fera d\u00e9couvrir des paysages de toute beaut\u00e9. Avec ses criques et ses petites plages secr\u00e8tes, la c\u00f4te d\u2019Azur regorge de magnifiques endroits o\u00f9 se d\u00e9tendre et profiter de l\u2019air frais. Le parcours dure environ 2h30. Avec ses passages parfois difficiles, ce parcours est parfait pour faire un peu de sport. Pensez \u00e0 vous \u00e9quiper de chaussures confortables et antid\u00e9rapantes.<\/p>\n<h2><strong>Le Parc National de Port-Cros<\/strong><\/h2>\n<p>Ce beau parc est nich\u00e9 en plein c\u0153ur de l\u2019archipel c\u00f4tier des \u00eeles d\u2019Hy\u00e8res. Il comprend les \u00eeles de Port-Cros, l\u2019\u00eelot de la Gabini\u00e8re, le rocher du Rascas et une partie de l\u2019\u00eele de Porquerolles. Dans ce tr\u00e8s vaste parc, vous pourrez observer une faune impressionnante et plus de 700 esp\u00e8ces de plantes. Vous serez plong\u00e9s dans un cadre idyllique, parfait pour se d\u00e9tendre. En famille ou entre amis, ce parc est l\u2019endroit parfait pour se d\u00e9tendre et passer un moment agr\u00e9able.<\/p>\n<h2><strong>Les sentiers sous-marins du Var, parmi les plus beaux d\u2019Europe<\/strong><\/h2>\n<p>Les fonds marins du Var sont class\u00e9s parmi les plus beaux d\u2019Europe. Ils sont peupl\u00e9s d\u2019innombrables esp\u00e8ces de poissons multicolores, d\u2019oursins, d\u2019\u00e9toiles de mer\u2026 Pour rencontrer ces merveilles, enfilez un masque, un tuba et une combinaison adapt\u00e9e. Voici quelques spots qui valent le d\u00e9tour :<\/p>\n<ul>\n<li>Le sentier sous-marin de l\u2019Anse Magaud, \u00e0 La Garde, \u00e0 proximit\u00e9 de Toulon ;<\/li>\n<li>Le sentier sous-marin de la Palud situ\u00e9 dans le Parc national de Port-Cros ;<\/li>\n<li>Le sentier sous-marin du site arch\u00e9ologique d\u2019Olbia dans les \u00eeles d\u2019Hy\u00e8res ;<\/li>\n<li>Le sentier sous-marin du jardin des Mattes situ\u00e9 en face de l\u2019\u00eele de Porquerolles ;<\/li>\n<li>Le sentier sous-marin de l\u2019\u00eelot du Crocodile sur la plage de Jovat ;<\/li>\n<li>Le sentier sous-marin de Pampelonne pr\u00e8s du Cap Camarat.<\/li>\n<\/ul>\n<h2><strong>La rade de Toulon<\/strong><\/h2>\n<p>Si vous \u00eates en qu\u00eate de d\u00e9paysement, ne manquez pas de visiter la rade de Toulon. Avec sa succession de plages de sable et de galets, ses criques et ses calanques, l\u2019endroit est une pure merveille. Afin de mieux le d\u00e9couvrir, une visite en bateau-bus s\u2019impose. Le R\u00e9seau Mistral dessert cette partie de la M\u00e9diterran\u00e9e. Vous pourrez d\u00e9couvrir les fermes aquacoles install\u00e9es depuis le 19e si\u00e8cle, qui continuent d\u2019impressionner les visiteurs.<\/p>\n<h2><strong>S\u00e9lection de campings<\/strong><\/h2>\n<p>Si vous souhaitez r\u00e9sider \u00e0 proximit\u00e9 des sites naturels du\u00a0<a href=\"https:\/\/www.campings.com\/fr\/content\/guide-vacances-var\/\"><strong>Var<\/strong><\/a>, choisissez parmi les campings suivants.<\/p>\n<h3><strong>Le Camping Le Ruou &#8211; Camping Paradis<\/strong><\/h3>\n<p>Si vous programmez une visite des grottes de Villecroze, ce camping est l\u2019adresse id\u00e9ale. Cet \u00e9tablissement familial tr\u00e8s convivial propose diff\u00e9rentes activit\u00e9s pour occuper les familles. Vous aurez acc\u00e8s aux tables de ping-pong, un toboggan, une piscine ext\u00e9rieure chauff\u00e9e, un bain \u00e0 remous et m\u00eame un jacuzzi. Sur place, vous pourrez aussi vous restaurer dans un snack pour faire le plein d\u2019\u00e9nergie.<\/p>\n<p>Adresse : 309, Route D\u00e9partementale 560, 83690 Villecroze<\/p>\n<p><a href=\"https:\/\/www.campings.com\/fr\/camping\/camping-le-ruou-camping-paradis-78760\">Plus d\u2019infos sur le Camping Le Ruou &#8211; Camping Paradis<\/a>.<\/p>\n<h3><strong>Le Camping Les Cadeni\u00e8res<\/strong><\/h3>\n<p>\u00c0 Villecroze, ce camping est parfait pour des vacances en famille r\u00e9ussies. Situ\u00e9 \u00e0 proximit\u00e9 des sites naturels, il constitue un excellent point de d\u00e9part pour partir en randonn\u00e9e. Au sein de l\u2019\u00e9tablissement vous aurez acc\u00e8s \u00e0 un large \u00e9ventail d\u2019activit\u00e9s et loisirs pour satisfaire toutes les envies. Entre le toboggan aquatique, l\u2019aire de jeux, la pataugeoire et les sports propos\u00e9s, vous ne risquez pas de vous ennuyer. Le camping dispose de mobil-homes confortables et bien \u00e9quip\u00e9s, pour vous faire passer un s\u00e9jour agr\u00e9able. Vous pourrez louer un mobil-home pour couple ou un mobil-home familial.<\/p>\n<p>Adresse : RD 560, 83690 Villecroze<\/p>\n<p><a href=\"https:\/\/www.campings.com\/fr\/camping\/camping-les-cadenieres-78758\">Plus d\u2019infos sur le Camping Les Cadeni\u00e8res<\/a>.<\/p>\n<h3><strong>Le Camping le Domaine de Chanteraine<\/strong><\/h3>\n<p>\u00c0 Aiguines, ce camping est un endroit parfait o\u00f9 se ressourcer en famille. Situ\u00e9 dans un cadre convivial en pleine nature, ce camping convient aussi bien aux couples qu\u2019aux familles. Sur place, de nombreuses activit\u00e9s sont propos\u00e9es : baby-foot, ping-pong, baignades, etc. Le camping dispose d\u2019une piscine ext\u00e9rieure chauff\u00e9e accessible toute l\u2019ann\u00e9e pour vous baigner. Ainsi, vous pourrez vous pr\u00e9lasser tranquillement au bord de la piscine, confortablement install\u00e9 sur un transat. C\u00f4t\u00e9 services, tout a \u00e9t\u00e9 pens\u00e9 pour vous garantir un s\u00e9jour agr\u00e9able. Vous aurez acc\u00e8s \u00e0 un restaurant, un snack, une \u00e9picerie, une laverie et un d\u00e9p\u00f4t de pain. Confortables et spacieux, les mobil-homes disponibles sur place s\u2019adaptent aux besoins de chaque famille.<\/p>\n<p>Adresse : Domaine de Chanteraine, Chanteraine, 83630 Aiguines<\/p>\n<p><a href=\"https:\/\/www.campings.com\/fr\/camping\/camping-le-domaine-de-chanteraine-76613\">Plus d\u2019infos sur le Camping le Domaine de Chanteraine<\/a>.<\/p>\n","protected":false},"excerpt":{"rendered":"<p>Avec ses villages perch\u00e9s, ses criques et ses \u00e9tendues de sable fin, le Var est un v\u00e9ritable coin de paradis. Entre mer et for\u00eats, cette destination nature s\u00e9duit tous les amateurs d\u2019activit\u00e9s de plein air ! Situ\u00e9 au bord de la M\u00e9diterran\u00e9e, le\u00a0Var est un v\u00e9ritable joyau de la r\u00e9gion Provence-Alpes-C\u00f4te-D\u2019azur.\u00a0Tr\u00e8s appr\u00e9ci\u00e9 par les\u00a0vacanciers, le [&hellip;]<\/p>\n","protected":false},"author":18,"featured_media":0,"parent":3309,"menu_order":0,"comment_status":"closed","ping_status":"closed","template":"template-twocolumns.php","meta":{"_acf_changed":false,"footnotes":""},"class_list":["post-3347","page","type-page","status-publish","hentry"],"acf":[],"yoast_head":"<!-- This site is optimized with the Yoast SEO plugin v27.1.1 - https:\/\/yoast.com\/product\/yoast-seo-wordpress\/ -->\n<title>Les sites naturels incontournables dans le Var -<\/title>\n<meta name=\"robots\" content=\"index, follow, max-snippet:-1, max-image-preview:large, max-video-preview:-1\" \/>\n<link rel=\"canonical\" href=\"https:\/\/www.campings.com\/fr\/content\/guide-vacances-var\/sites-naturels-var\/\" \/>\n<meta property=\"og:locale\" content=\"fr_FR\" \/>\n<meta property=\"og:type\" content=\"article\" \/>\n<meta property=\"og:title\" content=\"Les sites naturels incontournables dans le Var -\" \/>\n<meta property=\"og:description\" content=\"Avec ses villages perch\u00e9s, ses criques et ses \u00e9tendues de sable fin, le Var est un v\u00e9ritable coin de paradis. Entre mer et for\u00eats, cette destination nature s\u00e9duit tous les amateurs d\u2019activit\u00e9s de plein air ! Situ\u00e9 au bord de la M\u00e9diterran\u00e9e, le\u00a0Var est un v\u00e9ritable joyau de la r\u00e9gion Provence-Alpes-C\u00f4te-D\u2019azur.\u00a0Tr\u00e8s appr\u00e9ci\u00e9 par les\u00a0vacanciers, le [&hellip;]\" \/>\n<meta property=\"og:url\" content=\"https:\/\/www.campings.com\/fr\/content\/guide-vacances-var\/sites-naturels-var\/\" \/>\n<meta property=\"article:modified_time\" content=\"2022-03-25T09:57:43+00:00\" \/>\n<meta property=\"og:image\" content=\"https:\/\/www.campings.com\/fr\/content\/wp-content\/uploads\/2022\/02\/Sites-Naturels_Gorges-du-Verdon-min.png\" \/>\n\t<meta property=\"og:image:width\" content=\"1000\" \/>\n\t<meta property=\"og:image:height\" content=\"665\" \/>\n\t<meta property=\"og:image:type\" content=\"image\/png\" \/>\n<meta name=\"twitter:card\" content=\"summary_large_image\" \/>\n<meta name=\"twitter:label1\" content=\"Dur\u00e9e de lecture estim\u00e9e\" \/>\n\t<meta name=\"twitter:data1\" content=\"8 minutes\" \/>\n<script type=\"application\/ld+json\" class=\"yoast-schema-graph\">{\"@context\":\"https:\/\/schema.org\",\"@graph\":[{\"@type\":\"WebPage\",\"@id\":\"https:\/\/www.campings.com\/fr\/content\/guide-vacances-var\/sites-naturels-var\/\",\"url\":\"https:\/\/www.campings.com\/fr\/content\/guide-vacances-var\/sites-naturels-var\/\",\"name\":\"Les sites naturels incontournables dans le Var -\",\"isPartOf\":{\"@id\":\"https:\/\/www.campings.com\/fr\/content\/#website\"},\"primaryImageOfPage\":{\"@id\":\"https:\/\/www.campings.com\/fr\/content\/guide-vacances-var\/sites-naturels-var\/#primaryimage\"},\"image\":{\"@id\":\"https:\/\/www.campings.com\/fr\/content\/guide-vacances-var\/sites-naturels-var\/#primaryimage\"},\"thumbnailUrl\":\"https:\/\/www.campings.com\/fr\/content\/wp-content\/uploads\/2022\/02\/Sites-Naturels_Gorges-du-Verdon-min.png\",\"datePublished\":\"2022-02-11T11:51:45+00:00\",\"dateModified\":\"2022-03-25T09:57:43+00:00\",\"breadcrumb\":{\"@id\":\"https:\/\/www.campings.com\/fr\/content\/guide-vacances-var\/sites-naturels-var\/#breadcrumb\"},\"inLanguage\":\"fr-FR\",\"potentialAction\":[{\"@type\":\"ReadAction\",\"target\":[\"https:\/\/www.campings.com\/fr\/content\/guide-vacances-var\/sites-naturels-var\/\"]}]},{\"@type\":\"ImageObject\",\"inLanguage\":\"fr-FR\",\"@id\":\"https:\/\/www.campings.com\/fr\/content\/guide-vacances-var\/sites-naturels-var\/#primaryimage\",\"url\":\"https:\/\/www.campings.com\/fr\/content\/wp-content\/uploads\/2022\/02\/Sites-Naturels_Gorges-du-Verdon-min.png\",\"contentUrl\":\"https:\/\/www.campings.com\/fr\/content\/wp-content\/uploads\/2022\/02\/Sites-Naturels_Gorges-du-Verdon-min.png\",\"width\":1000,\"height\":665},{\"@type\":\"BreadcrumbList\",\"@id\":\"https:\/\/www.campings.com\/fr\/content\/guide-vacances-var\/sites-naturels-var\/#breadcrumb\",\"itemListElement\":[{\"@type\":\"ListItem\",\"position\":1,\"name\":\"Home\",\"item\":\"https:\/\/www.campings.com\/fr\/content\/\"},{\"@type\":\"ListItem\",\"position\":2,\"name\":\"Le guide de vos vacances dans le Var\",\"item\":\"https:\/\/www.campings.com\/fr\/content\/guide-vacances-var\/\"},{\"@type\":\"ListItem\",\"position\":3,\"name\":\"Les sites naturels incontournables dans le Var\"}]},{\"@type\":\"WebSite\",\"@id\":\"https:\/\/www.campings.com\/fr\/content\/#website\",\"url\":\"https:\/\/www.campings.com\/fr\/content\/\",\"name\":\"\",\"description\":\"\",\"publisher\":{\"@id\":\"https:\/\/www.campings.com\/fr\/content\/#organization\"},\"potentialAction\":[{\"@type\":\"SearchAction\",\"target\":{\"@type\":\"EntryPoint\",\"urlTemplate\":\"https:\/\/www.campings.com\/fr\/content\/?s={search_term_string}\"},\"query-input\":{\"@type\":\"PropertyValueSpecification\",\"valueRequired\":true,\"valueName\":\"search_term_string\"}}],\"inLanguage\":\"fr-FR\"},{\"@type\":\"Organization\",\"@id\":\"https:\/\/www.campings.com\/fr\/content\/#organization\",\"name\":\"CAMPINGS.COM\",\"url\":\"https:\/\/www.campings.com\/fr\/content\/\",\"logo\":{\"@type\":\"ImageObject\",\"inLanguage\":\"fr-FR\",\"@id\":\"https:\/\/www.campings.com\/fr\/content\/#\/schema\/logo\/image\/\",\"url\":\"https:\/\/www.campings.com\/fr\/content\/wp-content\/uploads\/2019\/01\/cropped-logo-1.png\",\"contentUrl\":\"https:\/\/www.campings.com\/fr\/content\/wp-content\/uploads\/2019\/01\/cropped-logo-1.png\",\"width\":174,\"height\":42,\"caption\":\"CAMPINGS.COM\"},\"image\":{\"@id\":\"https:\/\/www.campings.com\/fr\/content\/#\/schema\/logo\/image\/\"}}]}<\/script>\n<!-- \/ Yoast SEO plugin. -->","yoast_head_json":{"title":"Les sites naturels incontournables dans le Var -","robots":{"index":"index","follow":"follow","max-snippet":"max-snippet:-1","max-image-preview":"max-image-preview:large","max-video-preview":"max-video-preview:-1"},"canonical":"https:\/\/www.campings.com\/fr\/content\/guide-vacances-var\/sites-naturels-var\/","og_locale":"fr_FR","og_type":"article","og_title":"Les sites naturels incontournables dans le Var -","og_description":"Avec ses villages perch\u00e9s, ses criques et ses \u00e9tendues de sable fin, le Var est un v\u00e9ritable coin de paradis. Entre mer et for\u00eats, cette destination nature s\u00e9duit tous les amateurs d\u2019activit\u00e9s de plein air ! Situ\u00e9 au bord de la M\u00e9diterran\u00e9e, le\u00a0Var est un v\u00e9ritable joyau de la r\u00e9gion Provence-Alpes-C\u00f4te-D\u2019azur.\u00a0Tr\u00e8s appr\u00e9ci\u00e9 par les\u00a0vacanciers, le [&hellip;]","og_url":"https:\/\/www.campings.com\/fr\/content\/guide-vacances-var\/sites-naturels-var\/","article_modified_time":"2022-03-25T09:57:43+00:00","og_image":[{"width":1000,"height":665,"url":"https:\/\/www.campings.com\/fr\/content\/wp-content\/uploads\/2022\/02\/Sites-Naturels_Gorges-du-Verdon-min.png","type":"image\/png"}],"twitter_card":"summary_large_image","twitter_misc":{"Dur\u00e9e de lecture estim\u00e9e":"8 minutes"},"schema":{"@context":"https:\/\/schema.org","@graph":[{"@type":"WebPage","@id":"https:\/\/www.campings.com\/fr\/content\/guide-vacances-var\/sites-naturels-var\/","url":"https:\/\/www.campings.com\/fr\/content\/guide-vacances-var\/sites-naturels-var\/","name":"Les sites naturels incontournables dans le Var -","isPartOf":{"@id":"https:\/\/www.campings.com\/fr\/content\/#website"},"primaryImageOfPage":{"@id":"https:\/\/www.campings.com\/fr\/content\/guide-vacances-var\/sites-naturels-var\/#primaryimage"},"image":{"@id":"https:\/\/www.campings.com\/fr\/content\/guide-vacances-var\/sites-naturels-var\/#primaryimage"},"thumbnailUrl":"https:\/\/www.campings.com\/fr\/content\/wp-content\/uploads\/2022\/02\/Sites-Naturels_Gorges-du-Verdon-min.png","datePublished":"2022-02-11T11:51:45+00:00","dateModified":"2022-03-25T09:57:43+00:00","breadcrumb":{"@id":"https:\/\/www.campings.com\/fr\/content\/guide-vacances-var\/sites-naturels-var\/#breadcrumb"},"inLanguage":"fr-FR","potentialAction":[{"@type":"ReadAction","target":["https:\/\/www.campings.com\/fr\/content\/guide-vacances-var\/sites-naturels-var\/"]}]},{"@type":"ImageObject","inLanguage":"fr-FR","@id":"https:\/\/www.campings.com\/fr\/content\/guide-vacances-var\/sites-naturels-var\/#primaryimage","url":"https:\/\/www.campings.com\/fr\/content\/wp-content\/uploads\/2022\/02\/Sites-Naturels_Gorges-du-Verdon-min.png","contentUrl":"https:\/\/www.campings.com\/fr\/content\/wp-content\/uploads\/2022\/02\/Sites-Naturels_Gorges-du-Verdon-min.png","width":1000,"height":665},{"@type":"BreadcrumbList","@id":"https:\/\/www.campings.com\/fr\/content\/guide-vacances-var\/sites-naturels-var\/#breadcrumb","itemListElement":[{"@type":"ListItem","position":1,"name":"Home","item":"https:\/\/www.campings.com\/fr\/content\/"},{"@type":"ListItem","position":2,"name":"Le guide de vos vacances dans le Var","item":"https:\/\/www.campings.com\/fr\/content\/guide-vacances-var\/"},{"@type":"ListItem","position":3,"name":"Les sites naturels incontournables dans le Var"}]},{"@type":"WebSite","@id":"https:\/\/www.campings.com\/fr\/content\/#website","url":"https:\/\/www.campings.com\/fr\/content\/","name":"","description":"","publisher":{"@id":"https:\/\/www.campings.com\/fr\/content\/#organization"},"potentialAction":[{"@type":"SearchAction","target":{"@type":"EntryPoint","urlTemplate":"https:\/\/www.campings.com\/fr\/content\/?s={search_term_string}"},"query-input":{"@type":"PropertyValueSpecification","valueRequired":true,"valueName":"search_term_string"}}],"inLanguage":"fr-FR"},{"@type":"Organization","@id":"https:\/\/www.campings.com\/fr\/content\/#organization","name":"CAMPINGS.COM","url":"https:\/\/www.campings.com\/fr\/content\/","logo":{"@type":"ImageObject","inLanguage":"fr-FR","@id":"https:\/\/www.campings.com\/fr\/content\/#\/schema\/logo\/image\/","url":"https:\/\/www.campings.com\/fr\/content\/wp-content\/uploads\/2019\/01\/cropped-logo-1.png","contentUrl":"https:\/\/www.campings.com\/fr\/content\/wp-content\/uploads\/2019\/01\/cropped-logo-1.png","width":174,"height":42,"caption":"CAMPINGS.COM"},"image":{"@id":"https:\/\/www.campings.com\/fr\/content\/#\/schema\/logo\/image\/"}}]}},"_links":{"self":[{"href":"https:\/\/www.campings.com\/fr\/content\/wp-json\/wp\/v2\/pages\/3347","targetHints":{"allow":["GET"]}}],"collection":[{"href":"https:\/\/www.campings.com\/fr\/content\/wp-json\/wp\/v2\/pages"}],"about":[{"href":"https:\/\/www.campings.com\/fr\/content\/wp-json\/wp\/v2\/types\/page"}],"author":[{"embeddable":true,"href":"https:\/\/www.campings.com\/fr\/content\/wp-json\/wp\/v2\/users\/18"}],"replies":[{"embeddable":true,"href":"https:\/\/www.campings.com\/fr\/content\/wp-json\/wp\/v2\/comments?post=3347"}],"version-history":[{"count":2,"href":"https:\/\/www.campings.com\/fr\/content\/wp-json\/wp\/v2\/pages\/3347\/revisions"}],"predecessor-version":[{"id":3602,"href":"https:\/\/www.campings.com\/fr\/content\/wp-json\/wp\/v2\/pages\/3347\/revisions\/3602"}],"up":[{"embeddable":true,"href":"https:\/\/www.campings.com\/fr\/content\/wp-json\/wp\/v2\/pages\/3309"}],"wp:attachment":[{"href":"https:\/\/www.campings.com\/fr\/content\/wp-json\/wp\/v2\/media?parent=3347"}],"curies":[{"name":"wp","href":"https:\/\/api.w.org\/{rel}","templated":true}]}}