{"id":3319,"date":"2022-02-11T10:23:06","date_gmt":"2022-02-11T10:23:06","guid":{"rendered":"https:\/\/www.campings.com\/fr\/content\/?page_id=3319"},"modified":"2022-03-25T09:56:20","modified_gmt":"2022-03-25T09:56:20","slug":"campings-5-etoiles-var","status":"publish","type":"page","link":"https:\/\/www.campings.com\/fr\/content\/guide-vacances-var\/campings-5-etoiles-var\/","title":{"rendered":"Les plus beaux campings 5 \u00e9toiles dans le Var"},"content":{"rendered":"<p>Pour des vacances en camping, le <a href=\"https:\/\/www.campings.com\/fr\/content\/guide-vacances-var\/\">Var<\/a> est une destination incontournable ! Le d\u00e9partement compte plusieurs campings 5 \u00e9toiles pour un s\u00e9jour de luxe en pleine nature ou en bord de mer.<\/p>\n<p>Envie de r\u00e9ussir vos vacances en camping en famille ? Mettez le cap sur le\u00a0<a href=\"https:\/\/www.campings.com\/fr\/france\/provence-alpes-cote-d-azur\/var\"><strong>Var\u00a0<\/strong><\/a>! Avec ses 420 km de littoral, ses \u00eeles d\u2019Hy\u00e8res et ses belles plages, le Var regorge d\u2019atouts. Avec son climat m\u00e9diterran\u00e9en, ce d\u00e9partement de la r\u00e9gion Provence-Alpes-C\u00f4te d&rsquo;Azur est parfait pour un s\u00e9jour en bord de mer. Et avec ses paysages luxuriants et ses sites sauvages, le Var est une destination parfaite pour les amoureux de nature. Autant d\u2019atouts qui font du <a href=\"https:\/\/www.campings.com\/fr\/content\/guide-vacances-var\/\">Var<\/a> un endroit phare pour le camping !<\/p>\n<h2><strong>Les meilleurs campings 5 \u00e9toiles au bord de la mer M\u00e9diterran\u00e9e<\/strong><\/h2>\n<p>Vous envisagez de loger en mobil-home de luxe avec vue sur la M\u00e9diterran\u00e9e ? Voici 4 campings qui combleront toutes vos attentes.<\/p>\n<h3><strong>Le Domaine De La Bergerie<\/strong><\/h3>\n<p>Situ\u00e9 entre mer et colline, dans un cadre d\u00e9paysant cet \u00e9tablissement offre une vue panoramique sur la M\u00e9diterran\u00e9e. Son plus ? Sa proximit\u00e9 avec les Gorges du Verdon et Saint-Tropez.<\/p>\n<p><a href=\"https:\/\/www.campings.com\/fr\/camping\/domaine-de-la-bergerie-80097\"><strong>Plus d\u2019infos sur le<\/strong>\u00a0<strong>Domaine De La Bergerie<\/strong><\/a>.<\/p>\n<h3><strong>Le Camping 5 \u00e9toiles sur la C\u00f4te d\u2019Azur \u00e0 Port Grimaud\u00a0<\/strong><\/h3>\n<p>Situ\u00e9 \u00e0 Port Grimaud, \u00e0 seulement 300 m\u00e8tres du bord de mer, ce camping est parfait pour un s\u00e9jour les pieds dans l\u2019eau. Cet \u00e9tablissement poss\u00e8de une grande piscine ext\u00e9rieure, une aire de jeux pour enfants et un restaurant.<\/p>\n<p><a href=\"https:\/\/www.campings.com\/fr\/camping\/tour-operateur-sur-camping-5-a-port-grimaud-76767\"><strong>Plus d\u2019infos sur le Camping<\/strong><strong>\u00a0<\/strong><strong>5* \u00e0 Port Grimaud<\/strong><\/a>.<\/p>\n<h3><strong>Le Camping Maeva Respire Ecolodge Etoile d&rsquo;Argens\u00a0<\/strong><\/h3>\n<p>Ce camping 5 \u00e9toiles de Saint-Aygulf est situ\u00e9 \u00e0 3 km de la plage. Son personnel, chaleureux et bienveillant vous promet un accueil agr\u00e9able. L\u2019\u00e9tablissement poss\u00e8de 3 grandes piscines ext\u00e9rieures chauff\u00e9es. Sur place, de nombreux services sont \u00e0 votre disposition : navette fluviale, \u00e9picerie avec d\u00e9p\u00f4t de pain et snack-bar.<\/p>\n<p><img loading=\"lazy\" decoding=\"async\" class=\"alignnone size-full wp-image-3320\" src=\"https:\/\/www.campings.com\/fr\/content\/wp-content\/uploads\/2022\/02\/Camping-5-etoiles_Respire-Ecolodge-min.png\" alt=\"\" width=\"1000\" height=\"665\" srcset=\"https:\/\/www.campings.com\/fr\/content\/wp-content\/uploads\/2022\/02\/Camping-5-etoiles_Respire-Ecolodge-min.png 1000w, https:\/\/www.campings.com\/fr\/content\/wp-content\/uploads\/2022\/02\/Camping-5-etoiles_Respire-Ecolodge-min-300x200.png 300w, https:\/\/www.campings.com\/fr\/content\/wp-content\/uploads\/2022\/02\/Camping-5-etoiles_Respire-Ecolodge-min-768x511.png 768w, https:\/\/www.campings.com\/fr\/content\/wp-content\/uploads\/2022\/02\/Camping-5-etoiles_Respire-Ecolodge-min-450x299.png 450w, https:\/\/www.campings.com\/fr\/content\/wp-content\/uploads\/2022\/02\/Camping-5-etoiles_Respire-Ecolodge-min-430x286.png 430w\" sizes=\"auto, (max-width: 1000px) 100vw, 1000px\" \/><\/p>\n<p><a href=\"https:\/\/www.campings.com\/fr\/camping\/camping-maeva-respire-ecolodge-etoile-d-argens-78194\"><strong>Plus d\u2019infos sur le<\/strong>\u00a0<strong>Camping Maeva Respire Ecolodge Etoile d&rsquo;Argens<\/strong><\/a><strong>.<\/strong><\/p>\n<h3><strong>Le camping Holiday Green<\/strong><\/h3>\n<p>Situ\u00e9 dans un cadre naturel enchanteur, ce camping a tout pour plaire ! L\u2019\u00e9tablissement est situ\u00e9 sur un parc de 15 hectares, \u00e0 flanc colline et \u00e0 proximit\u00e9 de la mer. Il poss\u00e8de une piscine couverte chauff\u00e9e et une grande piscine ext\u00e9rieure accessible en toute saison.<\/p>\n<p><a href=\"https:\/\/www.campings.com\/fr\/camping\/camping-holiday-green-77275\"><strong>Plus d\u2019infos sur le Camping Holiday Green<\/strong><\/a>.<\/p>\n<h2><strong>Les campings 5 \u00e9toiles aux alentours de Fr\u00e9jus et Saint-Rapha\u00ebl<\/strong><\/h2>\n<p>Si vous programmez un s\u00e9jour dans le\u00a0<a href=\"https:\/\/www.campings.com\/fr\/content\/guide-vacances-var\/\"><strong>Var<\/strong><\/a>, ces campings de luxe feront le bonheur des amateurs de farniente.<\/p>\n<h3><strong>Le Camping Le Fr\u00e9jus<\/strong><\/h3>\n<p>Situ\u00e9 \u00e0 proximit\u00e9 du littoral, cet \u00e9tablissement b\u00e9n\u00e9ficie d\u2019un emplacement privil\u00e9gi\u00e9. Sur place, vous aurez acc\u00e8s \u00e0 de nombreux services : Wifi, transats &amp; parasols, restaurants, bar, d\u00e9p\u00f4t de pain&#8230;<\/p>\n<p><a href=\"https:\/\/www.campings.com\/fr\/camping\/camping-le-frejus-77280\"><strong>Plus d\u2019infos sur le<\/strong>\u00a0<strong>Camping Le Fr\u00e9jus<\/strong><\/a>.<\/p>\n<h3><strong>Le Camping Les Lauriers Roses<\/strong><\/h3>\n<p>Au c\u0153ur d\u2019une nature verdoyante, sur la route de Roquebrune, ce luxueux camping vous invite \u00e0 passer un s\u00e9jour inoubliable. L\u2019\u00e9tablissement est entour\u00e9 de sentiers de randonn\u00e9e, parfaits pour d\u00e9couvrir la biodiversit\u00e9 de la r\u00e9gion. Les adorateurs des journ\u00e9es de farniente seront aussi combl\u00e9s. Sur place, une piscine et une pataugeoire chauff\u00e9es sont \u00e0 votre disposition.<\/p>\n<p><a href=\"https:\/\/www.campings.com\/fr\/camping\/camping-les-lauriers-roses-80105\"><strong>Plus d\u2019infos sur le<\/strong>\u00a0<strong>Camping Les Lauriers Roses<\/strong><\/a>.<\/p>\n<h3><strong>Le Camping Site de Gorge Vent<\/strong><\/h3>\n<p>Situ\u00e9 en plein c\u0153ur de Fr\u00e9jus, cet \u00e9tablissement \u00e0 l\u2019ambiance tr\u00e8s conviviale offre de nombreux avantages. Le camping dispose d\u2019une grande piscine ext\u00e9rieure avec toboggan, de plusieurs tables de ping-pong, d\u2019une aire de jeux pour enfants\u2026 Pour un s\u00e9jour de r\u00eave, des mobil-homes luxueux sont aussi \u00e0 votre disposition.<\/p>\n<p><a href=\"https:\/\/www.campings.com\/fr\/camping\/camping-site-de-gorge-vent-77283\"><strong>Plus d\u2019infos sur le<\/strong>\u00a0<strong>Camping Site de Gorge Vent<\/strong><\/a>.<\/p>\n<h3><strong>Le Camping La Pierre Verte, les pieds dans l\u2019eau<\/strong><\/h3>\n<p>En s\u00e9journant dans ce camping familial vous aurez acc\u00e8s aux plus belles plages du d\u00e9partement du Var. L\u2019\u00e9tablissement propose un snack-bar et une \u00e9picerie.<\/p>\n<p><a href=\"https:\/\/www.campings.com\/fr\/camping\/tour-operateur-sur-le-camping-la-pierre-verte-88665\"><strong>Plus d\u2019infos sur le<\/strong>\u00a0<strong>Camping La Pierre Verte<\/strong><\/a>.<\/p>\n<h2><strong>Les campings 5 \u00e9toiles du c\u00f4t\u00e9 de Bandol<\/strong><\/h2>\n<p>Si vous \u00eates de passage dans le Var, Bandol est une destination incontournable ! Voici quelques adresses de campings o\u00f9 loger :<\/p>\n<h3><strong>Le Camping Les Playes<\/strong><\/h3>\n<p>Ce camping, \u00e0 proximit\u00e9 imm\u00e9diate de la plage est parfait pour un s\u00e9jour les pieds dans l\u2019eau. Sur place, de nombreuses activit\u00e9s sont propos\u00e9es : ping-pong, baby-foot, bain \u00e0 remous\u2026<\/p>\n<p><a href=\"https:\/\/www.campings.com\/fr\/camping\/camping-les-playes-78552\"><strong>Plus d\u2019infos sur le<\/strong>\u00a0<strong>Camping Les Playes<\/strong><\/a>.<\/p>\n<h3><strong>Le Camping La Baie des Anges<\/strong><\/h3>\n<p>En plein c\u0153ur d\u2019un parc de 10 hectares, entour\u00e9 d\u2019oliviers centenaires, cet \u00e9tablissement convivial r\u00e9pond aux exigences des familles. Sur place, diff\u00e9rentes activit\u00e9s ludiques sont propos\u00e9es : laverie, service de restauration\u2026<\/p>\n<p><img loading=\"lazy\" decoding=\"async\" class=\"alignnone size-full wp-image-3321\" src=\"https:\/\/www.campings.com\/fr\/content\/wp-content\/uploads\/2022\/02\/Camping-5-etoiles_La-baie-des-Anges-min.png\" alt=\"\" width=\"1000\" height=\"665\" srcset=\"https:\/\/www.campings.com\/fr\/content\/wp-content\/uploads\/2022\/02\/Camping-5-etoiles_La-baie-des-Anges-min.png 1000w, https:\/\/www.campings.com\/fr\/content\/wp-content\/uploads\/2022\/02\/Camping-5-etoiles_La-baie-des-Anges-min-300x200.png 300w, https:\/\/www.campings.com\/fr\/content\/wp-content\/uploads\/2022\/02\/Camping-5-etoiles_La-baie-des-Anges-min-768x511.png 768w, https:\/\/www.campings.com\/fr\/content\/wp-content\/uploads\/2022\/02\/Camping-5-etoiles_La-baie-des-Anges-min-450x299.png 450w, https:\/\/www.campings.com\/fr\/content\/wp-content\/uploads\/2022\/02\/Camping-5-etoiles_La-baie-des-Anges-min-430x286.png 430w\" sizes=\"auto, (max-width: 1000px) 100vw, 1000px\" \/><\/p>\n<p><a href=\"https:\/\/www.campings.com\/fr\/camping\/camping-la-baie-des-anges-77406\"><strong>Plus d\u2019infos sur le<\/strong>\u00a0<strong>Camping La Baie des Anges<\/strong><\/a>.<\/p>\n<h3><strong>Le Camping L&rsquo;Artaudois<\/strong><\/h3>\n<p>Ce camping ouvre ses portes d\u2019avril \u00e0 octobre. Parfait pour des vacances en famille, il propose un \u00e9ventail d\u2019activit\u00e9s pour petits et grands : randonn\u00e9e, tir \u00e0 l\u2019arc, fitness\u2026<\/p>\n<p><a href=\"https:\/\/www.campings.com\/fr\/camping\/camping-l-artaudois-79784\"><strong>Plus d\u2019infos sur le<\/strong>\u00a0<strong>Camping L&rsquo;Artaudois<\/strong><\/a>.<\/p>\n<h3><strong>Le Camping Domaine de la Roudeli\u00e8re<\/strong><\/h3>\n<p>Ce tout nouveau camping vous promet un s\u00e9jour tout confort inoubliable. Dot\u00e9 d\u2019infrastructures modernes, cet \u00e9tablissement propose un \u00e9ventail d\u2019animations pour tous les \u00e2ges.<\/p>\n<p><a href=\"https:\/\/www.campings.com\/fr\/camping\/camping-domaine-de-la-roudeliere-camping-paradis-78549\"><strong>Plus d\u2019infos sur le<\/strong>\u00a0<strong>Camping Domaine de la Roudeli\u00e8re<\/strong><\/a>.<\/p>\n<h2><strong>S\u00e9lection de campings haut de gamme avec piscine<\/strong><\/h2>\n<p>Envie de s\u00e9journer dans un camping 5 \u00e9toiles avec piscine dans le\u00a0<a href=\"https:\/\/www.campings.com\/fr\/content\/guide-vacances-var\/\"><strong>Var\u00a0<\/strong><\/a>? Voici quelques suggestions qui devraient vous plaire !<\/p>\n<h3><strong>Le Camping Parc Saint James Oasis Village<\/strong><\/h3>\n<p>Ce camping luxueux poss\u00e8de 4 piscines dont 1 chauff\u00e9e qui raviront tous les amateurs de baignade.<\/p>\n<p><a href=\"https:\/\/www.campings.com\/fr\/camping\/camping-parc-saint-james-oasis-village-76665\"><strong>Plus d\u2019infos sur le<\/strong>\u00a0<strong>Camping Parc Saint James Oasis Village<\/strong><\/a>.<\/p>\n<h3><strong>Camping Maeva Respire Ecolodge Etoile d&rsquo;Argens<\/strong><\/h3>\n<p>Situ\u00e9 \u00e0 Saint-Aygulf, au c\u0153ur d\u2019une oasis de verdure de 11 hectares, ce camping a tout pour plaire. Avec ses 3 piscines ext\u00e9rieures, ce camping est parfait pour des vacances sous le signe de la d\u00e9tente et du confort. Les bassins sont chauff\u00e9s en fonction de la temp\u00e9rature ext\u00e9rieure.<\/p>\n<p><a href=\"https:\/\/www.campings.com\/fr\/camping\/camping-maeva-respire-ecolodge-etoile-d-argens-78194\"><strong>Plus d\u2019infos sur le Camping Maeva Respire Ecolodge Etoile d&rsquo;Argens<\/strong><\/a>.<\/p>\n<h3><strong>Le Camping Holiday Green<\/strong><\/h3>\n<p>Ce camping luxueux, situ\u00e9 en plein c\u0153ur d\u2019une nature luxuriante est parfait pour des vacances \u00ab bien-\u00eatre \u00bb. L\u2019\u00e9tablissement dispose d\u2019une piscine couverte chauff\u00e9e et d\u2019un grand bassin ext\u00e9rieur.<\/p>\n<p><a href=\"https:\/\/www.campings.com\/fr\/camping\/camping-holiday-green-77275\"><strong>Plus d\u2019infos sur le<\/strong>\u00a0<strong>Camping Holiday Green<\/strong><\/a>.<\/p>\n<h3><strong>Le Camping Holiday Marina Resort<\/strong><\/h3>\n<p>Ce camping familial et chaleureux vous r\u00e9serve un large \u00e9ventail d\u2019activit\u00e9s ludiques pour tous les \u00e2ges. Une grande piscine ext\u00e9rieure est \u00e0 la disposition des vacanciers.<\/p>\n<p><a href=\"https:\/\/www.campings.com\/fr\/camping\/camping-holiday-marina-resort-77336\"><strong>Plus d\u2019infos sur le<\/strong>\u00a0<strong>Camping Holiday Marina Resort<\/strong><\/a>.<\/p>\n","protected":false},"excerpt":{"rendered":"<p>Pour des vacances en camping, le Var est une destination incontournable ! Le d\u00e9partement compte plusieurs campings 5 \u00e9toiles pour un s\u00e9jour de luxe en pleine nature ou en bord de mer. Envie de r\u00e9ussir vos vacances en camping en famille ? Mettez le cap sur le\u00a0Var\u00a0! Avec ses 420 km de littoral, ses \u00eeles [&hellip;]<\/p>\n","protected":false},"author":18,"featured_media":0,"parent":3309,"menu_order":0,"comment_status":"closed","ping_status":"closed","template":"template-twocolumns.php","meta":{"_acf_changed":false,"footnotes":""},"class_list":["post-3319","page","type-page","status-publish","hentry"],"acf":[],"yoast_head":"<!-- This site is optimized with the Yoast SEO plugin v27.1.1 - https:\/\/yoast.com\/product\/yoast-seo-wordpress\/ -->\n<title>Les plus beaux campings 5 \u00e9toiles dans le Var -<\/title>\n<meta name=\"robots\" content=\"index, follow, max-snippet:-1, max-image-preview:large, max-video-preview:-1\" \/>\n<link rel=\"canonical\" href=\"https:\/\/www.campings.com\/fr\/content\/guide-vacances-var\/campings-5-etoiles-var\/\" \/>\n<meta property=\"og:locale\" content=\"fr_FR\" \/>\n<meta property=\"og:type\" content=\"article\" \/>\n<meta property=\"og:title\" content=\"Les plus beaux campings 5 \u00e9toiles dans le Var -\" \/>\n<meta property=\"og:description\" content=\"Pour des vacances en camping, le Var est une destination incontournable ! Le d\u00e9partement compte plusieurs campings 5 \u00e9toiles pour un s\u00e9jour de luxe en pleine nature ou en bord de mer. Envie de r\u00e9ussir vos vacances en camping en famille ? Mettez le cap sur le\u00a0Var\u00a0! Avec ses 420 km de littoral, ses \u00eeles [&hellip;]\" \/>\n<meta property=\"og:url\" content=\"https:\/\/www.campings.com\/fr\/content\/guide-vacances-var\/campings-5-etoiles-var\/\" \/>\n<meta property=\"article:modified_time\" content=\"2022-03-25T09:56:20+00:00\" \/>\n<meta property=\"og:image\" content=\"https:\/\/www.campings.com\/fr\/content\/wp-content\/uploads\/2022\/02\/Camping-5-etoiles_Respire-Ecolodge-min.png\" \/>\n\t<meta property=\"og:image:width\" content=\"1000\" \/>\n\t<meta property=\"og:image:height\" content=\"665\" \/>\n\t<meta property=\"og:image:type\" content=\"image\/png\" \/>\n<meta name=\"twitter:card\" content=\"summary_large_image\" \/>\n<meta name=\"twitter:label1\" content=\"Dur\u00e9e de lecture estim\u00e9e\" \/>\n\t<meta name=\"twitter:data1\" content=\"6 minutes\" \/>\n<script type=\"application\/ld+json\" class=\"yoast-schema-graph\">{\"@context\":\"https:\/\/schema.org\",\"@graph\":[{\"@type\":\"WebPage\",\"@id\":\"https:\/\/www.campings.com\/fr\/content\/guide-vacances-var\/campings-5-etoiles-var\/\",\"url\":\"https:\/\/www.campings.com\/fr\/content\/guide-vacances-var\/campings-5-etoiles-var\/\",\"name\":\"Les plus beaux campings 5 \u00e9toiles dans le Var -\",\"isPartOf\":{\"@id\":\"https:\/\/www.campings.com\/fr\/content\/#website\"},\"primaryImageOfPage\":{\"@id\":\"https:\/\/www.campings.com\/fr\/content\/guide-vacances-var\/campings-5-etoiles-var\/#primaryimage\"},\"image\":{\"@id\":\"https:\/\/www.campings.com\/fr\/content\/guide-vacances-var\/campings-5-etoiles-var\/#primaryimage\"},\"thumbnailUrl\":\"https:\/\/www.campings.com\/fr\/content\/wp-content\/uploads\/2022\/02\/Camping-5-etoiles_Respire-Ecolodge-min.png\",\"datePublished\":\"2022-02-11T10:23:06+00:00\",\"dateModified\":\"2022-03-25T09:56:20+00:00\",\"breadcrumb\":{\"@id\":\"https:\/\/www.campings.com\/fr\/content\/guide-vacances-var\/campings-5-etoiles-var\/#breadcrumb\"},\"inLanguage\":\"fr-FR\",\"potentialAction\":[{\"@type\":\"ReadAction\",\"target\":[\"https:\/\/www.campings.com\/fr\/content\/guide-vacances-var\/campings-5-etoiles-var\/\"]}]},{\"@type\":\"ImageObject\",\"inLanguage\":\"fr-FR\",\"@id\":\"https:\/\/www.campings.com\/fr\/content\/guide-vacances-var\/campings-5-etoiles-var\/#primaryimage\",\"url\":\"https:\/\/www.campings.com\/fr\/content\/wp-content\/uploads\/2022\/02\/Camping-5-etoiles_Respire-Ecolodge-min.png\",\"contentUrl\":\"https:\/\/www.campings.com\/fr\/content\/wp-content\/uploads\/2022\/02\/Camping-5-etoiles_Respire-Ecolodge-min.png\",\"width\":1000,\"height\":665},{\"@type\":\"BreadcrumbList\",\"@id\":\"https:\/\/www.campings.com\/fr\/content\/guide-vacances-var\/campings-5-etoiles-var\/#breadcrumb\",\"itemListElement\":[{\"@type\":\"ListItem\",\"position\":1,\"name\":\"Home\",\"item\":\"https:\/\/www.campings.com\/fr\/content\/\"},{\"@type\":\"ListItem\",\"position\":2,\"name\":\"Le guide de vos vacances dans le Var\",\"item\":\"https:\/\/www.campings.com\/fr\/content\/guide-vacances-var\/\"},{\"@type\":\"ListItem\",\"position\":3,\"name\":\"Les plus beaux campings 5 \u00e9toiles dans le Var\"}]},{\"@type\":\"WebSite\",\"@id\":\"https:\/\/www.campings.com\/fr\/content\/#website\",\"url\":\"https:\/\/www.campings.com\/fr\/content\/\",\"name\":\"\",\"description\":\"\",\"publisher\":{\"@id\":\"https:\/\/www.campings.com\/fr\/content\/#organization\"},\"potentialAction\":[{\"@type\":\"SearchAction\",\"target\":{\"@type\":\"EntryPoint\",\"urlTemplate\":\"https:\/\/www.campings.com\/fr\/content\/?s={search_term_string}\"},\"query-input\":{\"@type\":\"PropertyValueSpecification\",\"valueRequired\":true,\"valueName\":\"search_term_string\"}}],\"inLanguage\":\"fr-FR\"},{\"@type\":\"Organization\",\"@id\":\"https:\/\/www.campings.com\/fr\/content\/#organization\",\"name\":\"CAMPINGS.COM\",\"url\":\"https:\/\/www.campings.com\/fr\/content\/\",\"logo\":{\"@type\":\"ImageObject\",\"inLanguage\":\"fr-FR\",\"@id\":\"https:\/\/www.campings.com\/fr\/content\/#\/schema\/logo\/image\/\",\"url\":\"https:\/\/www.campings.com\/fr\/content\/wp-content\/uploads\/2019\/01\/cropped-logo-1.png\",\"contentUrl\":\"https:\/\/www.campings.com\/fr\/content\/wp-content\/uploads\/2019\/01\/cropped-logo-1.png\",\"width\":174,\"height\":42,\"caption\":\"CAMPINGS.COM\"},\"image\":{\"@id\":\"https:\/\/www.campings.com\/fr\/content\/#\/schema\/logo\/image\/\"}}]}<\/script>\n<!-- \/ Yoast SEO plugin. -->","yoast_head_json":{"title":"Les plus beaux campings 5 \u00e9toiles dans le Var -","robots":{"index":"index","follow":"follow","max-snippet":"max-snippet:-1","max-image-preview":"max-image-preview:large","max-video-preview":"max-video-preview:-1"},"canonical":"https:\/\/www.campings.com\/fr\/content\/guide-vacances-var\/campings-5-etoiles-var\/","og_locale":"fr_FR","og_type":"article","og_title":"Les plus beaux campings 5 \u00e9toiles dans le Var -","og_description":"Pour des vacances en camping, le Var est une destination incontournable ! Le d\u00e9partement compte plusieurs campings 5 \u00e9toiles pour un s\u00e9jour de luxe en pleine nature ou en bord de mer. Envie de r\u00e9ussir vos vacances en camping en famille ? Mettez le cap sur le\u00a0Var\u00a0! Avec ses 420 km de littoral, ses \u00eeles [&hellip;]","og_url":"https:\/\/www.campings.com\/fr\/content\/guide-vacances-var\/campings-5-etoiles-var\/","article_modified_time":"2022-03-25T09:56:20+00:00","og_image":[{"width":1000,"height":665,"url":"https:\/\/www.campings.com\/fr\/content\/wp-content\/uploads\/2022\/02\/Camping-5-etoiles_Respire-Ecolodge-min.png","type":"image\/png"}],"twitter_card":"summary_large_image","twitter_misc":{"Dur\u00e9e de lecture estim\u00e9e":"6 minutes"},"schema":{"@context":"https:\/\/schema.org","@graph":[{"@type":"WebPage","@id":"https:\/\/www.campings.com\/fr\/content\/guide-vacances-var\/campings-5-etoiles-var\/","url":"https:\/\/www.campings.com\/fr\/content\/guide-vacances-var\/campings-5-etoiles-var\/","name":"Les plus beaux campings 5 \u00e9toiles dans le Var -","isPartOf":{"@id":"https:\/\/www.campings.com\/fr\/content\/#website"},"primaryImageOfPage":{"@id":"https:\/\/www.campings.com\/fr\/content\/guide-vacances-var\/campings-5-etoiles-var\/#primaryimage"},"image":{"@id":"https:\/\/www.campings.com\/fr\/content\/guide-vacances-var\/campings-5-etoiles-var\/#primaryimage"},"thumbnailUrl":"https:\/\/www.campings.com\/fr\/content\/wp-content\/uploads\/2022\/02\/Camping-5-etoiles_Respire-Ecolodge-min.png","datePublished":"2022-02-11T10:23:06+00:00","dateModified":"2022-03-25T09:56:20+00:00","breadcrumb":{"@id":"https:\/\/www.campings.com\/fr\/content\/guide-vacances-var\/campings-5-etoiles-var\/#breadcrumb"},"inLanguage":"fr-FR","potentialAction":[{"@type":"ReadAction","target":["https:\/\/www.campings.com\/fr\/content\/guide-vacances-var\/campings-5-etoiles-var\/"]}]},{"@type":"ImageObject","inLanguage":"fr-FR","@id":"https:\/\/www.campings.com\/fr\/content\/guide-vacances-var\/campings-5-etoiles-var\/#primaryimage","url":"https:\/\/www.campings.com\/fr\/content\/wp-content\/uploads\/2022\/02\/Camping-5-etoiles_Respire-Ecolodge-min.png","contentUrl":"https:\/\/www.campings.com\/fr\/content\/wp-content\/uploads\/2022\/02\/Camping-5-etoiles_Respire-Ecolodge-min.png","width":1000,"height":665},{"@type":"BreadcrumbList","@id":"https:\/\/www.campings.com\/fr\/content\/guide-vacances-var\/campings-5-etoiles-var\/#breadcrumb","itemListElement":[{"@type":"ListItem","position":1,"name":"Home","item":"https:\/\/www.campings.com\/fr\/content\/"},{"@type":"ListItem","position":2,"name":"Le guide de vos vacances dans le Var","item":"https:\/\/www.campings.com\/fr\/content\/guide-vacances-var\/"},{"@type":"ListItem","position":3,"name":"Les plus beaux campings 5 \u00e9toiles dans le Var"}]},{"@type":"WebSite","@id":"https:\/\/www.campings.com\/fr\/content\/#website","url":"https:\/\/www.campings.com\/fr\/content\/","name":"","description":"","publisher":{"@id":"https:\/\/www.campings.com\/fr\/content\/#organization"},"potentialAction":[{"@type":"SearchAction","target":{"@type":"EntryPoint","urlTemplate":"https:\/\/www.campings.com\/fr\/content\/?s={search_term_string}"},"query-input":{"@type":"PropertyValueSpecification","valueRequired":true,"valueName":"search_term_string"}}],"inLanguage":"fr-FR"},{"@type":"Organization","@id":"https:\/\/www.campings.com\/fr\/content\/#organization","name":"CAMPINGS.COM","url":"https:\/\/www.campings.com\/fr\/content\/","logo":{"@type":"ImageObject","inLanguage":"fr-FR","@id":"https:\/\/www.campings.com\/fr\/content\/#\/schema\/logo\/image\/","url":"https:\/\/www.campings.com\/fr\/content\/wp-content\/uploads\/2019\/01\/cropped-logo-1.png","contentUrl":"https:\/\/www.campings.com\/fr\/content\/wp-content\/uploads\/2019\/01\/cropped-logo-1.png","width":174,"height":42,"caption":"CAMPINGS.COM"},"image":{"@id":"https:\/\/www.campings.com\/fr\/content\/#\/schema\/logo\/image\/"}}]}},"_links":{"self":[{"href":"https:\/\/www.campings.com\/fr\/content\/wp-json\/wp\/v2\/pages\/3319","targetHints":{"allow":["GET"]}}],"collection":[{"href":"https:\/\/www.campings.com\/fr\/content\/wp-json\/wp\/v2\/pages"}],"about":[{"href":"https:\/\/www.campings.com\/fr\/content\/wp-json\/wp\/v2\/types\/page"}],"author":[{"embeddable":true,"href":"https:\/\/www.campings.com\/fr\/content\/wp-json\/wp\/v2\/users\/18"}],"replies":[{"embeddable":true,"href":"https:\/\/www.campings.com\/fr\/content\/wp-json\/wp\/v2\/comments?post=3319"}],"version-history":[{"count":4,"href":"https:\/\/www.campings.com\/fr\/content\/wp-json\/wp\/v2\/pages\/3319\/revisions"}],"predecessor-version":[{"id":3600,"href":"https:\/\/www.campings.com\/fr\/content\/wp-json\/wp\/v2\/pages\/3319\/revisions\/3600"}],"up":[{"embeddable":true,"href":"https:\/\/www.campings.com\/fr\/content\/wp-json\/wp\/v2\/pages\/3309"}],"wp:attachment":[{"href":"https:\/\/www.campings.com\/fr\/content\/wp-json\/wp\/v2\/media?parent=3319"}],"curies":[{"name":"wp","href":"https:\/\/api.w.org\/{rel}","templated":true}]}}