{"id":3241,"date":"2021-10-07T17:13:20","date_gmt":"2021-10-07T17:13:20","guid":{"rendered":"https:\/\/www.campings.com\/fr\/content\/?page_id=3241"},"modified":"2021-10-07T17:13:20","modified_gmt":"2021-10-07T17:13:20","slug":"puy-du-fou","status":"publish","type":"page","link":"https:\/\/www.campings.com\/fr\/content\/guide-vacances-vendee\/puy-du-fou\/","title":{"rendered":"Tout savoir sur le Puy du Fou"},"content":{"rendered":"<p>Pendant vos vacances en Vend\u00e9e, la visite du Grand parc du Puy du Fou est un passage oblig\u00e9 ! Avec ses spectacles grandioses, ce grand parc d\u2019attractions attire chaque ann\u00e9e des milliers de visiteurs.<\/p>\n<p>Class\u00e9 parmi les meilleurs parcs d\u2019attractions au monde, le Puy du Fou rassemble tous les ans pr\u00e8s d\u2019un million de visiteurs. Dans ce complexe, tout le monde y trouvera son bonheur, des grands jusqu\u2019aux plus petits ! Si vous s\u00e9journez en\u00a0<a href=\"https:\/\/www.campings.com\/fr\/content\/guide-vacances-vendee\/\"><u>Vend\u00e9e<\/u><\/a>, ne manquez pas de visiter cet endroit, surtout si vous \u00eates en famille.<br \/>\nEn plus des activit\u00e9s et infrastructures originales propos\u00e9es, des spectacles exceptionnels comme le Mousquetaire de Richelieu vous attendent. Profitez du bal des oiseaux fant\u00f4mes, du labyrinthe des animaux, de la clairi\u00e8re aux daims et de biens d\u2019autres animations. D\u00e9couvrez notre guide pour bien pr\u00e9parer votre visite au Puy du Fou !<\/p>\n<h2><strong>A la d\u00e9couverte des villages du Puy du Fou <\/strong><\/h2>\n<p>La visite des villages du parc vous fera voyager dans le temps afin de d\u00e9couvrir la Vend\u00e9e au fil des \u00e9poques. Les artisans du Puy du Fou vous feront d\u00e9couvrir diff\u00e9rents objets du quotidien \u00e0 travers des ateliers de ferronnerie, poterie, etc.<\/p>\n<p>Voici les villages m\u00e9di\u00e9vaux qui valent le d\u00e9tour !<\/p>\n<h3>Le village XVIII\u00e8me si\u00e8cle<\/h3>\n<p>Fig\u00e9 dans le temps, ce village chaleureux vous transporte imm\u00e9diatement dans une autre \u00e9poque. Vous y d\u00e9couvrirez un joli jardin potager o\u00f9 sont cultiv\u00e9s des fruits et des l\u00e9gumes d\u2019autrefois. Vous serez accueillis dans une ferme o\u00f9 vous rencontrerez des cochons, des brebis, des moutons\u2026 Sur place, des artisans d&rsquo;art animent un atelier de travail de la porcelaine. Une occasion unique de d\u00e9couvrir la pr\u00e9cision infinie de leurs gestes.<\/p>\n<h3>Le fort de l\u2019an Mil<\/h3>\n<p>Envie de d\u00e9couvrir le savoir-faire et les techniques ancestrales du forgeron et du taillandier ? Rendez-vous au fort de l\u2019an Mil. Des spectacles de vikings sont \u00e9galement organis\u00e9s pour vous faire d\u00e9couvrir l\u2019histoire de ce peuple \u00e0 travers des animations ludiques.<\/p>\n<h3>La cit\u00e9 m\u00e9di\u00e9vale<\/h3>\n<p>Ce village du Puy du Fou, o\u00f9 le temps semble s\u2019\u00eatre fig\u00e9, vous plongera au c\u0153ur du moyen-\u00e2ge et d\u2019une cit\u00e9 m\u00e9di\u00e9vale. Chaque d\u00e9tail a \u00e9t\u00e9 soigneusement \u00e9tudi\u00e9. Vous y d\u00e9couvrirez des gravures, du linge \u00e9tendu entre les maisonnettes, des b\u00e2tisses qui semblent dater d\u2019une autre \u00e9poque\u2026 Terminez votre visite de la cit\u00e9 m\u00e9di\u00e9vale en faisant quelques achats dans les boutiques. Vous trouverez des bijoux forg\u00e9s, du vin ou encore des tonneaux de bois \u00e0 ramener en souvenir.<\/p>\n<h2><strong>Puy du Fou 2021 : les diff\u00e9rents spectacles du site <\/strong><\/h2>\n<p>Afin de vous faire vivre une exp\u00e9rience unique, riche en \u00e9motions, le Puy du Fou offre une multitude de spectacles grandioses ! Toutes les animations propos\u00e9es dans ce lieu hors du temps de\u00a0<a href=\"https:\/\/www.campings.com\/fr\/content\/guide-vacances-vendee\/\"><u>Vend\u00e9e<\/u>\u00a0<\/a>vous feront vivre des moments inoubliables. Vous d\u00e9couvrirez l\u2019histoire de la Vend\u00e9e sous un angle ludique et original.<\/p>\n<h3>Le Signe du Triomphe<\/h3>\n<p>Ce spectacle se tient dans le stadium gallo-romain. Il met en sc\u00e8ne l\u2019histoire d\u2019une troupe de Gaulois qui se bat pour sa vie. La troupe est aid\u00e9e par un soldat romain tr\u00e8s courageux appel\u00e9 Damien. Le spectacle dure environ 40 minutes.<\/p>\n<p><img loading=\"lazy\" decoding=\"async\" class=\"alignnone size-full wp-image-3243\" src=\"https:\/\/www.campings.com\/fr\/content\/wp-content\/uploads\/2021\/10\/Puy-du-Fou-1.jpg\" alt=\"\" width=\"1000\" height=\"665\" srcset=\"https:\/\/www.campings.com\/fr\/content\/wp-content\/uploads\/2021\/10\/Puy-du-Fou-1.jpg 1000w, https:\/\/www.campings.com\/fr\/content\/wp-content\/uploads\/2021\/10\/Puy-du-Fou-1-300x200.jpg 300w, https:\/\/www.campings.com\/fr\/content\/wp-content\/uploads\/2021\/10\/Puy-du-Fou-1-768x511.jpg 768w, https:\/\/www.campings.com\/fr\/content\/wp-content\/uploads\/2021\/10\/Puy-du-Fou-1-450x299.jpg 450w, https:\/\/www.campings.com\/fr\/content\/wp-content\/uploads\/2021\/10\/Puy-du-Fou-1-430x286.jpg 430w\" sizes=\"auto, (max-width: 1000px) 100vw, 1000px\" \/><\/p>\n<h3>Le Myst\u00e8re De La P\u00e9rouse<\/h3>\n<p>Ce spectacle vous fera revivre les exp\u00e9ditions r\u00e9alis\u00e9es par le marin La P\u00e9rouse. La sc\u00e8ne, d\u2019une dur\u00e9e de 15 minutes se d\u00e9roule \u00e0 l\u2019int\u00e9rieur.<\/p>\n<h3>Les Chevaliers De La Table Ronde<\/h3>\n<p>Le spectacle \u00ab\u00a0Les Chevaliers la Table Ronde\u00a0\u00bb dure 15 minutes et met en sc\u00e8ne l\u2019histoire du roi Arthur \u00e0 l\u2019\u00e9preuve de l\u2019\u00e9p\u00e9e Excalibur. II vous invite \u00e0 red\u00e9couvrir ce conte sous un autre angle.<\/p>\n<h2><strong>La Cin\u00e9sc\u00e9nie, un spectacle nocturne \u00e0 ne pas manquer<\/strong><\/h2>\n<p>La Cin\u00e9sc\u00e9nie est un spectacle riche en \u00e9motions, \u00e0 ne surtout pas manquer durant votre visite au Puy du Fou. Il se tient \u00e0 la tomb\u00e9e de la nuit pour terminer votre journ\u00e9e en beaut\u00e9. Il retrace l\u2019histoire du Moyen-\u00e2ge jusqu\u2019\u00e0 la seconde guerre mondiale \u00e0 travers des l\u00e9gendes qui se m\u00ealent \u00e0 des faits r\u00e9els. Pendant 1h30, plus de 2500 acteurs, portant plus de 28000 costumes vous feront r\u00eaver sur une sc\u00e8ne de pr\u00e8s de 23 hectares.<\/p>\n<p>La Cin\u00e9sc\u00e9nie est un v\u00e9ritable concentr\u00e9 de technologie qui vous en mettra plein les yeux ! Vous verrez des drones autonomes, des effets pyrotechniques et un mapping vid\u00e9o 3D. Dans le contexte sanitaire actuel de Covid 19, l\u2019\u00e9quipe de la Cin\u00e9sc\u00e9nie vous garantit un spectacle respectueux des r\u00e8gles sanitaires en vigueur.<\/p>\n<h2><strong>Infos utiles pour votre s\u00e9jour : tarif, r\u00e9servation, horaires d&rsquo;ouverture, adresse\u2026<\/strong><\/h2>\n<p>Le Grand parc d\u2019attraction Puy du Fou est situ\u00e9 en Vend\u00e9e, dans la commune des Epesses (85590). Il ouvre ses portes du lundi au dimanche \u00e0 partir de 9H30 jusqu\u2019\u00e0 22H30. Le vendredi et le samedi, le parc ferme \u00e0 21H30. Pour visiter l\u2019int\u00e9gralit\u00e9 du parc, 3 jours sont n\u00e9cessaires. De ce fait, il est conseill\u00e9 de loger dans les h\u00f4tels situ\u00e9s \u00e0 proximit\u00e9. Si vous comptez s\u00e9journer au Puy du Fou, r\u00e9servez \u00e0 l\u2019avance car le parc est bond\u00e9, surtout pendant les vacances scolaires. Les tarifs des billets pour acc\u00e9der aux diff\u00e9rents spectacles dans ce parc varient selon votre \u00e2ge et la dur\u00e9e du s\u00e9jour.<\/p>\n<ul>\n<li>Billets Grand Parc : entre 37 et 84 euros sur r\u00e9servation et 43 et 73 euros sur place ;<\/li>\n<li>Forfait Grand Parc + Cin\u00e9sc\u00e9nie : entre 61 et 94 euros pour les adultes et entre 50 et 75 euros pour les enfants uniquement sur r\u00e9servation ;<\/li>\n<li>Pass \u00c9motion : 20 euros suppl\u00e9mentaire par jour par personne ;<\/li>\n<li>Une soir\u00e9e Cin\u00e9sc\u00e9nie : 28 euros.<\/li>\n<\/ul>\n<p><img loading=\"lazy\" decoding=\"async\" class=\"alignnone size-full wp-image-3242\" src=\"https:\/\/www.campings.com\/fr\/content\/wp-content\/uploads\/2021\/10\/Puy-du-fou-2.jpg\" alt=\"\" width=\"1000\" height=\"665\" srcset=\"https:\/\/www.campings.com\/fr\/content\/wp-content\/uploads\/2021\/10\/Puy-du-fou-2.jpg 1000w, https:\/\/www.campings.com\/fr\/content\/wp-content\/uploads\/2021\/10\/Puy-du-fou-2-300x200.jpg 300w, https:\/\/www.campings.com\/fr\/content\/wp-content\/uploads\/2021\/10\/Puy-du-fou-2-768x511.jpg 768w, https:\/\/www.campings.com\/fr\/content\/wp-content\/uploads\/2021\/10\/Puy-du-fou-2-450x299.jpg 450w, https:\/\/www.campings.com\/fr\/content\/wp-content\/uploads\/2021\/10\/Puy-du-fou-2-430x286.jpg 430w\" sizes=\"auto, (max-width: 1000px) 100vw, 1000px\" \/><\/p>\n<h2><strong>H\u00e9bergement \u00e0 c\u00f4t\u00e9 du Parc : s\u00e9lection de campings<\/strong><\/h2>\n<p>Si vous souhaitez faire quelques \u00e9conomies pendant votre s\u00e9jour au Puy du Fou, louez un camping \u00e0 proximit\u00e9 ! En effet, les campings proposent un tarif abordable et adapt\u00e9 aux familles. Voici 3 campings en\u00a0<a href=\"https:\/\/www.campings.com\/fr\/content\/guide-vacances-vendee\/\"><u>Vend\u00e9e<\/u>\u00a0<\/a>o\u00f9 passer un s\u00e9jour agr\u00e9able tout en ayant un acc\u00e8s privil\u00e9gi\u00e9 au parc d\u2019attractions.<\/p>\n<h3><strong>Le Camping Lac de la Tricherie<\/strong><\/h3>\n<p>Cet \u00e9tablissement est situ\u00e9 \u00e0 Mesnard La Baroti\u00e8re, \u00e0 seulement 19 km du parc du Puy du Fou. En plus de ses mobil-homes confortables et spacieux, il propose diff\u00e9rentes activit\u00e9s pour passer un s\u00e9jour inoubliable dans la r\u00e9gion.<\/p>\n<p><a href=\"https:\/\/www.campings.com\/fr\/camping\/camping-lac-de-la-tricherie-77715\">Plus d\u2019infos sur le Camping Lac de la Tricherie<\/a>.<\/p>\n<h3><strong>Le Camping Le Rouge Gorge<\/strong><\/h3>\n<p>Ce camping est situ\u00e9 juste \u00e0 c\u00f4t\u00e9 du Grand parc du Puy du Fou. Il dispose d\u2019un jacuzzi, d\u2019une pataugeoire et d\u2019une piscine couverte chauff\u00e9e. Vous y trouverez aussi diff\u00e9rents services : barbecue collectif, snack\/bar, \u00e9picerie\u2026<\/p>\n<p><a href=\"https:\/\/www.campings.com\/fr\/camping\/camping-le-rouge-gorge-proche-du-puy-du-fou-83784\">Plus d\u2019infos sur le Camping Le Rouge Gorge<\/a>.<\/p>\n<h3><strong>Le Camping Les Logis de L&rsquo;Oumois<\/strong><\/h3>\n<p>Le cadre convivial de ce camping est parfait pour des vacances en famille. Il propose de nombreux services et \u00e9quipements : location de v\u00e9lo, aires de jeux pour enfants, tennis de table\u2026 Outre ces activit\u00e9s, l\u2019\u00e9tablissement vous permet d\u2019acc\u00e9der facilement au parc du Puy du Fou.<\/p>\n<p><a href=\"https:\/\/www.campings.com\/fr\/camping\/camping-les-logis-de-loumois-86634\">Plus d\u2019infos sur le Camping Les Logis de L&rsquo;Oumois<\/a>.<\/p>\n","protected":false},"excerpt":{"rendered":"<p>Pendant vos vacances en Vend\u00e9e, la visite du Grand parc du Puy du Fou est un passage oblig\u00e9 ! Avec ses spectacles grandioses, ce grand parc d\u2019attractions attire chaque ann\u00e9e des milliers de visiteurs. Class\u00e9 parmi les meilleurs parcs d\u2019attractions au monde, le Puy du Fou rassemble tous les ans pr\u00e8s d\u2019un million de visiteurs. [&hellip;]<\/p>\n","protected":false},"author":18,"featured_media":0,"parent":3223,"menu_order":0,"comment_status":"closed","ping_status":"closed","template":"template-twocolumns.php","meta":{"_acf_changed":false,"footnotes":""},"class_list":["post-3241","page","type-page","status-publish","hentry"],"acf":[],"yoast_head":"<!-- This site is optimized with the Yoast SEO plugin v27.1.1 - https:\/\/yoast.com\/product\/yoast-seo-wordpress\/ -->\n<title>Tout savoir sur le Puy du Fou -<\/title>\n<meta name=\"description\" content=\"Le Puy du Fou est un parc d\u2019attractions incontournable en Vend\u00e9e pour vivre une exp\u00e9rience inoubliable en famille, riche en d\u00e9couvertes et en \u00e9motions.\" \/>\n<meta name=\"robots\" content=\"index, follow, max-snippet:-1, max-image-preview:large, max-video-preview:-1\" \/>\n<link rel=\"canonical\" href=\"https:\/\/www.campings.com\/fr\/content\/guide-vacances-vendee\/puy-du-fou\/\" \/>\n<meta property=\"og:locale\" content=\"fr_FR\" \/>\n<meta property=\"og:type\" content=\"article\" \/>\n<meta property=\"og:title\" content=\"Tout savoir sur le Puy du Fou -\" \/>\n<meta property=\"og:description\" content=\"Le Puy du Fou est un parc d\u2019attractions incontournable en Vend\u00e9e pour vivre une exp\u00e9rience inoubliable en famille, riche en d\u00e9couvertes et en \u00e9motions.\" \/>\n<meta property=\"og:url\" content=\"https:\/\/www.campings.com\/fr\/content\/guide-vacances-vendee\/puy-du-fou\/\" \/>\n<meta property=\"og:image\" content=\"https:\/\/www.campings.com\/fr\/content\/wp-content\/uploads\/2021\/10\/Puy-du-Fou-1.jpg\" \/>\n\t<meta property=\"og:image:width\" content=\"1000\" \/>\n\t<meta property=\"og:image:height\" content=\"665\" \/>\n\t<meta property=\"og:image:type\" content=\"image\/jpeg\" \/>\n<meta name=\"twitter:card\" content=\"summary_large_image\" \/>\n<meta name=\"twitter:label1\" content=\"Dur\u00e9e de lecture estim\u00e9e\" \/>\n\t<meta name=\"twitter:data1\" content=\"6 minutes\" \/>\n<script type=\"application\/ld+json\" class=\"yoast-schema-graph\">{\"@context\":\"https:\/\/schema.org\",\"@graph\":[{\"@type\":\"WebPage\",\"@id\":\"https:\/\/www.campings.com\/fr\/content\/guide-vacances-vendee\/puy-du-fou\/\",\"url\":\"https:\/\/www.campings.com\/fr\/content\/guide-vacances-vendee\/puy-du-fou\/\",\"name\":\"Tout savoir sur le Puy du Fou -\",\"isPartOf\":{\"@id\":\"https:\/\/www.campings.com\/fr\/content\/#website\"},\"primaryImageOfPage\":{\"@id\":\"https:\/\/www.campings.com\/fr\/content\/guide-vacances-vendee\/puy-du-fou\/#primaryimage\"},\"image\":{\"@id\":\"https:\/\/www.campings.com\/fr\/content\/guide-vacances-vendee\/puy-du-fou\/#primaryimage\"},\"thumbnailUrl\":\"https:\/\/www.campings.com\/fr\/content\/wp-content\/uploads\/2021\/10\/Puy-du-Fou-1.jpg\",\"datePublished\":\"2021-10-07T17:13:20+00:00\",\"description\":\"Le Puy du Fou est un parc d\u2019attractions incontournable en Vend\u00e9e pour vivre une exp\u00e9rience inoubliable en famille, riche en d\u00e9couvertes et en \u00e9motions.\",\"breadcrumb\":{\"@id\":\"https:\/\/www.campings.com\/fr\/content\/guide-vacances-vendee\/puy-du-fou\/#breadcrumb\"},\"inLanguage\":\"fr-FR\",\"potentialAction\":[{\"@type\":\"ReadAction\",\"target\":[\"https:\/\/www.campings.com\/fr\/content\/guide-vacances-vendee\/puy-du-fou\/\"]}]},{\"@type\":\"ImageObject\",\"inLanguage\":\"fr-FR\",\"@id\":\"https:\/\/www.campings.com\/fr\/content\/guide-vacances-vendee\/puy-du-fou\/#primaryimage\",\"url\":\"https:\/\/www.campings.com\/fr\/content\/wp-content\/uploads\/2021\/10\/Puy-du-Fou-1.jpg\",\"contentUrl\":\"https:\/\/www.campings.com\/fr\/content\/wp-content\/uploads\/2021\/10\/Puy-du-Fou-1.jpg\",\"width\":1000,\"height\":665},{\"@type\":\"BreadcrumbList\",\"@id\":\"https:\/\/www.campings.com\/fr\/content\/guide-vacances-vendee\/puy-du-fou\/#breadcrumb\",\"itemListElement\":[{\"@type\":\"ListItem\",\"position\":1,\"name\":\"Home\",\"item\":\"https:\/\/www.campings.com\/fr\/content\/\"},{\"@type\":\"ListItem\",\"position\":2,\"name\":\"Le guide de vos vacances en Vend\u00e9e\",\"item\":\"https:\/\/www.campings.com\/fr\/content\/guide-vacances-vendee\/\"},{\"@type\":\"ListItem\",\"position\":3,\"name\":\"Tout savoir sur le Puy du Fou\"}]},{\"@type\":\"WebSite\",\"@id\":\"https:\/\/www.campings.com\/fr\/content\/#website\",\"url\":\"https:\/\/www.campings.com\/fr\/content\/\",\"name\":\"\",\"description\":\"\",\"publisher\":{\"@id\":\"https:\/\/www.campings.com\/fr\/content\/#organization\"},\"potentialAction\":[{\"@type\":\"SearchAction\",\"target\":{\"@type\":\"EntryPoint\",\"urlTemplate\":\"https:\/\/www.campings.com\/fr\/content\/?s={search_term_string}\"},\"query-input\":{\"@type\":\"PropertyValueSpecification\",\"valueRequired\":true,\"valueName\":\"search_term_string\"}}],\"inLanguage\":\"fr-FR\"},{\"@type\":\"Organization\",\"@id\":\"https:\/\/www.campings.com\/fr\/content\/#organization\",\"name\":\"CAMPINGS.COM\",\"url\":\"https:\/\/www.campings.com\/fr\/content\/\",\"logo\":{\"@type\":\"ImageObject\",\"inLanguage\":\"fr-FR\",\"@id\":\"https:\/\/www.campings.com\/fr\/content\/#\/schema\/logo\/image\/\",\"url\":\"https:\/\/www.campings.com\/fr\/content\/wp-content\/uploads\/2019\/01\/cropped-logo-1.png\",\"contentUrl\":\"https:\/\/www.campings.com\/fr\/content\/wp-content\/uploads\/2019\/01\/cropped-logo-1.png\",\"width\":174,\"height\":42,\"caption\":\"CAMPINGS.COM\"},\"image\":{\"@id\":\"https:\/\/www.campings.com\/fr\/content\/#\/schema\/logo\/image\/\"}}]}<\/script>\n<!-- \/ Yoast SEO plugin. -->","yoast_head_json":{"title":"Tout savoir sur le Puy du Fou -","description":"Le Puy du Fou est un parc d\u2019attractions incontournable en Vend\u00e9e pour vivre une exp\u00e9rience inoubliable en famille, riche en d\u00e9couvertes et en \u00e9motions.","robots":{"index":"index","follow":"follow","max-snippet":"max-snippet:-1","max-image-preview":"max-image-preview:large","max-video-preview":"max-video-preview:-1"},"canonical":"https:\/\/www.campings.com\/fr\/content\/guide-vacances-vendee\/puy-du-fou\/","og_locale":"fr_FR","og_type":"article","og_title":"Tout savoir sur le Puy du Fou -","og_description":"Le Puy du Fou est un parc d\u2019attractions incontournable en Vend\u00e9e pour vivre une exp\u00e9rience inoubliable en famille, riche en d\u00e9couvertes et en \u00e9motions.","og_url":"https:\/\/www.campings.com\/fr\/content\/guide-vacances-vendee\/puy-du-fou\/","og_image":[{"width":1000,"height":665,"url":"https:\/\/www.campings.com\/fr\/content\/wp-content\/uploads\/2021\/10\/Puy-du-Fou-1.jpg","type":"image\/jpeg"}],"twitter_card":"summary_large_image","twitter_misc":{"Dur\u00e9e de lecture estim\u00e9e":"6 minutes"},"schema":{"@context":"https:\/\/schema.org","@graph":[{"@type":"WebPage","@id":"https:\/\/www.campings.com\/fr\/content\/guide-vacances-vendee\/puy-du-fou\/","url":"https:\/\/www.campings.com\/fr\/content\/guide-vacances-vendee\/puy-du-fou\/","name":"Tout savoir sur le Puy du Fou -","isPartOf":{"@id":"https:\/\/www.campings.com\/fr\/content\/#website"},"primaryImageOfPage":{"@id":"https:\/\/www.campings.com\/fr\/content\/guide-vacances-vendee\/puy-du-fou\/#primaryimage"},"image":{"@id":"https:\/\/www.campings.com\/fr\/content\/guide-vacances-vendee\/puy-du-fou\/#primaryimage"},"thumbnailUrl":"https:\/\/www.campings.com\/fr\/content\/wp-content\/uploads\/2021\/10\/Puy-du-Fou-1.jpg","datePublished":"2021-10-07T17:13:20+00:00","description":"Le Puy du Fou est un parc d\u2019attractions incontournable en Vend\u00e9e pour vivre une exp\u00e9rience inoubliable en famille, riche en d\u00e9couvertes et en \u00e9motions.","breadcrumb":{"@id":"https:\/\/www.campings.com\/fr\/content\/guide-vacances-vendee\/puy-du-fou\/#breadcrumb"},"inLanguage":"fr-FR","potentialAction":[{"@type":"ReadAction","target":["https:\/\/www.campings.com\/fr\/content\/guide-vacances-vendee\/puy-du-fou\/"]}]},{"@type":"ImageObject","inLanguage":"fr-FR","@id":"https:\/\/www.campings.com\/fr\/content\/guide-vacances-vendee\/puy-du-fou\/#primaryimage","url":"https:\/\/www.campings.com\/fr\/content\/wp-content\/uploads\/2021\/10\/Puy-du-Fou-1.jpg","contentUrl":"https:\/\/www.campings.com\/fr\/content\/wp-content\/uploads\/2021\/10\/Puy-du-Fou-1.jpg","width":1000,"height":665},{"@type":"BreadcrumbList","@id":"https:\/\/www.campings.com\/fr\/content\/guide-vacances-vendee\/puy-du-fou\/#breadcrumb","itemListElement":[{"@type":"ListItem","position":1,"name":"Home","item":"https:\/\/www.campings.com\/fr\/content\/"},{"@type":"ListItem","position":2,"name":"Le guide de vos vacances en Vend\u00e9e","item":"https:\/\/www.campings.com\/fr\/content\/guide-vacances-vendee\/"},{"@type":"ListItem","position":3,"name":"Tout savoir sur le Puy du Fou"}]},{"@type":"WebSite","@id":"https:\/\/www.campings.com\/fr\/content\/#website","url":"https:\/\/www.campings.com\/fr\/content\/","name":"","description":"","publisher":{"@id":"https:\/\/www.campings.com\/fr\/content\/#organization"},"potentialAction":[{"@type":"SearchAction","target":{"@type":"EntryPoint","urlTemplate":"https:\/\/www.campings.com\/fr\/content\/?s={search_term_string}"},"query-input":{"@type":"PropertyValueSpecification","valueRequired":true,"valueName":"search_term_string"}}],"inLanguage":"fr-FR"},{"@type":"Organization","@id":"https:\/\/www.campings.com\/fr\/content\/#organization","name":"CAMPINGS.COM","url":"https:\/\/www.campings.com\/fr\/content\/","logo":{"@type":"ImageObject","inLanguage":"fr-FR","@id":"https:\/\/www.campings.com\/fr\/content\/#\/schema\/logo\/image\/","url":"https:\/\/www.campings.com\/fr\/content\/wp-content\/uploads\/2019\/01\/cropped-logo-1.png","contentUrl":"https:\/\/www.campings.com\/fr\/content\/wp-content\/uploads\/2019\/01\/cropped-logo-1.png","width":174,"height":42,"caption":"CAMPINGS.COM"},"image":{"@id":"https:\/\/www.campings.com\/fr\/content\/#\/schema\/logo\/image\/"}}]}},"_links":{"self":[{"href":"https:\/\/www.campings.com\/fr\/content\/wp-json\/wp\/v2\/pages\/3241","targetHints":{"allow":["GET"]}}],"collection":[{"href":"https:\/\/www.campings.com\/fr\/content\/wp-json\/wp\/v2\/pages"}],"about":[{"href":"https:\/\/www.campings.com\/fr\/content\/wp-json\/wp\/v2\/types\/page"}],"author":[{"embeddable":true,"href":"https:\/\/www.campings.com\/fr\/content\/wp-json\/wp\/v2\/users\/18"}],"replies":[{"embeddable":true,"href":"https:\/\/www.campings.com\/fr\/content\/wp-json\/wp\/v2\/comments?post=3241"}],"version-history":[{"count":1,"href":"https:\/\/www.campings.com\/fr\/content\/wp-json\/wp\/v2\/pages\/3241\/revisions"}],"predecessor-version":[{"id":3244,"href":"https:\/\/www.campings.com\/fr\/content\/wp-json\/wp\/v2\/pages\/3241\/revisions\/3244"}],"up":[{"embeddable":true,"href":"https:\/\/www.campings.com\/fr\/content\/wp-json\/wp\/v2\/pages\/3223"}],"wp:attachment":[{"href":"https:\/\/www.campings.com\/fr\/content\/wp-json\/wp\/v2\/media?parent=3241"}],"curies":[{"name":"wp","href":"https:\/\/api.w.org\/{rel}","templated":true}]}}