{"id":3228,"date":"2021-10-07T16:55:25","date_gmt":"2021-10-07T16:55:25","guid":{"rendered":"https:\/\/www.campings.com\/fr\/content\/?page_id=3228"},"modified":"2022-07-29T09:12:19","modified_gmt":"2022-07-29T09:12:19","slug":"marais-poitevin-vendee","status":"publish","type":"page","link":"https:\/\/www.campings.com\/fr\/content\/guide-vacances-vendee\/marais-poitevin-vendee\/","title":{"rendered":"A la d\u00e9couverte du Marais poitevin en Vend\u00e9e"},"content":{"rendered":"<p>Entre terre et mer, le Marais poitevin en Vend\u00e9e est la destination id\u00e9ale pour prendre un bon bol d\u2019air frais ! Avec son parc naturel r\u00e9gional, ses paysages verdoyants et ses activit\u00e9s nature, la Vend\u00e9e promet des vacances inoubliables.<\/p>\n<p>Le Marais poitevin est un espace pr\u00e9serv\u00e9 de 100 000 hectares, \u00e0 cheval entre trois d\u00e9partements : Deux-S\u00e8vres, Charente-Maritime et\u00a0<a href=\"https:\/\/www.campings.com\/fr\/content\/guide-vacances-vendee\/\"><u>Vend\u00e9e<\/u><\/a>. Labellis\u00e9e grand site de France et parc naturel r\u00e9gional, la Venise verte est un havre de paix, parfait pour se ressourcer. Cot\u00e9 activit\u00e9s, vous aurez l&#8217;embarras du choix pendant votre s\u00e9jour.<\/p>\n<h2><strong>O\u00f9 faire une promenade en barque sur la Venise verte\u00a0?<\/strong><\/h2>\n<p>Lors de votre s\u00e9jour en Vend\u00e9e, ne manquez pas de faire une promenade en barque pour d\u00e9couvrir la Venise verte ! Situ\u00e9e au sud de Fontenay-le-Comte, elle est accessible en voiture ou \u00e0 v\u00e9lo. Pendant la balade, vous d\u00e9couvrirez ses innombrables canaux recouverts de lentilles d\u2019eau et bord\u00e9s d\u2019une v\u00e9g\u00e9tation de toute beaut\u00e9. Vous serez \u00e9merveill\u00e9s par l\u2019authenticit\u00e9 des paysages et l\u2019atmosph\u00e8re myst\u00e9rieuse qui se d\u00e9gagent. Vous appr\u00e9cierez le calme des lieux, parfait pour passer une journ\u00e9e en amoureux ou en famille. Une bonne occasion d\u2019admirer l\u2019incroyable diversit\u00e9 des paysages qui s\u2019offrent \u00e0 vous. Laissez-vous guider par les bateliers exp\u00e9riment\u00e9s tout au long de votre visite ! Pour une escapade en amoureux, vous pouvez aussi louer une barque sur place et partir en exp\u00e9dition en duo. Une bonne id\u00e9e de balade pour partager un moment d\u2019intimit\u00e9 au milieu de la nature.<\/p>\n<p><img loading=\"lazy\" decoding=\"async\" class=\"alignnone  wp-image-3229\" src=\"https:\/\/www.campings.com\/fr\/content\/wp-content\/uploads\/2021\/10\/Marais-1.jpg\" alt=\"\" width=\"834\" height=\"555\" srcset=\"https:\/\/www.campings.com\/fr\/content\/wp-content\/uploads\/2021\/10\/Marais-1.jpg 1000w, https:\/\/www.campings.com\/fr\/content\/wp-content\/uploads\/2021\/10\/Marais-1-300x200.jpg 300w, https:\/\/www.campings.com\/fr\/content\/wp-content\/uploads\/2021\/10\/Marais-1-768x511.jpg 768w, https:\/\/www.campings.com\/fr\/content\/wp-content\/uploads\/2021\/10\/Marais-1-450x299.jpg 450w, https:\/\/www.campings.com\/fr\/content\/wp-content\/uploads\/2021\/10\/Marais-1-430x286.jpg 430w\" sizes=\"auto, (max-width: 834px) 100vw, 834px\" \/><\/p>\n<h2><strong>Faire une visite de l\u2019Abbaye de Maillezais<\/strong><\/h2>\n<p>Bien qu\u2019elle soit en ruine, l\u2019Abbaye Saint-Pierre de Maillezais reste une visite incontournable lors de votre passage en\u00a0<a href=\"https:\/\/www.campings.com\/fr\/content\/guide-vacances-vendee\/\"><u>Vend\u00e9e<\/u><\/a>. Cette carri\u00e8re de pierre d\u2019une beaut\u00e9 incomparable vous plongera dans une autre \u00e9poque. La citation et la statue g\u00e9ante en mille morceaux sur le sol sont des vestiges \u00e0 ne pas manquer. Vous d\u00e9couvrirez le mythe de Geoffroy la Grand\u2019Dent li\u00e9 \u00e0 l\u2019histoire surprenante de cet ensemble religieux du 11e si\u00e8cle\u2026<br \/>\nDe plus, l\u2019Abbaye de Maillezais offre une vue imprenable sur les marais mouill\u00e9s. Et depuis 2017, un casque de r\u00e9alit\u00e9 virtuelle permet de visiter les lieux \u00e0 travers une exp\u00e9rience en 3D. Pour s\u2019y rendre, vous pouvez emprunter la route de La Rochelle. La distance entre l\u2019Abbaye de Maillezais et Niort est de 27 km, soit un trajet de 30 minutes environ en voiture.<\/p>\n<h2><strong>Les balades \u00e0 v\u00e9lo \u00e0 travers le Parc naturel r\u00e9gional du Marais poitevin<\/strong><\/h2>\n<p>Si vous \u00eates amateur de randonn\u00e9e \u00e0 v\u00e9lo, le Parc naturel r\u00e9gional du Marais poitevin en Vend\u00e9e est le terrain de jeu parfait. Avec ses 850 km de pistes cyclables balis\u00e9es, vous pourrez vous ressourcer \u00e0 pleins poumons lors d\u2019une balade \u00e0 v\u00e9lo. Les voies vertes et paisibles vous permettront d\u2019\u00e9vacuer tout le stress accumul\u00e9 au quotidien. De plus, les circuits sont accessibles aux petits comme aux grands. Vous n\u2019aurez qu\u2019\u00e0 suivre l\u2019itin\u00e9raire propos\u00e9 par V\u00e9lo Francette. Pensez \u00e0 pr\u00e9voir des encas dans votre sac \u00e0 dos pour profiter pleinement de votre balade. Faire un pique-nique au bord du marais vous permettra de profiter du paysage et de reprendre votre souffle. Autre exp\u00e9rience \u00e0 ne pas manquer : le coucher de soleil. Les belles teintes orang\u00e9es se refl\u00e9tant sur les arbres et sur le marais offrent un spectacle \u00e0 couper le souffle.<\/p>\n<p><img loading=\"lazy\" decoding=\"async\" class=\"alignnone  wp-image-3230\" src=\"https:\/\/www.campings.com\/fr\/content\/wp-content\/uploads\/2021\/10\/Marais-2.jpg\" alt=\"\" width=\"835\" height=\"555\" srcset=\"https:\/\/www.campings.com\/fr\/content\/wp-content\/uploads\/2021\/10\/Marais-2.jpg 1000w, https:\/\/www.campings.com\/fr\/content\/wp-content\/uploads\/2021\/10\/Marais-2-300x200.jpg 300w, https:\/\/www.campings.com\/fr\/content\/wp-content\/uploads\/2021\/10\/Marais-2-768x511.jpg 768w, https:\/\/www.campings.com\/fr\/content\/wp-content\/uploads\/2021\/10\/Marais-2-450x299.jpg 450w, https:\/\/www.campings.com\/fr\/content\/wp-content\/uploads\/2021\/10\/Marais-2-430x286.jpg 430w\" sizes=\"auto, (max-width: 835px) 100vw, 835px\" \/><\/p>\n<h2><strong>Observer la biodiversit\u00e9 du Marais dess\u00e9ch\u00e9<\/strong><\/h2>\n<p>Le Marais dess\u00e9ch\u00e9 est situ\u00e9 \u00e0 l\u2019ouest de Fontenay-le-Comte. Ce site, \u00e0 l\u2019abri des mar\u00e9es et des eaux de crue vous fera d\u00e9couvrir une toute autre facette de la r\u00e9gion. Prot\u00e9g\u00e9es par des digues et lev\u00e9es, les prairies bocag\u00e8res abritent de nombreuses esp\u00e8ces animales et une grande vari\u00e9t\u00e9 de plantes botaniques. Cette promenade ludique convient \u00e0 tous les \u00e2ges\u2026 Il est possible d\u2019explorer le site \u00e0 pied ou \u00e0 v\u00e9lo. Au cours de votre balade, vous pourrez rencontrer des troupeaux de vaches et de chevaux d\u2019\u00e9levage sur un p\u00e2turage verdoyant. Ce lieu paisible attire aussi de nombreuses esp\u00e8ces d\u2019oiseaux, qui vous r\u00e9servent un spectacle magnifique\u2026 Lors de votre passage dans le marais dess\u00e9ch\u00e9, vous pourrez m\u00eame observer des r\u00e2les d\u2019eau et des hiboux de marais.<\/p>\n<h2><strong>S\u00e9lection de campings en Sud Vend\u00e9e<\/strong><\/h2>\n<p>Pour acc\u00e9der facilement au Marais Poitevin, le meilleur moyen est de louer un camping \u00e0 proximit\u00e9. Nous avons donc s\u00e9lectionn\u00e9 pour vous plusieurs campings situ\u00e9s au sud de la\u00a0<a href=\"https:\/\/www.campings.com\/fr\/content\/guide-vacances-vendee\/\"><u>Vend\u00e9e<\/u><\/a>.<\/p>\n<h3><strong>Le Camping L&rsquo;Atlantique<\/strong><\/h3>\n<p>Le<strong>\u00a0<\/strong>Camping L&rsquo;Atlantique est situ\u00e9 au 5 bis rue du Chemin de Fer (85750 Angles). Si vous souhaitez loger \u00e0 proximit\u00e9 de la mer, cet \u00e9tablissement est parfait. Celui-ci se trouve \u00e0 6 km seulement de la plage et permet d\u2019acc\u00e9der facilement au Parc national r\u00e9gional de Marais Poitevin. Le camping est dot\u00e9 de nombreuses infrastructures : bain \u00e0 remous, billard et terrain de p\u00e9tanque, etc.<\/p>\n<p><a href=\"https:\/\/www.campings.com\/fr\/camping\/camping-latlantique-76528\">Plus d\u2019infos sur le Camping L&rsquo;Atlantique<\/a><strong>.\u00a0<\/strong><\/p>\n<h3><strong>Le Camping Domaine Des Guifettes<\/strong><\/h3>\n<p>Situ\u00e9 \u00e0 Lu\u00e7on, le Camping Domaine Des Guifettes est une alternative int\u00e9ressante \u00e0 l\u2019h\u00f4tel pendant vos vacances en Vend\u00e9e.<br \/>\nL\u2019\u00e9tablissement propose de nombreuses infrastructures aquatiques \u00e0 ses r\u00e9sidents : piscine couverte chauff\u00e9e, toboggans, aires de jeux aquatiques\u2026<br \/>\nSur place, vous pourrez \u00e9galement pratiquer le tennis ou la p\u00e9tanque.<\/p>\n<p><a href=\"https:\/\/www.campings.com\/fr\/camping\/camping-domaine-des-guifettes-77718\">Plus d\u2019infos sur le Camping Domaine Des Guifettes<\/a>.<\/p>\n<h3><strong>Le Camping La Puerta del Sol<\/strong><\/h3>\n<p>Situ\u00e9 dans un cadre convivial et familial, cet \u00e9tablissement est parfait pour un s\u00e9jour en famille. Il se trouve \u00e0 seulement 5 km des plages. Le camping dispose d&rsquo;une piscine couverte chauff\u00e9e ainsi que d&rsquo;un bassin ext\u00e9rieur avec un toboggan. Vous trouverez sur place d&rsquo;une \u00e9picerie et d&rsquo;un service de restauration snack-bar. Les mobil-homes et les chalets sont tout confort, tout \u00e9quip\u00e9s.<\/p>\n<p><a href=\"https:\/\/www.campings.com\/fr\/camping\/camping-la-puerta-del-sol-78274\">Plus d\u2019infos sur le Camping La Puerta del Sol<\/a>.<\/p>\n","protected":false},"excerpt":{"rendered":"<p>Entre terre et mer, le Marais poitevin en Vend\u00e9e est la destination id\u00e9ale pour prendre un bon bol d\u2019air frais ! Avec son parc naturel r\u00e9gional, ses paysages verdoyants et ses activit\u00e9s nature, la Vend\u00e9e promet des vacances inoubliables. Le Marais poitevin est un espace pr\u00e9serv\u00e9 de 100 000 hectares, \u00e0 cheval entre trois d\u00e9partements [&hellip;]<\/p>\n","protected":false},"author":18,"featured_media":0,"parent":3223,"menu_order":0,"comment_status":"closed","ping_status":"closed","template":"template-twocolumns.php","meta":{"_acf_changed":false,"footnotes":""},"class_list":["post-3228","page","type-page","status-publish","hentry"],"acf":[],"yoast_head":"<!-- This site is optimized with the Yoast SEO plugin v27.1.1 - https:\/\/yoast.com\/product\/yoast-seo-wordpress\/ -->\n<title>A la d\u00e9couverte du Marais poitevin en Vend\u00e9e -<\/title>\n<meta name=\"description\" content=\"Partez \u00e0 la d\u00e9couverte du Marais Poitevin en Vend\u00e9e, un paradis pour les amoureux de la nature et parcourez les d\u2019activit\u00e9s \u00e0 faire pendant votre s\u00e9jour.\" \/>\n<meta name=\"robots\" content=\"index, follow, max-snippet:-1, max-image-preview:large, max-video-preview:-1\" \/>\n<link rel=\"canonical\" href=\"https:\/\/www.campings.com\/fr\/content\/guide-vacances-vendee\/marais-poitevin-vendee\/\" \/>\n<meta property=\"og:locale\" content=\"fr_FR\" \/>\n<meta property=\"og:type\" content=\"article\" \/>\n<meta property=\"og:title\" content=\"A la d\u00e9couverte du Marais poitevin en Vend\u00e9e -\" \/>\n<meta property=\"og:description\" content=\"Partez \u00e0 la d\u00e9couverte du Marais Poitevin en Vend\u00e9e, un paradis pour les amoureux de la nature et parcourez les d\u2019activit\u00e9s \u00e0 faire pendant votre s\u00e9jour.\" \/>\n<meta property=\"og:url\" content=\"https:\/\/www.campings.com\/fr\/content\/guide-vacances-vendee\/marais-poitevin-vendee\/\" \/>\n<meta property=\"article:modified_time\" content=\"2022-07-29T09:12:19+00:00\" \/>\n<meta property=\"og:image\" content=\"https:\/\/www.campings.com\/fr\/content\/wp-content\/uploads\/2021\/10\/Marais-1.jpg\" \/>\n\t<meta property=\"og:image:width\" content=\"1000\" \/>\n\t<meta property=\"og:image:height\" content=\"665\" \/>\n\t<meta property=\"og:image:type\" content=\"image\/jpeg\" \/>\n<meta name=\"twitter:card\" content=\"summary_large_image\" \/>\n<meta name=\"twitter:label1\" content=\"Dur\u00e9e de lecture estim\u00e9e\" \/>\n\t<meta name=\"twitter:data1\" content=\"5 minutes\" \/>\n<script type=\"application\/ld+json\" class=\"yoast-schema-graph\">{\"@context\":\"https:\/\/schema.org\",\"@graph\":[{\"@type\":\"WebPage\",\"@id\":\"https:\/\/www.campings.com\/fr\/content\/guide-vacances-vendee\/marais-poitevin-vendee\/\",\"url\":\"https:\/\/www.campings.com\/fr\/content\/guide-vacances-vendee\/marais-poitevin-vendee\/\",\"name\":\"A la d\u00e9couverte du Marais poitevin en Vend\u00e9e -\",\"isPartOf\":{\"@id\":\"https:\/\/www.campings.com\/fr\/content\/#website\"},\"primaryImageOfPage\":{\"@id\":\"https:\/\/www.campings.com\/fr\/content\/guide-vacances-vendee\/marais-poitevin-vendee\/#primaryimage\"},\"image\":{\"@id\":\"https:\/\/www.campings.com\/fr\/content\/guide-vacances-vendee\/marais-poitevin-vendee\/#primaryimage\"},\"thumbnailUrl\":\"https:\/\/www.campings.com\/fr\/content\/wp-content\/uploads\/2021\/10\/Marais-1.jpg\",\"datePublished\":\"2021-10-07T16:55:25+00:00\",\"dateModified\":\"2022-07-29T09:12:19+00:00\",\"description\":\"Partez \u00e0 la d\u00e9couverte du Marais Poitevin en Vend\u00e9e, un paradis pour les amoureux de la nature et parcourez les d\u2019activit\u00e9s \u00e0 faire pendant votre s\u00e9jour.\",\"breadcrumb\":{\"@id\":\"https:\/\/www.campings.com\/fr\/content\/guide-vacances-vendee\/marais-poitevin-vendee\/#breadcrumb\"},\"inLanguage\":\"fr-FR\",\"potentialAction\":[{\"@type\":\"ReadAction\",\"target\":[\"https:\/\/www.campings.com\/fr\/content\/guide-vacances-vendee\/marais-poitevin-vendee\/\"]}]},{\"@type\":\"ImageObject\",\"inLanguage\":\"fr-FR\",\"@id\":\"https:\/\/www.campings.com\/fr\/content\/guide-vacances-vendee\/marais-poitevin-vendee\/#primaryimage\",\"url\":\"https:\/\/www.campings.com\/fr\/content\/wp-content\/uploads\/2021\/10\/Marais-1.jpg\",\"contentUrl\":\"https:\/\/www.campings.com\/fr\/content\/wp-content\/uploads\/2021\/10\/Marais-1.jpg\",\"width\":1000,\"height\":665},{\"@type\":\"BreadcrumbList\",\"@id\":\"https:\/\/www.campings.com\/fr\/content\/guide-vacances-vendee\/marais-poitevin-vendee\/#breadcrumb\",\"itemListElement\":[{\"@type\":\"ListItem\",\"position\":1,\"name\":\"Home\",\"item\":\"https:\/\/www.campings.com\/fr\/content\/\"},{\"@type\":\"ListItem\",\"position\":2,\"name\":\"Le guide de vos vacances en Vend\u00e9e\",\"item\":\"https:\/\/www.campings.com\/fr\/content\/guide-vacances-vendee\/\"},{\"@type\":\"ListItem\",\"position\":3,\"name\":\"A la d\u00e9couverte du Marais poitevin en Vend\u00e9e\"}]},{\"@type\":\"WebSite\",\"@id\":\"https:\/\/www.campings.com\/fr\/content\/#website\",\"url\":\"https:\/\/www.campings.com\/fr\/content\/\",\"name\":\"\",\"description\":\"\",\"publisher\":{\"@id\":\"https:\/\/www.campings.com\/fr\/content\/#organization\"},\"potentialAction\":[{\"@type\":\"SearchAction\",\"target\":{\"@type\":\"EntryPoint\",\"urlTemplate\":\"https:\/\/www.campings.com\/fr\/content\/?s={search_term_string}\"},\"query-input\":{\"@type\":\"PropertyValueSpecification\",\"valueRequired\":true,\"valueName\":\"search_term_string\"}}],\"inLanguage\":\"fr-FR\"},{\"@type\":\"Organization\",\"@id\":\"https:\/\/www.campings.com\/fr\/content\/#organization\",\"name\":\"CAMPINGS.COM\",\"url\":\"https:\/\/www.campings.com\/fr\/content\/\",\"logo\":{\"@type\":\"ImageObject\",\"inLanguage\":\"fr-FR\",\"@id\":\"https:\/\/www.campings.com\/fr\/content\/#\/schema\/logo\/image\/\",\"url\":\"https:\/\/www.campings.com\/fr\/content\/wp-content\/uploads\/2019\/01\/cropped-logo-1.png\",\"contentUrl\":\"https:\/\/www.campings.com\/fr\/content\/wp-content\/uploads\/2019\/01\/cropped-logo-1.png\",\"width\":174,\"height\":42,\"caption\":\"CAMPINGS.COM\"},\"image\":{\"@id\":\"https:\/\/www.campings.com\/fr\/content\/#\/schema\/logo\/image\/\"}}]}<\/script>\n<!-- \/ Yoast SEO plugin. -->","yoast_head_json":{"title":"A la d\u00e9couverte du Marais poitevin en Vend\u00e9e -","description":"Partez \u00e0 la d\u00e9couverte du Marais Poitevin en Vend\u00e9e, un paradis pour les amoureux de la nature et parcourez les d\u2019activit\u00e9s \u00e0 faire pendant votre s\u00e9jour.","robots":{"index":"index","follow":"follow","max-snippet":"max-snippet:-1","max-image-preview":"max-image-preview:large","max-video-preview":"max-video-preview:-1"},"canonical":"https:\/\/www.campings.com\/fr\/content\/guide-vacances-vendee\/marais-poitevin-vendee\/","og_locale":"fr_FR","og_type":"article","og_title":"A la d\u00e9couverte du Marais poitevin en Vend\u00e9e -","og_description":"Partez \u00e0 la d\u00e9couverte du Marais Poitevin en Vend\u00e9e, un paradis pour les amoureux de la nature et parcourez les d\u2019activit\u00e9s \u00e0 faire pendant votre s\u00e9jour.","og_url":"https:\/\/www.campings.com\/fr\/content\/guide-vacances-vendee\/marais-poitevin-vendee\/","article_modified_time":"2022-07-29T09:12:19+00:00","og_image":[{"width":1000,"height":665,"url":"https:\/\/www.campings.com\/fr\/content\/wp-content\/uploads\/2021\/10\/Marais-1.jpg","type":"image\/jpeg"}],"twitter_card":"summary_large_image","twitter_misc":{"Dur\u00e9e de lecture estim\u00e9e":"5 minutes"},"schema":{"@context":"https:\/\/schema.org","@graph":[{"@type":"WebPage","@id":"https:\/\/www.campings.com\/fr\/content\/guide-vacances-vendee\/marais-poitevin-vendee\/","url":"https:\/\/www.campings.com\/fr\/content\/guide-vacances-vendee\/marais-poitevin-vendee\/","name":"A la d\u00e9couverte du Marais poitevin en Vend\u00e9e -","isPartOf":{"@id":"https:\/\/www.campings.com\/fr\/content\/#website"},"primaryImageOfPage":{"@id":"https:\/\/www.campings.com\/fr\/content\/guide-vacances-vendee\/marais-poitevin-vendee\/#primaryimage"},"image":{"@id":"https:\/\/www.campings.com\/fr\/content\/guide-vacances-vendee\/marais-poitevin-vendee\/#primaryimage"},"thumbnailUrl":"https:\/\/www.campings.com\/fr\/content\/wp-content\/uploads\/2021\/10\/Marais-1.jpg","datePublished":"2021-10-07T16:55:25+00:00","dateModified":"2022-07-29T09:12:19+00:00","description":"Partez \u00e0 la d\u00e9couverte du Marais Poitevin en Vend\u00e9e, un paradis pour les amoureux de la nature et parcourez les d\u2019activit\u00e9s \u00e0 faire pendant votre s\u00e9jour.","breadcrumb":{"@id":"https:\/\/www.campings.com\/fr\/content\/guide-vacances-vendee\/marais-poitevin-vendee\/#breadcrumb"},"inLanguage":"fr-FR","potentialAction":[{"@type":"ReadAction","target":["https:\/\/www.campings.com\/fr\/content\/guide-vacances-vendee\/marais-poitevin-vendee\/"]}]},{"@type":"ImageObject","inLanguage":"fr-FR","@id":"https:\/\/www.campings.com\/fr\/content\/guide-vacances-vendee\/marais-poitevin-vendee\/#primaryimage","url":"https:\/\/www.campings.com\/fr\/content\/wp-content\/uploads\/2021\/10\/Marais-1.jpg","contentUrl":"https:\/\/www.campings.com\/fr\/content\/wp-content\/uploads\/2021\/10\/Marais-1.jpg","width":1000,"height":665},{"@type":"BreadcrumbList","@id":"https:\/\/www.campings.com\/fr\/content\/guide-vacances-vendee\/marais-poitevin-vendee\/#breadcrumb","itemListElement":[{"@type":"ListItem","position":1,"name":"Home","item":"https:\/\/www.campings.com\/fr\/content\/"},{"@type":"ListItem","position":2,"name":"Le guide de vos vacances en Vend\u00e9e","item":"https:\/\/www.campings.com\/fr\/content\/guide-vacances-vendee\/"},{"@type":"ListItem","position":3,"name":"A la d\u00e9couverte du Marais poitevin en Vend\u00e9e"}]},{"@type":"WebSite","@id":"https:\/\/www.campings.com\/fr\/content\/#website","url":"https:\/\/www.campings.com\/fr\/content\/","name":"","description":"","publisher":{"@id":"https:\/\/www.campings.com\/fr\/content\/#organization"},"potentialAction":[{"@type":"SearchAction","target":{"@type":"EntryPoint","urlTemplate":"https:\/\/www.campings.com\/fr\/content\/?s={search_term_string}"},"query-input":{"@type":"PropertyValueSpecification","valueRequired":true,"valueName":"search_term_string"}}],"inLanguage":"fr-FR"},{"@type":"Organization","@id":"https:\/\/www.campings.com\/fr\/content\/#organization","name":"CAMPINGS.COM","url":"https:\/\/www.campings.com\/fr\/content\/","logo":{"@type":"ImageObject","inLanguage":"fr-FR","@id":"https:\/\/www.campings.com\/fr\/content\/#\/schema\/logo\/image\/","url":"https:\/\/www.campings.com\/fr\/content\/wp-content\/uploads\/2019\/01\/cropped-logo-1.png","contentUrl":"https:\/\/www.campings.com\/fr\/content\/wp-content\/uploads\/2019\/01\/cropped-logo-1.png","width":174,"height":42,"caption":"CAMPINGS.COM"},"image":{"@id":"https:\/\/www.campings.com\/fr\/content\/#\/schema\/logo\/image\/"}}]}},"_links":{"self":[{"href":"https:\/\/www.campings.com\/fr\/content\/wp-json\/wp\/v2\/pages\/3228","targetHints":{"allow":["GET"]}}],"collection":[{"href":"https:\/\/www.campings.com\/fr\/content\/wp-json\/wp\/v2\/pages"}],"about":[{"href":"https:\/\/www.campings.com\/fr\/content\/wp-json\/wp\/v2\/types\/page"}],"author":[{"embeddable":true,"href":"https:\/\/www.campings.com\/fr\/content\/wp-json\/wp\/v2\/users\/18"}],"replies":[{"embeddable":true,"href":"https:\/\/www.campings.com\/fr\/content\/wp-json\/wp\/v2\/comments?post=3228"}],"version-history":[{"count":3,"href":"https:\/\/www.campings.com\/fr\/content\/wp-json\/wp\/v2\/pages\/3228\/revisions"}],"predecessor-version":[{"id":3838,"href":"https:\/\/www.campings.com\/fr\/content\/wp-json\/wp\/v2\/pages\/3228\/revisions\/3838"}],"up":[{"embeddable":true,"href":"https:\/\/www.campings.com\/fr\/content\/wp-json\/wp\/v2\/pages\/3223"}],"wp:attachment":[{"href":"https:\/\/www.campings.com\/fr\/content\/wp-json\/wp\/v2\/media?parent=3228"}],"curies":[{"name":"wp","href":"https:\/\/api.w.org\/{rel}","templated":true}]}}