{"id":3192,"date":"2021-09-20T17:19:02","date_gmt":"2021-09-20T17:19:02","guid":{"rendered":"https:\/\/www.campings.com\/fr\/content\/?page_id=3192"},"modified":"2021-09-20T17:19:02","modified_gmt":"2021-09-20T17:19:02","slug":"selection-campings-landes","status":"publish","type":"page","link":"https:\/\/www.campings.com\/fr\/content\/guide-vacances-landes\/selection-campings-landes\/","title":{"rendered":"S\u00e9lection de campings dans les Landes"},"content":{"rendered":"<p>Pour partager de bons moments en famille ou entre amis, le camping est une formule d\u2019h\u00e9bergement id\u00e9ale. Si vous envisagez de partir en camping cet \u00e9t\u00e9, optez pour un s\u00e9jour dans les Landes ! Parfait pour se mettre au vert, le d\u00e9partement compte une centaine de campings pour toutes les envies et tous les budgets.<\/p>\n<p>Situ\u00e9es en Nouvelle-Aquitaine, au c\u0153ur de la Gascogne, les\u00a0<a href=\"https:\/\/www.campings.com\/fr\/content\/guide-vacances-landes\/\"><strong><u>Landes<\/u><\/strong>\u00a0<\/a>pr\u00e9sentent une diversit\u00e9 incroyable de paysages naturels. Entre for\u00eats, lacs et oc\u00e9an Atlantique, ce d\u00e9partement vous promet de belles d\u00e9couvertes. Avec des produits de terroir mondialement r\u00e9put\u00e9s, les Landes sont aussi r\u00e9put\u00e9es pour sa gastronomie qui s\u00e9duira les plus fins gourmets. Faire du camping dans la r\u00e9gion est un bon moyen de changer d\u2019air en famille tout en restant en France !<\/p>\n<h2><strong>S\u00e9lection de campings au bord de l\u2019oc\u00e9an, sur la c\u00f4te landaise<\/strong><\/h2>\n<p>Envie de profiter pleinement de vos vacances sur la c\u00f4te landaise ? Optez pour un camping en bord de mer. Voici 4 campings o\u00f9 vous pourrez \u00e9couter le bruit des vagues depuis votre mobil home !<\/p>\n<h3><strong>Camping Village Resort et Spa Le Vieux Port<\/strong><\/h3>\n<p>Ce camping, situ\u00e9 Route de la Plage Sud \u00e0 Messanges, est l\u2019endroit parfait pour passer ses vacances au soleil. L\u2019\u00e9tablissement se trouve \u00e0 seulement quelques m\u00e8tres de la mer. Tout au long de votre s\u00e9jour, vous acc\u00e8derez \u00e0 un large panel d\u2019activit\u00e9s et services.<\/p>\n<p><a href=\"https:\/\/www.campings.com\/fr\/camping\/camping-village-resort-et-spa-le-vieux-port-77802\">Plus d\u2019infos sur le Camping Village Resort et Spa Le Vieux Port<\/a>.<\/p>\n<h3><strong>Camping Saint Martin<\/strong><\/h3>\n<p>Le Camping Saint Martin se trouve Avenue de l\u2019Oc\u00e9an. L\u2019\u00e9tablissement est proche de la belle plage de Moliets et M\u00e2a, ce qui en fait un endroit parfait pour les vacanciers. Sur place, une piscine couverte chauff\u00e9e et une piscine ext\u00e9rieure non chauff\u00e9e sont \u00e0 votre disposition.<\/p>\n<p><a href=\"https:\/\/www.campings.com\/fr\/camping\/camping-saint-martin-79300\">Plus d\u2019infos sur le Camping Saint Martin<\/a>.<\/p>\n<h3><strong>Camping Le Lac Sanguinet<\/strong><\/h3>\n<p>Ce camping, tr\u00e8s anim\u00e9 convient tr\u00e8s bien pour des vacances en famille. Situ\u00e9 rue de Pinton, il offre un acc\u00e8s facile \u00e0 la belle plage de sable fin de Sanguinet.<\/p>\n<p><a href=\"https:\/\/www.campings.com\/fr\/camping\/camping-le-lac-sanguinet-81368\">Plus d\u2019infos sur le Camping Le Lac Sanguinet<\/a><strong>.\u00a0<\/strong><\/p>\n<h3><strong>Camping Mayotte Vacances<\/strong><\/h3>\n<p>Ce camping du Quartier Mayotte Lac est id\u00e9al pour les familles. Nich\u00e9 dans un cadre \u00e0 la fois calme et convivial, il propose de nombreuses activit\u00e9s et offre un acc\u00e8s direct \u00e0 la plage.<\/p>\n<p><a href=\"https:\/\/www.campings.com\/fr\/camping\/camping-mayotte-vacances-76910\">Plus d\u2019infos sur le Camping Mayotte Vacances<\/a>.<\/p>\n<p><img loading=\"lazy\" decoding=\"async\" class=\"alignnone size-full wp-image-3193\" src=\"https:\/\/www.campings.com\/fr\/content\/wp-content\/uploads\/2021\/09\/Camping-Mayotte-Vacances.jpg\" alt=\"\" width=\"1000\" height=\"665\" srcset=\"https:\/\/www.campings.com\/fr\/content\/wp-content\/uploads\/2021\/09\/Camping-Mayotte-Vacances.jpg 1000w, https:\/\/www.campings.com\/fr\/content\/wp-content\/uploads\/2021\/09\/Camping-Mayotte-Vacances-300x200.jpg 300w, https:\/\/www.campings.com\/fr\/content\/wp-content\/uploads\/2021\/09\/Camping-Mayotte-Vacances-768x511.jpg 768w, https:\/\/www.campings.com\/fr\/content\/wp-content\/uploads\/2021\/09\/Camping-Mayotte-Vacances-450x299.jpg 450w, https:\/\/www.campings.com\/fr\/content\/wp-content\/uploads\/2021\/09\/Camping-Mayotte-Vacances-430x286.jpg 430w\" sizes=\"auto, (max-width: 1000px) 100vw, 1000px\" \/><\/p>\n<h2><strong>S\u00e9lection de campings aux alentours de Mimizan<\/strong><\/h2>\n<p>La ville de Mimizan est une destination incontournable pendant vos vacances dans le Sud-Ouest. Voici une s\u00e9lection de campings situ\u00e9s aux alentours de Mimizan dans les <a href=\"https:\/\/www.campings.com\/fr\/content\/guide-vacances-landes\/\"><strong>Landes<\/strong><\/a>.<\/p>\n<h3><strong>Camping de La Plage<\/strong><\/h3>\n<p>Situ\u00e9 Boulevard de l\u2019Atlantique, ce camping convient aux touristes qui souhaitent loger \u00e0 proximit\u00e9 de la plage de Mimizan. De nombreuses activit\u00e9s \u00e0 faire en famille ou entre amis vous attendent dans ce camping 4 \u00e9toiles.<\/p>\n<p><a href=\"https:\/\/www.campings.com\/fr\/camping\/camping-de-la-plage-77818\">Plus d\u2019infos sur le Camping de La Plage<\/a>.<\/p>\n<h3><strong>Camping L&rsquo;Estival<\/strong><\/h3>\n<p>L\u2019Estival est un camping nich\u00e9 au 510 route des quartiers, dans le Quartier Bourroc. Sur place comme \u00e0 l\u2019ext\u00e9rieur, vous acc\u00e8derez \u00e0 de nombreux divertissements. De plus, les plus beaux march\u00e9s de Mimizan sont situ\u00e9s \u00e0 proximit\u00e9 du camping.<\/p>\n<p><a href=\"https:\/\/www.campings.com\/fr\/camping\/camping-lestival-76602\">Plus d\u2019infos sur le Camping L\u2019Estival<\/a><strong>.<\/strong><\/p>\n<h3><strong>Club Marina-Landes<\/strong><\/h3>\n<p>Pour fl\u00e2ner dans \u00ab la Perle de la C\u00f4te d\u2019Argent \u00bb optez pour le Club Marina-Landes ! Ce camping est situ\u00e9 \u00e0 500 m\u00e8tres seulement de la plage de sable fin de Mimizan.<\/p>\n<p><a href=\"https:\/\/www.campings.com\/fr\/camping\/club-marina-landes-80979\">Plus d\u2019infos sur le Club Marina-Landes<\/a>.<\/p>\n<h3><strong>Village Vacances Mimizan<\/strong><\/h3>\n<p>Ce camping tout confort, situ\u00e9 rue des Marsouins est propice \u00e0 la d\u00e9tente. Au milieu d\u2019une nature pr\u00e9serv\u00e9e, cet \u00e9tablissement offre une vue imprenable sur l\u2019Oc\u00e9an Atlantique. Sur place, vous pratiquerez de multiples activit\u00e9s sportives et ludiques. Baignade \u00e0 la piscine, beach volley, p\u00e9tanque : vous aurez l\u2019embarras du choix !<\/p>\n<p><a href=\"https:\/\/www.campings.com\/fr\/camping\/village-vacances-mimizan-86979\">Plus d\u2019infos sur le Village Vacances Mimizan<\/a>.<\/p>\n<p><img loading=\"lazy\" decoding=\"async\" class=\"alignnone size-full wp-image-3195\" src=\"https:\/\/www.campings.com\/fr\/content\/wp-content\/uploads\/2021\/09\/Camping-Village-Vacances-Mimizan.jpg\" alt=\"\" width=\"1000\" height=\"665\" srcset=\"https:\/\/www.campings.com\/fr\/content\/wp-content\/uploads\/2021\/09\/Camping-Village-Vacances-Mimizan.jpg 1000w, https:\/\/www.campings.com\/fr\/content\/wp-content\/uploads\/2021\/09\/Camping-Village-Vacances-Mimizan-300x200.jpg 300w, https:\/\/www.campings.com\/fr\/content\/wp-content\/uploads\/2021\/09\/Camping-Village-Vacances-Mimizan-768x511.jpg 768w, https:\/\/www.campings.com\/fr\/content\/wp-content\/uploads\/2021\/09\/Camping-Village-Vacances-Mimizan-450x299.jpg 450w, https:\/\/www.campings.com\/fr\/content\/wp-content\/uploads\/2021\/09\/Camping-Village-Vacances-Mimizan-430x286.jpg 430w\" sizes=\"auto, (max-width: 1000px) 100vw, 1000px\" \/><\/p>\n<h2><strong>S\u00e9lection de campings autour de Biscarrosse et de ses lacs<\/strong><\/h2>\n<p>Pendant votre s\u00e9jour \u00e0 Biscarrosse dans les Landes, posez vos valises dans l\u2019un de ces campings pour d\u00e9couvrir ses lacs.<\/p>\n<h3><strong>Camping Mayotte Vacances<\/strong><\/h3>\n<p>Ce camping, id\u00e9alement situ\u00e9 pr\u00e8s du lac de Biscarosse propose un large choix d\u2019activit\u00e9s. Des services de restauration sont disponibles sur place pour limiter les d\u00e9placements.<\/p>\n<p><a href=\"https:\/\/www.campings.com\/fr\/camping\/camping-mayotte-vacances-76910\">Plus d\u2019infos sur le Camping Mayotte Vacances<\/a>.<\/p>\n<h3><strong>Camping En Chon Les Pins<\/strong><\/h3>\n<p>Situ\u00e9 en plein c\u0153ur de Biscarrosse, dans un cadre exceptionnel, ce camping est parfait pour des vacances en famille. L\u2019\u00e9tablissement propose des mobil homes tout confort pour un s\u00e9jour agr\u00e9able sous le signe de la d\u00e9tente.<\/p>\n<p><a href=\"https:\/\/www.campings.com\/fr\/camping\/camping-en-chon-les-pins-76911\">Plus d\u2019infos sur le Camping En Chon Les Pins<\/a>.<\/p>\n<h3><strong>Camping Le Vivier<\/strong><\/h3>\n<p>Situ\u00e9 \u00e0 800 m du bord de mer, ce camping est l\u2019endroit r\u00eav\u00e9 pour passer de belles vacances au soleil. Les services propos\u00e9s dans cet \u00e9tablissement sont nombreux : restauration, laverie, wifi\u2026<\/p>\n<p><a href=\"https:\/\/www.campings.com\/fr\/camping\/camping-le-vivier-76909\">Plus d\u2019infos sur le Camping Le Vivier<\/a>.<\/p>\n<h3>Camping Plage sud<\/h3>\n<p>\u00c0 Biscarrosse, ce camping offre un large choix d\u2019activit\u00e9s pour tous les \u00e2ges. Vous pourrez m\u00eame acc\u00e9der facilement \u00e0 certains itin\u00e9raires de randonn\u00e9e.<\/p>\n<p><a href=\"https:\/\/www.campings.com\/fr\/camping\/camping-plage-sud-76913\">Plus d\u2019infos sur le Camping Plage sud<\/a>.<\/p>\n<h2><strong>S\u00e9lection de campings \u00e0 c\u00f4t\u00e9 de Vieux-Boucau-les-Bains<\/strong><\/h2>\n<p>Si vous souhaitez loger pr\u00e8s de Vieux-Boucau-les-Bains, optez pour l\u2019un de ces 3 campings.<\/p>\n<h3><strong>R\u00e9sidence Les Sables d&rsquo;Or<\/strong><\/h3>\n<p>Cette<strong>\u00a0<\/strong>belle r\u00e9sidence nich\u00e9e en plein c\u0153ur de Vieux-Boucau-les-Bains est un \u00e9tablissement parfait pour des vacances d\u00e9tente. La plage est situ\u00e9e \u00e0 100 m seulement.<\/p>\n<p><a href=\"https:\/\/www.campings.com\/fr\/camping\/residence-les-sables-dor-78752\">Plus d\u2019infos sur la<strong>\u00a0<\/strong>R\u00e9sidence Les Sables d&rsquo;Or<\/a>.<\/p>\n<h3><strong>R\u00e9sidence Lagoc\u00e9an<\/strong><\/h3>\n<p>Cette r\u00e9sidence offre un acc\u00e8s direct \u00e0 la plage, qui est \u00e0 3 minutes \u00e0 pied seulement. Sur place, de nombreuses activit\u00e9s pour les enfants sont propos\u00e9es.<\/p>\n<p><a href=\"https:\/\/www.campings.com\/fr\/camping\/residence-lagocean-78754\">Plus d\u2019infos sur la R\u00e9sidence Lagoc\u00e9an<\/a>.<\/p>\n<h2><strong>S\u00e9lection de campings pas chers dans les Landes<\/strong><\/h2>\n<p>Vous voyagez \u00e0 petit budget ? Voici 4 campings situ\u00e9s dans les <strong><a href=\"https:\/\/www.campings.com\/fr\/content\/guide-vacances-landes\/\">Landes<\/a><\/strong>\u00a0o\u00f9 poser vos valises.<\/p>\n<h3><strong>Camping Les Rives de l&rsquo;Adour<\/strong><\/h3>\n<p>En plus des tarifs int\u00e9ressants propos\u00e9s, ce camping offre des services d\u2019une qualit\u00e9 irr\u00e9prochable.<\/p>\n<p><a href=\"https:\/\/www.campings.com\/fr\/camping\/camping-les-rives-de-l-adour-camping-paradis-78389\">Plus d\u2019infos sur le Camping Les Rives de l&rsquo;Adour<\/a>.<\/p>\n<p><img loading=\"lazy\" decoding=\"async\" class=\"alignnone size-full wp-image-3194\" src=\"https:\/\/www.campings.com\/fr\/content\/wp-content\/uploads\/2021\/09\/Camping-Les-Rives-de-lAdour.jpg\" alt=\"\" width=\"1000\" height=\"665\" srcset=\"https:\/\/www.campings.com\/fr\/content\/wp-content\/uploads\/2021\/09\/Camping-Les-Rives-de-lAdour.jpg 1000w, https:\/\/www.campings.com\/fr\/content\/wp-content\/uploads\/2021\/09\/Camping-Les-Rives-de-lAdour-300x200.jpg 300w, https:\/\/www.campings.com\/fr\/content\/wp-content\/uploads\/2021\/09\/Camping-Les-Rives-de-lAdour-768x511.jpg 768w, https:\/\/www.campings.com\/fr\/content\/wp-content\/uploads\/2021\/09\/Camping-Les-Rives-de-lAdour-450x299.jpg 450w, https:\/\/www.campings.com\/fr\/content\/wp-content\/uploads\/2021\/09\/Camping-Les-Rives-de-lAdour-430x286.jpg 430w\" sizes=\"auto, (max-width: 1000px) 100vw, 1000px\" \/><\/p>\n<h3><strong>Camping Club Famille Lou Pignada<\/strong><\/h3>\n<p>Ce camping pas cher est un choix parfait pour passer de belles vacances en famille dans les Landes.<\/p>\n<p><a href=\"https:\/\/www.campings.com\/fr\/camping\/camping-club-famille-lou-pignada-77799\">Plus d\u2019infos sur le Camping Club Famille Lou Pignada<\/a>.<\/p>\n<h3><strong>Camping Village Resort et Spa Le Vieux Port<\/strong><\/h3>\n<p>Cet \u00e9tablissement offre un excellent rapport qualit\u00e9 prix pour des vacances tout confort dans un cadre agr\u00e9able.<\/p>\n<p><a href=\"https:\/\/www.campings.com\/fr\/camping\/camping-village-resort-et-spa-le-vieux-port-77802\">Plus d\u2019infos sur le Camping Village Resort et Spa Le Vieux Port<\/a>.<\/p>\n<h3><strong>Camping Les Vignes<\/strong><\/h3>\n<p>Situ\u00e9 dans un cadre idyllique, ce camping avec piscine ext\u00e9rieure vous promet un s\u00e9jour inoubliable.<\/p>\n<p><a href=\"https:\/\/www.campings.com\/fr\/camping\/camping-les-vignes-76661\">Plus d\u2019infos sur le Camping Les Vignes<\/a>.<\/p>\n<p>&nbsp;<\/p>\n","protected":false},"excerpt":{"rendered":"<p>Pour partager de bons moments en famille ou entre amis, le camping est une formule d\u2019h\u00e9bergement id\u00e9ale. Si vous envisagez de partir en camping cet \u00e9t\u00e9, optez pour un s\u00e9jour dans les Landes ! Parfait pour se mettre au vert, le d\u00e9partement compte une centaine de campings pour toutes les envies et tous les budgets. [&hellip;]<\/p>\n","protected":false},"author":18,"featured_media":0,"parent":3163,"menu_order":0,"comment_status":"closed","ping_status":"closed","template":"template-twocolumns.php","meta":{"_acf_changed":false,"footnotes":""},"class_list":["post-3192","page","type-page","status-publish","hentry"],"acf":[],"yoast_head":"<!-- This site is optimized with the Yoast SEO plugin v27.1.1 - https:\/\/yoast.com\/product\/yoast-seo-wordpress\/ -->\n<title>S\u00e9lection de campings dans les Landes -<\/title>\n<meta name=\"description\" content=\"D\u00e9couvrez les meilleurs campings o\u00f9 poser vos valises dans les Landes dans le sud-ouest, une destination ensoleill\u00e9e parfaite pour des vacances en famille.\" \/>\n<meta name=\"robots\" content=\"index, follow, max-snippet:-1, max-image-preview:large, max-video-preview:-1\" \/>\n<link rel=\"canonical\" href=\"https:\/\/www.campings.com\/fr\/content\/guide-vacances-landes\/selection-campings-landes\/\" \/>\n<meta property=\"og:locale\" content=\"fr_FR\" \/>\n<meta property=\"og:type\" content=\"article\" \/>\n<meta property=\"og:title\" content=\"S\u00e9lection de campings dans les Landes -\" \/>\n<meta property=\"og:description\" content=\"D\u00e9couvrez les meilleurs campings o\u00f9 poser vos valises dans les Landes dans le sud-ouest, une destination ensoleill\u00e9e parfaite pour des vacances en famille.\" \/>\n<meta property=\"og:url\" content=\"https:\/\/www.campings.com\/fr\/content\/guide-vacances-landes\/selection-campings-landes\/\" \/>\n<meta property=\"og:image\" content=\"https:\/\/www.campings.com\/fr\/content\/wp-content\/uploads\/2021\/09\/Camping-Mayotte-Vacances.jpg\" \/>\n\t<meta property=\"og:image:width\" content=\"1000\" \/>\n\t<meta property=\"og:image:height\" content=\"665\" \/>\n\t<meta property=\"og:image:type\" content=\"image\/jpeg\" \/>\n<meta name=\"twitter:card\" content=\"summary_large_image\" \/>\n<meta name=\"twitter:label1\" content=\"Dur\u00e9e de lecture estim\u00e9e\" \/>\n\t<meta name=\"twitter:data1\" content=\"6 minutes\" \/>\n<script type=\"application\/ld+json\" class=\"yoast-schema-graph\">{\"@context\":\"https:\/\/schema.org\",\"@graph\":[{\"@type\":\"WebPage\",\"@id\":\"https:\/\/www.campings.com\/fr\/content\/guide-vacances-landes\/selection-campings-landes\/\",\"url\":\"https:\/\/www.campings.com\/fr\/content\/guide-vacances-landes\/selection-campings-landes\/\",\"name\":\"S\u00e9lection de campings dans les Landes -\",\"isPartOf\":{\"@id\":\"https:\/\/www.campings.com\/fr\/content\/#website\"},\"primaryImageOfPage\":{\"@id\":\"https:\/\/www.campings.com\/fr\/content\/guide-vacances-landes\/selection-campings-landes\/#primaryimage\"},\"image\":{\"@id\":\"https:\/\/www.campings.com\/fr\/content\/guide-vacances-landes\/selection-campings-landes\/#primaryimage\"},\"thumbnailUrl\":\"https:\/\/www.campings.com\/fr\/content\/wp-content\/uploads\/2021\/09\/Camping-Mayotte-Vacances.jpg\",\"datePublished\":\"2021-09-20T17:19:02+00:00\",\"description\":\"D\u00e9couvrez les meilleurs campings o\u00f9 poser vos valises dans les Landes dans le sud-ouest, une destination ensoleill\u00e9e parfaite pour des vacances en famille.\",\"breadcrumb\":{\"@id\":\"https:\/\/www.campings.com\/fr\/content\/guide-vacances-landes\/selection-campings-landes\/#breadcrumb\"},\"inLanguage\":\"fr-FR\",\"potentialAction\":[{\"@type\":\"ReadAction\",\"target\":[\"https:\/\/www.campings.com\/fr\/content\/guide-vacances-landes\/selection-campings-landes\/\"]}]},{\"@type\":\"ImageObject\",\"inLanguage\":\"fr-FR\",\"@id\":\"https:\/\/www.campings.com\/fr\/content\/guide-vacances-landes\/selection-campings-landes\/#primaryimage\",\"url\":\"https:\/\/www.campings.com\/fr\/content\/wp-content\/uploads\/2021\/09\/Camping-Mayotte-Vacances.jpg\",\"contentUrl\":\"https:\/\/www.campings.com\/fr\/content\/wp-content\/uploads\/2021\/09\/Camping-Mayotte-Vacances.jpg\",\"width\":1000,\"height\":665},{\"@type\":\"BreadcrumbList\",\"@id\":\"https:\/\/www.campings.com\/fr\/content\/guide-vacances-landes\/selection-campings-landes\/#breadcrumb\",\"itemListElement\":[{\"@type\":\"ListItem\",\"position\":1,\"name\":\"Home\",\"item\":\"https:\/\/www.campings.com\/fr\/content\/\"},{\"@type\":\"ListItem\",\"position\":2,\"name\":\"Le guide de vos vacances dans les Landes\",\"item\":\"https:\/\/www.campings.com\/fr\/content\/guide-vacances-landes\/\"},{\"@type\":\"ListItem\",\"position\":3,\"name\":\"S\u00e9lection de campings dans les Landes\"}]},{\"@type\":\"WebSite\",\"@id\":\"https:\/\/www.campings.com\/fr\/content\/#website\",\"url\":\"https:\/\/www.campings.com\/fr\/content\/\",\"name\":\"\",\"description\":\"\",\"publisher\":{\"@id\":\"https:\/\/www.campings.com\/fr\/content\/#organization\"},\"potentialAction\":[{\"@type\":\"SearchAction\",\"target\":{\"@type\":\"EntryPoint\",\"urlTemplate\":\"https:\/\/www.campings.com\/fr\/content\/?s={search_term_string}\"},\"query-input\":{\"@type\":\"PropertyValueSpecification\",\"valueRequired\":true,\"valueName\":\"search_term_string\"}}],\"inLanguage\":\"fr-FR\"},{\"@type\":\"Organization\",\"@id\":\"https:\/\/www.campings.com\/fr\/content\/#organization\",\"name\":\"CAMPINGS.COM\",\"url\":\"https:\/\/www.campings.com\/fr\/content\/\",\"logo\":{\"@type\":\"ImageObject\",\"inLanguage\":\"fr-FR\",\"@id\":\"https:\/\/www.campings.com\/fr\/content\/#\/schema\/logo\/image\/\",\"url\":\"https:\/\/www.campings.com\/fr\/content\/wp-content\/uploads\/2019\/01\/cropped-logo-1.png\",\"contentUrl\":\"https:\/\/www.campings.com\/fr\/content\/wp-content\/uploads\/2019\/01\/cropped-logo-1.png\",\"width\":174,\"height\":42,\"caption\":\"CAMPINGS.COM\"},\"image\":{\"@id\":\"https:\/\/www.campings.com\/fr\/content\/#\/schema\/logo\/image\/\"}}]}<\/script>\n<!-- \/ Yoast SEO plugin. -->","yoast_head_json":{"title":"S\u00e9lection de campings dans les Landes -","description":"D\u00e9couvrez les meilleurs campings o\u00f9 poser vos valises dans les Landes dans le sud-ouest, une destination ensoleill\u00e9e parfaite pour des vacances en famille.","robots":{"index":"index","follow":"follow","max-snippet":"max-snippet:-1","max-image-preview":"max-image-preview:large","max-video-preview":"max-video-preview:-1"},"canonical":"https:\/\/www.campings.com\/fr\/content\/guide-vacances-landes\/selection-campings-landes\/","og_locale":"fr_FR","og_type":"article","og_title":"S\u00e9lection de campings dans les Landes -","og_description":"D\u00e9couvrez les meilleurs campings o\u00f9 poser vos valises dans les Landes dans le sud-ouest, une destination ensoleill\u00e9e parfaite pour des vacances en famille.","og_url":"https:\/\/www.campings.com\/fr\/content\/guide-vacances-landes\/selection-campings-landes\/","og_image":[{"width":1000,"height":665,"url":"https:\/\/www.campings.com\/fr\/content\/wp-content\/uploads\/2021\/09\/Camping-Mayotte-Vacances.jpg","type":"image\/jpeg"}],"twitter_card":"summary_large_image","twitter_misc":{"Dur\u00e9e de lecture estim\u00e9e":"6 minutes"},"schema":{"@context":"https:\/\/schema.org","@graph":[{"@type":"WebPage","@id":"https:\/\/www.campings.com\/fr\/content\/guide-vacances-landes\/selection-campings-landes\/","url":"https:\/\/www.campings.com\/fr\/content\/guide-vacances-landes\/selection-campings-landes\/","name":"S\u00e9lection de campings dans les Landes -","isPartOf":{"@id":"https:\/\/www.campings.com\/fr\/content\/#website"},"primaryImageOfPage":{"@id":"https:\/\/www.campings.com\/fr\/content\/guide-vacances-landes\/selection-campings-landes\/#primaryimage"},"image":{"@id":"https:\/\/www.campings.com\/fr\/content\/guide-vacances-landes\/selection-campings-landes\/#primaryimage"},"thumbnailUrl":"https:\/\/www.campings.com\/fr\/content\/wp-content\/uploads\/2021\/09\/Camping-Mayotte-Vacances.jpg","datePublished":"2021-09-20T17:19:02+00:00","description":"D\u00e9couvrez les meilleurs campings o\u00f9 poser vos valises dans les Landes dans le sud-ouest, une destination ensoleill\u00e9e parfaite pour des vacances en famille.","breadcrumb":{"@id":"https:\/\/www.campings.com\/fr\/content\/guide-vacances-landes\/selection-campings-landes\/#breadcrumb"},"inLanguage":"fr-FR","potentialAction":[{"@type":"ReadAction","target":["https:\/\/www.campings.com\/fr\/content\/guide-vacances-landes\/selection-campings-landes\/"]}]},{"@type":"ImageObject","inLanguage":"fr-FR","@id":"https:\/\/www.campings.com\/fr\/content\/guide-vacances-landes\/selection-campings-landes\/#primaryimage","url":"https:\/\/www.campings.com\/fr\/content\/wp-content\/uploads\/2021\/09\/Camping-Mayotte-Vacances.jpg","contentUrl":"https:\/\/www.campings.com\/fr\/content\/wp-content\/uploads\/2021\/09\/Camping-Mayotte-Vacances.jpg","width":1000,"height":665},{"@type":"BreadcrumbList","@id":"https:\/\/www.campings.com\/fr\/content\/guide-vacances-landes\/selection-campings-landes\/#breadcrumb","itemListElement":[{"@type":"ListItem","position":1,"name":"Home","item":"https:\/\/www.campings.com\/fr\/content\/"},{"@type":"ListItem","position":2,"name":"Le guide de vos vacances dans les Landes","item":"https:\/\/www.campings.com\/fr\/content\/guide-vacances-landes\/"},{"@type":"ListItem","position":3,"name":"S\u00e9lection de campings dans les Landes"}]},{"@type":"WebSite","@id":"https:\/\/www.campings.com\/fr\/content\/#website","url":"https:\/\/www.campings.com\/fr\/content\/","name":"","description":"","publisher":{"@id":"https:\/\/www.campings.com\/fr\/content\/#organization"},"potentialAction":[{"@type":"SearchAction","target":{"@type":"EntryPoint","urlTemplate":"https:\/\/www.campings.com\/fr\/content\/?s={search_term_string}"},"query-input":{"@type":"PropertyValueSpecification","valueRequired":true,"valueName":"search_term_string"}}],"inLanguage":"fr-FR"},{"@type":"Organization","@id":"https:\/\/www.campings.com\/fr\/content\/#organization","name":"CAMPINGS.COM","url":"https:\/\/www.campings.com\/fr\/content\/","logo":{"@type":"ImageObject","inLanguage":"fr-FR","@id":"https:\/\/www.campings.com\/fr\/content\/#\/schema\/logo\/image\/","url":"https:\/\/www.campings.com\/fr\/content\/wp-content\/uploads\/2019\/01\/cropped-logo-1.png","contentUrl":"https:\/\/www.campings.com\/fr\/content\/wp-content\/uploads\/2019\/01\/cropped-logo-1.png","width":174,"height":42,"caption":"CAMPINGS.COM"},"image":{"@id":"https:\/\/www.campings.com\/fr\/content\/#\/schema\/logo\/image\/"}}]}},"_links":{"self":[{"href":"https:\/\/www.campings.com\/fr\/content\/wp-json\/wp\/v2\/pages\/3192","targetHints":{"allow":["GET"]}}],"collection":[{"href":"https:\/\/www.campings.com\/fr\/content\/wp-json\/wp\/v2\/pages"}],"about":[{"href":"https:\/\/www.campings.com\/fr\/content\/wp-json\/wp\/v2\/types\/page"}],"author":[{"embeddable":true,"href":"https:\/\/www.campings.com\/fr\/content\/wp-json\/wp\/v2\/users\/18"}],"replies":[{"embeddable":true,"href":"https:\/\/www.campings.com\/fr\/content\/wp-json\/wp\/v2\/comments?post=3192"}],"version-history":[{"count":1,"href":"https:\/\/www.campings.com\/fr\/content\/wp-json\/wp\/v2\/pages\/3192\/revisions"}],"predecessor-version":[{"id":3196,"href":"https:\/\/www.campings.com\/fr\/content\/wp-json\/wp\/v2\/pages\/3192\/revisions\/3196"}],"up":[{"embeddable":true,"href":"https:\/\/www.campings.com\/fr\/content\/wp-json\/wp\/v2\/pages\/3163"}],"wp:attachment":[{"href":"https:\/\/www.campings.com\/fr\/content\/wp-json\/wp\/v2\/media?parent=3192"}],"curies":[{"name":"wp","href":"https:\/\/api.w.org\/{rel}","templated":true}]}}