{"id":3187,"date":"2021-09-20T17:10:28","date_gmt":"2021-09-20T17:10:28","guid":{"rendered":"https:\/\/www.campings.com\/fr\/content\/?page_id=3187"},"modified":"2021-09-20T17:10:28","modified_gmt":"2021-09-20T17:10:28","slug":"randonnee-landes","status":"publish","type":"page","link":"https:\/\/www.campings.com\/fr\/content\/guide-vacances-landes\/randonnee-landes\/","title":{"rendered":"O\u00f9 pratiquer la randonn\u00e9e dans les Landes ?"},"content":{"rendered":"<p>Avec ses 3500 km de sentiers, le d\u00e9partement des Landes fera le bonheur des randonneurs. Que ce soit \u00e0 pied ou \u00e0 v\u00e9lo, dans les terres ou sur les c\u00f4tes, les Landes vous r\u00e9serveront de belles surprises.<\/p>\n<p>\u00c0 la recherche d\u2019une destination d\u00e9paysante o\u00f9 se reposer ? Parsem\u00e9e de for\u00eats et de lacs, le d\u00e9partement des\u00a0<a href=\"https:\/\/www.campings.com\/fr\/content\/guide-vacances-landes\/\"><strong><u>Landes<\/u>\u00a0<\/strong><\/a>vous promet un s\u00e9jour riche en d\u00e9couvertes. Les amateurs de randonn\u00e9e seront combl\u00e9s car le d\u00e9partement compte plus de 200 sentiers p\u00e9destres balis\u00e9s et quelques pistes cyclables. Vous pourrez faire de belles balades au milieu d\u2019une nature pr\u00e9serv\u00e9e tout en admirant de merveilleux paysages.<\/p>\n<h2><strong>Les randonn\u00e9es p\u00e9destres \u00e0 ne pas manquer<\/strong><\/h2>\n<p>Envie de d\u00e9couvrir les Landes lors d\u2019une promenade sportive ? Voici quelques itin\u00e9raires de randonn\u00e9es p\u00e9destres aux niveaux de difficult\u00e9 adapt\u00e9s \u00e0 tous !<\/p>\n<h3><strong>Hossegor : une balade \u00e0 la d\u00e9couverte du lac marin\u00a0<\/strong><\/h3>\n<p>Cette magnifique promenade autour du lac est incontournable. Tout au long du parcours, vous d\u00e9couvrirez l\u2019histoire d\u2019Hossegor \u00e0 travers les panneaux d\u2019information.<\/p>\n<h3><strong>Sanguinet \u2013 lac et for\u00eat : pour une randonn\u00e9e facile dans les Landes\u00a0<\/strong><\/h3>\n<p>Ce parcours de 2 h 15 vous immergera en plein c\u0153ur de la for\u00eat. Apr\u00e8s quelques minutes de marche, vous serez vite r\u00e9compens\u00e9s par la vue sur le lac. Ce circuit, accessible \u00e0 toute la famille promet des moments ludiques.<\/p>\n<h3><strong>Maylis : circuit des 5 clochers\u00a0<\/strong><\/h3>\n<p>\u00c0 Maylis, ce parcours vallonn\u00e9 dure 4 h 30. Le circuit vous conduira \u00e0 5 \u00e9glises toutes situ\u00e9es dans un cadre exceptionnel. Vous pourrez admirer \u00e9galement une faune et une flore tr\u00e8s vari\u00e9es.<\/p>\n<h3><strong>Arue : un chemin dans les lagunes de Nabias<\/strong><\/h3>\n<p>Dans cette zone humide pr\u00e9serv\u00e9e, vous pourrez vous balader entre terre et eau. Les lagunes offrent une palette de paysages typiquement landais. N\u2019h\u00e9sitez pas \u00e0 faire une pause au bord du lac pour pique-niquer. L\u2019endroit est \u00e9galement tr\u00e8s pris\u00e9 par les p\u00eacheurs.<\/p>\n<h3><strong>Garein : le sentier de la For\u00eat d\u2019art contemporain<\/strong><\/h3>\n<p>Avec sa p\u00e9pini\u00e8re, son arboretum et ses jolies maisons landaises, Garein est un endroit \u00e0 ne pas rater. Avec ses 16,1 km, ce circuit de randonn\u00e9e est parfait pour se d\u00e9gourdir les jambes et \u00e9vacuer le stress. Le d\u00e9part de ce parcours qui dure environ 4 h se fait place de l\u2019\u00e9glise.<\/p>\n<p><img loading=\"lazy\" decoding=\"async\" class=\"alignnone size-full wp-image-3189\" src=\"https:\/\/www.campings.com\/fr\/content\/wp-content\/uploads\/2021\/09\/Randonn\u00e9e-Pied.jpg\" alt=\"\" width=\"1000\" height=\"665\" srcset=\"https:\/\/www.campings.com\/fr\/content\/wp-content\/uploads\/2021\/09\/Randonn\u00e9e-Pied.jpg 1000w, https:\/\/www.campings.com\/fr\/content\/wp-content\/uploads\/2021\/09\/Randonn\u00e9e-Pied-300x200.jpg 300w, https:\/\/www.campings.com\/fr\/content\/wp-content\/uploads\/2021\/09\/Randonn\u00e9e-Pied-768x511.jpg 768w, https:\/\/www.campings.com\/fr\/content\/wp-content\/uploads\/2021\/09\/Randonn\u00e9e-Pied-450x299.jpg 450w, https:\/\/www.campings.com\/fr\/content\/wp-content\/uploads\/2021\/09\/Randonn\u00e9e-Pied-430x286.jpg 430w\" sizes=\"auto, (max-width: 1000px) 100vw, 1000px\" \/><\/p>\n<h2><strong>Les randonn\u00e9es v\u00e9lo et VTT dans les Landes\u00a0<\/strong><\/h2>\n<p>La randonn\u00e9e \u00e0 VTT ou \u00e0 v\u00e9lo est un excellent moyen d\u2019admirer les paysages des\u00a0<a href=\"https:\/\/www.campings.com\/fr\/content\/guide-vacances-landes\/\"><strong><u>Landes<\/u><\/strong><\/a>. Voici quelques circuits \u00e0 d\u00e9couvrir durant votre s\u00e9jour dans la r\u00e9gion.<\/p>\n<h3><strong>La boucle cyclo 1 \u2013 Les Grands Lacs au d\u00e9part de Biscarrosse\u00a0<\/strong><\/h3>\n<p>Au d\u00e9part de Biscarosse, ce parcours s\u2019effectue sur une route caboss\u00e9e. Au fil de la promenade, vous contemplerez la vue imprenable sur les rives du lac de Cazaux et Sanguinet. Vous d\u00e9couvrirez aussi des villages datant de plusieurs si\u00e8cles. N\u2019h\u00e9sitez pas \u00e0 faire une halte au mus\u00e9e des traditions et de l\u2019histoire de Biscarosse pendant votre randonn\u00e9e.<\/p>\n<h3><strong>Circuit de l\u2019Empereur, \u00e0 Peyrehorade<\/strong><\/h3>\n<p>Cette randonn\u00e9e \u00e0 VTT de 15,6 km s\u2019effectue en plusieurs \u00e9tapes, aussi ludiques que sportives. Ce parcours offre une vue magnifique sur le ch\u00e2teau de Peyrehorade, les Gaves R\u00e9unis et sur la cha\u00eene des Pyr\u00e9n\u00e9es.<\/p>\n<h3><strong>La V\u00e9lodyss\u00e9e &#8211; De Biscarrosse \u00e0 Mimizan-Plage\u00a0<\/strong><\/h3>\n<p>Ce circuit vous promet une journ\u00e9e sportive bien remplie ! Avant de rejoindre le petit port du Piaou, vous devrez effectuer 20 km. Apr\u00e8s cet effort, vous pourrez vous rafra\u00eechir ou manger une collation au bord du lac de Parentis-en-Born. Apr\u00e8s avoir repris des forces, continuez votre randonn\u00e9e \u00e0 v\u00e9lo en direction de Mimizan-Plage. Et pour terminer le circuit, vous emprunterez une route vallonn\u00e9e reliant Mimizan-Bourg et Mimizan-Plage.<\/p>\n<p><img loading=\"lazy\" decoding=\"async\" class=\"alignnone size-full wp-image-3188\" src=\"https:\/\/www.campings.com\/fr\/content\/wp-content\/uploads\/2021\/09\/Randonn\u00e9e-VTT.jpg\" alt=\"\" width=\"1000\" height=\"665\" srcset=\"https:\/\/www.campings.com\/fr\/content\/wp-content\/uploads\/2021\/09\/Randonn\u00e9e-VTT.jpg 1000w, https:\/\/www.campings.com\/fr\/content\/wp-content\/uploads\/2021\/09\/Randonn\u00e9e-VTT-300x200.jpg 300w, https:\/\/www.campings.com\/fr\/content\/wp-content\/uploads\/2021\/09\/Randonn\u00e9e-VTT-768x511.jpg 768w, https:\/\/www.campings.com\/fr\/content\/wp-content\/uploads\/2021\/09\/Randonn\u00e9e-VTT-450x299.jpg 450w, https:\/\/www.campings.com\/fr\/content\/wp-content\/uploads\/2021\/09\/Randonn\u00e9e-VTT-430x286.jpg 430w\" sizes=\"auto, (max-width: 1000px) 100vw, 1000px\" \/><\/p>\n<h3><strong>La V\u00e9lodyss\u00e9e \u2013 De Mimizan-Plage \u00e0 Vielle-Saint-Girons<\/strong><\/h3>\n<p>La distance qui s\u00e9pare Mimizan-Plage \u00e0 Vielle-Saint-Girons est de 39 km. Si vous aimez les sports d\u2019endurance, vous serez combl\u00e9s avec ce parcours. Plusieurs haltes sont possibles sur la voie verte pour appr\u00e9cier toute la beaut\u00e9 de la c\u00f4te landaise. Arriv\u00e9s \u00e0 la Vielle-Saint-Girons, vous pourrez vous d\u00e9tendre au son des vagues tout en admirant la vue imprenable sur l\u2019oc\u00e9an.<\/p>\n<h3><strong>La V\u00e9lodyss\u00e9e \u2013 De Capbreton \u00e0 Bayonne\u00a0<\/strong><\/h3>\n<p>De Capbreton \u00e0 Bayonne, cette randonn\u00e9e \u00e0 v\u00e9lo vous fera d\u00e9couvrir Les Landes sous une autre facette. Pour une promenade dans le calme autour du lac Marin, il est conseill\u00e9 de commencer la randonn\u00e9e t\u00f4t le matin. Vous pourrez p\u00e9daler jusqu\u2019\u00e0 Hossegor et faire une halte dans la rue des Landais pour vous restaurer. Et pour terminer votre circuit en beaut\u00e9, offrez-vous une soir\u00e9e \u00e0 Bayonne dans un beau restaurant avec vue sur la mer.<\/p>\n<h2><strong>Faire de la randonn\u00e9e \u00e0 cheval dans les Landes<\/strong><\/h2>\n<p>Dans les Landes, la randonn\u00e9e \u00e9questre est une activit\u00e9 tr\u00e8s courante. Voici quelques exemples de parcours :<\/p>\n<h3><strong>Le Circuit du Pays Morcenais<\/strong><\/h3>\n<p>Le Domaine de la Noche vous propose de d\u00e9couvrir le patrimoine et les paysages landais \u00e0 cheval ou \u00e0 poney. Ce circuit, qui s\u2019\u00e9tend sur 38,5 km est une belle occasion de partager des moments inoubliables en famille.<\/p>\n<h3><strong>Circuit \u00e9questre au d\u00e9part de Mimizan\u00a0<\/strong><\/h3>\n<p>Une promenade \u00e0 cheval sur les magnifiques plages de sable fin landaises est une exp\u00e9rience riche en sensations. Ce circuit \u00e9questre, entre dunes et for\u00eats, s\u2019\u00e9tend sur 20 km.<\/p>\n<p><img loading=\"lazy\" decoding=\"async\" class=\"alignnone size-full wp-image-3190\" src=\"https:\/\/www.campings.com\/fr\/content\/wp-content\/uploads\/2021\/09\/randonn\u00e9e-\u00e9questre.jpg\" alt=\"\" width=\"1000\" height=\"665\" srcset=\"https:\/\/www.campings.com\/fr\/content\/wp-content\/uploads\/2021\/09\/randonn\u00e9e-\u00e9questre.jpg 1000w, https:\/\/www.campings.com\/fr\/content\/wp-content\/uploads\/2021\/09\/randonn\u00e9e-\u00e9questre-300x200.jpg 300w, https:\/\/www.campings.com\/fr\/content\/wp-content\/uploads\/2021\/09\/randonn\u00e9e-\u00e9questre-768x511.jpg 768w, https:\/\/www.campings.com\/fr\/content\/wp-content\/uploads\/2021\/09\/randonn\u00e9e-\u00e9questre-450x299.jpg 450w, https:\/\/www.campings.com\/fr\/content\/wp-content\/uploads\/2021\/09\/randonn\u00e9e-\u00e9questre-430x286.jpg 430w\" sizes=\"auto, (max-width: 1000px) 100vw, 1000px\" \/><\/p>\n<h2><strong>S\u00e9lection de campings dans les Landes, \u00e0 proximit\u00e9 des itin\u00e9raires de randonn\u00e9es (40)\u00a0<\/strong><\/h2>\n<p>D\u00e9couvrez notre s\u00e9lection de campings pour r\u00e9sider \u00e0 proximit\u00e9 des itin\u00e9raires de randonn\u00e9e des <a href=\"https:\/\/www.campings.com\/fr\/content\/guide-vacances-landes\/\"><strong>Landes<\/strong><\/a>.<\/p>\n<h3><strong>Camping Les Oyats<\/strong><\/h3>\n<p>Ce camping situ\u00e9 \u00e0 proximit\u00e9 de Seignosse, pr\u00e8s d\u2019Hossegor est un \u00e9tablissement id\u00e9al pour faire le plein d\u2019activit\u00e9s en famille.<\/p>\n<p><a href=\"https:\/\/www.campings.com\/fr\/camping\/camping-les-oyats-76753\">Plus d\u2019infos sur le Camping Les Oyats<\/a>.<\/p>\n<h3><strong>Camping de La Plage<\/strong><\/h3>\n<p>Situ\u00e9 \u00e0 Mimizan, ce camping offre un acc\u00e8s aux principaux itin\u00e9raires de randonn\u00e9e. Ses mobil homes, confortables et spacieux, sont parfaits pour se reposer apr\u00e8s une journ\u00e9e bien remplie.<\/p>\n<p><a href=\"https:\/\/www.campings.com\/fr\/camping\/camping-de-la-plage-77818\">Plus d\u2019infos sur le Camping de La Plage<\/a>.<\/p>\n<h3><strong>Camping Lou Broustaricq<\/strong><\/h3>\n<p>Si vous comptez faire de la randonn\u00e9e \u00e0 Sanguinet pendant votre s\u00e9jour, optez pour ce camping. Avec un espace aquatique de 550 m2, cet \u00e9tablissement vous r\u00e9serve d\u2019agr\u00e9ables moments de d\u00e9tente apr\u00e8s vos balades.<\/p>\n<p><a href=\"https:\/\/www.campings.com\/fr\/camping\/to-sur-camping-lou-broustaricq-76656\">Plus d\u2019infos le Camping Lou Broustaricq<\/a>.<\/p>\n","protected":false},"excerpt":{"rendered":"<p>Avec ses 3500 km de sentiers, le d\u00e9partement des Landes fera le bonheur des randonneurs. Que ce soit \u00e0 pied ou \u00e0 v\u00e9lo, dans les terres ou sur les c\u00f4tes, les Landes vous r\u00e9serveront de belles surprises. \u00c0 la recherche d\u2019une destination d\u00e9paysante o\u00f9 se reposer ? Parsem\u00e9e de for\u00eats et de lacs, le d\u00e9partement [&hellip;]<\/p>\n","protected":false},"author":18,"featured_media":0,"parent":3163,"menu_order":0,"comment_status":"closed","ping_status":"closed","template":"template-twocolumns.php","meta":{"_acf_changed":false,"footnotes":""},"class_list":["post-3187","page","type-page","status-publish","hentry"],"acf":[],"yoast_head":"<!-- This site is optimized with the Yoast SEO plugin v27.1.1 - https:\/\/yoast.com\/product\/yoast-seo-wordpress\/ -->\n<title>O\u00f9 pratiquer la randonn\u00e9e dans les Landes ? -<\/title>\n<meta name=\"description\" content=\"D\u00e9couvrez les meilleures pistes de randonn\u00e9es \u00e0 faire dans les Landes, une activit\u00e9 qui vous fera d\u00e9couvrir toutes ses richesses naturelles et culturelles.\" \/>\n<meta name=\"robots\" content=\"index, follow, max-snippet:-1, max-image-preview:large, max-video-preview:-1\" \/>\n<link rel=\"canonical\" href=\"https:\/\/www.campings.com\/fr\/content\/guide-vacances-landes\/randonnee-landes\/\" \/>\n<meta property=\"og:locale\" content=\"fr_FR\" \/>\n<meta property=\"og:type\" content=\"article\" \/>\n<meta property=\"og:title\" content=\"O\u00f9 pratiquer la randonn\u00e9e dans les Landes ? -\" \/>\n<meta property=\"og:description\" content=\"D\u00e9couvrez les meilleures pistes de randonn\u00e9es \u00e0 faire dans les Landes, une activit\u00e9 qui vous fera d\u00e9couvrir toutes ses richesses naturelles et culturelles.\" \/>\n<meta property=\"og:url\" content=\"https:\/\/www.campings.com\/fr\/content\/guide-vacances-landes\/randonnee-landes\/\" \/>\n<meta name=\"twitter:card\" content=\"summary_large_image\" \/>\n<meta name=\"twitter:label1\" content=\"Dur\u00e9e de lecture estim\u00e9e\" \/>\n\t<meta name=\"twitter:data1\" content=\"5 minutes\" \/>\n<script type=\"application\/ld+json\" class=\"yoast-schema-graph\">{\"@context\":\"https:\/\/schema.org\",\"@graph\":[{\"@type\":\"WebPage\",\"@id\":\"https:\/\/www.campings.com\/fr\/content\/guide-vacances-landes\/randonnee-landes\/\",\"url\":\"https:\/\/www.campings.com\/fr\/content\/guide-vacances-landes\/randonnee-landes\/\",\"name\":\"O\u00f9 pratiquer la randonn\u00e9e dans les Landes ? -\",\"isPartOf\":{\"@id\":\"https:\/\/www.campings.com\/fr\/content\/#website\"},\"datePublished\":\"2021-09-20T17:10:28+00:00\",\"description\":\"D\u00e9couvrez les meilleures pistes de randonn\u00e9es \u00e0 faire dans les Landes, une activit\u00e9 qui vous fera d\u00e9couvrir toutes ses richesses naturelles et culturelles.\",\"breadcrumb\":{\"@id\":\"https:\/\/www.campings.com\/fr\/content\/guide-vacances-landes\/randonnee-landes\/#breadcrumb\"},\"inLanguage\":\"fr-FR\",\"potentialAction\":[{\"@type\":\"ReadAction\",\"target\":[\"https:\/\/www.campings.com\/fr\/content\/guide-vacances-landes\/randonnee-landes\/\"]}]},{\"@type\":\"BreadcrumbList\",\"@id\":\"https:\/\/www.campings.com\/fr\/content\/guide-vacances-landes\/randonnee-landes\/#breadcrumb\",\"itemListElement\":[{\"@type\":\"ListItem\",\"position\":1,\"name\":\"Home\",\"item\":\"https:\/\/www.campings.com\/fr\/content\/\"},{\"@type\":\"ListItem\",\"position\":2,\"name\":\"Le guide de vos vacances dans les Landes\",\"item\":\"https:\/\/www.campings.com\/fr\/content\/guide-vacances-landes\/\"},{\"@type\":\"ListItem\",\"position\":3,\"name\":\"O\u00f9 pratiquer la randonn\u00e9e dans les Landes ?\"}]},{\"@type\":\"WebSite\",\"@id\":\"https:\/\/www.campings.com\/fr\/content\/#website\",\"url\":\"https:\/\/www.campings.com\/fr\/content\/\",\"name\":\"\",\"description\":\"\",\"publisher\":{\"@id\":\"https:\/\/www.campings.com\/fr\/content\/#organization\"},\"potentialAction\":[{\"@type\":\"SearchAction\",\"target\":{\"@type\":\"EntryPoint\",\"urlTemplate\":\"https:\/\/www.campings.com\/fr\/content\/?s={search_term_string}\"},\"query-input\":{\"@type\":\"PropertyValueSpecification\",\"valueRequired\":true,\"valueName\":\"search_term_string\"}}],\"inLanguage\":\"fr-FR\"},{\"@type\":\"Organization\",\"@id\":\"https:\/\/www.campings.com\/fr\/content\/#organization\",\"name\":\"CAMPINGS.COM\",\"url\":\"https:\/\/www.campings.com\/fr\/content\/\",\"logo\":{\"@type\":\"ImageObject\",\"inLanguage\":\"fr-FR\",\"@id\":\"https:\/\/www.campings.com\/fr\/content\/#\/schema\/logo\/image\/\",\"url\":\"https:\/\/www.campings.com\/fr\/content\/wp-content\/uploads\/2019\/01\/cropped-logo-1.png\",\"contentUrl\":\"https:\/\/www.campings.com\/fr\/content\/wp-content\/uploads\/2019\/01\/cropped-logo-1.png\",\"width\":174,\"height\":42,\"caption\":\"CAMPINGS.COM\"},\"image\":{\"@id\":\"https:\/\/www.campings.com\/fr\/content\/#\/schema\/logo\/image\/\"}}]}<\/script>\n<!-- \/ Yoast SEO plugin. -->","yoast_head_json":{"title":"O\u00f9 pratiquer la randonn\u00e9e dans les Landes ? -","description":"D\u00e9couvrez les meilleures pistes de randonn\u00e9es \u00e0 faire dans les Landes, une activit\u00e9 qui vous fera d\u00e9couvrir toutes ses richesses naturelles et culturelles.","robots":{"index":"index","follow":"follow","max-snippet":"max-snippet:-1","max-image-preview":"max-image-preview:large","max-video-preview":"max-video-preview:-1"},"canonical":"https:\/\/www.campings.com\/fr\/content\/guide-vacances-landes\/randonnee-landes\/","og_locale":"fr_FR","og_type":"article","og_title":"O\u00f9 pratiquer la randonn\u00e9e dans les Landes ? -","og_description":"D\u00e9couvrez les meilleures pistes de randonn\u00e9es \u00e0 faire dans les Landes, une activit\u00e9 qui vous fera d\u00e9couvrir toutes ses richesses naturelles et culturelles.","og_url":"https:\/\/www.campings.com\/fr\/content\/guide-vacances-landes\/randonnee-landes\/","twitter_card":"summary_large_image","twitter_misc":{"Dur\u00e9e de lecture estim\u00e9e":"5 minutes"},"schema":{"@context":"https:\/\/schema.org","@graph":[{"@type":"WebPage","@id":"https:\/\/www.campings.com\/fr\/content\/guide-vacances-landes\/randonnee-landes\/","url":"https:\/\/www.campings.com\/fr\/content\/guide-vacances-landes\/randonnee-landes\/","name":"O\u00f9 pratiquer la randonn\u00e9e dans les Landes ? -","isPartOf":{"@id":"https:\/\/www.campings.com\/fr\/content\/#website"},"datePublished":"2021-09-20T17:10:28+00:00","description":"D\u00e9couvrez les meilleures pistes de randonn\u00e9es \u00e0 faire dans les Landes, une activit\u00e9 qui vous fera d\u00e9couvrir toutes ses richesses naturelles et culturelles.","breadcrumb":{"@id":"https:\/\/www.campings.com\/fr\/content\/guide-vacances-landes\/randonnee-landes\/#breadcrumb"},"inLanguage":"fr-FR","potentialAction":[{"@type":"ReadAction","target":["https:\/\/www.campings.com\/fr\/content\/guide-vacances-landes\/randonnee-landes\/"]}]},{"@type":"BreadcrumbList","@id":"https:\/\/www.campings.com\/fr\/content\/guide-vacances-landes\/randonnee-landes\/#breadcrumb","itemListElement":[{"@type":"ListItem","position":1,"name":"Home","item":"https:\/\/www.campings.com\/fr\/content\/"},{"@type":"ListItem","position":2,"name":"Le guide de vos vacances dans les Landes","item":"https:\/\/www.campings.com\/fr\/content\/guide-vacances-landes\/"},{"@type":"ListItem","position":3,"name":"O\u00f9 pratiquer la randonn\u00e9e dans les Landes ?"}]},{"@type":"WebSite","@id":"https:\/\/www.campings.com\/fr\/content\/#website","url":"https:\/\/www.campings.com\/fr\/content\/","name":"","description":"","publisher":{"@id":"https:\/\/www.campings.com\/fr\/content\/#organization"},"potentialAction":[{"@type":"SearchAction","target":{"@type":"EntryPoint","urlTemplate":"https:\/\/www.campings.com\/fr\/content\/?s={search_term_string}"},"query-input":{"@type":"PropertyValueSpecification","valueRequired":true,"valueName":"search_term_string"}}],"inLanguage":"fr-FR"},{"@type":"Organization","@id":"https:\/\/www.campings.com\/fr\/content\/#organization","name":"CAMPINGS.COM","url":"https:\/\/www.campings.com\/fr\/content\/","logo":{"@type":"ImageObject","inLanguage":"fr-FR","@id":"https:\/\/www.campings.com\/fr\/content\/#\/schema\/logo\/image\/","url":"https:\/\/www.campings.com\/fr\/content\/wp-content\/uploads\/2019\/01\/cropped-logo-1.png","contentUrl":"https:\/\/www.campings.com\/fr\/content\/wp-content\/uploads\/2019\/01\/cropped-logo-1.png","width":174,"height":42,"caption":"CAMPINGS.COM"},"image":{"@id":"https:\/\/www.campings.com\/fr\/content\/#\/schema\/logo\/image\/"}}]}},"_links":{"self":[{"href":"https:\/\/www.campings.com\/fr\/content\/wp-json\/wp\/v2\/pages\/3187","targetHints":{"allow":["GET"]}}],"collection":[{"href":"https:\/\/www.campings.com\/fr\/content\/wp-json\/wp\/v2\/pages"}],"about":[{"href":"https:\/\/www.campings.com\/fr\/content\/wp-json\/wp\/v2\/types\/page"}],"author":[{"embeddable":true,"href":"https:\/\/www.campings.com\/fr\/content\/wp-json\/wp\/v2\/users\/18"}],"replies":[{"embeddable":true,"href":"https:\/\/www.campings.com\/fr\/content\/wp-json\/wp\/v2\/comments?post=3187"}],"version-history":[{"count":1,"href":"https:\/\/www.campings.com\/fr\/content\/wp-json\/wp\/v2\/pages\/3187\/revisions"}],"predecessor-version":[{"id":3191,"href":"https:\/\/www.campings.com\/fr\/content\/wp-json\/wp\/v2\/pages\/3187\/revisions\/3191"}],"up":[{"embeddable":true,"href":"https:\/\/www.campings.com\/fr\/content\/wp-json\/wp\/v2\/pages\/3163"}],"wp:attachment":[{"href":"https:\/\/www.campings.com\/fr\/content\/wp-json\/wp\/v2\/media?parent=3187"}],"curies":[{"name":"wp","href":"https:\/\/api.w.org\/{rel}","templated":true}]}}