{"id":3145,"date":"2021-09-07T14:17:12","date_gmt":"2021-09-07T14:17:12","guid":{"rendered":"https:\/\/www.campings.com\/fr\/content\/?page_id=3145"},"modified":"2021-09-07T14:30:00","modified_gmt":"2021-09-07T14:30:00","slug":"campings-argeles-sur-mer","status":"publish","type":"page","link":"https:\/\/www.campings.com\/fr\/content\/guide-argeles-sur-mer\/campings-argeles-sur-mer\/","title":{"rendered":"S\u00e9lection des meilleurs campings \u00e0 Argel\u00e8s-sur-Mer"},"content":{"rendered":"<p>Envie d\u2019opter pour le camping lors de vos vacances dans le sud de la France, \u00e0 Argel\u00e8s-sur-Mer ? Convivial, ludique et abordable, le camping est une solution d\u2019h\u00e9bergement id\u00e9ale pour voyager en famille ou \u00e0 plusieurs.<\/p>\n<p>Vous comptez s\u00e9journer dans la r\u00e9gion Occitanie pendant vos prochaines vacances ? Mettez le cap sur\u00a0<a href=\"https:\/\/www.campings.com\/fr\/content\/guide-argeles-sur-mer\/\"><strong><u>Argel\u00e8s-sur-Mer\u00a0<\/u><\/strong><\/a>! Avec son climat chaud et temp\u00e9r\u00e9, cette commune des Pyr\u00e9n\u00e9es-Orientales est une destination de pr\u00e9dilection pour le camping. \u00c0 la recherche d\u2019une adresse \u00e0 Argel\u00e8s-sur-Mer o\u00f9 d\u00e9poser vos valises avec votre tribu? Voici une s\u00e9lection de campings tout confort proposant un panel d\u2019activit\u00e9s divertissantes pour les familles.<\/p>\n<h2><strong>S\u00e9lection de campings pr\u00e8s du littoral et des plages d\u2019Argel\u00e8s-sur-Mer<\/strong><\/h2>\n<p>Pendant la p\u00e9riode estivale, rien de tel que de s\u2019\u00e9vader vers une destination ensoleill\u00e9e pour faire le plein d\u2019\u00e9nergie ! Si vous r\u00eavez de chaleur, de plages de sable fin et de baignades, direction Argel\u00e8s-sur-Mer ! D\u00e9couvrez quelques campings situ\u00e9s \u00e0 proximit\u00e9 des plages pour des vacances les pieds dans l\u2019eau.<\/p>\n<h3><strong>Le camping La Sir\u00e8ne<\/strong><\/h3>\n<p>Ce camping, situ\u00e9 sur la Route de Taxo \u00e0 la mer, est tr\u00e8s proche de la plage. Sur place, vous ne risquez pas de vous ennuyer : jeux aquatiques, aire de jeux pour enfants, location de v\u00e9lo, animations en journ\u00e9e\u2026 Ce camping propose \u00e9galement un service de restauration pour limiter les d\u00e9placements \u00e0 l\u2019ext\u00e9rieur.<\/p>\n<p><a href=\"https:\/\/www.campings.com\/fr\/camping\/camping-la-sirene-76770\">Plus d\u2019infos sur Le Camping La Sir\u00e8ne<\/a>.<\/p>\n<h3><strong>Le camping Le Bois de Valmarie<\/strong><\/h3>\n<p>Situ\u00e9 en Languedoc-Roussillon, \u00e0 seulement 100 m de la plage, ce camping convivial et chaleureux vous promet des vacances inoubliables. Au programme : baignades, dolce vita, farniente sur la plage, balades ainsi qu\u2019un large \u00e9ventail d\u2019activit\u00e9s pour toute la famille. L\u2019\u00e9tablissement dispose d\u2019une piscine ext\u00e9rieure, de toboggans aquatiques ou encore d\u2019un mini-golf pour vous divertir en famille.<\/p>\n<p><a href=\"https:\/\/www.campings.com\/fr\/camping\/camping-le-bois-de-valmarie-76772\">Plus d\u2019infos sur le Camping Le Bois de Valmarie<\/a>.<\/p>\n<h3><strong>Le camping le Front de Mer<\/strong><\/h3>\n<p>Situ\u00e9 sur l\u2019avenue du Grau, le camping le Front de Mer est \u00e0 200 m de la plage seulement. L\u2019\u00e9tablissement offre tous les services dont vous avez besoin pour rendre votre s\u00e9jour agr\u00e9able : service de restauration, bar, \u00e9picerie\u2026<\/p>\n<p><a href=\"https:\/\/www.campings.com\/fr\/camping\/camping-le-front-de-mer-76766\">Plus d\u2019infos sur le Camping le Front de Mer<\/a>.<\/p>\n<h2><strong>S\u00e9lection de campings avec vue sur front de mer<\/strong><\/h2>\n<p>Envie de s\u00e9journer dans un camping \u00e0\u00a0<a href=\"https:\/\/www.campings.com\/fr\/content\/guide-argeles-sur-mer\/\"><u>Argel\u00e8s-sur-Mer<\/u><\/a>\u00a0avec vue sur la mer pour chasser le stress ? Situ\u00e9s dans un cadre agr\u00e9able et reposant, ces 3 campings combleront toutes vos attentes.<\/p>\n<h3><strong>Camping le Front de Mer<\/strong><\/h3>\n<p>Ce camping, situ\u00e9 sur l\u2019avenue du Grau est une adresse agr\u00e9able o\u00f9 passer des vacances en famille. Au programme : baignade, balades sur la plage, activit\u00e9s sportives\u2026 Et vous profiterez sans mod\u00e9ration de la vue sur la mer M\u00e9diterran\u00e9e ! Cet \u00e9tablissement en bord de mer offre tous les services &amp; \u00e9quipements dont vous avez besoin pendant votre s\u00e9jour : Wifi, laverie, piscine, aire de jeux\u2026<\/p>\n<p><a href=\"https:\/\/www.campings.com\/fr\/camping\/camping-le-front-de-mer-76766\">Plus d\u2019infos sur le Camping le Front de Mer<\/a>.<\/p>\n<p><img loading=\"lazy\" decoding=\"async\" class=\"alignnone size-full wp-image-3146\" src=\"https:\/\/www.campings.com\/fr\/content\/wp-content\/uploads\/2021\/09\/Camping-Front-de-Mer.jpg\" alt=\"\" width=\"1000\" height=\"665\" srcset=\"https:\/\/www.campings.com\/fr\/content\/wp-content\/uploads\/2021\/09\/Camping-Front-de-Mer.jpg 1000w, https:\/\/www.campings.com\/fr\/content\/wp-content\/uploads\/2021\/09\/Camping-Front-de-Mer-300x200.jpg 300w, https:\/\/www.campings.com\/fr\/content\/wp-content\/uploads\/2021\/09\/Camping-Front-de-Mer-768x511.jpg 768w, https:\/\/www.campings.com\/fr\/content\/wp-content\/uploads\/2021\/09\/Camping-Front-de-Mer-450x299.jpg 450w, https:\/\/www.campings.com\/fr\/content\/wp-content\/uploads\/2021\/09\/Camping-Front-de-Mer-430x286.jpg 430w\" sizes=\"auto, (max-width: 1000px) 100vw, 1000px\" \/><\/p>\n<h3><strong>Camping L&rsquo;Hippocampe<\/strong><\/h3>\n<p>Situ\u00e9 sur la Route de Taxo \u00e0 la Mer, ce camping offre une vue imprenable sur la mer, accessible \u00e0 pied. De plus, l\u2019\u00e9tablissement propose une foule d\u2019activit\u00e9s divertissantes \u00e0 faire avec les enfants. Ce camping convivial et anim\u00e9 vous promet des moments inoubliables, riches en partage et en bonne humeur.<\/p>\n<p><a href=\"https:\/\/www.campings.com\/fr\/camping\/camping-lhippocampe-76771\">Plus d\u2019infos sur le Camping L&rsquo;Hippocampe<\/a>.<\/p>\n<h3><strong>Camping la Plage<\/strong><\/h3>\n<p>Ce camping, situ\u00e9 sur l\u2019avenue du g\u00e9n\u00e9ral de Gaulle offre \u00e9galement une vue imprenable sur le front de mer d\u2019Argel\u00e8s-sur-Mer. L\u2019\u00e9tablissement vous accueillera dans des mobil homes modernes et confortables. Une piscine ext\u00e9rieure chauff\u00e9e vous permettra de vous baigner en toute tranquillit\u00e9. Pour boire un verre ou diner sans quitter les lieux, un service de restauration et un bar sont \u00e0 votre disposition.<\/p>\n<p><a href=\"https:\/\/www.campings.com\/fr\/camping\/camping-la-plage-76745\">Plus d\u2019infos sur le Camping la Plage<\/a>.<\/p>\n<h2><strong>Les meilleurs campings pr\u00e8s du centre d\u2019Argel\u00e8s-sur-Mer<\/strong><\/h2>\n<p>Avec son patrimoine naturel et culturel, le centre d\u2019Argel\u00e8s-sur-Mer est particuli\u00e8rement pris\u00e9 par les touristes. Ne manquez pas de le visiter lors de vos vacances en Occitanie. Si vous recherchez un camping \u00e0 proximit\u00e9 du centre-ville, le camping L&rsquo;Hippocampe et le camping la Plage sont particuli\u00e8rement recommand\u00e9s.<\/p>\n<h3><strong>Camping L&rsquo;Hippocampe<\/strong><\/h3>\n<p>Le camping L\u2019Hippocampe est une bonne adresse o\u00f9 poser ses valises en \u00e9t\u00e9. Sa proximit\u00e9 avec le centre de la ville facilitera les balades shopping au march\u00e9 d\u2019Argel\u00e8s-sur-Mer, accessible \u00e0 pied ou \u00e0 v\u00e9lo. L\u2019\u00e9tablissement est \u00e9galement proche de nombreux restaurants r\u00e9put\u00e9s proposant une cuisine \u00e0 base de fruits de mer.<\/p>\n<p>L\u2019Hippocampe est parfait pour ceux qui souhaitent sortir du cadre du camping de temps en temps pour profiter de l\u2019ext\u00e9rieur. De plus, vous aurez acc\u00e8s tout au long de votre s\u00e9jour \u00e0 de nombreuses activit\u00e9s et services. L\u2019\u00e9tablissement dispose d\u2019une piscine ext\u00e9rieure. Les enfants pourront profiter des toboggans aquatiques pour des moments ludiques riches en sensations. \u00c0 quelques kilom\u00e8tres du camping se trouvent un centre \u00e9questre, un terrain de golf et un centre de remise en forme.<\/p>\n<p><a href=\"https:\/\/www.campings.com\/fr\/camping\/camping-lhippocampe-76771\">Plus d\u2019infos sur le camping l\u2019Hippocampe<\/a>.<\/p>\n<p><img loading=\"lazy\" decoding=\"async\" class=\"alignnone size-full wp-image-3147\" src=\"https:\/\/www.campings.com\/fr\/content\/wp-content\/uploads\/2021\/09\/Camping-Hippocampe.jpg\" alt=\"\" width=\"1000\" height=\"665\" srcset=\"https:\/\/www.campings.com\/fr\/content\/wp-content\/uploads\/2021\/09\/Camping-Hippocampe.jpg 1000w, https:\/\/www.campings.com\/fr\/content\/wp-content\/uploads\/2021\/09\/Camping-Hippocampe-300x200.jpg 300w, https:\/\/www.campings.com\/fr\/content\/wp-content\/uploads\/2021\/09\/Camping-Hippocampe-768x511.jpg 768w, https:\/\/www.campings.com\/fr\/content\/wp-content\/uploads\/2021\/09\/Camping-Hippocampe-450x299.jpg 450w, https:\/\/www.campings.com\/fr\/content\/wp-content\/uploads\/2021\/09\/Camping-Hippocampe-430x286.jpg 430w\" sizes=\"auto, (max-width: 1000px) 100vw, 1000px\" \/><\/p>\n<h3><strong>Camping la Plage<\/strong><\/h3>\n<p>Depuis le camping la Plage, vous acc\u00e9derez facilement au centre d\u2019Argel\u00e8s-sur-Mer. Situ\u00e9 sur l\u2019avenue du g\u00e9n\u00e9ral de Gaulle, cet \u00e9tablissement vous promet des vacances en famille inoubliables. Le camping dispose de mobil homes tout confort, spacieux et modernes. \u00c0 la fois proche du centre-ville et de la plage (200 m), ce camping offre \u00e9galement un choix vari\u00e9 d\u2019activit\u00e9s. Piscine, toboggans, tennis de table, p\u00e9tanque\u2026 Vous ne risquez pas de vous ennuyer sur place !<\/p>\n<p>Tr\u00e8s convivial, ce camping est aussi un endroit parfait pour faire de nouvelles rencontres amicales. Votre s\u00e9jour sera rythm\u00e9 par de nombreuses animations, dans une ambiance conviviale.<\/p>\n<p><a href=\"https:\/\/www.campings.com\/fr\/camping\/camping-la-plage-76745\">Plus d\u2019infos sur le Camping la Plage<\/a>.<\/p>\n<h2><strong>Les campings avec piscine \u00e0 Argel\u00e8s-sur-Mer<\/strong><\/h2>\n<p>En \u00e9t\u00e9, les locations avec piscine sont les plus pris\u00e9es par les vacanciers\u2026 Vous aurez l\u2019occasion de vous baigner \u00e0 tout moment, sans avoir \u00e0 parcourir plusieurs kilom\u00e8tres. Si vous \u00eates \u00e0 la recherche d\u2019un camping dot\u00e9 d\u2019une piscine, voici 3 suggestions.<\/p>\n<h3><strong>Camping la Plage<\/strong><\/h3>\n<p>Envie de prolonger vos moments de baignade apr\u00e8s la plage ? Le camping la Plage dispose d\u2019une piscine ext\u00e9rieure chauff\u00e9e d\u2019une grande superficie afin d\u2019accueillir un bon nombre de baigneurs. Enti\u00e8rement s\u00e9curis\u00e9, ce camping convient parfaitement aux familles. Les enfants pourront s\u2019amuser pendant que les parents se d\u00e9tendront sur des transats l\u2019esprit tranquille.<\/p>\n<p><a href=\"https:\/\/www.campings.com\/fr\/camping\/camping-la-plage-76745\">Plus d\u2019infos sur le Camping la Plage<\/a>.<\/p>\n<h3><strong>Camping La Chapelle<\/strong><\/h3>\n<p>Situ\u00e9 sur la Place de l\u2019Europe, ce camping dispose d\u2019une piscine couverte chauff\u00e9e et d\u2019une piscine ext\u00e9rieure non chauff\u00e9e. Sur place, un parc aquatique de 2000 m2 fera le bonheur des petits comme des plus grands ! De nombreux toboggans aquatiques sont disponibles pour vivre des moments ludiques riches en sensations fortes. L\u2019\u00e9tablissement est situ\u00e9 \u00e0 200 m de la plage seulement.<\/p>\n<p><a href=\"https:\/\/www.campings.com\/fr\/camping\/camping-la-chapelle-76746\">Plus d\u2019infos sur le Camping La Chapelle<\/a>.<\/p>\n<p><img loading=\"lazy\" decoding=\"async\" class=\"alignnone size-full wp-image-3148\" src=\"https:\/\/www.campings.com\/fr\/content\/wp-content\/uploads\/2021\/09\/Camping-La-Chapelle.jpg\" alt=\"\" width=\"1000\" height=\"665\" srcset=\"https:\/\/www.campings.com\/fr\/content\/wp-content\/uploads\/2021\/09\/Camping-La-Chapelle.jpg 1000w, https:\/\/www.campings.com\/fr\/content\/wp-content\/uploads\/2021\/09\/Camping-La-Chapelle-300x200.jpg 300w, https:\/\/www.campings.com\/fr\/content\/wp-content\/uploads\/2021\/09\/Camping-La-Chapelle-768x511.jpg 768w, https:\/\/www.campings.com\/fr\/content\/wp-content\/uploads\/2021\/09\/Camping-La-Chapelle-450x299.jpg 450w, https:\/\/www.campings.com\/fr\/content\/wp-content\/uploads\/2021\/09\/Camping-La-Chapelle-430x286.jpg 430w\" sizes=\"auto, (max-width: 1000px) 100vw, 1000px\" \/><\/p>\n<h3><strong>Camping La Sir\u00e8ne<\/strong><\/h3>\n<p>Ce camping des Pyr\u00e9n\u00e9es-Orientales dispose de deux piscines. Le bassin ext\u00e9rieur non chauff\u00e9 est parfait pour se baigner en \u00e9t\u00e9. Pour les plus frileux, une piscine couverte et chauff\u00e9e est \u00e0 leur disposition. De nombreuses infrastructures aquatiques sont propos\u00e9es : toboggans, aires de jeux pour enfants, etc.<\/p>\n<p><a href=\"https:\/\/www.campings.com\/fr\/camping\/camping-la-sirene-76770\">Plus d\u2019infos sur le Camping La Sir\u00e8ne<\/a><strong>.<\/strong><\/p>\n<h2><strong>Liste de campings pas chers \u00e0 proximit\u00e9 d\u2019Argel\u00e8s-sur-Mer<\/strong><\/h2>\n<p>Vous partez en vacances avec un petit budget ? Voici une s\u00e9lection des campings les moins chers d\u2019<a href=\"https:\/\/www.campings.com\/fr\/content\/guide-argeles-sur-mer\/\"><u>Argel\u00e8s-sur-Mer<\/u><\/a>. Ces formules d\u2019h\u00e9bergement vous permettront de mieux anticiper votre budget pour toutes les sorties et activit\u00e9s propos\u00e9es sur place.<\/p>\n<h3><strong>Village Vacances Les Abricotiers<\/strong><\/h3>\n<p>Situ\u00e9 sur le Chemin de Neguebous Taxo d\u2019Avall, ce camping est parfait pour passer des vacances agr\u00e9ables \u00e0 petit prix. Un s\u00e9jour de 7 nuits dans un mobil home de ce village est accessible \u00e0 partir de 273 euros. Selon la p\u00e9riode, vous pourrez m\u00eame b\u00e9n\u00e9ficier de promotions et r\u00e9ductions.<\/p>\n<p><a href=\"https:\/\/www.campings.com\/fr\/camping\/village-vacances-les-abricotiers-76747\">Plus d\u2019infos sur le Camping Village Vacances Les Abricotiers<\/a>.<\/p>\n<h3><strong>Le Pearl &#8211; Camping Paradis<\/strong><\/h3>\n<p>Le camping Le Pearl offre un excellent rapport qualit\u00e9-prix aux vacanciers. Pour un s\u00e9jour d\u2019une semaine dans ce camping, il faut compter en moyenne 265 euros. Cet \u00e9tablissement dispose de mobil homes spacieux et confortables, pour des vacances agr\u00e9ables et abordables !<\/p>\n<p><a href=\"https:\/\/www.campings.com\/fr\/camping\/le-pearl-camping-paradis-76750\">Plus d\u2019infos sur Le Pearl &#8211; Camping Paradis.<\/a><\/p>\n<h3><strong>Camping Le Rancho<\/strong><\/h3>\n<p>Le camping Le Rancho se trouve sur la Route de Sor\u00e8de, \u00e0 6 km de la plage. Dans cet \u00e9tablissement, le tarif pour un s\u00e9jour de 7 nuit\u00e9es est \u00e0 partir de 165 euros. Pour r\u00e9server un mobil home, rien de plus simple. Il vous suffit de renseigner la date de votre s\u00e9jour, la dur\u00e9e et le nombre de personnes pour conna\u00eetre le prix.<\/p>\n<p><a href=\"https:\/\/www.campings.com\/fr\/camping\/camping-le-rancho-76773\">Plus d\u2019infos sur le Camping Le Rancho<\/a>.<\/p>\n","protected":false},"excerpt":{"rendered":"<p>Envie d\u2019opter pour le camping lors de vos vacances dans le sud de la France, \u00e0 Argel\u00e8s-sur-Mer ? Convivial, ludique et abordable, le camping est une solution d\u2019h\u00e9bergement id\u00e9ale pour voyager en famille ou \u00e0 plusieurs. Vous comptez s\u00e9journer dans la r\u00e9gion Occitanie pendant vos prochaines vacances ? Mettez le cap sur\u00a0Argel\u00e8s-sur-Mer\u00a0! Avec son climat [&hellip;]<\/p>\n","protected":false},"author":18,"featured_media":0,"parent":3115,"menu_order":0,"comment_status":"closed","ping_status":"closed","template":"template-twocolumns.php","meta":{"_acf_changed":false,"footnotes":""},"class_list":["post-3145","page","type-page","status-publish","hentry"],"acf":[],"yoast_head":"<!-- This site is optimized with the Yoast SEO plugin v27.1.1 - https:\/\/yoast.com\/product\/yoast-seo-wordpress\/ -->\n<title>S\u00e9lection des meilleurs campings \u00e0 Argel\u00e8s-sur-Mer -<\/title>\n<meta name=\"description\" content=\"D\u00e9couvrez notre s\u00e9lection des meilleurs campings o\u00f9 poser vos valises \u00e0 Argel\u00e8s-sur-Mer pour des vacances agr\u00e9ables sous le signe de la convivialit\u00e9.\" \/>\n<meta name=\"robots\" content=\"index, follow, max-snippet:-1, max-image-preview:large, max-video-preview:-1\" \/>\n<link rel=\"canonical\" href=\"https:\/\/www.campings.com\/fr\/content\/guide-argeles-sur-mer\/campings-argeles-sur-mer\/\" \/>\n<meta property=\"og:locale\" content=\"fr_FR\" \/>\n<meta property=\"og:type\" content=\"article\" \/>\n<meta property=\"og:title\" content=\"S\u00e9lection des meilleurs campings \u00e0 Argel\u00e8s-sur-Mer -\" \/>\n<meta property=\"og:description\" content=\"D\u00e9couvrez notre s\u00e9lection des meilleurs campings o\u00f9 poser vos valises \u00e0 Argel\u00e8s-sur-Mer pour des vacances agr\u00e9ables sous le signe de la convivialit\u00e9.\" \/>\n<meta property=\"og:url\" content=\"https:\/\/www.campings.com\/fr\/content\/guide-argeles-sur-mer\/campings-argeles-sur-mer\/\" \/>\n<meta property=\"article:modified_time\" content=\"2021-09-07T14:30:00+00:00\" \/>\n<meta property=\"og:image\" content=\"https:\/\/www.campings.com\/fr\/content\/wp-content\/uploads\/2021\/09\/Camping-Front-de-Mer.jpg\" \/>\n\t<meta property=\"og:image:width\" content=\"1000\" \/>\n\t<meta property=\"og:image:height\" content=\"665\" \/>\n\t<meta property=\"og:image:type\" content=\"image\/jpeg\" \/>\n<meta name=\"twitter:card\" content=\"summary_large_image\" \/>\n<meta name=\"twitter:label1\" content=\"Dur\u00e9e de lecture estim\u00e9e\" \/>\n\t<meta name=\"twitter:data1\" content=\"8 minutes\" \/>\n<script type=\"application\/ld+json\" class=\"yoast-schema-graph\">{\"@context\":\"https:\/\/schema.org\",\"@graph\":[{\"@type\":\"WebPage\",\"@id\":\"https:\/\/www.campings.com\/fr\/content\/guide-argeles-sur-mer\/campings-argeles-sur-mer\/\",\"url\":\"https:\/\/www.campings.com\/fr\/content\/guide-argeles-sur-mer\/campings-argeles-sur-mer\/\",\"name\":\"S\u00e9lection des meilleurs campings \u00e0 Argel\u00e8s-sur-Mer -\",\"isPartOf\":{\"@id\":\"https:\/\/www.campings.com\/fr\/content\/#website\"},\"primaryImageOfPage\":{\"@id\":\"https:\/\/www.campings.com\/fr\/content\/guide-argeles-sur-mer\/campings-argeles-sur-mer\/#primaryimage\"},\"image\":{\"@id\":\"https:\/\/www.campings.com\/fr\/content\/guide-argeles-sur-mer\/campings-argeles-sur-mer\/#primaryimage\"},\"thumbnailUrl\":\"https:\/\/www.campings.com\/fr\/content\/wp-content\/uploads\/2021\/09\/Camping-Front-de-Mer.jpg\",\"datePublished\":\"2021-09-07T14:17:12+00:00\",\"dateModified\":\"2021-09-07T14:30:00+00:00\",\"description\":\"D\u00e9couvrez notre s\u00e9lection des meilleurs campings o\u00f9 poser vos valises \u00e0 Argel\u00e8s-sur-Mer pour des vacances agr\u00e9ables sous le signe de la convivialit\u00e9.\",\"breadcrumb\":{\"@id\":\"https:\/\/www.campings.com\/fr\/content\/guide-argeles-sur-mer\/campings-argeles-sur-mer\/#breadcrumb\"},\"inLanguage\":\"fr-FR\",\"potentialAction\":[{\"@type\":\"ReadAction\",\"target\":[\"https:\/\/www.campings.com\/fr\/content\/guide-argeles-sur-mer\/campings-argeles-sur-mer\/\"]}]},{\"@type\":\"ImageObject\",\"inLanguage\":\"fr-FR\",\"@id\":\"https:\/\/www.campings.com\/fr\/content\/guide-argeles-sur-mer\/campings-argeles-sur-mer\/#primaryimage\",\"url\":\"https:\/\/www.campings.com\/fr\/content\/wp-content\/uploads\/2021\/09\/Camping-Front-de-Mer.jpg\",\"contentUrl\":\"https:\/\/www.campings.com\/fr\/content\/wp-content\/uploads\/2021\/09\/Camping-Front-de-Mer.jpg\",\"width\":1000,\"height\":665},{\"@type\":\"BreadcrumbList\",\"@id\":\"https:\/\/www.campings.com\/fr\/content\/guide-argeles-sur-mer\/campings-argeles-sur-mer\/#breadcrumb\",\"itemListElement\":[{\"@type\":\"ListItem\",\"position\":1,\"name\":\"Home\",\"item\":\"https:\/\/www.campings.com\/fr\/content\/\"},{\"@type\":\"ListItem\",\"position\":2,\"name\":\"Le guide de vos vacances \u00e0 Argel\u00e8s-sur-Mer\",\"item\":\"https:\/\/www.campings.com\/fr\/content\/guide-argeles-sur-mer\/\"},{\"@type\":\"ListItem\",\"position\":3,\"name\":\"S\u00e9lection des meilleurs campings \u00e0 Argel\u00e8s-sur-Mer\"}]},{\"@type\":\"WebSite\",\"@id\":\"https:\/\/www.campings.com\/fr\/content\/#website\",\"url\":\"https:\/\/www.campings.com\/fr\/content\/\",\"name\":\"\",\"description\":\"\",\"publisher\":{\"@id\":\"https:\/\/www.campings.com\/fr\/content\/#organization\"},\"potentialAction\":[{\"@type\":\"SearchAction\",\"target\":{\"@type\":\"EntryPoint\",\"urlTemplate\":\"https:\/\/www.campings.com\/fr\/content\/?s={search_term_string}\"},\"query-input\":{\"@type\":\"PropertyValueSpecification\",\"valueRequired\":true,\"valueName\":\"search_term_string\"}}],\"inLanguage\":\"fr-FR\"},{\"@type\":\"Organization\",\"@id\":\"https:\/\/www.campings.com\/fr\/content\/#organization\",\"name\":\"CAMPINGS.COM\",\"url\":\"https:\/\/www.campings.com\/fr\/content\/\",\"logo\":{\"@type\":\"ImageObject\",\"inLanguage\":\"fr-FR\",\"@id\":\"https:\/\/www.campings.com\/fr\/content\/#\/schema\/logo\/image\/\",\"url\":\"https:\/\/www.campings.com\/fr\/content\/wp-content\/uploads\/2019\/01\/cropped-logo-1.png\",\"contentUrl\":\"https:\/\/www.campings.com\/fr\/content\/wp-content\/uploads\/2019\/01\/cropped-logo-1.png\",\"width\":174,\"height\":42,\"caption\":\"CAMPINGS.COM\"},\"image\":{\"@id\":\"https:\/\/www.campings.com\/fr\/content\/#\/schema\/logo\/image\/\"}}]}<\/script>\n<!-- \/ Yoast SEO plugin. -->","yoast_head_json":{"title":"S\u00e9lection des meilleurs campings \u00e0 Argel\u00e8s-sur-Mer -","description":"D\u00e9couvrez notre s\u00e9lection des meilleurs campings o\u00f9 poser vos valises \u00e0 Argel\u00e8s-sur-Mer pour des vacances agr\u00e9ables sous le signe de la convivialit\u00e9.","robots":{"index":"index","follow":"follow","max-snippet":"max-snippet:-1","max-image-preview":"max-image-preview:large","max-video-preview":"max-video-preview:-1"},"canonical":"https:\/\/www.campings.com\/fr\/content\/guide-argeles-sur-mer\/campings-argeles-sur-mer\/","og_locale":"fr_FR","og_type":"article","og_title":"S\u00e9lection des meilleurs campings \u00e0 Argel\u00e8s-sur-Mer -","og_description":"D\u00e9couvrez notre s\u00e9lection des meilleurs campings o\u00f9 poser vos valises \u00e0 Argel\u00e8s-sur-Mer pour des vacances agr\u00e9ables sous le signe de la convivialit\u00e9.","og_url":"https:\/\/www.campings.com\/fr\/content\/guide-argeles-sur-mer\/campings-argeles-sur-mer\/","article_modified_time":"2021-09-07T14:30:00+00:00","og_image":[{"width":1000,"height":665,"url":"https:\/\/www.campings.com\/fr\/content\/wp-content\/uploads\/2021\/09\/Camping-Front-de-Mer.jpg","type":"image\/jpeg"}],"twitter_card":"summary_large_image","twitter_misc":{"Dur\u00e9e de lecture estim\u00e9e":"8 minutes"},"schema":{"@context":"https:\/\/schema.org","@graph":[{"@type":"WebPage","@id":"https:\/\/www.campings.com\/fr\/content\/guide-argeles-sur-mer\/campings-argeles-sur-mer\/","url":"https:\/\/www.campings.com\/fr\/content\/guide-argeles-sur-mer\/campings-argeles-sur-mer\/","name":"S\u00e9lection des meilleurs campings \u00e0 Argel\u00e8s-sur-Mer -","isPartOf":{"@id":"https:\/\/www.campings.com\/fr\/content\/#website"},"primaryImageOfPage":{"@id":"https:\/\/www.campings.com\/fr\/content\/guide-argeles-sur-mer\/campings-argeles-sur-mer\/#primaryimage"},"image":{"@id":"https:\/\/www.campings.com\/fr\/content\/guide-argeles-sur-mer\/campings-argeles-sur-mer\/#primaryimage"},"thumbnailUrl":"https:\/\/www.campings.com\/fr\/content\/wp-content\/uploads\/2021\/09\/Camping-Front-de-Mer.jpg","datePublished":"2021-09-07T14:17:12+00:00","dateModified":"2021-09-07T14:30:00+00:00","description":"D\u00e9couvrez notre s\u00e9lection des meilleurs campings o\u00f9 poser vos valises \u00e0 Argel\u00e8s-sur-Mer pour des vacances agr\u00e9ables sous le signe de la convivialit\u00e9.","breadcrumb":{"@id":"https:\/\/www.campings.com\/fr\/content\/guide-argeles-sur-mer\/campings-argeles-sur-mer\/#breadcrumb"},"inLanguage":"fr-FR","potentialAction":[{"@type":"ReadAction","target":["https:\/\/www.campings.com\/fr\/content\/guide-argeles-sur-mer\/campings-argeles-sur-mer\/"]}]},{"@type":"ImageObject","inLanguage":"fr-FR","@id":"https:\/\/www.campings.com\/fr\/content\/guide-argeles-sur-mer\/campings-argeles-sur-mer\/#primaryimage","url":"https:\/\/www.campings.com\/fr\/content\/wp-content\/uploads\/2021\/09\/Camping-Front-de-Mer.jpg","contentUrl":"https:\/\/www.campings.com\/fr\/content\/wp-content\/uploads\/2021\/09\/Camping-Front-de-Mer.jpg","width":1000,"height":665},{"@type":"BreadcrumbList","@id":"https:\/\/www.campings.com\/fr\/content\/guide-argeles-sur-mer\/campings-argeles-sur-mer\/#breadcrumb","itemListElement":[{"@type":"ListItem","position":1,"name":"Home","item":"https:\/\/www.campings.com\/fr\/content\/"},{"@type":"ListItem","position":2,"name":"Le guide de vos vacances \u00e0 Argel\u00e8s-sur-Mer","item":"https:\/\/www.campings.com\/fr\/content\/guide-argeles-sur-mer\/"},{"@type":"ListItem","position":3,"name":"S\u00e9lection des meilleurs campings \u00e0 Argel\u00e8s-sur-Mer"}]},{"@type":"WebSite","@id":"https:\/\/www.campings.com\/fr\/content\/#website","url":"https:\/\/www.campings.com\/fr\/content\/","name":"","description":"","publisher":{"@id":"https:\/\/www.campings.com\/fr\/content\/#organization"},"potentialAction":[{"@type":"SearchAction","target":{"@type":"EntryPoint","urlTemplate":"https:\/\/www.campings.com\/fr\/content\/?s={search_term_string}"},"query-input":{"@type":"PropertyValueSpecification","valueRequired":true,"valueName":"search_term_string"}}],"inLanguage":"fr-FR"},{"@type":"Organization","@id":"https:\/\/www.campings.com\/fr\/content\/#organization","name":"CAMPINGS.COM","url":"https:\/\/www.campings.com\/fr\/content\/","logo":{"@type":"ImageObject","inLanguage":"fr-FR","@id":"https:\/\/www.campings.com\/fr\/content\/#\/schema\/logo\/image\/","url":"https:\/\/www.campings.com\/fr\/content\/wp-content\/uploads\/2019\/01\/cropped-logo-1.png","contentUrl":"https:\/\/www.campings.com\/fr\/content\/wp-content\/uploads\/2019\/01\/cropped-logo-1.png","width":174,"height":42,"caption":"CAMPINGS.COM"},"image":{"@id":"https:\/\/www.campings.com\/fr\/content\/#\/schema\/logo\/image\/"}}]}},"_links":{"self":[{"href":"https:\/\/www.campings.com\/fr\/content\/wp-json\/wp\/v2\/pages\/3145","targetHints":{"allow":["GET"]}}],"collection":[{"href":"https:\/\/www.campings.com\/fr\/content\/wp-json\/wp\/v2\/pages"}],"about":[{"href":"https:\/\/www.campings.com\/fr\/content\/wp-json\/wp\/v2\/types\/page"}],"author":[{"embeddable":true,"href":"https:\/\/www.campings.com\/fr\/content\/wp-json\/wp\/v2\/users\/18"}],"replies":[{"embeddable":true,"href":"https:\/\/www.campings.com\/fr\/content\/wp-json\/wp\/v2\/comments?post=3145"}],"version-history":[{"count":3,"href":"https:\/\/www.campings.com\/fr\/content\/wp-json\/wp\/v2\/pages\/3145\/revisions"}],"predecessor-version":[{"id":3156,"href":"https:\/\/www.campings.com\/fr\/content\/wp-json\/wp\/v2\/pages\/3145\/revisions\/3156"}],"up":[{"embeddable":true,"href":"https:\/\/www.campings.com\/fr\/content\/wp-json\/wp\/v2\/pages\/3115"}],"wp:attachment":[{"href":"https:\/\/www.campings.com\/fr\/content\/wp-json\/wp\/v2\/media?parent=3145"}],"curies":[{"name":"wp","href":"https:\/\/api.w.org\/{rel}","templated":true}]}}