{"id":3028,"date":"2021-07-21T15:36:35","date_gmt":"2021-07-21T15:36:35","guid":{"rendered":"https:\/\/www.campings.com\/fr\/content\/?page_id=3028"},"modified":"2022-10-28T12:27:14","modified_gmt":"2022-10-28T12:27:14","slug":"musee-hydraviation-biscarrosse","status":"publish","type":"page","link":"https:\/\/www.campings.com\/fr\/content\/guides-vacances-biscarrosse\/musee-hydraviation-biscarrosse\/","title":{"rendered":"Le mus\u00e9e de l&rsquo;hydraviation \u00e0 Biscarrosse"},"content":{"rendered":"<p>&nbsp;<\/p>\n<p>Vous \u00eates passionn\u00e9 d\u2019aviation, amateur ou simple curieux ? Ne manquez pas de visiter le mus\u00e9e de l\u2019hydraviation lors de votre s\u00e9jour \u00e0 Biscarosse. Vous embarquerez pour un voyage fabuleux \u00e0 travers l&rsquo;\u00e2ge d\u2019or de l&rsquo;hydraviation pour une exp\u00e9rience unique !<\/p>\n<p>Le mus\u00e9e de l\u2019hydraviation de\u00a0<a href=\"https:\/\/www.campings.com\/fr\/content\/guides-vacances-biscarrosse\/\"><u>Biscarrosse<\/u>\u00a0<\/a>est situ\u00e9 sur l\u2019ancienne base Lat\u00e9co\u00e8re. Dans les ann\u00e9es 1930, Pierre-Georges Lat\u00e9co\u00e8re a choisi cet emplacement comme base de montage et d\u2019essais des plus grands hydravions. Aujourd\u2019hui, ce lieu mythique retrace l\u2019\u00e9pop\u00e9e de ces \u00ab paquebots des airs \u00bb en pr\u00e9sentant des pi\u00e8ces phares de l\u2019hydraviation.<\/p>\n<h2><strong>Biscarrosse, berceau de l\u2019hydraviation fran\u00e7aise<\/strong><\/h2>\n<p>Tout commence en 1930 avec le projet fou de Pierre Georges Lat\u00e9co\u00e8re\u2026 Il souhaite traverser l\u2019Atlantique et relier Toulouse \u00e0 Santiago du Chili en hydravion. Le choix de Biscarosse comme berceau de l\u2019hydraviation n\u2019est pas anodin. En effet, sa proximit\u00e9 avec l\u2019usine a\u00e9ronautique Lat\u00e9co\u00e8re va favoriser un assemblage plus rapide des pi\u00e8ces. De plus, la ville est entour\u00e9e de gigantesques plans d\u2019eau, et donne sur l\u2019Atlantique. Pour l\u2019ing\u00e9nieur toulousain, Biscarrosse est l\u2019endroit id\u00e9al pour faire d\u00e9coller et amerrir les hydravions.<\/p>\n<p><img loading=\"lazy\" decoding=\"async\" class=\"alignnone size-full wp-image-3029\" src=\"https:\/\/www.campings.com\/fr\/content\/wp-content\/uploads\/2021\/07\/Hydravion-1.jpg\" alt=\"\" width=\"1000\" height=\"665\" \/><\/p>\n<h2><strong>Une collection historique d\u2019hydravions \u00e0 Biscarrosse<\/strong><\/h2>\n<p>Pendant votre s\u00e9jour \u00e0\u00a0<a href=\"https:\/\/www.campings.com\/fr\/content\/guides-vacances-biscarrosse\/\"><u>Biscarrosse<\/u><\/a>, une visite du mus\u00e9e de l\u2019hydraviation s\u2019impose. Vous d\u00e9couvrirez l\u2019histoire fabuleuse des paquebots des airs \u00e0 travers une riche collection d\u2019hydravions comme :<\/p>\n<p>&#8211; Saint-Exup\u00e9ry ;<\/p>\n<p>&#8211; Mermoz ;<\/p>\n<p>&#8211; Lat\u00e9co\u00e8re ;<\/p>\n<p>&#8211; Guillaumet ;<\/p>\n<p>&#8211; Paris ;<\/p>\n<p>&#8211; H\u00e9brard ;<\/p>\n<p>&#8211; Jozan ;<\/p>\n<p>&#8211; Bonnot ;<\/p>\n<p>&#8211; Etc.<\/p>\n<p>Vous d\u00e9couvrirez aussi le Grumman Albatros, qui vient d\u2019\u00eatre r\u00e9cemment ajout\u00e9 \u00e0 la collection. Ce l\u00e9gendaire hydravion fut jadis utilis\u00e9 par l\u2019arm\u00e9e am\u00e9ricaine pour les recherches et les secours en mer. Il s\u2019agit aujourd\u2019hui du seul mod\u00e8le en Europe ayant \u00e9t\u00e9 r\u00e9nov\u00e9 par des apprentis ouvriers en a\u00e9ronautique.<\/p>\n<p>Vous y d\u00e9couvrirez aussi des documents d&rsquo;\u00e9poque maquettes, carnets de bord ainsi que de nombreux souvenirs des aviateurs.<\/p>\n<h2><strong>Horaires et tarifs du mus\u00e9e de l\u2019hydraviation<\/strong><\/h2>\n<p>Le mus\u00e9e historique de l\u2019hydraviation de Biscarrosse est ouvert du mardi au dimanche, de 14h \u00e0 18h. En \u00e9t\u00e9, du 1er juillet au 31 ao\u00fbt, il est ouvert tous les jours de 10h \u00e0 19h.<\/p>\n<p>Si vous venez en groupe ou en famille, r\u00e9servez une visite guid\u00e9e de 1h 30. D\u00e9couvrez les tarifs ci-dessous :<\/p>\n<p>&#8211; Tarif plein : 10 euros ;<\/p>\n<p>&#8211; Jeunes de 6 \u00e0 18 ans : 3.50 euros ;<\/p>\n<p>&#8211; Tarif sp\u00e9cial famille nombreuse (\u00e0 partir de 3 enfants) : 27 euros ;<\/p>\n<p>&#8211; Entr\u00e9e gratuite pour les enfants de moins de 6 ans.<\/p>\n<p><img loading=\"lazy\" decoding=\"async\" class=\"alignnone size-full wp-image-3030\" src=\"https:\/\/www.campings.com\/fr\/content\/wp-content\/uploads\/2021\/07\/Hydravion-2.jpg\" alt=\"\" width=\"1000\" height=\"665\" \/><\/p>\n<h2><strong>S\u00e9lection de campings \u00e0 Biscarrosse dans les Landes\u00a0<\/strong><\/h2>\n<p><a href=\"https:\/\/www.campings.com\/fr\/content\/guides-vacances-biscarrosse\/\"><u>Biscarrosse<\/u>\u00a0<\/a>n\u2019est pas seulement la capitale de l\u2019hydraviation, c\u2019est une destination d\u2019exception pour faire du camping dans les Landes. Voici notre s\u00e9lection des meilleurs campings de la r\u00e9gion, situ\u00e9s \u00e0 proximit\u00e9 des restaurants et de la plage.<\/p>\n<h3><strong>Camping le Vivier<\/strong><\/h3>\n<p>Cet \u00e9tablissement 3 \u00e9toiles est situ\u00e9 \u00e0 proximit\u00e9 de plusieurs points d\u2019int\u00e9r\u00eats tels que Biscarosse Plage, la gare et le lac. Il propose des mobil homes et des bungalows. En optant pour cet \u00e9tablissement, vous ne risquez pas de vous ennuyer pendant votre s\u00e9jour dans les Landes ! C\u00f4t\u00e9 loisirs vous aurez l\u2019embarras du choix ! Au programme : tennis, p\u00e9tanque, aires de jeux et structures gonflables pour les enfants.<\/p>\n<p><a href=\"https:\/\/www.campings.com\/fr\/camping\/camping-le-vivier-76909\">Plus d\u2019infos sur le Camping le Vivier.<\/a><\/p>\n<h3><strong>Camping Plage Sud<\/strong><\/h3>\n<p>Louez un h\u00e9bergement dans ce beau camping pendant vos vacances en Nouvelle-Aquitaine ! Cet \u00e9tablissement est situ\u00e9 \u00e0 proximit\u00e9 de la plage, au c\u0153ur de la station baln\u00e9aire de Biscarrosse. Il offre un large choix d\u2019activit\u00e9s et d\u2019animations pour petits et grands. Il dispose aussi d\u2019une piscine ext\u00e9rieure chauff\u00e9e, d\u2019une pataugeoire et d\u2019un toboggan aquatique.<\/p>\n<p><a href=\"https:\/\/www.campings.com\/fr\/camping\/camping-plage-sud-76913\">Plus d\u2019infos sur le Camping Plage Sud<\/a>.<\/p>\n<h3><strong>Camping Mayotte Vacances<\/strong><\/h3>\n<p>Le camping Mayotte Vacances est l\u2019une des meilleures adresses dans les Landes pour des vacances r\u00e9ussies. Que vous veniez en couple, en groupe ou en famille, vous trouverez \u00e0 coup s\u00fbr la formule d\u2019h\u00e9bergement qui vous convient. Les animaux de compagnie sont aussi les bienvenus ! Il dispose de piscines int\u00e9rieures et ext\u00e9rieures chauff\u00e9es ouvertes toute l\u2019ann\u00e9e ainsi que de nombreuses structures aquatiques. Il met \u00e9galement \u00e0 votre disposition un club enfants pour vous accorder un peu de repos pendant votre s\u00e9jour.<\/p>\n<p><a href=\"https:\/\/www.campings.com\/fr\/camping\/camping-mayotte-vacances-76910\">Plus d\u2019infos sur le Camping Mayotte Vacances.<\/a><\/p>\n","protected":false},"excerpt":{"rendered":"<p>&nbsp; Vous \u00eates passionn\u00e9 d\u2019aviation, amateur ou simple curieux ? Ne manquez pas de visiter le mus\u00e9e de l\u2019hydraviation lors de votre s\u00e9jour \u00e0 Biscarosse. Vous embarquerez pour un voyage fabuleux \u00e0 travers l&rsquo;\u00e2ge d\u2019or de l&rsquo;hydraviation pour une exp\u00e9rience unique ! Le mus\u00e9e de l\u2019hydraviation de\u00a0Biscarrosse\u00a0est situ\u00e9 sur l\u2019ancienne base Lat\u00e9co\u00e8re. Dans les ann\u00e9es [&hellip;]<\/p>\n","protected":false},"author":18,"featured_media":0,"parent":2991,"menu_order":0,"comment_status":"closed","ping_status":"closed","template":"template-twocolumns.php","meta":{"_acf_changed":false,"footnotes":""},"class_list":["post-3028","page","type-page","status-publish","hentry"],"acf":[],"yoast_head":"<!-- This site is optimized with the Yoast SEO plugin v27.1.1 - https:\/\/yoast.com\/product\/yoast-seo-wordpress\/ -->\n<title>Le mus\u00e9e de l&#039;hydraviation \u00e0 Biscarrosse -<\/title>\n<meta name=\"description\" content=\"Visitez le c\u00e9l\u00e8bre mus\u00e9e de l\u2019hydraviation \u00e0 Biscarrosse, un lieu unique dans le monde qui retrace l\u2019histoire de l\u2019hydraviation depuis ses d\u00e9buts.\" \/>\n<meta name=\"robots\" content=\"index, follow, max-snippet:-1, max-image-preview:large, max-video-preview:-1\" \/>\n<link rel=\"canonical\" href=\"https:\/\/www.campings.com\/fr\/content\/guides-vacances-biscarrosse\/musee-hydraviation-biscarrosse\/\" \/>\n<meta property=\"og:locale\" content=\"fr_FR\" \/>\n<meta property=\"og:type\" content=\"article\" \/>\n<meta property=\"og:title\" content=\"Le mus\u00e9e de l&#039;hydraviation \u00e0 Biscarrosse -\" \/>\n<meta property=\"og:description\" content=\"Visitez le c\u00e9l\u00e8bre mus\u00e9e de l\u2019hydraviation \u00e0 Biscarrosse, un lieu unique dans le monde qui retrace l\u2019histoire de l\u2019hydraviation depuis ses d\u00e9buts.\" \/>\n<meta property=\"og:url\" content=\"https:\/\/www.campings.com\/fr\/content\/guides-vacances-biscarrosse\/musee-hydraviation-biscarrosse\/\" \/>\n<meta property=\"article:modified_time\" content=\"2022-10-28T12:27:14+00:00\" \/>\n<meta property=\"og:image\" content=\"https:\/\/www.campings.com\/fr\/content\/wp-content\/uploads\/2021\/07\/Hydravion-1.jpg\" \/>\n\t<meta property=\"og:image:width\" content=\"1000\" \/>\n\t<meta property=\"og:image:height\" content=\"665\" \/>\n\t<meta property=\"og:image:type\" content=\"image\/jpeg\" \/>\n<meta name=\"twitter:card\" content=\"summary_large_image\" \/>\n<meta name=\"twitter:label1\" content=\"Dur\u00e9e de lecture estim\u00e9e\" \/>\n\t<meta name=\"twitter:data1\" content=\"4 minutes\" \/>\n<script type=\"application\/ld+json\" class=\"yoast-schema-graph\">{\"@context\":\"https:\/\/schema.org\",\"@graph\":[{\"@type\":\"WebPage\",\"@id\":\"https:\/\/www.campings.com\/fr\/content\/guides-vacances-biscarrosse\/musee-hydraviation-biscarrosse\/\",\"url\":\"https:\/\/www.campings.com\/fr\/content\/guides-vacances-biscarrosse\/musee-hydraviation-biscarrosse\/\",\"name\":\"Le mus\u00e9e de l'hydraviation \u00e0 Biscarrosse -\",\"isPartOf\":{\"@id\":\"https:\/\/www.campings.com\/fr\/content\/#website\"},\"primaryImageOfPage\":{\"@id\":\"https:\/\/www.campings.com\/fr\/content\/guides-vacances-biscarrosse\/musee-hydraviation-biscarrosse\/#primaryimage\"},\"image\":{\"@id\":\"https:\/\/www.campings.com\/fr\/content\/guides-vacances-biscarrosse\/musee-hydraviation-biscarrosse\/#primaryimage\"},\"thumbnailUrl\":\"https:\/\/www.campings.com\/fr\/content\/wp-content\/uploads\/2021\/07\/Hydravion-1.jpg\",\"datePublished\":\"2021-07-21T15:36:35+00:00\",\"dateModified\":\"2022-10-28T12:27:14+00:00\",\"description\":\"Visitez le c\u00e9l\u00e8bre mus\u00e9e de l\u2019hydraviation \u00e0 Biscarrosse, un lieu unique dans le monde qui retrace l\u2019histoire de l\u2019hydraviation depuis ses d\u00e9buts.\",\"breadcrumb\":{\"@id\":\"https:\/\/www.campings.com\/fr\/content\/guides-vacances-biscarrosse\/musee-hydraviation-biscarrosse\/#breadcrumb\"},\"inLanguage\":\"fr-FR\",\"potentialAction\":[{\"@type\":\"ReadAction\",\"target\":[\"https:\/\/www.campings.com\/fr\/content\/guides-vacances-biscarrosse\/musee-hydraviation-biscarrosse\/\"]}]},{\"@type\":\"ImageObject\",\"inLanguage\":\"fr-FR\",\"@id\":\"https:\/\/www.campings.com\/fr\/content\/guides-vacances-biscarrosse\/musee-hydraviation-biscarrosse\/#primaryimage\",\"url\":\"https:\/\/www.campings.com\/fr\/content\/wp-content\/uploads\/2021\/07\/Hydravion-1.jpg\",\"contentUrl\":\"https:\/\/www.campings.com\/fr\/content\/wp-content\/uploads\/2021\/07\/Hydravion-1.jpg\",\"width\":1000,\"height\":665},{\"@type\":\"BreadcrumbList\",\"@id\":\"https:\/\/www.campings.com\/fr\/content\/guides-vacances-biscarrosse\/musee-hydraviation-biscarrosse\/#breadcrumb\",\"itemListElement\":[{\"@type\":\"ListItem\",\"position\":1,\"name\":\"Home\",\"item\":\"https:\/\/www.campings.com\/fr\/content\/\"},{\"@type\":\"ListItem\",\"position\":2,\"name\":\"Le guide de vos vacances \u00e0 Biscarrosse\",\"item\":\"https:\/\/www.campings.com\/fr\/content\/guides-vacances-biscarrosse\/\"},{\"@type\":\"ListItem\",\"position\":3,\"name\":\"Le mus\u00e9e de l&rsquo;hydraviation \u00e0 Biscarrosse\"}]},{\"@type\":\"WebSite\",\"@id\":\"https:\/\/www.campings.com\/fr\/content\/#website\",\"url\":\"https:\/\/www.campings.com\/fr\/content\/\",\"name\":\"\",\"description\":\"\",\"publisher\":{\"@id\":\"https:\/\/www.campings.com\/fr\/content\/#organization\"},\"potentialAction\":[{\"@type\":\"SearchAction\",\"target\":{\"@type\":\"EntryPoint\",\"urlTemplate\":\"https:\/\/www.campings.com\/fr\/content\/?s={search_term_string}\"},\"query-input\":{\"@type\":\"PropertyValueSpecification\",\"valueRequired\":true,\"valueName\":\"search_term_string\"}}],\"inLanguage\":\"fr-FR\"},{\"@type\":\"Organization\",\"@id\":\"https:\/\/www.campings.com\/fr\/content\/#organization\",\"name\":\"CAMPINGS.COM\",\"url\":\"https:\/\/www.campings.com\/fr\/content\/\",\"logo\":{\"@type\":\"ImageObject\",\"inLanguage\":\"fr-FR\",\"@id\":\"https:\/\/www.campings.com\/fr\/content\/#\/schema\/logo\/image\/\",\"url\":\"https:\/\/www.campings.com\/fr\/content\/wp-content\/uploads\/2019\/01\/cropped-logo-1.png\",\"contentUrl\":\"https:\/\/www.campings.com\/fr\/content\/wp-content\/uploads\/2019\/01\/cropped-logo-1.png\",\"width\":174,\"height\":42,\"caption\":\"CAMPINGS.COM\"},\"image\":{\"@id\":\"https:\/\/www.campings.com\/fr\/content\/#\/schema\/logo\/image\/\"}}]}<\/script>\n<!-- \/ Yoast SEO plugin. -->","yoast_head_json":{"title":"Le mus\u00e9e de l'hydraviation \u00e0 Biscarrosse -","description":"Visitez le c\u00e9l\u00e8bre mus\u00e9e de l\u2019hydraviation \u00e0 Biscarrosse, un lieu unique dans le monde qui retrace l\u2019histoire de l\u2019hydraviation depuis ses d\u00e9buts.","robots":{"index":"index","follow":"follow","max-snippet":"max-snippet:-1","max-image-preview":"max-image-preview:large","max-video-preview":"max-video-preview:-1"},"canonical":"https:\/\/www.campings.com\/fr\/content\/guides-vacances-biscarrosse\/musee-hydraviation-biscarrosse\/","og_locale":"fr_FR","og_type":"article","og_title":"Le mus\u00e9e de l'hydraviation \u00e0 Biscarrosse -","og_description":"Visitez le c\u00e9l\u00e8bre mus\u00e9e de l\u2019hydraviation \u00e0 Biscarrosse, un lieu unique dans le monde qui retrace l\u2019histoire de l\u2019hydraviation depuis ses d\u00e9buts.","og_url":"https:\/\/www.campings.com\/fr\/content\/guides-vacances-biscarrosse\/musee-hydraviation-biscarrosse\/","article_modified_time":"2022-10-28T12:27:14+00:00","og_image":[{"width":1000,"height":665,"url":"https:\/\/www.campings.com\/fr\/content\/wp-content\/uploads\/2021\/07\/Hydravion-1.jpg","type":"image\/jpeg"}],"twitter_card":"summary_large_image","twitter_misc":{"Dur\u00e9e de lecture estim\u00e9e":"4 minutes"},"schema":{"@context":"https:\/\/schema.org","@graph":[{"@type":"WebPage","@id":"https:\/\/www.campings.com\/fr\/content\/guides-vacances-biscarrosse\/musee-hydraviation-biscarrosse\/","url":"https:\/\/www.campings.com\/fr\/content\/guides-vacances-biscarrosse\/musee-hydraviation-biscarrosse\/","name":"Le mus\u00e9e de l'hydraviation \u00e0 Biscarrosse -","isPartOf":{"@id":"https:\/\/www.campings.com\/fr\/content\/#website"},"primaryImageOfPage":{"@id":"https:\/\/www.campings.com\/fr\/content\/guides-vacances-biscarrosse\/musee-hydraviation-biscarrosse\/#primaryimage"},"image":{"@id":"https:\/\/www.campings.com\/fr\/content\/guides-vacances-biscarrosse\/musee-hydraviation-biscarrosse\/#primaryimage"},"thumbnailUrl":"https:\/\/www.campings.com\/fr\/content\/wp-content\/uploads\/2021\/07\/Hydravion-1.jpg","datePublished":"2021-07-21T15:36:35+00:00","dateModified":"2022-10-28T12:27:14+00:00","description":"Visitez le c\u00e9l\u00e8bre mus\u00e9e de l\u2019hydraviation \u00e0 Biscarrosse, un lieu unique dans le monde qui retrace l\u2019histoire de l\u2019hydraviation depuis ses d\u00e9buts.","breadcrumb":{"@id":"https:\/\/www.campings.com\/fr\/content\/guides-vacances-biscarrosse\/musee-hydraviation-biscarrosse\/#breadcrumb"},"inLanguage":"fr-FR","potentialAction":[{"@type":"ReadAction","target":["https:\/\/www.campings.com\/fr\/content\/guides-vacances-biscarrosse\/musee-hydraviation-biscarrosse\/"]}]},{"@type":"ImageObject","inLanguage":"fr-FR","@id":"https:\/\/www.campings.com\/fr\/content\/guides-vacances-biscarrosse\/musee-hydraviation-biscarrosse\/#primaryimage","url":"https:\/\/www.campings.com\/fr\/content\/wp-content\/uploads\/2021\/07\/Hydravion-1.jpg","contentUrl":"https:\/\/www.campings.com\/fr\/content\/wp-content\/uploads\/2021\/07\/Hydravion-1.jpg","width":1000,"height":665},{"@type":"BreadcrumbList","@id":"https:\/\/www.campings.com\/fr\/content\/guides-vacances-biscarrosse\/musee-hydraviation-biscarrosse\/#breadcrumb","itemListElement":[{"@type":"ListItem","position":1,"name":"Home","item":"https:\/\/www.campings.com\/fr\/content\/"},{"@type":"ListItem","position":2,"name":"Le guide de vos vacances \u00e0 Biscarrosse","item":"https:\/\/www.campings.com\/fr\/content\/guides-vacances-biscarrosse\/"},{"@type":"ListItem","position":3,"name":"Le mus\u00e9e de l&rsquo;hydraviation \u00e0 Biscarrosse"}]},{"@type":"WebSite","@id":"https:\/\/www.campings.com\/fr\/content\/#website","url":"https:\/\/www.campings.com\/fr\/content\/","name":"","description":"","publisher":{"@id":"https:\/\/www.campings.com\/fr\/content\/#organization"},"potentialAction":[{"@type":"SearchAction","target":{"@type":"EntryPoint","urlTemplate":"https:\/\/www.campings.com\/fr\/content\/?s={search_term_string}"},"query-input":{"@type":"PropertyValueSpecification","valueRequired":true,"valueName":"search_term_string"}}],"inLanguage":"fr-FR"},{"@type":"Organization","@id":"https:\/\/www.campings.com\/fr\/content\/#organization","name":"CAMPINGS.COM","url":"https:\/\/www.campings.com\/fr\/content\/","logo":{"@type":"ImageObject","inLanguage":"fr-FR","@id":"https:\/\/www.campings.com\/fr\/content\/#\/schema\/logo\/image\/","url":"https:\/\/www.campings.com\/fr\/content\/wp-content\/uploads\/2019\/01\/cropped-logo-1.png","contentUrl":"https:\/\/www.campings.com\/fr\/content\/wp-content\/uploads\/2019\/01\/cropped-logo-1.png","width":174,"height":42,"caption":"CAMPINGS.COM"},"image":{"@id":"https:\/\/www.campings.com\/fr\/content\/#\/schema\/logo\/image\/"}}]}},"_links":{"self":[{"href":"https:\/\/www.campings.com\/fr\/content\/wp-json\/wp\/v2\/pages\/3028","targetHints":{"allow":["GET"]}}],"collection":[{"href":"https:\/\/www.campings.com\/fr\/content\/wp-json\/wp\/v2\/pages"}],"about":[{"href":"https:\/\/www.campings.com\/fr\/content\/wp-json\/wp\/v2\/types\/page"}],"author":[{"embeddable":true,"href":"https:\/\/www.campings.com\/fr\/content\/wp-json\/wp\/v2\/users\/18"}],"replies":[{"embeddable":true,"href":"https:\/\/www.campings.com\/fr\/content\/wp-json\/wp\/v2\/comments?post=3028"}],"version-history":[{"count":2,"href":"https:\/\/www.campings.com\/fr\/content\/wp-json\/wp\/v2\/pages\/3028\/revisions"}],"predecessor-version":[{"id":3934,"href":"https:\/\/www.campings.com\/fr\/content\/wp-json\/wp\/v2\/pages\/3028\/revisions\/3934"}],"up":[{"embeddable":true,"href":"https:\/\/www.campings.com\/fr\/content\/wp-json\/wp\/v2\/pages\/2991"}],"wp:attachment":[{"href":"https:\/\/www.campings.com\/fr\/content\/wp-json\/wp\/v2\/media?parent=3028"}],"curies":[{"name":"wp","href":"https:\/\/api.w.org\/{rel}","templated":true}]}}