{"id":3019,"date":"2021-07-21T15:22:37","date_gmt":"2021-07-21T15:22:37","guid":{"rendered":"https:\/\/www.campings.com\/fr\/content\/?page_id=3019"},"modified":"2021-07-21T15:22:37","modified_gmt":"2021-07-21T15:22:37","slug":"plages-biscarrosse","status":"publish","type":"page","link":"https:\/\/www.campings.com\/fr\/content\/guides-vacances-biscarrosse\/plages-biscarrosse\/","title":{"rendered":"Les plus belles plages de Biscarrosse"},"content":{"rendered":"<p>Vous programmez un s\u00e9jour \u00e0 Biscarrosse en Nouvelle-Aquitaine ? Bisca, berceau de l&rsquo;hydraviation figure parmi les plus belles stations baln\u00e9aires de la c\u00f4te atlantique. Tr\u00e8s pris\u00e9e par les surfeurs, la station abrite les plus grands lacs de France et d\u00e9ploie un magnifique littoral. Focus sur le littoral de Biscarrosse et ses plus belles plages.<\/p>\n<p>V\u00e9ritable c\u0153ur battant de la station baln\u00e9aire, Biscarrosse Plage d\u00e9roule des kilom\u00e8tres de plages de sable fin\u2026 Entre lacs et oc\u00e9an Atlantique, Biscarrosse Plage n\u2019a rien \u00e0 envier aux autres plages paradisiaques ! La ville doit \u00e9galement sa renomm\u00e9e \u00e0 ses trois lacs, dont l\u2019immense lac Nord et ses plages de sable. Avec ses dunes, ses plages sauvages et ses for\u00eats,\u00a0<a href=\"https:\/\/www.campings.com\/fr\/content\/guides-vacances-biscarrosse\/\"><u>Biscarrosse<\/u><\/a>, offre une palette de paysages extr\u00eamement vari\u00e9s ! Des atouts qui font de la ville une destination id\u00e9ale pour partir en vacances !<\/p>\n<h2><strong>Les plages de Biscarrosse c\u00f4t\u00e9 oc\u00e9an\u00a0<\/strong><\/h2>\n<p>Le littoral de Biscarrosse offre 5 km de plages oc\u00e9aniques. Voici quelques spots parfaits o\u00f9 se promener, se baigner, surfer ou buller au soleil !<\/p>\n<h3><strong>La plage du Vivier<\/strong><\/h3>\n<p>Cette plage pr\u00e9serv\u00e9e, situ\u00e9e au nord de la station baln\u00e9aire abrite un grand choix d\u2019h\u00e9bergements pour des vacances en camping. Elle est aussi un spot tr\u00e8s pris\u00e9 par les surfeurs.<\/p>\n<h3><strong>La plage Nord<\/strong><\/h3>\n<p>Cette plage oc\u00e9ane est situ\u00e9e plus au sud par rapport \u00e0 la plage du Vivier. C\u2019est aussi un spot de surf desservi par une piste cyclable.<\/p>\n<h3><strong>La plage Centrale<\/strong><\/h3>\n<p>Situ\u00e9e au c\u0153ur de la station, pr\u00e8s de la Plage Nord, cette plage est parfaite pour s\u2019initier au surf en famille.<\/p>\n<h3><img loading=\"lazy\" decoding=\"async\" class=\"alignnone size-full wp-image-3021\" style=\"font-size: 16px\" src=\"https:\/\/www.campings.com\/fr\/content\/wp-content\/uploads\/2021\/07\/Plage-3.jpg\" alt=\"\" width=\"1000\" height=\"665\" \/><strong>La plage Sud<\/strong><\/h3>\n<p>Localis\u00e9e plus au sud, en direction de Mimizan, cette plage de dunes, totalement sauvage offre des vagues puissantes \u00e0 mar\u00e9e haute. La plage sud est le rendez-vous des surfeurs aguerris et des nudistes.<\/p>\n<h2><strong>Les plages des lacs de Biscarrosse<\/strong><\/h2>\n<p><a href=\"https:\/\/www.campings.com\/fr\/content\/guides-vacances-biscarrosse\/\"><u>Biscarrosse<\/u>\u00a0<\/a>abrite de grands lacs : le lac de Cazaux-Sanguinet, le lac de Biscarrosse et de Parentis et le petit Lac. Des \u00e9tendues d\u2019eau qui comptent de nombreuses plages am\u00e9nag\u00e9es o\u00f9 se d\u00e9tendre.<\/p>\n<h3><strong>La plage Mout\u00e9ou Pipiou<\/strong><\/h3>\n<p>Cette plage de sable fin est un spot tr\u00e8s pris\u00e9 par les familles pendant leurs vacances \u00e0 Biscarrosse. Elle borde le lac de Parentis, et offre un grand choix d\u2019activit\u00e9s nautiques.<\/p>\n<h3><strong>La plage de Sainte-Eulalie-en-Born\u00a0<\/strong><\/h3>\n<p>Dans un cadre pr\u00e9serv\u00e9, au bord du lac de Biscarrosse-Parentis, cette plage lacustre est parfaite pour pique-niquer et se baigner.<\/p>\n<h3><strong>La plage Maguide<\/strong><\/h3>\n<p>Situ\u00e9e en bordure du lac de Biscarrosse, cette plage offre un \u00e9ventail d\u2019activit\u00e9s nautiques pour tous les go\u00fbts. C\u00f4t\u00e9 baignade, toute la famille y trouvera son compte car la plage se distingue par la faible profondeur de l\u2019eau.<\/p>\n<h3><strong>La plage Ispe<\/strong><\/h3>\n<p>Bordant le lac de Biscarrosse, cette plage calme et pr\u00e9serv\u00e9e est parfaite pour se promener ou pique-niquer \u00e0 l\u2019ombre des pins. Vous pourrez profiter de la tranquillit\u00e9 des lieux pour vous baigner dans une eau douce \u00e0 plus de 25\u00b0.<\/p>\n<h3><strong>La plage Navarrosse<\/strong><\/h3>\n<p>Cette belle plage de sable fin longe la pointe sud du lac de Biscarrosse. Elle se distingue par une eau limpide et peu profonde o\u00f9 m\u00eame les tout-petits pourront se baigner sans danger.<\/p>\n<p><img loading=\"lazy\" decoding=\"async\" class=\"alignnone size-full wp-image-3020\" src=\"https:\/\/www.campings.com\/fr\/content\/wp-content\/uploads\/2021\/07\/Plage-Lac-2.jpg\" alt=\"\" width=\"1000\" height=\"665\" \/><\/p>\n<h3><strong>La plage Mayotte, sur le lac de Biscarrosse<\/strong><\/h3>\n<p>Cette plage du lac Biscarrosse est situ\u00e9e au c\u0153ur de la for\u00eat landaise. La baignade y est tr\u00e8s agr\u00e9able. Vous pourrez vous baigner dans une eau douce et chaude ou vous pr\u00e9lasser \u00e0 l\u2019ombre des pins.<\/p>\n<h2><strong>S\u00e9lection de campings : location \u00e0 Biscarrosse, o\u00f9 dormir\u00a0?<\/strong><\/h2>\n<p>Envie de s\u00e9journer dans un camping \u00ab pieds dans l\u2019eau \u00bb pendant vos vacances \u00e0\u00a0<a href=\"https:\/\/www.campings.com\/fr\/content\/guides-vacances-biscarrosse\/\"><u>Biscarrosse\u00a0<\/u><\/a>pr\u00e8s du Bassin d&rsquo;Arcachon ? Voici notre s\u00e9lection de campings \u00e0 proximit\u00e9 des plages.<\/p>\n<h3><strong>Camping Plage Sud, Biscarrosse Plage\u00a0<\/strong><\/h3>\n<p>Situ\u00e9 au c\u0153ur de la station baln\u00e9aire, ce camping familial offre un cadre parfait pour des vacances en famille. Cet \u00e9tablissement en bord de mer dispose d\u2019une piscine chauff\u00e9e et d\u2019un toboggan aquatique. C\u00f4t\u00e9 baignade, vous avez le choix entre les plages lacustres et les plages oc\u00e9aniques.<\/p>\n<p><a href=\"https:\/\/www.campings.com\/fr\/camping\/camping-plage-sud-76913\">Plus d\u2019infos sur le camping Plage Sud.<\/a><\/p>\n<h3><strong>Camping Le Vivier\u00a0<\/strong><\/h3>\n<p>Localis\u00e9 \u00e0 800m de la plage du Vivier et de l\u2019Atlantique, cet \u00e9tablissement \u00ab pieds dans l\u2019eau \u00bb a tout pour plaire. En effet, ce camping est \u00e0 la fois proche de l\u2019oc\u00e9an et aussi du lac de Biscarrosse. Le camping met \u00e0 votre disposition sa piscine chauff\u00e9e ainsi qu\u2019un grand nombre de distractions pour petits et grands.<\/p>\n<p><a href=\"https:\/\/www.campings.com\/fr\/camping\/camping-le-vivier-76909\">Plus d\u2019infos sur le Camping Le Vivier<\/a>.<\/p>\n<h3><strong>Camping Mayotte Vacances<\/strong><\/h3>\n<p>Ce camping 5 \u00e9toiles est situ\u00e9 \u00e0 500 m seulement du lac de Biscarrosse. Il propose un large choix d\u2019h\u00e9bergements tout confort et des distractions pour tous les \u00e2ges. La piscine chauff\u00e9e est accessible toute l\u2019ann\u00e9e.<\/p>\n<p><a href=\"https:\/\/www.campings.com\/fr\/camping\/camping-mayotte-vacances-76910\">Plus d\u2019infos sur le camping Mayotte Vacances<\/a><\/p>\n<p>&nbsp;<\/p>\n","protected":false},"excerpt":{"rendered":"<p>Vous programmez un s\u00e9jour \u00e0 Biscarrosse en Nouvelle-Aquitaine ? Bisca, berceau de l&rsquo;hydraviation figure parmi les plus belles stations baln\u00e9aires de la c\u00f4te atlantique. Tr\u00e8s pris\u00e9e par les surfeurs, la station abrite les plus grands lacs de France et d\u00e9ploie un magnifique littoral. Focus sur le littoral de Biscarrosse et ses plus belles plages. V\u00e9ritable [&hellip;]<\/p>\n","protected":false},"author":18,"featured_media":0,"parent":2991,"menu_order":0,"comment_status":"closed","ping_status":"closed","template":"template-twocolumns.php","meta":{"_acf_changed":false,"footnotes":""},"class_list":["post-3019","page","type-page","status-publish","hentry"],"acf":[],"yoast_head":"<!-- This site is optimized with the Yoast SEO plugin v27.1.1 - https:\/\/yoast.com\/product\/yoast-seo-wordpress\/ -->\n<title>Les plus belles plages de Biscarrosse -<\/title>\n<meta name=\"description\" content=\"D\u00e9couvrez notre s\u00e9lection des plus belles plages de Biscarrosse dans les Landes pour des vacances inoubliables, pr\u00e8s du littoral atlantique.\" \/>\n<meta name=\"robots\" content=\"index, follow, max-snippet:-1, max-image-preview:large, max-video-preview:-1\" \/>\n<link rel=\"canonical\" href=\"https:\/\/www.campings.com\/fr\/content\/guides-vacances-biscarrosse\/plages-biscarrosse\/\" \/>\n<meta property=\"og:locale\" content=\"fr_FR\" \/>\n<meta property=\"og:type\" content=\"article\" \/>\n<meta property=\"og:title\" content=\"Les plus belles plages de Biscarrosse -\" \/>\n<meta property=\"og:description\" content=\"D\u00e9couvrez notre s\u00e9lection des plus belles plages de Biscarrosse dans les Landes pour des vacances inoubliables, pr\u00e8s du littoral atlantique.\" \/>\n<meta property=\"og:url\" content=\"https:\/\/www.campings.com\/fr\/content\/guides-vacances-biscarrosse\/plages-biscarrosse\/\" \/>\n<meta property=\"og:image\" content=\"https:\/\/www.campings.com\/fr\/content\/wp-content\/uploads\/2021\/07\/Plage-3.jpg\" \/>\n\t<meta property=\"og:image:width\" content=\"1000\" \/>\n\t<meta property=\"og:image:height\" content=\"665\" \/>\n\t<meta property=\"og:image:type\" content=\"image\/jpeg\" \/>\n<meta name=\"twitter:card\" content=\"summary_large_image\" \/>\n<meta name=\"twitter:label1\" content=\"Dur\u00e9e de lecture estim\u00e9e\" \/>\n\t<meta name=\"twitter:data1\" content=\"4 minutes\" \/>\n<script type=\"application\/ld+json\" class=\"yoast-schema-graph\">{\"@context\":\"https:\/\/schema.org\",\"@graph\":[{\"@type\":\"WebPage\",\"@id\":\"https:\/\/www.campings.com\/fr\/content\/guides-vacances-biscarrosse\/plages-biscarrosse\/\",\"url\":\"https:\/\/www.campings.com\/fr\/content\/guides-vacances-biscarrosse\/plages-biscarrosse\/\",\"name\":\"Les plus belles plages de Biscarrosse -\",\"isPartOf\":{\"@id\":\"https:\/\/www.campings.com\/fr\/content\/#website\"},\"primaryImageOfPage\":{\"@id\":\"https:\/\/www.campings.com\/fr\/content\/guides-vacances-biscarrosse\/plages-biscarrosse\/#primaryimage\"},\"image\":{\"@id\":\"https:\/\/www.campings.com\/fr\/content\/guides-vacances-biscarrosse\/plages-biscarrosse\/#primaryimage\"},\"thumbnailUrl\":\"https:\/\/www.campings.com\/fr\/content\/wp-content\/uploads\/2021\/07\/Plage-3.jpg\",\"datePublished\":\"2021-07-21T15:22:37+00:00\",\"description\":\"D\u00e9couvrez notre s\u00e9lection des plus belles plages de Biscarrosse dans les Landes pour des vacances inoubliables, pr\u00e8s du littoral atlantique.\",\"breadcrumb\":{\"@id\":\"https:\/\/www.campings.com\/fr\/content\/guides-vacances-biscarrosse\/plages-biscarrosse\/#breadcrumb\"},\"inLanguage\":\"fr-FR\",\"potentialAction\":[{\"@type\":\"ReadAction\",\"target\":[\"https:\/\/www.campings.com\/fr\/content\/guides-vacances-biscarrosse\/plages-biscarrosse\/\"]}]},{\"@type\":\"ImageObject\",\"inLanguage\":\"fr-FR\",\"@id\":\"https:\/\/www.campings.com\/fr\/content\/guides-vacances-biscarrosse\/plages-biscarrosse\/#primaryimage\",\"url\":\"https:\/\/www.campings.com\/fr\/content\/wp-content\/uploads\/2021\/07\/Plage-3.jpg\",\"contentUrl\":\"https:\/\/www.campings.com\/fr\/content\/wp-content\/uploads\/2021\/07\/Plage-3.jpg\",\"width\":1000,\"height\":665},{\"@type\":\"BreadcrumbList\",\"@id\":\"https:\/\/www.campings.com\/fr\/content\/guides-vacances-biscarrosse\/plages-biscarrosse\/#breadcrumb\",\"itemListElement\":[{\"@type\":\"ListItem\",\"position\":1,\"name\":\"Home\",\"item\":\"https:\/\/www.campings.com\/fr\/content\/\"},{\"@type\":\"ListItem\",\"position\":2,\"name\":\"Le guide de vos vacances \u00e0 Biscarrosse\",\"item\":\"https:\/\/www.campings.com\/fr\/content\/guides-vacances-biscarrosse\/\"},{\"@type\":\"ListItem\",\"position\":3,\"name\":\"Les plus belles plages de Biscarrosse\"}]},{\"@type\":\"WebSite\",\"@id\":\"https:\/\/www.campings.com\/fr\/content\/#website\",\"url\":\"https:\/\/www.campings.com\/fr\/content\/\",\"name\":\"\",\"description\":\"\",\"publisher\":{\"@id\":\"https:\/\/www.campings.com\/fr\/content\/#organization\"},\"potentialAction\":[{\"@type\":\"SearchAction\",\"target\":{\"@type\":\"EntryPoint\",\"urlTemplate\":\"https:\/\/www.campings.com\/fr\/content\/?s={search_term_string}\"},\"query-input\":{\"@type\":\"PropertyValueSpecification\",\"valueRequired\":true,\"valueName\":\"search_term_string\"}}],\"inLanguage\":\"fr-FR\"},{\"@type\":\"Organization\",\"@id\":\"https:\/\/www.campings.com\/fr\/content\/#organization\",\"name\":\"CAMPINGS.COM\",\"url\":\"https:\/\/www.campings.com\/fr\/content\/\",\"logo\":{\"@type\":\"ImageObject\",\"inLanguage\":\"fr-FR\",\"@id\":\"https:\/\/www.campings.com\/fr\/content\/#\/schema\/logo\/image\/\",\"url\":\"https:\/\/www.campings.com\/fr\/content\/wp-content\/uploads\/2019\/01\/cropped-logo-1.png\",\"contentUrl\":\"https:\/\/www.campings.com\/fr\/content\/wp-content\/uploads\/2019\/01\/cropped-logo-1.png\",\"width\":174,\"height\":42,\"caption\":\"CAMPINGS.COM\"},\"image\":{\"@id\":\"https:\/\/www.campings.com\/fr\/content\/#\/schema\/logo\/image\/\"}}]}<\/script>\n<!-- \/ Yoast SEO plugin. -->","yoast_head_json":{"title":"Les plus belles plages de Biscarrosse -","description":"D\u00e9couvrez notre s\u00e9lection des plus belles plages de Biscarrosse dans les Landes pour des vacances inoubliables, pr\u00e8s du littoral atlantique.","robots":{"index":"index","follow":"follow","max-snippet":"max-snippet:-1","max-image-preview":"max-image-preview:large","max-video-preview":"max-video-preview:-1"},"canonical":"https:\/\/www.campings.com\/fr\/content\/guides-vacances-biscarrosse\/plages-biscarrosse\/","og_locale":"fr_FR","og_type":"article","og_title":"Les plus belles plages de Biscarrosse -","og_description":"D\u00e9couvrez notre s\u00e9lection des plus belles plages de Biscarrosse dans les Landes pour des vacances inoubliables, pr\u00e8s du littoral atlantique.","og_url":"https:\/\/www.campings.com\/fr\/content\/guides-vacances-biscarrosse\/plages-biscarrosse\/","og_image":[{"width":1000,"height":665,"url":"https:\/\/www.campings.com\/fr\/content\/wp-content\/uploads\/2021\/07\/Plage-3.jpg","type":"image\/jpeg"}],"twitter_card":"summary_large_image","twitter_misc":{"Dur\u00e9e de lecture estim\u00e9e":"4 minutes"},"schema":{"@context":"https:\/\/schema.org","@graph":[{"@type":"WebPage","@id":"https:\/\/www.campings.com\/fr\/content\/guides-vacances-biscarrosse\/plages-biscarrosse\/","url":"https:\/\/www.campings.com\/fr\/content\/guides-vacances-biscarrosse\/plages-biscarrosse\/","name":"Les plus belles plages de Biscarrosse -","isPartOf":{"@id":"https:\/\/www.campings.com\/fr\/content\/#website"},"primaryImageOfPage":{"@id":"https:\/\/www.campings.com\/fr\/content\/guides-vacances-biscarrosse\/plages-biscarrosse\/#primaryimage"},"image":{"@id":"https:\/\/www.campings.com\/fr\/content\/guides-vacances-biscarrosse\/plages-biscarrosse\/#primaryimage"},"thumbnailUrl":"https:\/\/www.campings.com\/fr\/content\/wp-content\/uploads\/2021\/07\/Plage-3.jpg","datePublished":"2021-07-21T15:22:37+00:00","description":"D\u00e9couvrez notre s\u00e9lection des plus belles plages de Biscarrosse dans les Landes pour des vacances inoubliables, pr\u00e8s du littoral atlantique.","breadcrumb":{"@id":"https:\/\/www.campings.com\/fr\/content\/guides-vacances-biscarrosse\/plages-biscarrosse\/#breadcrumb"},"inLanguage":"fr-FR","potentialAction":[{"@type":"ReadAction","target":["https:\/\/www.campings.com\/fr\/content\/guides-vacances-biscarrosse\/plages-biscarrosse\/"]}]},{"@type":"ImageObject","inLanguage":"fr-FR","@id":"https:\/\/www.campings.com\/fr\/content\/guides-vacances-biscarrosse\/plages-biscarrosse\/#primaryimage","url":"https:\/\/www.campings.com\/fr\/content\/wp-content\/uploads\/2021\/07\/Plage-3.jpg","contentUrl":"https:\/\/www.campings.com\/fr\/content\/wp-content\/uploads\/2021\/07\/Plage-3.jpg","width":1000,"height":665},{"@type":"BreadcrumbList","@id":"https:\/\/www.campings.com\/fr\/content\/guides-vacances-biscarrosse\/plages-biscarrosse\/#breadcrumb","itemListElement":[{"@type":"ListItem","position":1,"name":"Home","item":"https:\/\/www.campings.com\/fr\/content\/"},{"@type":"ListItem","position":2,"name":"Le guide de vos vacances \u00e0 Biscarrosse","item":"https:\/\/www.campings.com\/fr\/content\/guides-vacances-biscarrosse\/"},{"@type":"ListItem","position":3,"name":"Les plus belles plages de Biscarrosse"}]},{"@type":"WebSite","@id":"https:\/\/www.campings.com\/fr\/content\/#website","url":"https:\/\/www.campings.com\/fr\/content\/","name":"","description":"","publisher":{"@id":"https:\/\/www.campings.com\/fr\/content\/#organization"},"potentialAction":[{"@type":"SearchAction","target":{"@type":"EntryPoint","urlTemplate":"https:\/\/www.campings.com\/fr\/content\/?s={search_term_string}"},"query-input":{"@type":"PropertyValueSpecification","valueRequired":true,"valueName":"search_term_string"}}],"inLanguage":"fr-FR"},{"@type":"Organization","@id":"https:\/\/www.campings.com\/fr\/content\/#organization","name":"CAMPINGS.COM","url":"https:\/\/www.campings.com\/fr\/content\/","logo":{"@type":"ImageObject","inLanguage":"fr-FR","@id":"https:\/\/www.campings.com\/fr\/content\/#\/schema\/logo\/image\/","url":"https:\/\/www.campings.com\/fr\/content\/wp-content\/uploads\/2019\/01\/cropped-logo-1.png","contentUrl":"https:\/\/www.campings.com\/fr\/content\/wp-content\/uploads\/2019\/01\/cropped-logo-1.png","width":174,"height":42,"caption":"CAMPINGS.COM"},"image":{"@id":"https:\/\/www.campings.com\/fr\/content\/#\/schema\/logo\/image\/"}}]}},"_links":{"self":[{"href":"https:\/\/www.campings.com\/fr\/content\/wp-json\/wp\/v2\/pages\/3019","targetHints":{"allow":["GET"]}}],"collection":[{"href":"https:\/\/www.campings.com\/fr\/content\/wp-json\/wp\/v2\/pages"}],"about":[{"href":"https:\/\/www.campings.com\/fr\/content\/wp-json\/wp\/v2\/types\/page"}],"author":[{"embeddable":true,"href":"https:\/\/www.campings.com\/fr\/content\/wp-json\/wp\/v2\/users\/18"}],"replies":[{"embeddable":true,"href":"https:\/\/www.campings.com\/fr\/content\/wp-json\/wp\/v2\/comments?post=3019"}],"version-history":[{"count":1,"href":"https:\/\/www.campings.com\/fr\/content\/wp-json\/wp\/v2\/pages\/3019\/revisions"}],"predecessor-version":[{"id":3022,"href":"https:\/\/www.campings.com\/fr\/content\/wp-json\/wp\/v2\/pages\/3019\/revisions\/3022"}],"up":[{"embeddable":true,"href":"https:\/\/www.campings.com\/fr\/content\/wp-json\/wp\/v2\/pages\/2991"}],"wp:attachment":[{"href":"https:\/\/www.campings.com\/fr\/content\/wp-json\/wp\/v2\/media?parent=3019"}],"curies":[{"name":"wp","href":"https:\/\/api.w.org\/{rel}","templated":true}]}}