{"id":3002,"date":"2021-07-21T14:28:00","date_gmt":"2021-07-21T14:28:00","guid":{"rendered":"https:\/\/www.campings.com\/fr\/content\/?page_id=3002"},"modified":"2021-07-21T14:28:00","modified_gmt":"2021-07-21T14:28:00","slug":"restaurants-biscarrosse","status":"publish","type":"page","link":"https:\/\/www.campings.com\/fr\/content\/guides-vacances-biscarrosse\/restaurants-biscarrosse\/","title":{"rendered":"Les meilleurs restaurants de Biscarrosse"},"content":{"rendered":"<p>Envie de d\u00e9couvrir les sp\u00e9cialit\u00e9s landaises incontournables lors de votre passage \u00e0 Biscarrosse? D\u00e9couvrez notre s\u00e9lection des meilleurs restaurants de la ville, de Biscarrosse Grands Lacs \u00e0 Biscarrosse Plage.<\/p>\n<p>\u00c0 <a href=\"https:\/\/www.campings.com\/fr\/content\/guides-vacances-biscarrosse\/\"><u>Biscarrosse<\/u><\/a>, la gastronomie est partout \u00e0 l\u2019honneur\u00a0! La ville regorge d\u2019adresses o\u00f9 d\u00e9guster les sp\u00e9cialit\u00e9s landaises ainsi que les nombreux produits du terroir de la r\u00e9gion\u00a0! Les restaurateurs vous invitent \u00e0 une v\u00e9ritable \u00e9pop\u00e9e culinaire aux 4 coins des Landes. Entre restaurants traditionnels et auberges de campagne, cette destination est parfaite pour les amoureux de la gastronomie<\/p>\n<h2><strong>Le Bord de Plage\u00a0 <\/strong><\/h2>\n<p>Ce petit restaurant au cadre cosy et vintage vous r\u00e9servera un accueil chaleureux ! Une adresse parfaite o\u00f9 vous pourrez savourer les plats traditionnels de la r\u00e9gion. Le prix du menu varie entre 15 et 23 euros. Le menu enfant \u00a0(pour les moins de 10 ans) est \u00e0 10 euros. Si vous \u00eates en famille, demandez la prestation \u00ab\u00a0cheffe \u00e0 domicile\u00a0\u00bb accessible d\u00e8s 40 euros par personne.<\/p>\n<h2><strong>Le Rest\u2019o<\/strong><\/h2>\n<p>Ce restaurant casino de Biscarrosse Plage offre un cadre chic et chaleureux. Engag\u00e9 dans une d\u00e9marche \u00e9co-responsable, il propose une carte \u00e9labor\u00e9e \u00e0 partir de produits frais, bios et issus de circuits courts. Le prix moyen du menu\u00a0est de 27 euros.<\/p>\n<h2><strong>L\u2019Annexe<\/strong><\/h2>\n<p>L\u2019annexe est une adresse chaleureuse situ\u00e9e \u00e0 <a href=\"https:\/\/www.campings.com\/fr\/content\/guides-vacances-biscarrosse\/\"><u>Biscarrosse<\/u> <\/a>Plage. Sa carte met \u00e0 l\u2019honneur la cuisine fran\u00e7aise avec des plats faits maison. Au menu\u00a0: des produits de la terre et de la mer pr\u00e9par\u00e9s avec originalit\u00e9. Les prix oscillent entre 15 et 26 euros.<\/p>\n<p><img loading=\"lazy\" decoding=\"async\" class=\"alignnone size-full wp-image-3003\" src=\"https:\/\/www.campings.com\/fr\/content\/wp-content\/uploads\/2021\/07\/Resto-1-Annexe.jpg\" alt=\"\" width=\"1000\" height=\"665\" \/><\/p>\n<h2><strong>La Caravelle<\/strong><\/h2>\n<p>Sp\u00e9cialis\u00e9 dans la cuisine fran\u00e7aise traditionnelle, ce restaurant trois \u00e9toiles est situ\u00e9 au bord du lac de Biscarrosse. Ne manquez pas de r\u00e9server une table pour d\u00e9guster les bons plats typiques du terroir\u00a0! Le menu est \u00e0 partir de 12 euros.<\/p>\n<h2><strong>Le Parcours Gourmand<\/strong><\/h2>\n<p>Ce restaurant tr\u00e8s convivial est situ\u00e9 sur le Golf de Biscarrosse. Sp\u00e9cialis\u00e9 dans la cuisine fran\u00e7aise, il propose une cuisine simple avec des plats \u00a0savoureux 100 % faits maison. Le chef privil\u00e9gie les produits frais et de saison. Le menu Retour du March\u00e9 est \u00e0 19,50 euros.<\/p>\n<h2><strong>La Playa<\/strong><\/h2>\n<p>Ce restaurant bar de Biscarrosse Plage offre une vue imprenable sur l\u2019oc\u00e9an. Sa carte propose des plats concoct\u00e9s avec des produits du terroir, achet\u00e9s directement aupr\u00e8s de petits producteurs. Les plats co\u00fbtent entre 11 et 32 euros et le menu enfant est \u00e0 8 euros.<\/p>\n<h2><strong>A l\u2019Impr\u00e9vu<\/strong><\/h2>\n<p>Situ\u00e9 dans le centre-ville de Biscarosse, ce restaurant propose une cuisine traditionnelle riche et vari\u00e9e. Au menu\u00a0: potages, assiettes de charcuteries, filets mignons de porc ou pav\u00e9s de saumon en sauce&#8230; \u00c0 l\u2019Impr\u00e9vu est le rendez-vous des amateurs de petits plats gourmands offrant un bon rapport qualit\u00e9 prix.<\/p>\n<h2><strong>Le Biscantou<\/strong><\/h2>\n<p>Ce restaurant du sud-ouest de Biscarrosse vous fera d\u00e9couvrir la cuisine landaise, \u00e0 travers une carte riche et vari\u00e9e. Ouvert du lundi au vendredi. Le prix du menu varie entre 16 et 20 euros.<\/p>\n<h2><strong>Le KL restaurant<\/strong><\/h2>\n<p>Le restaurant KL (Kuala Lumpur) se trouve \u00e0 Biscarrosse Plage. Si vous \u00eates en qu\u00eate de d\u00e9paysement gustatif, cet \u00e9tablissement vaut particuli\u00e8rement le d\u00e9tour\u00a0! Vous y d\u00e9couvrirez des sp\u00e9cialit\u00e9s asiatiques vari\u00e9es \u00e0 partir 10-15 euros.<\/p>\n<h2><strong>Ave Giulia Biscarrosse<\/strong><\/h2>\n<p>\u00c0 la recherche des meilleures pizzas de Biscarrosse? Rendez-vous sur la plage de Lacanau chez Ave Giulia\u00a0! La pizzeria met \u00e0 l\u2019honneur les sp\u00e9cialit\u00e9s typiquement napolitaines, avec des produits frais venus d\u2019Italie. Les pizzas co\u00fbtent entre 9 et 16 euros.<\/p>\n<p><img loading=\"lazy\" decoding=\"async\" class=\"alignnone size-full wp-image-3004\" src=\"https:\/\/www.campings.com\/fr\/content\/wp-content\/uploads\/2021\/07\/Resto-2-Giulia.jpg\" alt=\"\" width=\"1000\" height=\"665\" \/><\/p>\n<h2><strong>S\u00e9lection de campings\u00a0<\/strong><\/h2>\n<p>Voici notre s\u00e9lection de campings \u00e0 proximit\u00e9 des meilleurs restaurants et des plages de <a href=\"https:\/\/www.campings.com\/fr\/content\/guides-vacances-biscarrosse\/\"><u>Biscarosse<\/u> <\/a>pour un s\u00e9jour gourmand r\u00e9ussi\u00a0!<\/p>\n<h3><strong>Camping Plage Sud<\/strong><\/h3>\n<p>\u00c0 Biscarrosse, ce camping \u00ab\u00a0pieds dans le sable\u00a0\u00bb se trouve \u00e0 800 m seulement de la plage. Une adresse parfaite pour les amateurs de baignade en mer\u00a0! De plus, l\u2019\u00e9tablissement dispose d\u2019une piscine ext\u00e9rieure chauff\u00e9e<a href=\"https:\/\/www.campings.com\/fr\/camping\/camping-plage-sud-76913\">. Plus d\u2019infos sur le Camping Plage Sud<\/a>.<\/p>\n<h3><strong>Camping Mayotte Vacances<\/strong><\/h3>\n<p>\u00c0 Biscarrosse, ce tr\u00e8s beau camping se trouve \u00e0 500 m d\u2019un lac et \u00e0 9 km de la plage. Il propose une piscine couverte chauff\u00e9e ainsi qu\u2019une piscine ext\u00e9rieure chauff\u00e9e toute l\u2019ann\u00e9e.<\/p>\n<p><a href=\"https:\/\/www.campings.com\/fr\/camping\/camping-mayotte-vacances-76910\">Plus d\u2019infos sur le Camping Mayotte Vacances<\/a>.<\/p>\n<h3><strong>Slow Village Biscarrosse Lac<\/strong><\/h3>\n<p>Ce camping trois \u00e9toiles tout confort est situ\u00e9 sur la Route des Lacs. Il offre un cadre parfait pour des vacances en famille dans les Landes. De plus, l\u2019\u00e9tablissement propose un grand choix d\u2019activit\u00e9s et de loisirs pour vous divertir. Il met \u00e9galement \u00e0 votre disposition un club enfant.<\/p>\n<p><a href=\"https:\/\/www.campings.com\/fr\/camping\/slow-village-biscarosse-lac-76912\">Plus d\u2019infos sur le camping Village Biscarrosse Lac<\/a>.<\/p>\n","protected":false},"excerpt":{"rendered":"<p>Envie de d\u00e9couvrir les sp\u00e9cialit\u00e9s landaises incontournables lors de votre passage \u00e0 Biscarrosse? D\u00e9couvrez notre s\u00e9lection des meilleurs restaurants de la ville, de Biscarrosse Grands Lacs \u00e0 Biscarrosse Plage. \u00c0 Biscarrosse, la gastronomie est partout \u00e0 l\u2019honneur\u00a0! La ville regorge d\u2019adresses o\u00f9 d\u00e9guster les sp\u00e9cialit\u00e9s landaises ainsi que les nombreux produits du terroir de la [&hellip;]<\/p>\n","protected":false},"author":18,"featured_media":0,"parent":2991,"menu_order":0,"comment_status":"closed","ping_status":"closed","template":"template-twocolumns.php","meta":{"_acf_changed":false,"footnotes":""},"class_list":["post-3002","page","type-page","status-publish","hentry"],"acf":[],"yoast_head":"<!-- This site is optimized with the Yoast SEO plugin v27.1.1 - https:\/\/yoast.com\/product\/yoast-seo-wordpress\/ -->\n<title>Les meilleurs restaurants de Biscarrosse -<\/title>\n<meta name=\"description\" content=\"D\u00e9couvrez les sp\u00e9cialit\u00e9s du Sud-Ouest typiques de la r\u00e9gion dans les meilleurs restaurants de Biscarrosse lors de votre s\u00e9jour dans les Landes.\" \/>\n<meta name=\"robots\" content=\"index, follow, max-snippet:-1, max-image-preview:large, max-video-preview:-1\" \/>\n<link rel=\"canonical\" href=\"https:\/\/www.campings.com\/fr\/content\/guides-vacances-biscarrosse\/restaurants-biscarrosse\/\" \/>\n<meta property=\"og:locale\" content=\"fr_FR\" \/>\n<meta property=\"og:type\" content=\"article\" \/>\n<meta property=\"og:title\" content=\"Les meilleurs restaurants de Biscarrosse -\" \/>\n<meta property=\"og:description\" content=\"D\u00e9couvrez les sp\u00e9cialit\u00e9s du Sud-Ouest typiques de la r\u00e9gion dans les meilleurs restaurants de Biscarrosse lors de votre s\u00e9jour dans les Landes.\" \/>\n<meta property=\"og:url\" content=\"https:\/\/www.campings.com\/fr\/content\/guides-vacances-biscarrosse\/restaurants-biscarrosse\/\" \/>\n<meta property=\"og:image\" content=\"https:\/\/www.campings.com\/fr\/content\/wp-content\/uploads\/2021\/07\/Resto-1-Annexe.jpg\" \/>\n\t<meta property=\"og:image:width\" content=\"1000\" \/>\n\t<meta property=\"og:image:height\" content=\"665\" \/>\n\t<meta property=\"og:image:type\" content=\"image\/jpeg\" \/>\n<meta name=\"twitter:card\" content=\"summary_large_image\" \/>\n<meta name=\"twitter:label1\" content=\"Dur\u00e9e de lecture estim\u00e9e\" \/>\n\t<meta name=\"twitter:data1\" content=\"4 minutes\" \/>\n<script type=\"application\/ld+json\" class=\"yoast-schema-graph\">{\"@context\":\"https:\/\/schema.org\",\"@graph\":[{\"@type\":\"WebPage\",\"@id\":\"https:\/\/www.campings.com\/fr\/content\/guides-vacances-biscarrosse\/restaurants-biscarrosse\/\",\"url\":\"https:\/\/www.campings.com\/fr\/content\/guides-vacances-biscarrosse\/restaurants-biscarrosse\/\",\"name\":\"Les meilleurs restaurants de Biscarrosse -\",\"isPartOf\":{\"@id\":\"https:\/\/www.campings.com\/fr\/content\/#website\"},\"primaryImageOfPage\":{\"@id\":\"https:\/\/www.campings.com\/fr\/content\/guides-vacances-biscarrosse\/restaurants-biscarrosse\/#primaryimage\"},\"image\":{\"@id\":\"https:\/\/www.campings.com\/fr\/content\/guides-vacances-biscarrosse\/restaurants-biscarrosse\/#primaryimage\"},\"thumbnailUrl\":\"https:\/\/www.campings.com\/fr\/content\/wp-content\/uploads\/2021\/07\/Resto-1-Annexe.jpg\",\"datePublished\":\"2021-07-21T14:28:00+00:00\",\"description\":\"D\u00e9couvrez les sp\u00e9cialit\u00e9s du Sud-Ouest typiques de la r\u00e9gion dans les meilleurs restaurants de Biscarrosse lors de votre s\u00e9jour dans les Landes.\",\"breadcrumb\":{\"@id\":\"https:\/\/www.campings.com\/fr\/content\/guides-vacances-biscarrosse\/restaurants-biscarrosse\/#breadcrumb\"},\"inLanguage\":\"fr-FR\",\"potentialAction\":[{\"@type\":\"ReadAction\",\"target\":[\"https:\/\/www.campings.com\/fr\/content\/guides-vacances-biscarrosse\/restaurants-biscarrosse\/\"]}]},{\"@type\":\"ImageObject\",\"inLanguage\":\"fr-FR\",\"@id\":\"https:\/\/www.campings.com\/fr\/content\/guides-vacances-biscarrosse\/restaurants-biscarrosse\/#primaryimage\",\"url\":\"https:\/\/www.campings.com\/fr\/content\/wp-content\/uploads\/2021\/07\/Resto-1-Annexe.jpg\",\"contentUrl\":\"https:\/\/www.campings.com\/fr\/content\/wp-content\/uploads\/2021\/07\/Resto-1-Annexe.jpg\",\"width\":1000,\"height\":665},{\"@type\":\"BreadcrumbList\",\"@id\":\"https:\/\/www.campings.com\/fr\/content\/guides-vacances-biscarrosse\/restaurants-biscarrosse\/#breadcrumb\",\"itemListElement\":[{\"@type\":\"ListItem\",\"position\":1,\"name\":\"Home\",\"item\":\"https:\/\/www.campings.com\/fr\/content\/\"},{\"@type\":\"ListItem\",\"position\":2,\"name\":\"Le guide de vos vacances \u00e0 Biscarrosse\",\"item\":\"https:\/\/www.campings.com\/fr\/content\/guides-vacances-biscarrosse\/\"},{\"@type\":\"ListItem\",\"position\":3,\"name\":\"Les meilleurs restaurants de Biscarrosse\"}]},{\"@type\":\"WebSite\",\"@id\":\"https:\/\/www.campings.com\/fr\/content\/#website\",\"url\":\"https:\/\/www.campings.com\/fr\/content\/\",\"name\":\"\",\"description\":\"\",\"publisher\":{\"@id\":\"https:\/\/www.campings.com\/fr\/content\/#organization\"},\"potentialAction\":[{\"@type\":\"SearchAction\",\"target\":{\"@type\":\"EntryPoint\",\"urlTemplate\":\"https:\/\/www.campings.com\/fr\/content\/?s={search_term_string}\"},\"query-input\":{\"@type\":\"PropertyValueSpecification\",\"valueRequired\":true,\"valueName\":\"search_term_string\"}}],\"inLanguage\":\"fr-FR\"},{\"@type\":\"Organization\",\"@id\":\"https:\/\/www.campings.com\/fr\/content\/#organization\",\"name\":\"CAMPINGS.COM\",\"url\":\"https:\/\/www.campings.com\/fr\/content\/\",\"logo\":{\"@type\":\"ImageObject\",\"inLanguage\":\"fr-FR\",\"@id\":\"https:\/\/www.campings.com\/fr\/content\/#\/schema\/logo\/image\/\",\"url\":\"https:\/\/www.campings.com\/fr\/content\/wp-content\/uploads\/2019\/01\/cropped-logo-1.png\",\"contentUrl\":\"https:\/\/www.campings.com\/fr\/content\/wp-content\/uploads\/2019\/01\/cropped-logo-1.png\",\"width\":174,\"height\":42,\"caption\":\"CAMPINGS.COM\"},\"image\":{\"@id\":\"https:\/\/www.campings.com\/fr\/content\/#\/schema\/logo\/image\/\"}}]}<\/script>\n<!-- \/ Yoast SEO plugin. -->","yoast_head_json":{"title":"Les meilleurs restaurants de Biscarrosse -","description":"D\u00e9couvrez les sp\u00e9cialit\u00e9s du Sud-Ouest typiques de la r\u00e9gion dans les meilleurs restaurants de Biscarrosse lors de votre s\u00e9jour dans les Landes.","robots":{"index":"index","follow":"follow","max-snippet":"max-snippet:-1","max-image-preview":"max-image-preview:large","max-video-preview":"max-video-preview:-1"},"canonical":"https:\/\/www.campings.com\/fr\/content\/guides-vacances-biscarrosse\/restaurants-biscarrosse\/","og_locale":"fr_FR","og_type":"article","og_title":"Les meilleurs restaurants de Biscarrosse -","og_description":"D\u00e9couvrez les sp\u00e9cialit\u00e9s du Sud-Ouest typiques de la r\u00e9gion dans les meilleurs restaurants de Biscarrosse lors de votre s\u00e9jour dans les Landes.","og_url":"https:\/\/www.campings.com\/fr\/content\/guides-vacances-biscarrosse\/restaurants-biscarrosse\/","og_image":[{"width":1000,"height":665,"url":"https:\/\/www.campings.com\/fr\/content\/wp-content\/uploads\/2021\/07\/Resto-1-Annexe.jpg","type":"image\/jpeg"}],"twitter_card":"summary_large_image","twitter_misc":{"Dur\u00e9e de lecture estim\u00e9e":"4 minutes"},"schema":{"@context":"https:\/\/schema.org","@graph":[{"@type":"WebPage","@id":"https:\/\/www.campings.com\/fr\/content\/guides-vacances-biscarrosse\/restaurants-biscarrosse\/","url":"https:\/\/www.campings.com\/fr\/content\/guides-vacances-biscarrosse\/restaurants-biscarrosse\/","name":"Les meilleurs restaurants de Biscarrosse -","isPartOf":{"@id":"https:\/\/www.campings.com\/fr\/content\/#website"},"primaryImageOfPage":{"@id":"https:\/\/www.campings.com\/fr\/content\/guides-vacances-biscarrosse\/restaurants-biscarrosse\/#primaryimage"},"image":{"@id":"https:\/\/www.campings.com\/fr\/content\/guides-vacances-biscarrosse\/restaurants-biscarrosse\/#primaryimage"},"thumbnailUrl":"https:\/\/www.campings.com\/fr\/content\/wp-content\/uploads\/2021\/07\/Resto-1-Annexe.jpg","datePublished":"2021-07-21T14:28:00+00:00","description":"D\u00e9couvrez les sp\u00e9cialit\u00e9s du Sud-Ouest typiques de la r\u00e9gion dans les meilleurs restaurants de Biscarrosse lors de votre s\u00e9jour dans les Landes.","breadcrumb":{"@id":"https:\/\/www.campings.com\/fr\/content\/guides-vacances-biscarrosse\/restaurants-biscarrosse\/#breadcrumb"},"inLanguage":"fr-FR","potentialAction":[{"@type":"ReadAction","target":["https:\/\/www.campings.com\/fr\/content\/guides-vacances-biscarrosse\/restaurants-biscarrosse\/"]}]},{"@type":"ImageObject","inLanguage":"fr-FR","@id":"https:\/\/www.campings.com\/fr\/content\/guides-vacances-biscarrosse\/restaurants-biscarrosse\/#primaryimage","url":"https:\/\/www.campings.com\/fr\/content\/wp-content\/uploads\/2021\/07\/Resto-1-Annexe.jpg","contentUrl":"https:\/\/www.campings.com\/fr\/content\/wp-content\/uploads\/2021\/07\/Resto-1-Annexe.jpg","width":1000,"height":665},{"@type":"BreadcrumbList","@id":"https:\/\/www.campings.com\/fr\/content\/guides-vacances-biscarrosse\/restaurants-biscarrosse\/#breadcrumb","itemListElement":[{"@type":"ListItem","position":1,"name":"Home","item":"https:\/\/www.campings.com\/fr\/content\/"},{"@type":"ListItem","position":2,"name":"Le guide de vos vacances \u00e0 Biscarrosse","item":"https:\/\/www.campings.com\/fr\/content\/guides-vacances-biscarrosse\/"},{"@type":"ListItem","position":3,"name":"Les meilleurs restaurants de Biscarrosse"}]},{"@type":"WebSite","@id":"https:\/\/www.campings.com\/fr\/content\/#website","url":"https:\/\/www.campings.com\/fr\/content\/","name":"","description":"","publisher":{"@id":"https:\/\/www.campings.com\/fr\/content\/#organization"},"potentialAction":[{"@type":"SearchAction","target":{"@type":"EntryPoint","urlTemplate":"https:\/\/www.campings.com\/fr\/content\/?s={search_term_string}"},"query-input":{"@type":"PropertyValueSpecification","valueRequired":true,"valueName":"search_term_string"}}],"inLanguage":"fr-FR"},{"@type":"Organization","@id":"https:\/\/www.campings.com\/fr\/content\/#organization","name":"CAMPINGS.COM","url":"https:\/\/www.campings.com\/fr\/content\/","logo":{"@type":"ImageObject","inLanguage":"fr-FR","@id":"https:\/\/www.campings.com\/fr\/content\/#\/schema\/logo\/image\/","url":"https:\/\/www.campings.com\/fr\/content\/wp-content\/uploads\/2019\/01\/cropped-logo-1.png","contentUrl":"https:\/\/www.campings.com\/fr\/content\/wp-content\/uploads\/2019\/01\/cropped-logo-1.png","width":174,"height":42,"caption":"CAMPINGS.COM"},"image":{"@id":"https:\/\/www.campings.com\/fr\/content\/#\/schema\/logo\/image\/"}}]}},"_links":{"self":[{"href":"https:\/\/www.campings.com\/fr\/content\/wp-json\/wp\/v2\/pages\/3002","targetHints":{"allow":["GET"]}}],"collection":[{"href":"https:\/\/www.campings.com\/fr\/content\/wp-json\/wp\/v2\/pages"}],"about":[{"href":"https:\/\/www.campings.com\/fr\/content\/wp-json\/wp\/v2\/types\/page"}],"author":[{"embeddable":true,"href":"https:\/\/www.campings.com\/fr\/content\/wp-json\/wp\/v2\/users\/18"}],"replies":[{"embeddable":true,"href":"https:\/\/www.campings.com\/fr\/content\/wp-json\/wp\/v2\/comments?post=3002"}],"version-history":[{"count":1,"href":"https:\/\/www.campings.com\/fr\/content\/wp-json\/wp\/v2\/pages\/3002\/revisions"}],"predecessor-version":[{"id":3005,"href":"https:\/\/www.campings.com\/fr\/content\/wp-json\/wp\/v2\/pages\/3002\/revisions\/3005"}],"up":[{"embeddable":true,"href":"https:\/\/www.campings.com\/fr\/content\/wp-json\/wp\/v2\/pages\/2991"}],"wp:attachment":[{"href":"https:\/\/www.campings.com\/fr\/content\/wp-json\/wp\/v2\/media?parent=3002"}],"curies":[{"name":"wp","href":"https:\/\/api.w.org\/{rel}","templated":true}]}}