{"id":2926,"date":"2021-07-06T12:56:04","date_gmt":"2021-07-06T12:56:04","guid":{"rendered":"https:\/\/www.campings.com\/fr\/content\/?page_id=2926"},"modified":"2021-07-06T12:56:22","modified_gmt":"2021-07-06T12:56:22","slug":"les-plus-belles-cascades-ardeche","status":"publish","type":"page","link":"https:\/\/www.campings.com\/fr\/content\/guide-vacances-ardeche\/les-plus-belles-cascades-ardeche\/","title":{"rendered":"Les plus belles cascades d&rsquo;Ard\u00e8che"},"content":{"rendered":"<p>L\u2019Ard\u00e8che est un d\u00e9partement qui rec\u00e8le de nombreux tr\u00e9sors naturels\u2026 Parmi ses richesses, elle compte aussi de belles cascades et chutes d\u2019eau tr\u00e8s pris\u00e9es par les touristes en \u00e9t\u00e9.<\/p>\n<p>Situ\u00e9 dans la r\u00e9gion Auvergne-Rh\u00f4ne-Alpes, <a href=\"https:\/\/www.campings.com\/fr\/content\/guide-vacances-ardeche\/\">l\u2019Ard\u00e8che\u00a0<\/a>est un d\u00e9partement qui s\u2019\u00e9tend sur une superficie de 5 529 km\u00b2. For\u00eats, grottes, gorges, massifs montagneux\u2026 Parmi les innombrables atouts naturels de l\u2019Ard\u00e8che, les cascades en font aussi partie ! Elles constituent des sites parfaits o\u00f9 se rafra\u00eechir en \u00e9t\u00e9. N\u00e9anmoins, il est important de faire attention, car certains sites ne sont pas surveill\u00e9s.<\/p>\n<h2><strong>La cascade de Rochecolombe, avec possibilit\u00e9 d\u2019une baignade<\/strong><\/h2>\n<p>Le village de Rochecolombe est perch\u00e9 sur une colline. En plus de la chapelle Saint-Barth\u00e9lemy, ce village est aussi connu pour sa cascade. Celle-ci est issue de la rivi\u00e8re souterraine Ibie et ne coule pas toute l\u2019ann\u00e9e. Pour s\u2019y baigner, il faut attendre les p\u00e9riodes de pluie. Avec son eau couleur Turquoise, elle offre un d\u00e9cor \u00e9poustouflant de beaut\u00e9. Facilement accessible, elle est situ\u00e9e \u00e0 10 minutes de marche du parking.<\/p>\n<h2><strong>Les Cascades de la Sompe (Lagorce)<\/strong><\/h2>\n<p>La Sompe est un affluent du ruisseau de la Salastre ayant creus\u00e9 au fil des mill\u00e9naires une double cascade dans le calcaire. Ces deux chutes d\u2019eau d\u2019une hauteur moyenne de 12 m sont visibles uniquement pendant les p\u00e9riodes pluvieuses (printemps ou hiver) mais elles garantissent un spectacle grandiose. Situ\u00e9es dans le trou du diable, elles sont accessibles en voiture ou \u00e0 pied en \u00e9t\u00e9.<\/p>\n<h2><strong>La cascade de Pissevieille (Vallon-Pont-d\u2019Arc)<\/strong><\/h2>\n<p>Cach\u00e9e en plein c\u0153ur de la for\u00eat, la cascade de Pissevieille est assez difficile \u00e0 trouver. Pour s\u2019y rendre, vous devez passer par le village de Rixouse, puis prendre la direction de Rocheblanche. L\u2019acc\u00e8s \u00e9tant glissant, il est recommand\u00e9 aux visiteurs de se doter de chaussures adapt\u00e9es pour s\u2019y rendre. Enfin, pour se baigner dans la cascade, l\u2019id\u00e9al est de s\u2019y rendre au d\u00e9but du printemps o\u00f9 la rivi\u00e8re est active.<\/p>\n<h2><strong>La cascade du Ray-Pic<\/strong><\/h2>\n<p>Situ\u00e9e \u00e0 1000 m d\u2019altitude, la cascade du Ray-Pic en\u00a0<a href=\"https:\/\/www.campings.com\/fr\/content\/guide-vacances-ardeche\/\">Ard\u00e8che\u00a0<\/a>est un site naturel volcanique class\u00e9 depuis 1931. Elle est localis\u00e9e au c\u0153ur du parc naturel r\u00e9gional des Monts d\u2019Ard\u00e8che. La chute principale est d\u2019une hauteur de 30 m, pour une hauteur totale de 60 m pour la cascade. En 1990, la baignade dans le Ray-Pic a \u00e9t\u00e9 interdite en raison des risques d\u2019\u00e9boulement qu\u2019elle pr\u00e9sentait. Mais en 2012, apr\u00e8s des travaux de consolidation, le site a rouvert ses portes au public. L\u2019acc\u00e8s \u00e0 la cascade du Ray-Pic \u00e0 partir du parking s\u00e9curis\u00e9 passe par un sentier balis\u00e9. Le trajet dure environ 15 minutes.<\/p>\n<p><img loading=\"lazy\" decoding=\"async\" class=\"alignnone size-full wp-image-2927\" src=\"https:\/\/www.campings.com\/fr\/content\/wp-content\/uploads\/2021\/07\/Cascade-Ray-Pic.jpg\" alt=\"\" width=\"1000\" height=\"665\" \/><\/p>\n<h2><strong>La cascade de Baumicou et des t\u00e9tines de Vernon<\/strong><\/h2>\n<p>Ces \u00e9tranges t\u00e9tines sont des excroissances g\u00e9ologiques caus\u00e9es principalement par l\u2019\u00e9rosion. Ce ph\u00e9nom\u00e8ne rare est un spectacle \u00e0 ne pas manquer lors de votre passage. La visite d\u00e9marre au boulodrome du village de Vernon et dure en moyenne trois heures. Une balade o\u00f9 vous pourrez d\u00e9couvrir la cascade de Baumicou et sa grotte.<\/p>\n<h2><strong>S\u00e9lection des campings en Ard\u00e8che \u00e0 proximit\u00e9 des cascades\u00a0<\/strong><\/h2>\n<p>Le d\u00e9partement de <a href=\"https:\/\/www.campings.com\/fr\/content\/guide-vacances-ardeche\/\">l\u2019Ard\u00e8che<\/a> est vrai paradis pour les amateurs de nature et de verdure. Voici une s\u00e9lection de campings proches des plus belles cascades de la r\u00e9gion.<\/p>\n<h3><strong>Camping Les Ch\u00eanes verts\u00a0<\/strong><\/h3>\n<p>Implant\u00e9 \u00e0 Vog\u00fc\u00e9, le camping Les Ch\u00eanes verts est tr\u00e8s appr\u00e9ci\u00e9 des campeurs pour la qualit\u00e9 des services propos\u00e9s. En \u00e9t\u00e9, les vacanciers pourront profiter de la piscine ext\u00e9rieure. De plus, l\u2019\u00e9tablissement propose de nombreux loisirs pour toute la famille.<\/p>\n<p><a href=\"https:\/\/www.campings.com\/fr\/camping\/camping-les-chenes-verts-78784\">Plus d\u2019infos sur le camping Les Ch\u00eanes verts<\/a>.<\/p>\n<h3><strong>Camping Le Bois Simonet<\/strong><\/h3>\n<p>Envie de vacances dans un environnement calme et reposant ? Optez pour le camping Le Bois Simonet ! Install\u00e9 \u00e0 Joyeuse en Ard\u00e8che, cet \u00e9tablissement jouit d\u2019un bel emplacement, en plein c\u0153ur de la nature.<\/p>\n<p><a href=\"https:\/\/www.campings.com\/fr\/camping\/camping-le-bois-simonet-77414\">Plus d\u2019infos sur le camping Le Bois Simonet<\/a><\/p>\n<h3><strong>Camping La Plage Fleurie<\/strong><\/h3>\n<p>Le camping La Plage Fleurie est situ\u00e9 \u00e0 proximit\u00e9 de Vallon-Pont-d\u2019Arc. L\u2019\u00e9tablissement est particuli\u00e8rement anim\u00e9 pendant les vacances d\u2019\u00e9t\u00e9 o\u00f9 de nombreuses animations pour petits et grands sont organis\u00e9es.<\/p>\n<p><a href=\"https:\/\/www.campings.com\/fr\/camping\/camping-la-plage-fleurie-78688\">Plus d\u2019infos sur le camping La Plage Fleurie<\/a><\/p>\n","protected":false},"excerpt":{"rendered":"<p>L\u2019Ard\u00e8che est un d\u00e9partement qui rec\u00e8le de nombreux tr\u00e9sors naturels\u2026 Parmi ses richesses, elle compte aussi de belles cascades et chutes d\u2019eau tr\u00e8s pris\u00e9es par les touristes en \u00e9t\u00e9. Situ\u00e9 dans la r\u00e9gion Auvergne-Rh\u00f4ne-Alpes, l\u2019Ard\u00e8che\u00a0est un d\u00e9partement qui s\u2019\u00e9tend sur une superficie de 5 529 km\u00b2. For\u00eats, grottes, gorges, massifs montagneux\u2026 Parmi les innombrables atouts [&hellip;]<\/p>\n","protected":false},"author":18,"featured_media":0,"parent":2897,"menu_order":0,"comment_status":"closed","ping_status":"closed","template":"template-twocolumns.php","meta":{"_acf_changed":false,"footnotes":""},"class_list":["post-2926","page","type-page","status-publish","hentry"],"acf":[],"yoast_head":"<!-- This site is optimized with the Yoast SEO plugin v27.1.1 - https:\/\/yoast.com\/product\/yoast-seo-wordpress\/ -->\n<title>Les plus belles cascades d&#039;Ard\u00e8che -<\/title>\n<meta name=\"description\" content=\"D\u00e9couvrez dans ce guide les plus belles cascades \u00e0 explorer, des endroits secrets incontournables lors de votre s\u00e9jour en Ard\u00e8che.\" \/>\n<meta name=\"robots\" content=\"index, follow, max-snippet:-1, max-image-preview:large, max-video-preview:-1\" \/>\n<link rel=\"canonical\" href=\"https:\/\/www.campings.com\/fr\/content\/guide-vacances-ardeche\/les-plus-belles-cascades-ardeche\/\" \/>\n<meta property=\"og:locale\" content=\"fr_FR\" \/>\n<meta property=\"og:type\" content=\"article\" \/>\n<meta property=\"og:title\" content=\"Les plus belles cascades d&#039;Ard\u00e8che -\" \/>\n<meta property=\"og:description\" content=\"D\u00e9couvrez dans ce guide les plus belles cascades \u00e0 explorer, des endroits secrets incontournables lors de votre s\u00e9jour en Ard\u00e8che.\" \/>\n<meta property=\"og:url\" content=\"https:\/\/www.campings.com\/fr\/content\/guide-vacances-ardeche\/les-plus-belles-cascades-ardeche\/\" \/>\n<meta property=\"article:modified_time\" content=\"2021-07-06T12:56:22+00:00\" \/>\n<meta property=\"og:image\" content=\"https:\/\/www.campings.com\/fr\/content\/wp-content\/uploads\/2021\/07\/Cascade-Ray-Pic.jpg\" \/>\n\t<meta property=\"og:image:width\" content=\"1000\" \/>\n\t<meta property=\"og:image:height\" content=\"665\" \/>\n\t<meta property=\"og:image:type\" content=\"image\/jpeg\" \/>\n<meta name=\"twitter:card\" content=\"summary_large_image\" \/>\n<meta name=\"twitter:label1\" content=\"Dur\u00e9e de lecture estim\u00e9e\" \/>\n\t<meta name=\"twitter:data1\" content=\"4 minutes\" \/>\n<script type=\"application\/ld+json\" class=\"yoast-schema-graph\">{\"@context\":\"https:\/\/schema.org\",\"@graph\":[{\"@type\":\"WebPage\",\"@id\":\"https:\/\/www.campings.com\/fr\/content\/guide-vacances-ardeche\/les-plus-belles-cascades-ardeche\/\",\"url\":\"https:\/\/www.campings.com\/fr\/content\/guide-vacances-ardeche\/les-plus-belles-cascades-ardeche\/\",\"name\":\"Les plus belles cascades d'Ard\u00e8che -\",\"isPartOf\":{\"@id\":\"https:\/\/www.campings.com\/fr\/content\/#website\"},\"primaryImageOfPage\":{\"@id\":\"https:\/\/www.campings.com\/fr\/content\/guide-vacances-ardeche\/les-plus-belles-cascades-ardeche\/#primaryimage\"},\"image\":{\"@id\":\"https:\/\/www.campings.com\/fr\/content\/guide-vacances-ardeche\/les-plus-belles-cascades-ardeche\/#primaryimage\"},\"thumbnailUrl\":\"https:\/\/www.campings.com\/fr\/content\/wp-content\/uploads\/2021\/07\/Cascade-Ray-Pic.jpg\",\"datePublished\":\"2021-07-06T12:56:04+00:00\",\"dateModified\":\"2021-07-06T12:56:22+00:00\",\"description\":\"D\u00e9couvrez dans ce guide les plus belles cascades \u00e0 explorer, des endroits secrets incontournables lors de votre s\u00e9jour en Ard\u00e8che.\",\"breadcrumb\":{\"@id\":\"https:\/\/www.campings.com\/fr\/content\/guide-vacances-ardeche\/les-plus-belles-cascades-ardeche\/#breadcrumb\"},\"inLanguage\":\"fr-FR\",\"potentialAction\":[{\"@type\":\"ReadAction\",\"target\":[\"https:\/\/www.campings.com\/fr\/content\/guide-vacances-ardeche\/les-plus-belles-cascades-ardeche\/\"]}]},{\"@type\":\"ImageObject\",\"inLanguage\":\"fr-FR\",\"@id\":\"https:\/\/www.campings.com\/fr\/content\/guide-vacances-ardeche\/les-plus-belles-cascades-ardeche\/#primaryimage\",\"url\":\"https:\/\/www.campings.com\/fr\/content\/wp-content\/uploads\/2021\/07\/Cascade-Ray-Pic.jpg\",\"contentUrl\":\"https:\/\/www.campings.com\/fr\/content\/wp-content\/uploads\/2021\/07\/Cascade-Ray-Pic.jpg\",\"width\":1000,\"height\":665},{\"@type\":\"BreadcrumbList\",\"@id\":\"https:\/\/www.campings.com\/fr\/content\/guide-vacances-ardeche\/les-plus-belles-cascades-ardeche\/#breadcrumb\",\"itemListElement\":[{\"@type\":\"ListItem\",\"position\":1,\"name\":\"Home\",\"item\":\"https:\/\/www.campings.com\/fr\/content\/\"},{\"@type\":\"ListItem\",\"position\":2,\"name\":\"Le guide de vos vacances en Ard\u00e8che\",\"item\":\"https:\/\/www.campings.com\/fr\/content\/guide-vacances-ardeche\/\"},{\"@type\":\"ListItem\",\"position\":3,\"name\":\"Les plus belles cascades d&rsquo;Ard\u00e8che\"}]},{\"@type\":\"WebSite\",\"@id\":\"https:\/\/www.campings.com\/fr\/content\/#website\",\"url\":\"https:\/\/www.campings.com\/fr\/content\/\",\"name\":\"\",\"description\":\"\",\"publisher\":{\"@id\":\"https:\/\/www.campings.com\/fr\/content\/#organization\"},\"potentialAction\":[{\"@type\":\"SearchAction\",\"target\":{\"@type\":\"EntryPoint\",\"urlTemplate\":\"https:\/\/www.campings.com\/fr\/content\/?s={search_term_string}\"},\"query-input\":{\"@type\":\"PropertyValueSpecification\",\"valueRequired\":true,\"valueName\":\"search_term_string\"}}],\"inLanguage\":\"fr-FR\"},{\"@type\":\"Organization\",\"@id\":\"https:\/\/www.campings.com\/fr\/content\/#organization\",\"name\":\"CAMPINGS.COM\",\"url\":\"https:\/\/www.campings.com\/fr\/content\/\",\"logo\":{\"@type\":\"ImageObject\",\"inLanguage\":\"fr-FR\",\"@id\":\"https:\/\/www.campings.com\/fr\/content\/#\/schema\/logo\/image\/\",\"url\":\"https:\/\/www.campings.com\/fr\/content\/wp-content\/uploads\/2019\/01\/cropped-logo-1.png\",\"contentUrl\":\"https:\/\/www.campings.com\/fr\/content\/wp-content\/uploads\/2019\/01\/cropped-logo-1.png\",\"width\":174,\"height\":42,\"caption\":\"CAMPINGS.COM\"},\"image\":{\"@id\":\"https:\/\/www.campings.com\/fr\/content\/#\/schema\/logo\/image\/\"}}]}<\/script>\n<!-- \/ Yoast SEO plugin. -->","yoast_head_json":{"title":"Les plus belles cascades d'Ard\u00e8che -","description":"D\u00e9couvrez dans ce guide les plus belles cascades \u00e0 explorer, des endroits secrets incontournables lors de votre s\u00e9jour en Ard\u00e8che.","robots":{"index":"index","follow":"follow","max-snippet":"max-snippet:-1","max-image-preview":"max-image-preview:large","max-video-preview":"max-video-preview:-1"},"canonical":"https:\/\/www.campings.com\/fr\/content\/guide-vacances-ardeche\/les-plus-belles-cascades-ardeche\/","og_locale":"fr_FR","og_type":"article","og_title":"Les plus belles cascades d'Ard\u00e8che -","og_description":"D\u00e9couvrez dans ce guide les plus belles cascades \u00e0 explorer, des endroits secrets incontournables lors de votre s\u00e9jour en Ard\u00e8che.","og_url":"https:\/\/www.campings.com\/fr\/content\/guide-vacances-ardeche\/les-plus-belles-cascades-ardeche\/","article_modified_time":"2021-07-06T12:56:22+00:00","og_image":[{"width":1000,"height":665,"url":"https:\/\/www.campings.com\/fr\/content\/wp-content\/uploads\/2021\/07\/Cascade-Ray-Pic.jpg","type":"image\/jpeg"}],"twitter_card":"summary_large_image","twitter_misc":{"Dur\u00e9e de lecture estim\u00e9e":"4 minutes"},"schema":{"@context":"https:\/\/schema.org","@graph":[{"@type":"WebPage","@id":"https:\/\/www.campings.com\/fr\/content\/guide-vacances-ardeche\/les-plus-belles-cascades-ardeche\/","url":"https:\/\/www.campings.com\/fr\/content\/guide-vacances-ardeche\/les-plus-belles-cascades-ardeche\/","name":"Les plus belles cascades d'Ard\u00e8che -","isPartOf":{"@id":"https:\/\/www.campings.com\/fr\/content\/#website"},"primaryImageOfPage":{"@id":"https:\/\/www.campings.com\/fr\/content\/guide-vacances-ardeche\/les-plus-belles-cascades-ardeche\/#primaryimage"},"image":{"@id":"https:\/\/www.campings.com\/fr\/content\/guide-vacances-ardeche\/les-plus-belles-cascades-ardeche\/#primaryimage"},"thumbnailUrl":"https:\/\/www.campings.com\/fr\/content\/wp-content\/uploads\/2021\/07\/Cascade-Ray-Pic.jpg","datePublished":"2021-07-06T12:56:04+00:00","dateModified":"2021-07-06T12:56:22+00:00","description":"D\u00e9couvrez dans ce guide les plus belles cascades \u00e0 explorer, des endroits secrets incontournables lors de votre s\u00e9jour en Ard\u00e8che.","breadcrumb":{"@id":"https:\/\/www.campings.com\/fr\/content\/guide-vacances-ardeche\/les-plus-belles-cascades-ardeche\/#breadcrumb"},"inLanguage":"fr-FR","potentialAction":[{"@type":"ReadAction","target":["https:\/\/www.campings.com\/fr\/content\/guide-vacances-ardeche\/les-plus-belles-cascades-ardeche\/"]}]},{"@type":"ImageObject","inLanguage":"fr-FR","@id":"https:\/\/www.campings.com\/fr\/content\/guide-vacances-ardeche\/les-plus-belles-cascades-ardeche\/#primaryimage","url":"https:\/\/www.campings.com\/fr\/content\/wp-content\/uploads\/2021\/07\/Cascade-Ray-Pic.jpg","contentUrl":"https:\/\/www.campings.com\/fr\/content\/wp-content\/uploads\/2021\/07\/Cascade-Ray-Pic.jpg","width":1000,"height":665},{"@type":"BreadcrumbList","@id":"https:\/\/www.campings.com\/fr\/content\/guide-vacances-ardeche\/les-plus-belles-cascades-ardeche\/#breadcrumb","itemListElement":[{"@type":"ListItem","position":1,"name":"Home","item":"https:\/\/www.campings.com\/fr\/content\/"},{"@type":"ListItem","position":2,"name":"Le guide de vos vacances en Ard\u00e8che","item":"https:\/\/www.campings.com\/fr\/content\/guide-vacances-ardeche\/"},{"@type":"ListItem","position":3,"name":"Les plus belles cascades d&rsquo;Ard\u00e8che"}]},{"@type":"WebSite","@id":"https:\/\/www.campings.com\/fr\/content\/#website","url":"https:\/\/www.campings.com\/fr\/content\/","name":"","description":"","publisher":{"@id":"https:\/\/www.campings.com\/fr\/content\/#organization"},"potentialAction":[{"@type":"SearchAction","target":{"@type":"EntryPoint","urlTemplate":"https:\/\/www.campings.com\/fr\/content\/?s={search_term_string}"},"query-input":{"@type":"PropertyValueSpecification","valueRequired":true,"valueName":"search_term_string"}}],"inLanguage":"fr-FR"},{"@type":"Organization","@id":"https:\/\/www.campings.com\/fr\/content\/#organization","name":"CAMPINGS.COM","url":"https:\/\/www.campings.com\/fr\/content\/","logo":{"@type":"ImageObject","inLanguage":"fr-FR","@id":"https:\/\/www.campings.com\/fr\/content\/#\/schema\/logo\/image\/","url":"https:\/\/www.campings.com\/fr\/content\/wp-content\/uploads\/2019\/01\/cropped-logo-1.png","contentUrl":"https:\/\/www.campings.com\/fr\/content\/wp-content\/uploads\/2019\/01\/cropped-logo-1.png","width":174,"height":42,"caption":"CAMPINGS.COM"},"image":{"@id":"https:\/\/www.campings.com\/fr\/content\/#\/schema\/logo\/image\/"}}]}},"_links":{"self":[{"href":"https:\/\/www.campings.com\/fr\/content\/wp-json\/wp\/v2\/pages\/2926","targetHints":{"allow":["GET"]}}],"collection":[{"href":"https:\/\/www.campings.com\/fr\/content\/wp-json\/wp\/v2\/pages"}],"about":[{"href":"https:\/\/www.campings.com\/fr\/content\/wp-json\/wp\/v2\/types\/page"}],"author":[{"embeddable":true,"href":"https:\/\/www.campings.com\/fr\/content\/wp-json\/wp\/v2\/users\/18"}],"replies":[{"embeddable":true,"href":"https:\/\/www.campings.com\/fr\/content\/wp-json\/wp\/v2\/comments?post=2926"}],"version-history":[{"count":1,"href":"https:\/\/www.campings.com\/fr\/content\/wp-json\/wp\/v2\/pages\/2926\/revisions"}],"predecessor-version":[{"id":2928,"href":"https:\/\/www.campings.com\/fr\/content\/wp-json\/wp\/v2\/pages\/2926\/revisions\/2928"}],"up":[{"embeddable":true,"href":"https:\/\/www.campings.com\/fr\/content\/wp-json\/wp\/v2\/pages\/2897"}],"wp:attachment":[{"href":"https:\/\/www.campings.com\/fr\/content\/wp-json\/wp\/v2\/media?parent=2926"}],"curies":[{"name":"wp","href":"https:\/\/api.w.org\/{rel}","templated":true}]}}