{"id":2922,"date":"2021-07-06T12:48:26","date_gmt":"2021-07-06T12:48:26","guid":{"rendered":"https:\/\/www.campings.com\/fr\/content\/?page_id=2922"},"modified":"2025-11-05T17:53:56","modified_gmt":"2025-11-05T16:53:56","slug":"marches-ardeche-a-ne-pas-manquer","status":"publish","type":"page","link":"https:\/\/www.campings.com\/fr\/content\/guide-vacances-ardeche\/marches-ardeche-a-ne-pas-manquer\/","title":{"rendered":"Les march\u00e9s de l&rsquo;Ard\u00e8che \u00e0 ne pas manquer"},"content":{"rendered":"<p>Envie de fl\u00e2ner dans les march\u00e9s de l\u2019Ard\u00e8che pour d\u00e9couvrir les sp\u00e9cialit\u00e9s de la r\u00e9gion et go\u00fbter aux produits locaux ? Voici quelques march\u00e9s \u00e0 d\u00e9couvrir pendant votre s\u00e9jour en Ard\u00e8che.<\/p>\n<p>En\u00a0<a href=\"https:\/\/www.campings.com\/fr\/france\/rhone-alpes\/ardeche\"><u>Ard\u00e8che<\/u><\/a>, les march\u00e9s sont souvent organis\u00e9s dans la matin\u00e9e ou en soir\u00e9e. Ils sont des lieux de vie incontournables o\u00f9 d\u00e9couvrir les produits du terroir comme la ch\u00e2taigne, les olives et d\u00e9riv\u00e9s\u2026 De plus, les march\u00e9s sont les meilleurs endroits o\u00f9 appr\u00e9cier la gastronomie locale. Ce guide vous emm\u00e8ne \u00e0 la d\u00e9couverte des plus beaux march\u00e9s de l\u2019Ard\u00e8che.<\/p>\n<h2><strong>March\u00e9 Ruoms, l&rsquo;un des plus beaux march\u00e9s d&rsquo;Ard\u00e8che\u00a0<\/strong><\/h2>\n<p>Tous les vendredis de 8 h \u00e0 14 h, la place du G\u00e9n\u00e9ral de Gaulle accueille le march\u00e9 hebdomadaire de Ruoms o\u00f9 d\u00e9couvrir les produits locaux. Dans une ambiance joyeuse et color\u00e9e, les producteurs proposent leurs produits frais du terroir : poulet fermier, viande grill\u00e9e\u2026<\/p>\n<h2><strong>March\u00e9 Lablach\u00e8re, un march\u00e9 d&rsquo;Ard\u00e8che du sud \u00e0 d\u00e9couvrir\u00a0les dimanches<\/strong><\/h2>\n<p>Le march\u00e9 hebdomadaire de Lablach\u00e8re a lieu le dimanche, en plein centre-ville, de 8 h \u00e0 13 h. En plus des produits alimentaires, les commer\u00e7ants y proposent des jouets et du textile.<\/p>\n<h2><strong>March\u00e9 Vallon Pont d\u2019Arc, un petit march\u00e9 de producteurs\u00a0<\/strong><\/h2>\n<p>Ce grand march\u00e9 hebdomadaire a lieu le jeudi matin. Il rassemble plus de 200 exposants. Vous y trouverez des produits frais et locaux, des articles de maison, de l\u2019habillement\u2026 En \u00e9t\u00e9, les stands non alimentaires animent les rues de la ville tous les mardis soirs<\/p>\n<h2><strong>March\u00e9 d\u2019Aubenas<\/strong><\/h2>\n<p>Ce petit march\u00e9 de producteurs \u00e0 Aubenas est ouvert tous les samedis de 7 h \u00e0 13 h. Il est facilement reconnaissable gr\u00e2ce \u00e0 la foule de senteurs pr\u00e9sentes sur le march\u00e9 : fleurs, \u00e9pices\u2026 Vous pourrez y d\u00e9couvrir toutes les sp\u00e9cialit\u00e9s du d\u00e9partement de <a href=\"https:\/\/www.campings.com\/fr\/content\/guide-vacances-ardeche\/\">l\u2019<u>Ard\u00e8che<\/u><\/a>.<\/p>\n<p><img loading=\"lazy\" decoding=\"async\" class=\"alignnone size-full wp-image-2923\" src=\"https:\/\/www.campings.com\/fr\/content\/wp-content\/uploads\/2021\/07\/March\u00e9-Aubenas.jpg\" alt=\"\" width=\"1000\" height=\"665\" \/><\/p>\n<h2><strong>March\u00e9s de Vals-les-Bains<\/strong><\/h2>\n<p>Le march\u00e9 de Vals-les-Bains propose plusieurs rendez-vous hebdomadaires. Un march\u00e9 principal se tient sur la place Galimard tous les dimanches matin jusqu\u2019\u00e0 13 h. Un petit march\u00e9 est organis\u00e9 devant la mairie tous les jeudis matins. En \u00e9t\u00e9, un march\u00e9 nocturne se tient tous les jeudis.<\/p>\n<h2><strong>March\u00e9 d\u2019Antra\u00efgues<\/strong><\/h2>\n<p>Le march\u00e9 local d\u2019Antra\u00efgues d\u00e9marre au printemps. Vous pourrez y acheter des produits Bio tels que l\u00e9gumes, miel, fromages de ch\u00e8vre\u2026<\/p>\n<h2><strong>March\u00e9 de Joyeuse<\/strong><\/h2>\n<p>Le march\u00e9 de Joyeuse est l\u2019un des plus r\u00e9put\u00e9s de l\u2019Ard\u00e8che. Il est ouvert tous les mercredis. Producteurs et artisans sont rassembl\u00e9s sur la place de la Grand Font, o\u00f9 ils proposent leurs produits et leurs sp\u00e9cialit\u00e9s.<\/p>\n<h2><strong>March\u00e9 d\u2019Annonay<\/strong><\/h2>\n<p>Les producteurs de la r\u00e9gion se donnent rendez-vous tous les mercredis et samedis matin au march\u00e9 \u00e0 Annonay, place de la Libert\u00e9.<\/p>\n<h2><strong>March\u00e9 de Rosi\u00e8res, tous les lundis<\/strong><\/h2>\n<p>Install\u00e9 sur l\u2019avenue Andr\u00e9 Jean, ce march\u00e9 particuli\u00e8rement anim\u00e9 a lieu tous les lundis, de 8 h \u00e0 13 h.<\/p>\n<h2><strong>March\u00e9 de Les Vans<\/strong><\/h2>\n<p>Class\u00e9 2e aux Troph\u00e9es des March\u00e9s de l\u2019Auvergne-Rh\u00f4ne-Alpes, ce march\u00e9 se tient sur la place L\u00e9opold Ollier. Vous y trouverez des produits tr\u00e8s vari\u00e9s.<\/p>\n<p><img loading=\"lazy\" decoding=\"async\" class=\"alignnone size-full wp-image-2924\" src=\"https:\/\/www.campings.com\/fr\/content\/wp-content\/uploads\/2021\/07\/March\u00e9-1.jpg\" alt=\"\" width=\"1000\" height=\"665\" \/><\/p>\n<h2><strong>S\u00e9lection de campings en Ard\u00e8che \u00e0 proximit\u00e9 des march\u00e9s\u00a0<\/strong><\/h2>\n<p>Envie de visiter les principaux march\u00e9s de la r\u00e9gion lors de votre s\u00e9jour en\u00a0<a href=\"https:\/\/www.campings.com\/fr\/content\/guide-vacances-ardeche\/\"><u>Ard\u00e8che\u00a0<\/u><\/a>? D\u00e9couvrez notre s\u00e9lection de campings situ\u00e9s \u00e0 proximit\u00e9 de ces lieux incontournables et de leurs commer\u00e7ants.<\/p>\n<h3><strong>Camping Ruoms<\/strong><\/h3>\n<p>Le camping RCN La Bastide en Ard\u00e8che dispose d\u2019un acc\u00e8s direct sur la rive du fleuve. Cet \u00e9tablissement est parfait pour les amateurs de baignade !<\/p>\n<p><a href=\"https:\/\/www.campings.com\/fr\/camping\/camping-rcn-la-bastide-en-ardeche-78463\">Plus d\u2019infos sur le camping RCN La Bastide en Ard\u00e8che<\/a>.<\/p>\n<h3><strong>Camping proche Ruoms<\/strong><\/h3>\n<p>Le camping La Grand\u2019Terre est un \u00e9tablissement tout confort proposant des services et \u00e9quipements de qualit\u00e9.<\/p>\n<p><a href=\"https:\/\/www.campings.com\/fr\/camping\/camping-la-grandterre-78176\">Plus d\u2019infos sur le camping La Grand\u2019Terre<\/a>.<\/p>\n<h3><strong>Camping Vallon-Pont-d\u2019Arc<\/strong><\/h3>\n<p>Le camping La Rouvi\u00e8re est install\u00e9 en plein c\u0153ur de la r\u00e9serve naturelle, \u00e0 400 m du pont d\u2019Arc. Il dispose de quelques terrains de sport et d\u2019une aire de jeux pour les enfants.<\/p>\n<p><a href=\"https:\/\/www.campings.com\/fr\/camping\/camping-la-rouviere-88557\">Plus d\u2019infos sur le camping La Rouviere<\/a>.<\/p>\n<h3><strong>Camping Joyeuse<\/strong><\/h3>\n<p>Le camping Le Bois Simonet offre un cadre simple et agr\u00e9able pour vos vacances. Il propose une connexion WiFi et de nombreux loisirs.<\/p>\n<p><a href=\"https:\/\/www.campings.com\/fr\/camping\/camping-le-bois-simonet-77414\">Plus d\u2019infos sur le camping Le Bois Simonet<\/a>.<\/p>\n<h3><strong>Camping proche Joyeuse<\/strong><\/h3>\n<p>Le camping Le Sous Perret se situe aux pieds du parc naturel des Monts d\u2019Ard\u00e8che. Un emplacement id\u00e9al pour profiter des richesses naturelles de la r\u00e9gion.<\/p>\n<p><a href=\"https:\/\/www.campings.com\/fr\/camping\/camping-le-sous-perret-81346\">\u00a0Plus d\u2019infos sur le camping Le Sous Perret<\/a>.<\/p>\n","protected":false},"excerpt":{"rendered":"<p>Envie de fl\u00e2ner dans les march\u00e9s de l\u2019Ard\u00e8che pour d\u00e9couvrir les sp\u00e9cialit\u00e9s de la r\u00e9gion et go\u00fbter aux produits locaux ? Voici quelques march\u00e9s \u00e0 d\u00e9couvrir pendant votre s\u00e9jour en Ard\u00e8che. En\u00a0Ard\u00e8che, les march\u00e9s sont souvent organis\u00e9s dans la matin\u00e9e ou en soir\u00e9e. Ils sont des lieux de vie incontournables o\u00f9 d\u00e9couvrir les produits du [&hellip;]<\/p>\n","protected":false},"author":18,"featured_media":0,"parent":2897,"menu_order":0,"comment_status":"closed","ping_status":"closed","template":"template-twocolumns.php","meta":{"_acf_changed":false,"footnotes":""},"class_list":["post-2922","page","type-page","status-publish","hentry"],"acf":[],"yoast_head":"<!-- This site is optimized with the Yoast SEO plugin v27.1.1 - https:\/\/yoast.com\/product\/yoast-seo-wordpress\/ -->\n<title>Les march\u00e9s de l&#039;Ard\u00e8che \u00e0 ne pas manquer -<\/title>\n<meta name=\"description\" content=\"D\u00e9couvrez dans ce guide les march\u00e9s incontournables o\u00f9 vous pourrez fl\u00e2ner pendant vos vacances dans le d\u00e9partement de l\u2019Ard\u00e8che.\" \/>\n<meta name=\"robots\" content=\"index, follow, max-snippet:-1, max-image-preview:large, max-video-preview:-1\" \/>\n<link rel=\"canonical\" href=\"https:\/\/www.campings.com\/fr\/content\/guide-vacances-ardeche\/marches-ardeche-a-ne-pas-manquer\/\" \/>\n<meta property=\"og:locale\" content=\"fr_FR\" \/>\n<meta property=\"og:type\" content=\"article\" \/>\n<meta property=\"og:title\" content=\"Les march\u00e9s de l&#039;Ard\u00e8che \u00e0 ne pas manquer -\" \/>\n<meta property=\"og:description\" content=\"D\u00e9couvrez dans ce guide les march\u00e9s incontournables o\u00f9 vous pourrez fl\u00e2ner pendant vos vacances dans le d\u00e9partement de l\u2019Ard\u00e8che.\" \/>\n<meta property=\"og:url\" content=\"https:\/\/www.campings.com\/fr\/content\/guide-vacances-ardeche\/marches-ardeche-a-ne-pas-manquer\/\" \/>\n<meta property=\"article:modified_time\" content=\"2025-11-05T16:53:56+00:00\" \/>\n<meta name=\"twitter:card\" content=\"summary_large_image\" \/>\n<meta name=\"twitter:label1\" content=\"Dur\u00e9e de lecture estim\u00e9e\" \/>\n\t<meta name=\"twitter:data1\" content=\"4 minutes\" \/>\n<script type=\"application\/ld+json\" class=\"yoast-schema-graph\">{\"@context\":\"https:\/\/schema.org\",\"@graph\":[{\"@type\":\"WebPage\",\"@id\":\"https:\/\/www.campings.com\/fr\/content\/guide-vacances-ardeche\/marches-ardeche-a-ne-pas-manquer\/\",\"url\":\"https:\/\/www.campings.com\/fr\/content\/guide-vacances-ardeche\/marches-ardeche-a-ne-pas-manquer\/\",\"name\":\"Les march\u00e9s de l'Ard\u00e8che \u00e0 ne pas manquer -\",\"isPartOf\":{\"@id\":\"https:\/\/www.campings.com\/fr\/content\/#website\"},\"datePublished\":\"2021-07-06T12:48:26+00:00\",\"dateModified\":\"2025-11-05T16:53:56+00:00\",\"description\":\"D\u00e9couvrez dans ce guide les march\u00e9s incontournables o\u00f9 vous pourrez fl\u00e2ner pendant vos vacances dans le d\u00e9partement de l\u2019Ard\u00e8che.\",\"breadcrumb\":{\"@id\":\"https:\/\/www.campings.com\/fr\/content\/guide-vacances-ardeche\/marches-ardeche-a-ne-pas-manquer\/#breadcrumb\"},\"inLanguage\":\"fr-FR\",\"potentialAction\":[{\"@type\":\"ReadAction\",\"target\":[\"https:\/\/www.campings.com\/fr\/content\/guide-vacances-ardeche\/marches-ardeche-a-ne-pas-manquer\/\"]}]},{\"@type\":\"BreadcrumbList\",\"@id\":\"https:\/\/www.campings.com\/fr\/content\/guide-vacances-ardeche\/marches-ardeche-a-ne-pas-manquer\/#breadcrumb\",\"itemListElement\":[{\"@type\":\"ListItem\",\"position\":1,\"name\":\"Home\",\"item\":\"https:\/\/www.campings.com\/fr\/content\/\"},{\"@type\":\"ListItem\",\"position\":2,\"name\":\"Le guide de vos vacances en Ard\u00e8che\",\"item\":\"https:\/\/www.campings.com\/fr\/content\/guide-vacances-ardeche\/\"},{\"@type\":\"ListItem\",\"position\":3,\"name\":\"Les march\u00e9s de l&rsquo;Ard\u00e8che \u00e0 ne pas manquer\"}]},{\"@type\":\"WebSite\",\"@id\":\"https:\/\/www.campings.com\/fr\/content\/#website\",\"url\":\"https:\/\/www.campings.com\/fr\/content\/\",\"name\":\"\",\"description\":\"\",\"publisher\":{\"@id\":\"https:\/\/www.campings.com\/fr\/content\/#organization\"},\"potentialAction\":[{\"@type\":\"SearchAction\",\"target\":{\"@type\":\"EntryPoint\",\"urlTemplate\":\"https:\/\/www.campings.com\/fr\/content\/?s={search_term_string}\"},\"query-input\":{\"@type\":\"PropertyValueSpecification\",\"valueRequired\":true,\"valueName\":\"search_term_string\"}}],\"inLanguage\":\"fr-FR\"},{\"@type\":\"Organization\",\"@id\":\"https:\/\/www.campings.com\/fr\/content\/#organization\",\"name\":\"CAMPINGS.COM\",\"url\":\"https:\/\/www.campings.com\/fr\/content\/\",\"logo\":{\"@type\":\"ImageObject\",\"inLanguage\":\"fr-FR\",\"@id\":\"https:\/\/www.campings.com\/fr\/content\/#\/schema\/logo\/image\/\",\"url\":\"https:\/\/www.campings.com\/fr\/content\/wp-content\/uploads\/2019\/01\/cropped-logo-1.png\",\"contentUrl\":\"https:\/\/www.campings.com\/fr\/content\/wp-content\/uploads\/2019\/01\/cropped-logo-1.png\",\"width\":174,\"height\":42,\"caption\":\"CAMPINGS.COM\"},\"image\":{\"@id\":\"https:\/\/www.campings.com\/fr\/content\/#\/schema\/logo\/image\/\"}}]}<\/script>\n<!-- \/ Yoast SEO plugin. -->","yoast_head_json":{"title":"Les march\u00e9s de l'Ard\u00e8che \u00e0 ne pas manquer -","description":"D\u00e9couvrez dans ce guide les march\u00e9s incontournables o\u00f9 vous pourrez fl\u00e2ner pendant vos vacances dans le d\u00e9partement de l\u2019Ard\u00e8che.","robots":{"index":"index","follow":"follow","max-snippet":"max-snippet:-1","max-image-preview":"max-image-preview:large","max-video-preview":"max-video-preview:-1"},"canonical":"https:\/\/www.campings.com\/fr\/content\/guide-vacances-ardeche\/marches-ardeche-a-ne-pas-manquer\/","og_locale":"fr_FR","og_type":"article","og_title":"Les march\u00e9s de l'Ard\u00e8che \u00e0 ne pas manquer -","og_description":"D\u00e9couvrez dans ce guide les march\u00e9s incontournables o\u00f9 vous pourrez fl\u00e2ner pendant vos vacances dans le d\u00e9partement de l\u2019Ard\u00e8che.","og_url":"https:\/\/www.campings.com\/fr\/content\/guide-vacances-ardeche\/marches-ardeche-a-ne-pas-manquer\/","article_modified_time":"2025-11-05T16:53:56+00:00","twitter_card":"summary_large_image","twitter_misc":{"Dur\u00e9e de lecture estim\u00e9e":"4 minutes"},"schema":{"@context":"https:\/\/schema.org","@graph":[{"@type":"WebPage","@id":"https:\/\/www.campings.com\/fr\/content\/guide-vacances-ardeche\/marches-ardeche-a-ne-pas-manquer\/","url":"https:\/\/www.campings.com\/fr\/content\/guide-vacances-ardeche\/marches-ardeche-a-ne-pas-manquer\/","name":"Les march\u00e9s de l'Ard\u00e8che \u00e0 ne pas manquer -","isPartOf":{"@id":"https:\/\/www.campings.com\/fr\/content\/#website"},"datePublished":"2021-07-06T12:48:26+00:00","dateModified":"2025-11-05T16:53:56+00:00","description":"D\u00e9couvrez dans ce guide les march\u00e9s incontournables o\u00f9 vous pourrez fl\u00e2ner pendant vos vacances dans le d\u00e9partement de l\u2019Ard\u00e8che.","breadcrumb":{"@id":"https:\/\/www.campings.com\/fr\/content\/guide-vacances-ardeche\/marches-ardeche-a-ne-pas-manquer\/#breadcrumb"},"inLanguage":"fr-FR","potentialAction":[{"@type":"ReadAction","target":["https:\/\/www.campings.com\/fr\/content\/guide-vacances-ardeche\/marches-ardeche-a-ne-pas-manquer\/"]}]},{"@type":"BreadcrumbList","@id":"https:\/\/www.campings.com\/fr\/content\/guide-vacances-ardeche\/marches-ardeche-a-ne-pas-manquer\/#breadcrumb","itemListElement":[{"@type":"ListItem","position":1,"name":"Home","item":"https:\/\/www.campings.com\/fr\/content\/"},{"@type":"ListItem","position":2,"name":"Le guide de vos vacances en Ard\u00e8che","item":"https:\/\/www.campings.com\/fr\/content\/guide-vacances-ardeche\/"},{"@type":"ListItem","position":3,"name":"Les march\u00e9s de l&rsquo;Ard\u00e8che \u00e0 ne pas manquer"}]},{"@type":"WebSite","@id":"https:\/\/www.campings.com\/fr\/content\/#website","url":"https:\/\/www.campings.com\/fr\/content\/","name":"","description":"","publisher":{"@id":"https:\/\/www.campings.com\/fr\/content\/#organization"},"potentialAction":[{"@type":"SearchAction","target":{"@type":"EntryPoint","urlTemplate":"https:\/\/www.campings.com\/fr\/content\/?s={search_term_string}"},"query-input":{"@type":"PropertyValueSpecification","valueRequired":true,"valueName":"search_term_string"}}],"inLanguage":"fr-FR"},{"@type":"Organization","@id":"https:\/\/www.campings.com\/fr\/content\/#organization","name":"CAMPINGS.COM","url":"https:\/\/www.campings.com\/fr\/content\/","logo":{"@type":"ImageObject","inLanguage":"fr-FR","@id":"https:\/\/www.campings.com\/fr\/content\/#\/schema\/logo\/image\/","url":"https:\/\/www.campings.com\/fr\/content\/wp-content\/uploads\/2019\/01\/cropped-logo-1.png","contentUrl":"https:\/\/www.campings.com\/fr\/content\/wp-content\/uploads\/2019\/01\/cropped-logo-1.png","width":174,"height":42,"caption":"CAMPINGS.COM"},"image":{"@id":"https:\/\/www.campings.com\/fr\/content\/#\/schema\/logo\/image\/"}}]}},"_links":{"self":[{"href":"https:\/\/www.campings.com\/fr\/content\/wp-json\/wp\/v2\/pages\/2922","targetHints":{"allow":["GET"]}}],"collection":[{"href":"https:\/\/www.campings.com\/fr\/content\/wp-json\/wp\/v2\/pages"}],"about":[{"href":"https:\/\/www.campings.com\/fr\/content\/wp-json\/wp\/v2\/types\/page"}],"author":[{"embeddable":true,"href":"https:\/\/www.campings.com\/fr\/content\/wp-json\/wp\/v2\/users\/18"}],"replies":[{"embeddable":true,"href":"https:\/\/www.campings.com\/fr\/content\/wp-json\/wp\/v2\/comments?post=2922"}],"version-history":[{"count":2,"href":"https:\/\/www.campings.com\/fr\/content\/wp-json\/wp\/v2\/pages\/2922\/revisions"}],"predecessor-version":[{"id":6146,"href":"https:\/\/www.campings.com\/fr\/content\/wp-json\/wp\/v2\/pages\/2922\/revisions\/6146"}],"up":[{"embeddable":true,"href":"https:\/\/www.campings.com\/fr\/content\/wp-json\/wp\/v2\/pages\/2897"}],"wp:attachment":[{"href":"https:\/\/www.campings.com\/fr\/content\/wp-json\/wp\/v2\/media?parent=2922"}],"curies":[{"name":"wp","href":"https:\/\/api.w.org\/{rel}","templated":true}]}}