{"id":2832,"date":"2021-06-22T17:53:14","date_gmt":"2021-06-22T17:53:14","guid":{"rendered":"https:\/\/www.campings.com\/fr\/content\/?page_id=2832"},"modified":"2021-06-22T17:53:14","modified_gmt":"2021-06-22T17:53:14","slug":"les-activites-a-faire-et-lieux-a-visiter-a-perigueux","status":"publish","type":"page","link":"https:\/\/www.campings.com\/fr\/content\/guide-vacances-dordogne\/les-activites-a-faire-et-lieux-a-visiter-a-perigueux\/","title":{"rendered":"Les activit\u00e9s \u00e0 faire et lieux \u00e0 visiter \u00e0 P\u00e9rigueux"},"content":{"rendered":"<p>P\u00e9rigueux est une destination touristique parfaite pour des vacances en famille. Cette ville accueillante du P\u00e9rigord o\u00f9 la gastronomie est au rendez-vous rec\u00e8le d\u2019endroits \u00e0 visiter\u2026 Partez \u00e0 la d\u00e9couverte de cette cit\u00e9 pleine de charme !<\/p>\n<p>Situ\u00e9e en\u00a0<a href=\"https:\/\/www.campings.com\/fr\/content\/guide-vacances-dordogne\/\"><u>Dordogne<\/u><\/a>,\u00a0dans le centre-est de la r\u00e9gion Nouvelle-Aquitaine, P\u00e9rigueux est la capitale touristique et culturelle du P\u00e9rigord. Cette commune urbaine d\u2019une superficie de 10 km\u00b2 compte environ 31 000 habitants. D\u00e9couvrez son patrimoine historique et architectural, le temps d\u2019un s\u00e9jour en famille ou entre amis !<\/p>\n<h2><strong>Que faire \u00e0 P\u00e9rigueux\u00a0? Les monuments et lieux \u00e0 voir dans la ville<\/strong><\/h2>\n<p>Habit\u00e9e par l&rsquo;histoire, la ville de P\u00e9rigueux laisse \u00e0 la fois place \u00e0 une ambiance rappelant le Moyen-Age dans le quartier du Puy-Saint Front et \u00e0 une ambiance gallo-romaine dans le quartier de l&rsquo;antique V\u00e9sunna. On retrouve l&rsquo;ambiance m\u00e9di\u00e9vale en se baladant rue du Calvaire ou encore rue Saint-Roch. En plus de ses monuments historiques et de son \u00ab march\u00e9 au gras \u00bb, la ville est appr\u00e9ci\u00e9e pour ses espaces verts. Depuis 2003, P\u00e9rigueux affiche avec fiert\u00e9 son label \u00ab 4 fleurs \u00bb. Vous pourrez visiter le Jardin des Ar\u00e8nes, le parc de V\u00e9sone qui s\u2019\u00e9tend sur 6440m\u00b2 et qui abrite la tour \u00e9ponyme. Apr\u00e8s une promenade dans les jardins, rendez-vous \u00e0 la tour Mataguerre ou \u00e0 l&rsquo;illustre Cath\u00e9drale Saint-Front.<\/p>\n<p><img loading=\"lazy\" decoding=\"async\" class=\"alignnone size-full wp-image-2833\" src=\"https:\/\/www.campings.com\/fr\/content\/wp-content\/uploads\/2021\/06\/perigueux-Copyright-Alban_Gilbert-CRTNA-La_Tour_de_Vesone__Perigueux-8160-800px.jpg\" alt=\"\" width=\"800\" height=\"533\" \/><\/p>\n<h2><strong>Mus\u00e9es \u00e0 visiter dans la r\u00e9gion de P\u00e9rigueux<\/strong><\/h2>\n<p>Situ\u00e9 dans la Rue du 26\u00e8me R\u00e9giment d&rsquo;Infanterie, le site-mus\u00e9e gallo-romain de Vesunna est incontournable. Construit sur des vestiges gallo-romains, ce mus\u00e9e vous fera voyager dans le temps. Si vous aimez l&rsquo;arch\u00e9ologie, rendez-vous au mus\u00e9e d&rsquo;Art et d&rsquo;Arch\u00e9ologie du P\u00e9rigord. Les amateurs d\u2019histoire ne manqueront pas de visiter le Mus\u00e9e Militaire de Dordogne, qui abrite plus de 20 000 objets.<\/p>\n<h2><strong>Les activit\u00e9s \u00e0 faire \u00e0 P\u00e9rigueux <\/strong><\/h2>\n<p>Avez-vous d\u00e9j\u00e0 entendu parler de T\u00e8rra Aventura, une chasse au tr\u00e9sor en <a href=\"https:\/\/www.campings.com\/fr\/content\/guide-vacances-dordogne\/\"><u>Dordogne<\/u> <\/a>\u00e0 faire en famille ? Profitez de votre s\u00e9jour \u00e0 P\u00e9rigueux pour vivre cette exp\u00e9rience insolite ! Vous pourrez \u00e9galement parcourir la ville \u00e0 bord du petit train touristique, suivre les v\u00e9loroutes\u2026 Vous n\u2019aurez pas le temps de vous ennuyer !<\/p>\n<p><img loading=\"lazy\" decoding=\"async\" class=\"alignnone size-full wp-image-2834\" src=\"https:\/\/www.campings.com\/fr\/content\/wp-content\/uploads\/2021\/06\/perigueux-Copyright-Alban_Gilbert-CRTNA-Vue_panoramique_de_Perigueux_et_la_cathedrale_Saint-front-8179-800px.jpg\" alt=\"\" width=\"800\" height=\"533\" \/><\/p>\n<h2><strong>S\u00e9lection de restaurants \u00e0 P\u00e9rigueux\u00a0<\/strong><\/h2>\n<p>Foie gras, produits locaux&#8230; Profitez de votre escapade pour d\u00e9couvrir les saveurs du terroir. D\u00e9couvrez notre s\u00e9lection de restaurants en Dordogne.<\/p>\n<h3><strong>Le V\u00e9loc Caf\u00e9<\/strong><\/h3>\n<p>Situ\u00e9 sur l&rsquo;avenue Daumesnil, ce restaurant propose une cuisine fran\u00e7aise tr\u00e8s vari\u00e9e ainsi que des plats v\u00e9g\u00e9tariens. Les plats sont frais et varient entre 8 et 15 euros.<\/p>\n<p>R\u00e9servation : 06 33 48 22 89<\/p>\n<h3><strong>La Gueule du Four<\/strong><\/h3>\n<p>Ce restaurant, sp\u00e9cialis\u00e9 dans la cuisine italienne, r\u00e9gale les touristes avec ses pizzas cuites au feu de bois traditionnel. Il est situ\u00e9 au 33 Cours Saint-Georges et les prix varient entre 10 et 18 euros. Un service de livraison est \u00e9galement disponible.<\/p>\n<p>R\u00e9servation : 05 53 35 45 27<\/p>\n<h3><strong>L&rsquo;Epicurien<\/strong><\/h3>\n<p>Situ\u00e9 au 1 Rue du Conseil \u00e0 P\u00e9rigueux, l&rsquo;Epicurien est un restaurant proposant une cuisine gastronomique et savoureuse. Les prix varient autour de 20 euros.<\/p>\n<p>R\u00e9servation : 04 67 88 90 00<\/p>\n<h3><strong>Le Jaune Poussin<\/strong><\/h3>\n<p>Situ\u00e9 rue du Pr\u00e9sident Wilson, le Jaune Poussin est connu pour ses plats\u00a0<strong>\u00ab\u00a0<\/strong>low cost<strong>\u00a0\u00bb<\/strong>\u00a0bons, frais et locaux. Vous pouvez commander des repas \u00e0 emporter en appelant au 0553069070.<\/p>\n<h3><strong>Chez Wouam<\/strong><\/h3>\n<p>Situ\u00e9 rue de Lanmary, Chez Wouam est un restaurant proposant une cuisine traditionnelle fran\u00e7aise \u00e0 base de sp\u00e9cialit\u00e9s du terroir. Une adresse parfaite pour d\u00e9guster des plats gourmands et savoureux o\u00f9 les prix varient entre 21 et 38 euros.<\/p>\n<p>R\u00e9servation : 09 81 05 53 93<\/p>\n<h2><strong>S\u00e9lection de campings pour un s\u00e9jour en famille tout confort en Dordogne\u00a0<\/strong><\/h2>\n<p>Offrez-vous un d\u00e9paysement total le temps d\u2019un s\u00e9jour en\u00a0<a href=\"https:\/\/www.campings.com\/fr\/content\/guide-vacances-dordogne\/\"><u>Dordogne\u00a0<\/u><\/a>! Voici notre s\u00e9lection de campings \u00e0 proximit\u00e9 de P\u00e9rigueux pour des vacances agr\u00e9ables en famille.<\/p>\n<h3><strong>Camping d&rsquo;Orpheo Negro<\/strong><\/h3>\n<p>En s\u00e9journant dans ce camping vous n&rsquo;aurez pas besoin de vous d\u00e9placer pour vos achats quotidiens. Vous trouverez tout sur place : sup\u00e9rette pour les courses, piscine, un \u00e9tang pour p\u00eacher\u2026<\/p>\n<p><a href=\"https:\/\/www.campings.com\/fr\/camping\/camping-d-orpheo-negro-82099\">Plus d&rsquo;infos sur le camping d&rsquo;Orpheo Negro.<\/a><\/p>\n<h3><strong>Camping le Pontet<\/strong><\/h3>\n<p>Situ\u00e9 \u00e0 seulement 2 km de la gare, le Camping le Pontet est situ\u00e9 \u00e0 proximit\u00e9 d&rsquo;une rivi\u00e8re. Ainsi vous pourrez combiner d\u00e9gustations et d\u00e9couvertes pendant vos vacances en Dordogne.<\/p>\n<p><a href=\"https:\/\/www.campings.com\/fr\/camping\/camping-le-pontet-78204\">Plus d&rsquo;infos sur le Camping le Pontet.<\/a><\/p>\n<h3><strong>Camping Au fil de l&rsquo;eau<\/strong><\/h3>\n<p>Dans ce camping, vous pourrez louer des tentes et des bungalows. Sur place, une aire de jeux, des jeux de soci\u00e9t\u00e9 et un service de pr\u00eat de livres sont propos\u00e9s.<\/p>\n<p><a href=\"https:\/\/www.campings.com\/fr\/camping\/camping-au-fil-de-leau-82268\">Plus d&rsquo;infos sur le Camping Au fil de l&rsquo;eau.<\/a><\/p>\n","protected":false},"excerpt":{"rendered":"<p>P\u00e9rigueux est une destination touristique parfaite pour des vacances en famille. Cette ville accueillante du P\u00e9rigord o\u00f9 la gastronomie est au rendez-vous rec\u00e8le d\u2019endroits \u00e0 visiter\u2026 Partez \u00e0 la d\u00e9couverte de cette cit\u00e9 pleine de charme ! Situ\u00e9e en\u00a0Dordogne,\u00a0dans le centre-est de la r\u00e9gion Nouvelle-Aquitaine, P\u00e9rigueux est la capitale touristique et culturelle du P\u00e9rigord. Cette [&hellip;]<\/p>\n","protected":false},"author":18,"featured_media":0,"parent":2807,"menu_order":0,"comment_status":"closed","ping_status":"closed","template":"template-twocolumns.php","meta":{"_acf_changed":false,"footnotes":""},"class_list":["post-2832","page","type-page","status-publish","hentry"],"acf":[],"yoast_head":"<!-- This site is optimized with the Yoast SEO plugin v27.1.1 - https:\/\/yoast.com\/product\/yoast-seo-wordpress\/ -->\n<title>Les activit\u00e9s \u00e0 faire et lieux \u00e0 visiter \u00e0 P\u00e9rigueux -<\/title>\n<meta name=\"description\" content=\"D\u00e9couvrez les meilleurs lieux \u00e0 visiter et les activit\u00e9s \u00e0 faire \u00e0 P\u00e9rigueux, en Dordogne, lors de vos vacances en famille en Nouvelle-Aquitaine.\" \/>\n<meta name=\"robots\" content=\"index, follow, max-snippet:-1, max-image-preview:large, max-video-preview:-1\" \/>\n<link rel=\"canonical\" href=\"https:\/\/www.campings.com\/fr\/content\/guide-vacances-dordogne\/les-activites-a-faire-et-lieux-a-visiter-a-perigueux\/\" \/>\n<meta property=\"og:locale\" content=\"fr_FR\" \/>\n<meta property=\"og:type\" content=\"article\" \/>\n<meta property=\"og:title\" content=\"Les activit\u00e9s \u00e0 faire et lieux \u00e0 visiter \u00e0 P\u00e9rigueux -\" \/>\n<meta property=\"og:description\" content=\"D\u00e9couvrez les meilleurs lieux \u00e0 visiter et les activit\u00e9s \u00e0 faire \u00e0 P\u00e9rigueux, en Dordogne, lors de vos vacances en famille en Nouvelle-Aquitaine.\" \/>\n<meta property=\"og:url\" content=\"https:\/\/www.campings.com\/fr\/content\/guide-vacances-dordogne\/les-activites-a-faire-et-lieux-a-visiter-a-perigueux\/\" \/>\n<meta property=\"og:image\" content=\"https:\/\/www.campings.com\/fr\/content\/wp-content\/uploads\/2021\/06\/perigueux-Copyright-Alban_Gilbert-CRTNA-La_Tour_de_Vesone__Perigueux-8160-800px.jpg\" \/>\n\t<meta property=\"og:image:width\" content=\"800\" \/>\n\t<meta property=\"og:image:height\" content=\"533\" \/>\n\t<meta property=\"og:image:type\" content=\"image\/jpeg\" \/>\n<meta name=\"twitter:card\" content=\"summary_large_image\" \/>\n<meta name=\"twitter:label1\" content=\"Dur\u00e9e de lecture estim\u00e9e\" \/>\n\t<meta name=\"twitter:data1\" content=\"4 minutes\" \/>\n<script type=\"application\/ld+json\" class=\"yoast-schema-graph\">{\"@context\":\"https:\/\/schema.org\",\"@graph\":[{\"@type\":\"WebPage\",\"@id\":\"https:\/\/www.campings.com\/fr\/content\/guide-vacances-dordogne\/les-activites-a-faire-et-lieux-a-visiter-a-perigueux\/\",\"url\":\"https:\/\/www.campings.com\/fr\/content\/guide-vacances-dordogne\/les-activites-a-faire-et-lieux-a-visiter-a-perigueux\/\",\"name\":\"Les activit\u00e9s \u00e0 faire et lieux \u00e0 visiter \u00e0 P\u00e9rigueux -\",\"isPartOf\":{\"@id\":\"https:\/\/www.campings.com\/fr\/content\/#website\"},\"primaryImageOfPage\":{\"@id\":\"https:\/\/www.campings.com\/fr\/content\/guide-vacances-dordogne\/les-activites-a-faire-et-lieux-a-visiter-a-perigueux\/#primaryimage\"},\"image\":{\"@id\":\"https:\/\/www.campings.com\/fr\/content\/guide-vacances-dordogne\/les-activites-a-faire-et-lieux-a-visiter-a-perigueux\/#primaryimage\"},\"thumbnailUrl\":\"https:\/\/www.campings.com\/fr\/content\/wp-content\/uploads\/2021\/06\/perigueux-Copyright-Alban_Gilbert-CRTNA-La_Tour_de_Vesone__Perigueux-8160-800px.jpg\",\"datePublished\":\"2021-06-22T17:53:14+00:00\",\"description\":\"D\u00e9couvrez les meilleurs lieux \u00e0 visiter et les activit\u00e9s \u00e0 faire \u00e0 P\u00e9rigueux, en Dordogne, lors de vos vacances en famille en Nouvelle-Aquitaine.\",\"breadcrumb\":{\"@id\":\"https:\/\/www.campings.com\/fr\/content\/guide-vacances-dordogne\/les-activites-a-faire-et-lieux-a-visiter-a-perigueux\/#breadcrumb\"},\"inLanguage\":\"fr-FR\",\"potentialAction\":[{\"@type\":\"ReadAction\",\"target\":[\"https:\/\/www.campings.com\/fr\/content\/guide-vacances-dordogne\/les-activites-a-faire-et-lieux-a-visiter-a-perigueux\/\"]}]},{\"@type\":\"ImageObject\",\"inLanguage\":\"fr-FR\",\"@id\":\"https:\/\/www.campings.com\/fr\/content\/guide-vacances-dordogne\/les-activites-a-faire-et-lieux-a-visiter-a-perigueux\/#primaryimage\",\"url\":\"https:\/\/www.campings.com\/fr\/content\/wp-content\/uploads\/2021\/06\/perigueux-Copyright-Alban_Gilbert-CRTNA-La_Tour_de_Vesone__Perigueux-8160-800px.jpg\",\"contentUrl\":\"https:\/\/www.campings.com\/fr\/content\/wp-content\/uploads\/2021\/06\/perigueux-Copyright-Alban_Gilbert-CRTNA-La_Tour_de_Vesone__Perigueux-8160-800px.jpg\",\"width\":800,\"height\":533},{\"@type\":\"BreadcrumbList\",\"@id\":\"https:\/\/www.campings.com\/fr\/content\/guide-vacances-dordogne\/les-activites-a-faire-et-lieux-a-visiter-a-perigueux\/#breadcrumb\",\"itemListElement\":[{\"@type\":\"ListItem\",\"position\":1,\"name\":\"Home\",\"item\":\"https:\/\/www.campings.com\/fr\/content\/\"},{\"@type\":\"ListItem\",\"position\":2,\"name\":\"Le guide pour vos vacances en Dordogne\",\"item\":\"https:\/\/www.campings.com\/fr\/content\/guide-vacances-dordogne\/\"},{\"@type\":\"ListItem\",\"position\":3,\"name\":\"Les activit\u00e9s \u00e0 faire et lieux \u00e0 visiter \u00e0 P\u00e9rigueux\"}]},{\"@type\":\"WebSite\",\"@id\":\"https:\/\/www.campings.com\/fr\/content\/#website\",\"url\":\"https:\/\/www.campings.com\/fr\/content\/\",\"name\":\"\",\"description\":\"\",\"publisher\":{\"@id\":\"https:\/\/www.campings.com\/fr\/content\/#organization\"},\"potentialAction\":[{\"@type\":\"SearchAction\",\"target\":{\"@type\":\"EntryPoint\",\"urlTemplate\":\"https:\/\/www.campings.com\/fr\/content\/?s={search_term_string}\"},\"query-input\":{\"@type\":\"PropertyValueSpecification\",\"valueRequired\":true,\"valueName\":\"search_term_string\"}}],\"inLanguage\":\"fr-FR\"},{\"@type\":\"Organization\",\"@id\":\"https:\/\/www.campings.com\/fr\/content\/#organization\",\"name\":\"CAMPINGS.COM\",\"url\":\"https:\/\/www.campings.com\/fr\/content\/\",\"logo\":{\"@type\":\"ImageObject\",\"inLanguage\":\"fr-FR\",\"@id\":\"https:\/\/www.campings.com\/fr\/content\/#\/schema\/logo\/image\/\",\"url\":\"https:\/\/www.campings.com\/fr\/content\/wp-content\/uploads\/2019\/01\/cropped-logo-1.png\",\"contentUrl\":\"https:\/\/www.campings.com\/fr\/content\/wp-content\/uploads\/2019\/01\/cropped-logo-1.png\",\"width\":174,\"height\":42,\"caption\":\"CAMPINGS.COM\"},\"image\":{\"@id\":\"https:\/\/www.campings.com\/fr\/content\/#\/schema\/logo\/image\/\"}}]}<\/script>\n<!-- \/ Yoast SEO plugin. -->","yoast_head_json":{"title":"Les activit\u00e9s \u00e0 faire et lieux \u00e0 visiter \u00e0 P\u00e9rigueux -","description":"D\u00e9couvrez les meilleurs lieux \u00e0 visiter et les activit\u00e9s \u00e0 faire \u00e0 P\u00e9rigueux, en Dordogne, lors de vos vacances en famille en Nouvelle-Aquitaine.","robots":{"index":"index","follow":"follow","max-snippet":"max-snippet:-1","max-image-preview":"max-image-preview:large","max-video-preview":"max-video-preview:-1"},"canonical":"https:\/\/www.campings.com\/fr\/content\/guide-vacances-dordogne\/les-activites-a-faire-et-lieux-a-visiter-a-perigueux\/","og_locale":"fr_FR","og_type":"article","og_title":"Les activit\u00e9s \u00e0 faire et lieux \u00e0 visiter \u00e0 P\u00e9rigueux -","og_description":"D\u00e9couvrez les meilleurs lieux \u00e0 visiter et les activit\u00e9s \u00e0 faire \u00e0 P\u00e9rigueux, en Dordogne, lors de vos vacances en famille en Nouvelle-Aquitaine.","og_url":"https:\/\/www.campings.com\/fr\/content\/guide-vacances-dordogne\/les-activites-a-faire-et-lieux-a-visiter-a-perigueux\/","og_image":[{"width":800,"height":533,"url":"https:\/\/www.campings.com\/fr\/content\/wp-content\/uploads\/2021\/06\/perigueux-Copyright-Alban_Gilbert-CRTNA-La_Tour_de_Vesone__Perigueux-8160-800px.jpg","type":"image\/jpeg"}],"twitter_card":"summary_large_image","twitter_misc":{"Dur\u00e9e de lecture estim\u00e9e":"4 minutes"},"schema":{"@context":"https:\/\/schema.org","@graph":[{"@type":"WebPage","@id":"https:\/\/www.campings.com\/fr\/content\/guide-vacances-dordogne\/les-activites-a-faire-et-lieux-a-visiter-a-perigueux\/","url":"https:\/\/www.campings.com\/fr\/content\/guide-vacances-dordogne\/les-activites-a-faire-et-lieux-a-visiter-a-perigueux\/","name":"Les activit\u00e9s \u00e0 faire et lieux \u00e0 visiter \u00e0 P\u00e9rigueux -","isPartOf":{"@id":"https:\/\/www.campings.com\/fr\/content\/#website"},"primaryImageOfPage":{"@id":"https:\/\/www.campings.com\/fr\/content\/guide-vacances-dordogne\/les-activites-a-faire-et-lieux-a-visiter-a-perigueux\/#primaryimage"},"image":{"@id":"https:\/\/www.campings.com\/fr\/content\/guide-vacances-dordogne\/les-activites-a-faire-et-lieux-a-visiter-a-perigueux\/#primaryimage"},"thumbnailUrl":"https:\/\/www.campings.com\/fr\/content\/wp-content\/uploads\/2021\/06\/perigueux-Copyright-Alban_Gilbert-CRTNA-La_Tour_de_Vesone__Perigueux-8160-800px.jpg","datePublished":"2021-06-22T17:53:14+00:00","description":"D\u00e9couvrez les meilleurs lieux \u00e0 visiter et les activit\u00e9s \u00e0 faire \u00e0 P\u00e9rigueux, en Dordogne, lors de vos vacances en famille en Nouvelle-Aquitaine.","breadcrumb":{"@id":"https:\/\/www.campings.com\/fr\/content\/guide-vacances-dordogne\/les-activites-a-faire-et-lieux-a-visiter-a-perigueux\/#breadcrumb"},"inLanguage":"fr-FR","potentialAction":[{"@type":"ReadAction","target":["https:\/\/www.campings.com\/fr\/content\/guide-vacances-dordogne\/les-activites-a-faire-et-lieux-a-visiter-a-perigueux\/"]}]},{"@type":"ImageObject","inLanguage":"fr-FR","@id":"https:\/\/www.campings.com\/fr\/content\/guide-vacances-dordogne\/les-activites-a-faire-et-lieux-a-visiter-a-perigueux\/#primaryimage","url":"https:\/\/www.campings.com\/fr\/content\/wp-content\/uploads\/2021\/06\/perigueux-Copyright-Alban_Gilbert-CRTNA-La_Tour_de_Vesone__Perigueux-8160-800px.jpg","contentUrl":"https:\/\/www.campings.com\/fr\/content\/wp-content\/uploads\/2021\/06\/perigueux-Copyright-Alban_Gilbert-CRTNA-La_Tour_de_Vesone__Perigueux-8160-800px.jpg","width":800,"height":533},{"@type":"BreadcrumbList","@id":"https:\/\/www.campings.com\/fr\/content\/guide-vacances-dordogne\/les-activites-a-faire-et-lieux-a-visiter-a-perigueux\/#breadcrumb","itemListElement":[{"@type":"ListItem","position":1,"name":"Home","item":"https:\/\/www.campings.com\/fr\/content\/"},{"@type":"ListItem","position":2,"name":"Le guide pour vos vacances en Dordogne","item":"https:\/\/www.campings.com\/fr\/content\/guide-vacances-dordogne\/"},{"@type":"ListItem","position":3,"name":"Les activit\u00e9s \u00e0 faire et lieux \u00e0 visiter \u00e0 P\u00e9rigueux"}]},{"@type":"WebSite","@id":"https:\/\/www.campings.com\/fr\/content\/#website","url":"https:\/\/www.campings.com\/fr\/content\/","name":"","description":"","publisher":{"@id":"https:\/\/www.campings.com\/fr\/content\/#organization"},"potentialAction":[{"@type":"SearchAction","target":{"@type":"EntryPoint","urlTemplate":"https:\/\/www.campings.com\/fr\/content\/?s={search_term_string}"},"query-input":{"@type":"PropertyValueSpecification","valueRequired":true,"valueName":"search_term_string"}}],"inLanguage":"fr-FR"},{"@type":"Organization","@id":"https:\/\/www.campings.com\/fr\/content\/#organization","name":"CAMPINGS.COM","url":"https:\/\/www.campings.com\/fr\/content\/","logo":{"@type":"ImageObject","inLanguage":"fr-FR","@id":"https:\/\/www.campings.com\/fr\/content\/#\/schema\/logo\/image\/","url":"https:\/\/www.campings.com\/fr\/content\/wp-content\/uploads\/2019\/01\/cropped-logo-1.png","contentUrl":"https:\/\/www.campings.com\/fr\/content\/wp-content\/uploads\/2019\/01\/cropped-logo-1.png","width":174,"height":42,"caption":"CAMPINGS.COM"},"image":{"@id":"https:\/\/www.campings.com\/fr\/content\/#\/schema\/logo\/image\/"}}]}},"_links":{"self":[{"href":"https:\/\/www.campings.com\/fr\/content\/wp-json\/wp\/v2\/pages\/2832","targetHints":{"allow":["GET"]}}],"collection":[{"href":"https:\/\/www.campings.com\/fr\/content\/wp-json\/wp\/v2\/pages"}],"about":[{"href":"https:\/\/www.campings.com\/fr\/content\/wp-json\/wp\/v2\/types\/page"}],"author":[{"embeddable":true,"href":"https:\/\/www.campings.com\/fr\/content\/wp-json\/wp\/v2\/users\/18"}],"replies":[{"embeddable":true,"href":"https:\/\/www.campings.com\/fr\/content\/wp-json\/wp\/v2\/comments?post=2832"}],"version-history":[{"count":1,"href":"https:\/\/www.campings.com\/fr\/content\/wp-json\/wp\/v2\/pages\/2832\/revisions"}],"predecessor-version":[{"id":2835,"href":"https:\/\/www.campings.com\/fr\/content\/wp-json\/wp\/v2\/pages\/2832\/revisions\/2835"}],"up":[{"embeddable":true,"href":"https:\/\/www.campings.com\/fr\/content\/wp-json\/wp\/v2\/pages\/2807"}],"wp:attachment":[{"href":"https:\/\/www.campings.com\/fr\/content\/wp-json\/wp\/v2\/media?parent=2832"}],"curies":[{"name":"wp","href":"https:\/\/api.w.org\/{rel}","templated":true}]}}