{"id":2822,"date":"2021-06-22T17:40:32","date_gmt":"2021-06-22T17:40:32","guid":{"rendered":"https:\/\/www.campings.com\/fr\/content\/?page_id=2822"},"modified":"2021-06-22T17:40:32","modified_gmt":"2021-06-22T17:40:32","slug":"marches-de-dordogne","status":"publish","type":"page","link":"https:\/\/www.campings.com\/fr\/content\/guide-vacances-dordogne\/marches-de-dordogne\/","title":{"rendered":"Les march\u00e9s de Dordogne \u00e0 ne pas manquer"},"content":{"rendered":"<p>Truffe noire, foie gras, noix du P\u00e9rigord\u2026 La Dordogne est connue pour ses produits du terroir d\u2019exception, mondialement r\u00e9put\u00e9s. Pour go\u00fbter toutes les saveurs de la r\u00e9gion, une visite dans les march\u00e9s s\u2019impose !<\/p>\n<p>En plus de son immense patrimoine historique et architectural, la Dordogne est aussi un territoire riche pour sa gastronomie. Parmi les sp\u00e9cialit\u00e9s culinaires les plus r\u00e9put\u00e9es : le foie gras gris ou blanc, la truffe du P\u00e9rigord\u2026 Autant de gourmandises que vous pourrez d\u00e9couvrir en sillonnant les march\u00e9s de\u00a0<a href=\"https:\/\/www.campings.com\/fr\/content\/guide-vacances-dordogne\/\"><u>Dordogne<\/u><\/a>. Voici la liste des march\u00e9s incontournables \u00e0 faire lors de votre s\u00e9jour.<\/p>\n<h2><strong>March\u00e9s de Sarlat, dans le P\u00e9rigord noir<\/strong><\/h2>\n<p>Envie de faire le plein de produits frais et riches en saveurs ? Direction les march\u00e9s de Sarlat ! Cr\u00eapes, foie gras, magrets, vin, miel, truffe\u2026 Vous y trouverez de tout ! Voici les adresses de march\u00e9s les plus incontournables :<\/p>\n<ul>\n<li>Le march\u00e9 traditionnel : un march\u00e9 de plein air qui propose des produits du terroir tout au long de l\u2019ann\u00e9e. Il se tient dans la cit\u00e9 m\u00e9di\u00e9vale tous les samedis et les mercredis matins ;<\/li>\n<li>Le march\u00e9 Bio : a lieu place de la Poste le jeudi apr\u00e8s-midi pour les amateurs de fruits et l\u00e9gumes frais de saison ;<\/li>\n<li>Le march\u00e9 couvert de l\u2019ancienne \u00e9glise Sainte-Marie \u00e0 Sarlat o\u00f9 vous pourrez d\u00e9couvrir toutes les saveurs de la r\u00e9gion.<\/li>\n<\/ul>\n<p><img loading=\"lazy\" decoding=\"async\" class=\"alignnone size-full wp-image-2824\" src=\"https:\/\/www.campings.com\/fr\/content\/wp-content\/uploads\/2021\/06\/march\u00e9-Copyright-Mon_Nuage-CRTNA-Dorades-9568-800px.jpg\" alt=\"\" width=\"800\" height=\"531\" \/><\/p>\n<h2><strong>March\u00e9 de Bergerac, un march\u00e9 gourmand de Dordogne\u00a0<\/strong><\/h2>\n<p>Bergerac compte une douzaine de march\u00e9s mettant \u00e0 l\u2019honneur les sp\u00e9cialit\u00e9s gastronomiques de la r\u00e9gion. Cab\u00e9cou, foie gras, fraises, noix, vin\u2026 Le plus anim\u00e9 est le march\u00e9 traditionnel qui se tient les mercredis matins place Gambetta. De nombreux producteurs s\u2019y rassemblent pour proposer leurs produits de la ferme. Du mardi au samedi, la Halle du march\u00e9 couvert de Bergerac accueille \u00e9galement des charcutiers, des bouchers et des traiteurs.<\/p>\n<h2><strong>March\u00e9 de P\u00e9rigueux<\/strong><\/h2>\n<p>La ville de P\u00e9rigueux est principalement connue pour son \u00ab march\u00e9 au gras \u00bb qui se tient entre novembre et mars. Pendant cette p\u00e9riode, de nombreux producteurs de la r\u00e9gion se donnent rendez-vous sur la place Saint-Louis. Vous pourrez d\u00e9couvrir tous les tr\u00e9sors de la gastronomie de la r\u00e9gion. La ville abrite aussi le march\u00e9 textile qui se tient les mercredis sur la place Bugeaud. Les autres jours de la semaine, diff\u00e9rents march\u00e9s alimentaires ont lieu aux quatre coins de la ville.<\/p>\n<p><img loading=\"lazy\" decoding=\"async\" class=\"alignnone size-full wp-image-2823\" src=\"https:\/\/www.campings.com\/fr\/content\/wp-content\/uploads\/2021\/06\/march\u00e9-Copyright-Alban_Gilbert-CRTNA-Jour_de_marche_au_pied_de_la_cathedrale_Saint-Front_a_Perigueux-8193-800px.jpg\" alt=\"\" width=\"800\" height=\"533\" \/><\/p>\n<h2><strong>March\u00e9 de Brant\u00f4me<\/strong><\/h2>\n<p>Brant\u00f4me accueille deux march\u00e9s par semaine :<\/p>\n<ul>\n<li>Le grand march\u00e9 du vendredi matin ;<\/li>\n<li>Le march\u00e9 fermier o\u00f9 vous pourrez d\u00e9guster les nombreuses sp\u00e9cialit\u00e9s de\u00a0<a href=\"https:\/\/www.campings.com\/fr\/content\/guide-vacances-dordogne\/\"><u>Dordogne<\/u><\/a>.<\/li>\n<\/ul>\n<h2><strong>March\u00e9 de Montignac, l&rsquo;un des march\u00e9s de Dordogne le mercredi\u00a0<\/strong><\/h2>\n<p>\u00c0 Montignac, les march\u00e9s ont lieu mercredi et samedi de 8h30 \u00e0 12h30. Vous y trouverez des fruits &amp; l\u00e9gumes, des v\u00eatements, des chaussures, etc. D\u2019autres manifestations &amp; foires sont organis\u00e9es \u00e0 Montignac tout au long de l\u2019ann\u00e9e.<\/p>\n<h2><strong>Le march\u00e9 du mardi \u00e0 Le Bugue<\/strong><\/h2>\n<p>Le march\u00e9 hebdomadaire de le Bugue attire beaucoup de visiteurs. Vous y trouverez de nombreux produits frais du terroir : pains, fruits, l\u00e9gumes, fromages\u2026 Il se tient tous les mardis en plein centre-ville.<\/p>\n<h2><strong>March\u00e9 de Rib\u00e9rac<\/strong><\/h2>\n<p>Le march\u00e9 de Rib\u00e9rac a lieu sur la place du centre-ville tous les vendredis de 8h \u00e0 13h. Ce march\u00e9 est le plus \u00ab british \u00bb de la r\u00e9gion <u>Dordogne<\/u>. En effet, de nombreux anglais poss\u00e8dent des r\u00e9sidences secondaires dans la r\u00e9gion et viennent r\u00e9guli\u00e8rement se ravitailler dans le march\u00e9.<\/p>\n<h2><strong>March\u00e9 de Saint Cyprien<\/strong><\/h2>\n<p>Le march\u00e9 quotidien de Saint Cyprien compte parmi les plus r\u00e9put\u00e9s de la r\u00e9gion. Il regorge de petits tr\u00e9sors gustatifs \u00e0 d\u00e9couvrir ! Il est possible de remplir son panier de produits frais et locaux \u00e0 n\u2019importe quelle heure de la journ\u00e9e !<\/p>\n<p><img loading=\"lazy\" decoding=\"async\" class=\"alignnone size-full wp-image-2825\" src=\"https:\/\/www.campings.com\/fr\/content\/wp-content\/uploads\/2021\/06\/march\u00e9-Copyright-Mon_Nuage-CRTNA-Framboises-9582-800px.jpg\" alt=\"\" width=\"800\" height=\"531\" \/><\/p>\n<h2><strong>March\u00e9 de Thiviers<\/strong><\/h2>\n<p>Ville de commer\u00e7ants et paysans, Thiviers abrite tous les samedis matin son march\u00e9 de produits 100 % locaux, place Foch.<\/p>\n<p>D\u2019autres march\u00e9s saisonniers sont r\u00e9guli\u00e8rement organis\u00e9s dans la ville:<\/p>\n<ul>\n<li>Le march\u00e9 Bio de mi-mai \u00e0 mi-septembre ;<\/li>\n<li>Le march\u00e9 des producteurs de mi-juin \u00e0 mi-septembre.<\/li>\n<\/ul>\n<h2><strong>March\u00e9 de Monpazier<\/strong><\/h2>\n<p>Le march\u00e9 hebdomadaire de Monpazier se tient sur la place centrale tous les jeudis matin. Il rassemble plus de 80 commer\u00e7ants dans une ambiance joyeuse et anim\u00e9e.<\/p>\n<h2><strong>S\u00e9lection de campings situ\u00e9s \u00e0 proximit\u00e9 des march\u00e9s de Dordogne\u00a0<\/strong><\/h2>\n<p>Ne manquez pas de visiter les multiples march\u00e9s lors de votre s\u00e9jour en\u00a0<u><a href=\"https:\/\/www.campings.com\/fr\/content\/guide-vacances-dordogne\/\">Dordogne<\/a> !<\/u>\u00a0V\u00e9ritables vitrines ouvertes sur les richesses culinaires de la r\u00e9gion, ils sont incontournables ! Voici une s\u00e9lection de campings situ\u00e9s \u00e0 proximit\u00e9 des march\u00e9s les plus importants.<\/p>\n<h3><strong>Camping R\u00e9sidence Les coteaux de Sarlat<\/strong><\/h3>\n<p>Le camping R\u00e9sidence Les Coteaux de Sarlat offre un cadre id\u00e9al pour vivre un s\u00e9jour sous le signe la d\u00e9tente. Situ\u00e9 en plein c\u0153ur de la Nouvelle-Aquitaine, cet \u00e9tablissement met \u00e0 la disposition de ses clients de nombreux services et \u00e9quipements.<\/p>\n<p><a href=\"https:\/\/www.campings.com\/fr\/camping\/residence-les-coteaux-de-sarlat-78477\">Plus d\u2019infos sur le camping R\u00e9sidence Les coteaux de Sarlat<\/a>.<\/p>\n<h3><strong>Camping Lestaubi\u00e8re\u00a0<\/strong><\/h3>\n<p>Situ\u00e9 entre Bergerac et P\u00e9rigueux, le camping Lestaubi\u00e8re propose tout au long de la haute saison des activit\u00e9s sportives et familiales. De plus, l\u2019\u00e9tablissement est \u00e0 proximit\u00e9 de plusieurs pistes de randonn\u00e9es et de cyclisme.<\/p>\n<p><a href=\"https:\/\/www.campings.com\/fr\/camping\/camping-lestaubiere-87138\">Plus d\u2019infos sur le camping Lestaubi\u00e8re<\/a>.<\/p>\n<h3><strong>Camping Au Fil de l\u2019Eau\u00a0<\/strong><\/h3>\n<p>Le camping Au Fil de l\u2019Eau est parfait pour des vacances en familles plac\u00e9es sous le signe de la d\u00e9tente. En effet, de multiples activit\u00e9s sont organis\u00e9es tout au long de l\u2019ann\u00e9e pour satisfaire petits et grands. Et en \u00e9t\u00e9, les visiteurs auront acc\u00e8s \u00e0 sa piscine ext\u00e9rieure pour se baigner en toute tranquillit\u00e9.<\/p>\n<p><a href=\"https:\/\/www.campings.com\/fr\/camping\/camping-au-fil-de-leau-82268\">Plus d\u2019infos sur le camping Au Fil de l\u2019Eau<\/a>.<\/p>\n","protected":false},"excerpt":{"rendered":"<p>Truffe noire, foie gras, noix du P\u00e9rigord\u2026 La Dordogne est connue pour ses produits du terroir d\u2019exception, mondialement r\u00e9put\u00e9s. Pour go\u00fbter toutes les saveurs de la r\u00e9gion, une visite dans les march\u00e9s s\u2019impose ! En plus de son immense patrimoine historique et architectural, la Dordogne est aussi un territoire riche pour sa gastronomie. Parmi les [&hellip;]<\/p>\n","protected":false},"author":18,"featured_media":0,"parent":2807,"menu_order":0,"comment_status":"closed","ping_status":"closed","template":"template-twocolumns.php","meta":{"_acf_changed":false,"footnotes":""},"class_list":["post-2822","page","type-page","status-publish","hentry"],"acf":[],"yoast_head":"<!-- This site is optimized with the Yoast SEO plugin v27.1.1 - https:\/\/yoast.com\/product\/yoast-seo-wordpress\/ -->\n<title>Les march\u00e9s de Dordogne \u00e0 ne pas manquer -<\/title>\n<meta name=\"description\" content=\"D\u00e9couvrez les march\u00e9s incontournables \u00e0 visiter pendant votre s\u00e9jour en Dordogne, un d\u00e9partement r\u00e9put\u00e9 pour la qualit\u00e9 de ses produits du terroir.\" \/>\n<meta name=\"robots\" content=\"index, follow, max-snippet:-1, max-image-preview:large, max-video-preview:-1\" \/>\n<link rel=\"canonical\" href=\"https:\/\/www.campings.com\/fr\/content\/guide-vacances-dordogne\/marches-de-dordogne\/\" \/>\n<meta property=\"og:locale\" content=\"fr_FR\" \/>\n<meta property=\"og:type\" content=\"article\" \/>\n<meta property=\"og:title\" content=\"Les march\u00e9s de Dordogne \u00e0 ne pas manquer -\" \/>\n<meta property=\"og:description\" content=\"D\u00e9couvrez les march\u00e9s incontournables \u00e0 visiter pendant votre s\u00e9jour en Dordogne, un d\u00e9partement r\u00e9put\u00e9 pour la qualit\u00e9 de ses produits du terroir.\" \/>\n<meta property=\"og:url\" content=\"https:\/\/www.campings.com\/fr\/content\/guide-vacances-dordogne\/marches-de-dordogne\/\" \/>\n<meta name=\"twitter:card\" content=\"summary_large_image\" \/>\n<meta name=\"twitter:label1\" content=\"Dur\u00e9e de lecture estim\u00e9e\" \/>\n\t<meta name=\"twitter:data1\" content=\"5 minutes\" \/>\n<script type=\"application\/ld+json\" class=\"yoast-schema-graph\">{\"@context\":\"https:\/\/schema.org\",\"@graph\":[{\"@type\":\"WebPage\",\"@id\":\"https:\/\/www.campings.com\/fr\/content\/guide-vacances-dordogne\/marches-de-dordogne\/\",\"url\":\"https:\/\/www.campings.com\/fr\/content\/guide-vacances-dordogne\/marches-de-dordogne\/\",\"name\":\"Les march\u00e9s de Dordogne \u00e0 ne pas manquer -\",\"isPartOf\":{\"@id\":\"https:\/\/www.campings.com\/fr\/content\/#website\"},\"datePublished\":\"2021-06-22T17:40:32+00:00\",\"description\":\"D\u00e9couvrez les march\u00e9s incontournables \u00e0 visiter pendant votre s\u00e9jour en Dordogne, un d\u00e9partement r\u00e9put\u00e9 pour la qualit\u00e9 de ses produits du terroir.\",\"breadcrumb\":{\"@id\":\"https:\/\/www.campings.com\/fr\/content\/guide-vacances-dordogne\/marches-de-dordogne\/#breadcrumb\"},\"inLanguage\":\"fr-FR\",\"potentialAction\":[{\"@type\":\"ReadAction\",\"target\":[\"https:\/\/www.campings.com\/fr\/content\/guide-vacances-dordogne\/marches-de-dordogne\/\"]}]},{\"@type\":\"BreadcrumbList\",\"@id\":\"https:\/\/www.campings.com\/fr\/content\/guide-vacances-dordogne\/marches-de-dordogne\/#breadcrumb\",\"itemListElement\":[{\"@type\":\"ListItem\",\"position\":1,\"name\":\"Home\",\"item\":\"https:\/\/www.campings.com\/fr\/content\/\"},{\"@type\":\"ListItem\",\"position\":2,\"name\":\"Le guide pour vos vacances en Dordogne\",\"item\":\"https:\/\/www.campings.com\/fr\/content\/guide-vacances-dordogne\/\"},{\"@type\":\"ListItem\",\"position\":3,\"name\":\"Les march\u00e9s de Dordogne \u00e0 ne pas manquer\"}]},{\"@type\":\"WebSite\",\"@id\":\"https:\/\/www.campings.com\/fr\/content\/#website\",\"url\":\"https:\/\/www.campings.com\/fr\/content\/\",\"name\":\"\",\"description\":\"\",\"publisher\":{\"@id\":\"https:\/\/www.campings.com\/fr\/content\/#organization\"},\"potentialAction\":[{\"@type\":\"SearchAction\",\"target\":{\"@type\":\"EntryPoint\",\"urlTemplate\":\"https:\/\/www.campings.com\/fr\/content\/?s={search_term_string}\"},\"query-input\":{\"@type\":\"PropertyValueSpecification\",\"valueRequired\":true,\"valueName\":\"search_term_string\"}}],\"inLanguage\":\"fr-FR\"},{\"@type\":\"Organization\",\"@id\":\"https:\/\/www.campings.com\/fr\/content\/#organization\",\"name\":\"CAMPINGS.COM\",\"url\":\"https:\/\/www.campings.com\/fr\/content\/\",\"logo\":{\"@type\":\"ImageObject\",\"inLanguage\":\"fr-FR\",\"@id\":\"https:\/\/www.campings.com\/fr\/content\/#\/schema\/logo\/image\/\",\"url\":\"https:\/\/www.campings.com\/fr\/content\/wp-content\/uploads\/2019\/01\/cropped-logo-1.png\",\"contentUrl\":\"https:\/\/www.campings.com\/fr\/content\/wp-content\/uploads\/2019\/01\/cropped-logo-1.png\",\"width\":174,\"height\":42,\"caption\":\"CAMPINGS.COM\"},\"image\":{\"@id\":\"https:\/\/www.campings.com\/fr\/content\/#\/schema\/logo\/image\/\"}}]}<\/script>\n<!-- \/ Yoast SEO plugin. -->","yoast_head_json":{"title":"Les march\u00e9s de Dordogne \u00e0 ne pas manquer -","description":"D\u00e9couvrez les march\u00e9s incontournables \u00e0 visiter pendant votre s\u00e9jour en Dordogne, un d\u00e9partement r\u00e9put\u00e9 pour la qualit\u00e9 de ses produits du terroir.","robots":{"index":"index","follow":"follow","max-snippet":"max-snippet:-1","max-image-preview":"max-image-preview:large","max-video-preview":"max-video-preview:-1"},"canonical":"https:\/\/www.campings.com\/fr\/content\/guide-vacances-dordogne\/marches-de-dordogne\/","og_locale":"fr_FR","og_type":"article","og_title":"Les march\u00e9s de Dordogne \u00e0 ne pas manquer -","og_description":"D\u00e9couvrez les march\u00e9s incontournables \u00e0 visiter pendant votre s\u00e9jour en Dordogne, un d\u00e9partement r\u00e9put\u00e9 pour la qualit\u00e9 de ses produits du terroir.","og_url":"https:\/\/www.campings.com\/fr\/content\/guide-vacances-dordogne\/marches-de-dordogne\/","twitter_card":"summary_large_image","twitter_misc":{"Dur\u00e9e de lecture estim\u00e9e":"5 minutes"},"schema":{"@context":"https:\/\/schema.org","@graph":[{"@type":"WebPage","@id":"https:\/\/www.campings.com\/fr\/content\/guide-vacances-dordogne\/marches-de-dordogne\/","url":"https:\/\/www.campings.com\/fr\/content\/guide-vacances-dordogne\/marches-de-dordogne\/","name":"Les march\u00e9s de Dordogne \u00e0 ne pas manquer -","isPartOf":{"@id":"https:\/\/www.campings.com\/fr\/content\/#website"},"datePublished":"2021-06-22T17:40:32+00:00","description":"D\u00e9couvrez les march\u00e9s incontournables \u00e0 visiter pendant votre s\u00e9jour en Dordogne, un d\u00e9partement r\u00e9put\u00e9 pour la qualit\u00e9 de ses produits du terroir.","breadcrumb":{"@id":"https:\/\/www.campings.com\/fr\/content\/guide-vacances-dordogne\/marches-de-dordogne\/#breadcrumb"},"inLanguage":"fr-FR","potentialAction":[{"@type":"ReadAction","target":["https:\/\/www.campings.com\/fr\/content\/guide-vacances-dordogne\/marches-de-dordogne\/"]}]},{"@type":"BreadcrumbList","@id":"https:\/\/www.campings.com\/fr\/content\/guide-vacances-dordogne\/marches-de-dordogne\/#breadcrumb","itemListElement":[{"@type":"ListItem","position":1,"name":"Home","item":"https:\/\/www.campings.com\/fr\/content\/"},{"@type":"ListItem","position":2,"name":"Le guide pour vos vacances en Dordogne","item":"https:\/\/www.campings.com\/fr\/content\/guide-vacances-dordogne\/"},{"@type":"ListItem","position":3,"name":"Les march\u00e9s de Dordogne \u00e0 ne pas manquer"}]},{"@type":"WebSite","@id":"https:\/\/www.campings.com\/fr\/content\/#website","url":"https:\/\/www.campings.com\/fr\/content\/","name":"","description":"","publisher":{"@id":"https:\/\/www.campings.com\/fr\/content\/#organization"},"potentialAction":[{"@type":"SearchAction","target":{"@type":"EntryPoint","urlTemplate":"https:\/\/www.campings.com\/fr\/content\/?s={search_term_string}"},"query-input":{"@type":"PropertyValueSpecification","valueRequired":true,"valueName":"search_term_string"}}],"inLanguage":"fr-FR"},{"@type":"Organization","@id":"https:\/\/www.campings.com\/fr\/content\/#organization","name":"CAMPINGS.COM","url":"https:\/\/www.campings.com\/fr\/content\/","logo":{"@type":"ImageObject","inLanguage":"fr-FR","@id":"https:\/\/www.campings.com\/fr\/content\/#\/schema\/logo\/image\/","url":"https:\/\/www.campings.com\/fr\/content\/wp-content\/uploads\/2019\/01\/cropped-logo-1.png","contentUrl":"https:\/\/www.campings.com\/fr\/content\/wp-content\/uploads\/2019\/01\/cropped-logo-1.png","width":174,"height":42,"caption":"CAMPINGS.COM"},"image":{"@id":"https:\/\/www.campings.com\/fr\/content\/#\/schema\/logo\/image\/"}}]}},"_links":{"self":[{"href":"https:\/\/www.campings.com\/fr\/content\/wp-json\/wp\/v2\/pages\/2822","targetHints":{"allow":["GET"]}}],"collection":[{"href":"https:\/\/www.campings.com\/fr\/content\/wp-json\/wp\/v2\/pages"}],"about":[{"href":"https:\/\/www.campings.com\/fr\/content\/wp-json\/wp\/v2\/types\/page"}],"author":[{"embeddable":true,"href":"https:\/\/www.campings.com\/fr\/content\/wp-json\/wp\/v2\/users\/18"}],"replies":[{"embeddable":true,"href":"https:\/\/www.campings.com\/fr\/content\/wp-json\/wp\/v2\/comments?post=2822"}],"version-history":[{"count":1,"href":"https:\/\/www.campings.com\/fr\/content\/wp-json\/wp\/v2\/pages\/2822\/revisions"}],"predecessor-version":[{"id":2826,"href":"https:\/\/www.campings.com\/fr\/content\/wp-json\/wp\/v2\/pages\/2822\/revisions\/2826"}],"up":[{"embeddable":true,"href":"https:\/\/www.campings.com\/fr\/content\/wp-json\/wp\/v2\/pages\/2807"}],"wp:attachment":[{"href":"https:\/\/www.campings.com\/fr\/content\/wp-json\/wp\/v2\/media?parent=2822"}],"curies":[{"name":"wp","href":"https:\/\/api.w.org\/{rel}","templated":true}]}}