{"id":2807,"date":"2021-06-22T17:13:14","date_gmt":"2021-06-22T17:13:14","guid":{"rendered":"https:\/\/www.campings.com\/fr\/content\/?page_id=2807"},"modified":"2021-06-25T14:03:28","modified_gmt":"2021-06-25T14:03:28","slug":"guide-vacances-dordogne","status":"publish","type":"page","link":"https:\/\/www.campings.com\/fr\/content\/guide-vacances-dordogne\/","title":{"rendered":"Le guide pour vos vacances en Dordogne"},"content":{"rendered":"<p>Envie de vacances d\u00e9paysantes sans partir au bout du monde ? Et si vous posiez vos valises en Dordogne ? En plus de d\u00e9couvrir des endroits spectaculaires, vous pourrez go\u00fbter aux nombreuses sp\u00e9cialit\u00e9s locales comme le foie gras, c\u00e8pes\u2026 D\u00e9couvrez les meilleures destinations \u00e0 d\u00e9couvrir en Dordogne !<\/p>\n<p>Situ\u00e9e dans le sud-ouest de la France, la\u00a0<a href=\"https:\/\/www.campings.com\/fr\/france\/aquitaine\/dordogne\">Dordogne<\/a>\u00a0est une destination de r\u00eave pour les passionn\u00e9s d\u2019histoire et de nature. En plus de son patrimoine pr\u00e9historique, elle se distingue par sa gastronomie riche et vari\u00e9e. Un endroit id\u00e9al pour des vacances en famille ! Entre baignades, visites dans les grottes et randonn\u00e9es, vous aurez l\u2019embarras du choix !<\/p>\n<h2><strong>O\u00f9 aller en Dordogne en famille\u00a0? \u00a0<\/strong><\/h2>\n<h3><strong>Les lieux de baignade en r\u00e9gion Dordogne pendant vos vacances dans le P\u00e9rigord\u00a0<\/strong><\/h3>\n<p>Destination nature par excellence, la Dordogne, en Nouvelle-Aquitaine, propose de <a href=\"https:\/\/www.campings.com\/fr\/content\/guide-vacances-dordogne\/ou-se-baigner-en-dordogne\/\"><u>nombreux lieux o\u00f9 se baigner<\/u><\/a>\u00a0:<\/p>\n<ul>\n<li>Plage de Beaulieu-sur-Dordogne ;<\/li>\n<li>Plage de Souillac ;<\/li>\n<li>Plage de Gluges : situ\u00e9e au pied d\u2019une immense falaise,\u00e0 Montvalent ;<\/li>\n<li>Plage de Creysse : \u00e0 proximit\u00e9 du village de Martel ;<\/li>\n<li>Plage de Vitrac ;<\/li>\n<li>Lac de Pombonne : situ\u00e9 en plein c\u0153ur d\u2019un parc public naturel de 55 Ha ;<\/li>\n<li>Lac de Tamni\u00e8s : situ\u00e9 au c\u0153ur du P\u00e9rigord noir ;<\/li>\n<li>Le lac de Gurson en Dordogne ;<\/li>\n<li>Le plan d\u2019eau du Coiroux \u00e0 Aubazines ;<\/li>\n<li>Le plan d\u2019eau du Mas de la Croix (Tauriac) : situ\u00e9 entre Carennac et Bretenoux ;<\/li>\n<\/ul>\n<h3><strong>Partir visiter les plus beaux ch\u00e2teaux <\/strong><\/h3>\n<p>Lors de votre s\u00e9jour en Dordogne, vous aurez l\u2019occasion de d\u00e9couvrir <a href=\"https:\/\/www.campings.com\/fr\/content\/guide-vacances-dordogne\/chateaux-perigord\/\"><u>les magnifiques ch\u00e2teaux<\/u><\/a>\u00a0suivants :<\/p>\n<ul>\n<li>Ch\u00e2teau de Castelnaud-la-Chapelle : situ\u00e9 au c\u0153ur du d\u00e9partement de la Dordogne, plus pr\u00e9cis\u00e9ment dans le P\u00e9rigord Noir.<\/li>\n<li>Ch\u00e2teau de Jumilhac : situ\u00e9 au nord-est du d\u00e9partement de la Dordogne.<\/li>\n<li>Ch\u00e2teau Puyguilhem : situ\u00e9 dans le P\u00e9rigord vert, pr\u00e8s de la grotte de Villars.<\/li>\n<li>Ch\u00e2teau de Hautefort : situ\u00e9 en Dordogne, dans la commune de Hautefort.<\/li>\n<li>Ch\u00e2teau de Biron : situ\u00e9 sur la commune de Biron, en r\u00e9gion Nouvelle-Aquitaine.<\/li>\n<li>Ch\u00e2teau de Montaigne : situ\u00e9 en Dordogne, dans le village de Saint-Michel-de-Montaigne.<\/li>\n<li>Ch\u00e2teau de Milandes : situ\u00e9 en Dordogne, dans la commune de Castelnaud-la-Chapelle.<\/li>\n<li>Ch\u00e2teau de Beynac : ce ch\u00e2teau est situ\u00e9 au sommet d\u2019une falaise vertigineuse \u00e0 Beynac-et-Cazenac.<\/li>\n<li>Ch\u00e2teau de Bourdeilles : situ\u00e9 dans la commune de Bourdeilles en Dordogne.<\/li>\n<li>Ch\u00e2teau de Montr\u00e9al : ce ch\u00e2teau est situ\u00e9 \u00e0 7 km de Mussidan.<\/li>\n<\/ul>\n<p><img loading=\"lazy\" decoding=\"async\" class=\"alignnone size-full wp-image-2844\" src=\"https:\/\/www.campings.com\/fr\/content\/wp-content\/uploads\/2021\/06\/chateau.jpg\" alt=\"\" width=\"1000\" height=\"665\" \/><\/p>\n<h3><strong>Les grottes pr\u00e9historiques \u00e0 visiter\u00a0<\/strong><\/h3>\n<p>Si vous passez vos vacances en Dordogne, ne manquez pas de visiter <a href=\"https:\/\/www.campings.com\/fr\/content\/guide-vacances-dordogne\/gouffres-et-grottes-dordogne\/\"><u>les grottes pr\u00e9historiques<\/u><\/a>\u00a0de la r\u00e9gion :<\/p>\n<ul>\n<li>La Grotte de Lascaux, \u00e0 Montignac-Lascaux, est l\u2019une des plus importantes grottes pr\u00e9historiques orn\u00e9es du pal\u00e9olithique.<\/li>\n<li>La Grotte des Merveilles \u00e0 Rocamadour est situ\u00e9e dans la vall\u00e9e de la Dordogne. Orn\u00e9 de nombreuses peintures rupestres, ce site pr\u00e9historique et g\u00e9ologique contribue \u00e0 la richesse du patrimoine en vall\u00e9e de la Dordogne.<\/li>\n<li>Le Gouffre de Padirac, 1er site souterrain de France est situ\u00e9 \u00e0 11 km \u00e0 vol d\u2019oiseau de Rocamadour.<\/li>\n<li>Les Grottes de Lacave sont situ\u00e9es dans la commune \u00e9ponyme, pr\u00e8s de la vall\u00e9e de la Dordogne. Elles abritent de v\u00e9ritables tr\u00e9sors naturels \u00e0 d\u00e9couvrir.<\/li>\n<li>Le Gouffre de Proumeyssac est situ\u00e9 dans la commune d\u2019Audrix, dans le d\u00e9partement de la Dordogne. Vous y trouverez des stalactites, des stalagmites et des monolithes.<\/li>\n<li>La Grotte des Combarelles est situ\u00e9e \u00e0 Eyzies-de-Tayac en Dordogne. Elle est orn\u00e9e de gravures de la faune du Quaternaire et de peintures rupestres.<\/li>\n<li>La Grotte de Tourtoirac se trouve dans le nord-est du d\u00e9partement, \u00e0 Tourtoirac. N\u2019h\u00e9sitez pas \u00e0 visiter cette grotte pour vous immerger dans un spectacle d\u2019ombres et de lumi\u00e8res.<\/li>\n<li>La Dordogne compte aussi de nombreux sites troglodytes \u00e0 La Roque Saint-Christophe, Le Conquil\u2026<\/li>\n<\/ul>\n<h3><strong>Les autres lieux \u00e0 visiter en famille<\/strong><\/h3>\n<p>Pendant votre s\u00e9jour en Dordogne, vous pouvez visiter en famille les nombreux sites touristiques suivants :<\/p>\n<ul>\n<li>Le zoo de Mescoules ;<\/li>\n<li>La r\u00e9serve zoologique de Calviac ;<\/li>\n<li>L\u2019aquarium du P\u00e9rigord noir ;<\/li>\n<li>Le Parc Sauvage.<\/li>\n<\/ul>\n<h2><strong>Les activit\u00e9s culturelles et sportives\u00a0<\/strong><\/h2>\n<p>Un s\u00e9jour en Dordogne, c\u2019est aussi l\u2019occasion de pratiquer de nombreuses activit\u00e9s culturelles et sportives.<\/p>\n<h3><strong>Activit\u00e9s sportives et loisirs\u00a0<\/strong><\/h3>\n<p>En Dordogne, vous pouvez pratiquer la randonn\u00e9e \u00e0 pied ou \u00e0 v\u00e9lo, le cano\u00eb\u2026<\/p>\n<h4><strong>Randonn\u00e9es ou balades<\/strong><\/h4>\n<p>La topographie de la Dordogne se pr\u00eate particuli\u00e8rement aux <a href=\"https:\/\/www.campings.com\/fr\/content\/guide-vacances-dordogne\/randonnee-en-dordogne\/\"><u>randonn\u00e9es et aux balades<\/u><\/a>.<\/p>\n<p>Si vous envisagez de faire de la randonn\u00e9e, voici quelques itin\u00e9raires \u00e0 parcourir \u00e0 pied ou \u00e0 v\u00e9lo.<\/p>\n<p>&#8211; La boucle des p\u00e8lerins (Cadouin) :<\/p>\n<p>Point GPS de d\u00e9part : N44.81185 E0.87314<\/p>\n<p>Niveau de difficult\u00e9 : facile<\/p>\n<p>&#8211; Le sentier de l\u2019or (Jumilhac) :<\/p>\n<p>Point GPS de d\u00e9part : 45\u00b029 35N 1\u00b03 40.85E.<\/p>\n<p>Niveau de difficult\u00e9 : moyen<\/p>\n<p><img loading=\"lazy\" decoding=\"async\" class=\"alignnone size-full wp-image-2845\" src=\"https:\/\/www.campings.com\/fr\/content\/wp-content\/uploads\/2021\/06\/Guide-rando.jpg\" alt=\"\" width=\"1000\" height=\"665\" \/><\/p>\n<p><strong>&#8211;\u00a0\u00a0<\/strong>Le sentier de la r\u00e9sistance (Bassillac) :<\/p>\n<p><strong>Point GPS de d\u00e9part :<\/strong>\u00a045\u00b011\u201929.8\u2019\u2019 N 0\u00b048\u201948.2\u2019\u2019 E<\/p>\n<p>Niveau de difficult\u00e9 : facile<\/p>\n<p>&#8211; Autour de l\u2019\u00e9poque antique (P\u00e9rigueux) :<\/p>\n<p><strong>Point GPS de d\u00e9part\u00a0<\/strong>: 45.18281N 0.71928E<\/p>\n<p>Niveau de difficult\u00e9 : facile<\/p>\n<p>&#8211; Le chemin de Merle (Cladech) :<\/p>\n<p><strong>Point GPS de d\u00e9part\u00a0<\/strong>: N44.80388 E1.08589<\/p>\n<p>Niveau de difficult\u00e9 : facile<\/p>\n<p>&#8211; La boucle de la Peyre Dermale (Paussac) :<\/p>\n<p><strong>Point GPS de d\u00e9part\u00a0<\/strong>: N45.34836 E.0005396<\/p>\n<p>Niveau de difficult\u00e9 : facile<\/p>\n<p><strong>&#8211;\u00a0\u00a0<\/strong>Chemin de meunier (V\u00e9zac) :<\/p>\n<p><strong>Point GPS de d\u00e9part\u00a0<\/strong>: derri\u00e8re la mairie 44.834054 \/ 1.164419<\/p>\n<p>Niveau de difficult\u00e9 : facile.<\/p>\n<h4><strong>Faire du cano\u00e9 en Dordogne<\/strong><\/h4>\n<p>Voici quelques lieux en Dordogne o\u00f9 vous pouvez pratiquer <a href=\"https:\/\/www.campings.com\/fr\/content\/guide-vacances-dordogne\/meilleurs-endroits-canoe-dordogne\/\"><u>le cano\u00eb<\/u><\/a>\u00a0:<\/p>\n<ul>\n<li>La V\u00e9z\u00e8re ;<\/li>\n<li>L\u2019Auv\u00e9z\u00e8re ;<\/li>\n<li>L\u2019Isle ;<\/li>\n<li>La Dronne.<\/li>\n<\/ul>\n<p><img loading=\"lazy\" decoding=\"async\" class=\"alignnone size-full wp-image-2809\" src=\"https:\/\/www.campings.com\/fr\/content\/wp-content\/uploads\/2021\/06\/cano\u00e9-Copyright-Marco_Polo-CRTNA-Canoe_en_famille_sur_la_Dordogne-784-800px.jpg\" alt=\"\" width=\"800\" height=\"508\" \/><\/p>\n<h4><strong>Les autres activit\u00e9s sportives \u00e0 pratiquer pendant vos vacances en Dordogne<\/strong><\/h4>\n<p>En Dordogne, vous pouvez pratiquer plusieurs activit\u00e9s sportives comme :<\/p>\n<ul>\n<li>La p\u00eache ;<\/li>\n<li>La sp\u00e9l\u00e9ologie ;<\/li>\n<li>L\u2019accrobranche ;<\/li>\n<li>L\u2019\u00e9quitation.<\/li>\n<\/ul>\n<h3><strong>Les activit\u00e9s culturelles \u00e0 faire pendant votre s\u00e9jour\u00a0<\/strong><\/h3>\n<p>Ne manquez pas de visiter les nombreux mus\u00e9es de Dordogne !<\/p>\n<ul>\n<li>Mus\u00e9e National de la pr\u00e9histoire \u00e0 Les Eyzies-de-Tayac ;<\/li>\n<li>Mus\u00e9e Napol\u00e9on \u00e0 Cendrieux ;<\/li>\n<li>Mus\u00e9e d\u2019Histoire de la M\u00e9decine ;<\/li>\n<li>Mus\u00e9e militaire du P\u00e9rigord ;<\/li>\n<li>Mus\u00e9e gallo-romain de <a href=\"https:\/\/www.campings.com\/fr\/content\/guide-vacances-dordogne\/les-activites-a-faire-et-lieux-a-visiter-a-perigueux\/\"><u>P\u00e9rigueux<\/u><\/a>.<\/li>\n<\/ul>\n<h2><strong>Les sp\u00e9cialit\u00e9s culinaires de Dordogne\u00a0<\/strong><\/h2>\n<p>R\u00e9put\u00e9e pour ses produits d\u2019exception, la\u00a0<a href=\"https:\/\/www.campings.com\/fr\/france\/aquitaine\/dordogne\">Dordogne<\/a>\u00a0offre un terroir d\u2019une richesse incomparable :<\/p>\n<ul>\n<li>Truffe noire du P\u00e9rigord<\/li>\n<li>Foie gras (canard, oie)<\/li>\n<li>Canard et oie<\/li>\n<li>Noix du P\u00e9rigord<\/li>\n<li>Le Cab\u00e9cou (fromage)<\/li>\n<li>Les vins de <a href=\"https:\/\/www.campings.com\/fr\/content\/guide-vacances-dordogne\/activites-lieux-bergerac\/\"><u>Bergerac<\/u><\/a><\/li>\n<\/ul>\n<h2><strong>S\u00e9lection des campings situ\u00e9s \u00e0 proximit\u00e9 des lieux touristiques de la Dordogne\u00a0<\/strong><\/h2>\n<p>Pour profiter au maximum de votre s\u00e9jour en\u00a0<a href=\"https:\/\/www.campings.com\/fr\/france\/Dordogne\">Dordogne<\/a>, optez pour <a href=\"https:\/\/www.campings.com\/fr\/content\/guide-vacances-dordogne\/campings-en-dordogne\/\"><u>le camping<\/u><\/a>\u00a0! Sur campings.com, d\u00e9couvrez notre s\u00e9lection de campings avec parc aquatique.<\/p>\n<h3>Camping La Linotte, pas loin de Sarlat<\/h3>\n<p>Au creux de la Nouvelle-Aquitaine, le Camping La Linotte est parfait pour un s\u00e9jour en famille ou entre amis en Dordogne.<\/p>\n<p><a href=\"https:\/\/www.campings.com\/fr\/camping\/camping-la-linotte-77562\">Plus d\u2019infos sur le camping La Linotte<\/a><\/p>\n<h3>Camping Le Ceou de Saint-Cybranet, avec une piscine ext\u00e9rieure<\/h3>\n<p>En plein c\u0153ur de la r\u00e9gion Nouvelle-Aquitaine, le Camping Le Ceou de Saint-Cybranet convient parfaitement pour un s\u00e9jour en famille. Vous avez la possibilit\u00e9 de vous baigner dans une piscine ext\u00e9rieure chauff\u00e9e, accessible tout l\u2019\u00e9t\u00e9.<\/p>\n<p><a href=\"https:\/\/www.campings.com\/fr\/camping\/camping-le-ceou-78215\">Plus d\u2019infos sur le camping Le Ceou de Saint-Cybranet<\/a><\/p>\n<h3>Camping Les B\u00f6-Bains<\/h3>\n<p>Bas\u00e9 \u00e0 Badefols-sur-Dordogne en Dordogne, le Camping Les B\u00f6-Bains vous promet un s\u00e9jour m\u00e9morable. Pour la baignade vous avez le choix ! Vous pourrez vous baigner dans une piscine ext\u00e9rieure chauff\u00e9e ou opter pour celle non chauff\u00e9e.<\/p>\n<p><a href=\"https:\/\/www.campings.com\/fr\/camping\/camping-les-bo-bains-76668\">Plus d\u2019infos sur le camping Les B\u00f6-Bains<\/a><\/p>\n","protected":false},"excerpt":{"rendered":"<p>Envie de vacances d\u00e9paysantes sans partir au bout du monde ? Et si vous posiez vos valises en Dordogne ? En plus de d\u00e9couvrir des endroits spectaculaires, vous pourrez go\u00fbter aux nombreuses sp\u00e9cialit\u00e9s locales comme le foie gras, c\u00e8pes\u2026 D\u00e9couvrez les meilleures destinations \u00e0 d\u00e9couvrir en Dordogne ! Situ\u00e9e dans le sud-ouest de la France, [&hellip;]<\/p>\n","protected":false},"author":18,"featured_media":0,"parent":0,"menu_order":0,"comment_status":"closed","ping_status":"closed","template":"template-twocolumns.php","meta":{"_acf_changed":false,"footnotes":""},"class_list":["post-2807","page","type-page","status-publish","hentry"],"acf":[],"yoast_head":"<!-- This site is optimized with the Yoast SEO plugin v27.1.1 - https:\/\/yoast.com\/product\/yoast-seo-wordpress\/ -->\n<title>Le guide pour vos vacances en Dordogne -<\/title>\n<meta name=\"description\" content=\"D\u00e9couvrez les plus beaux endroits \u00e0 visiter en Dordogne, une destination nature qui regorge de lieux spectaculaires, tr\u00e8s pris\u00e9e pendant les vacances.\" \/>\n<meta name=\"robots\" content=\"index, follow, max-snippet:-1, max-image-preview:large, max-video-preview:-1\" \/>\n<link rel=\"canonical\" href=\"https:\/\/www.campings.com\/fr\/content\/guide-vacances-dordogne\/\" \/>\n<meta property=\"og:locale\" content=\"fr_FR\" \/>\n<meta property=\"og:type\" content=\"article\" \/>\n<meta property=\"og:title\" content=\"Le guide pour vos vacances en Dordogne -\" \/>\n<meta property=\"og:description\" content=\"D\u00e9couvrez les plus beaux endroits \u00e0 visiter en Dordogne, une destination nature qui regorge de lieux spectaculaires, tr\u00e8s pris\u00e9e pendant les vacances.\" \/>\n<meta property=\"og:url\" content=\"https:\/\/www.campings.com\/fr\/content\/guide-vacances-dordogne\/\" \/>\n<meta property=\"article:modified_time\" content=\"2021-06-25T14:03:28+00:00\" \/>\n<meta property=\"og:image\" content=\"https:\/\/www.campings.com\/fr\/content\/wp-content\/uploads\/2021\/06\/chateau.jpg\" \/>\n\t<meta property=\"og:image:width\" content=\"1000\" \/>\n\t<meta property=\"og:image:height\" content=\"665\" \/>\n\t<meta property=\"og:image:type\" content=\"image\/jpeg\" \/>\n<meta name=\"twitter:card\" content=\"summary_large_image\" \/>\n<meta name=\"twitter:label1\" content=\"Dur\u00e9e de lecture estim\u00e9e\" \/>\n\t<meta name=\"twitter:data1\" content=\"6 minutes\" \/>\n<script type=\"application\/ld+json\" class=\"yoast-schema-graph\">{\"@context\":\"https:\/\/schema.org\",\"@graph\":[{\"@type\":\"WebPage\",\"@id\":\"https:\/\/www.campings.com\/fr\/content\/guide-vacances-dordogne\/\",\"url\":\"https:\/\/www.campings.com\/fr\/content\/guide-vacances-dordogne\/\",\"name\":\"Le guide pour vos vacances en Dordogne -\",\"isPartOf\":{\"@id\":\"https:\/\/www.campings.com\/fr\/content\/#website\"},\"primaryImageOfPage\":{\"@id\":\"https:\/\/www.campings.com\/fr\/content\/guide-vacances-dordogne\/#primaryimage\"},\"image\":{\"@id\":\"https:\/\/www.campings.com\/fr\/content\/guide-vacances-dordogne\/#primaryimage\"},\"thumbnailUrl\":\"https:\/\/www.campings.com\/fr\/content\/wp-content\/uploads\/2021\/06\/chateau.jpg\",\"datePublished\":\"2021-06-22T17:13:14+00:00\",\"dateModified\":\"2021-06-25T14:03:28+00:00\",\"description\":\"D\u00e9couvrez les plus beaux endroits \u00e0 visiter en Dordogne, une destination nature qui regorge de lieux spectaculaires, tr\u00e8s pris\u00e9e pendant les vacances.\",\"breadcrumb\":{\"@id\":\"https:\/\/www.campings.com\/fr\/content\/guide-vacances-dordogne\/#breadcrumb\"},\"inLanguage\":\"fr-FR\",\"potentialAction\":[{\"@type\":\"ReadAction\",\"target\":[\"https:\/\/www.campings.com\/fr\/content\/guide-vacances-dordogne\/\"]}]},{\"@type\":\"ImageObject\",\"inLanguage\":\"fr-FR\",\"@id\":\"https:\/\/www.campings.com\/fr\/content\/guide-vacances-dordogne\/#primaryimage\",\"url\":\"https:\/\/www.campings.com\/fr\/content\/wp-content\/uploads\/2021\/06\/chateau.jpg\",\"contentUrl\":\"https:\/\/www.campings.com\/fr\/content\/wp-content\/uploads\/2021\/06\/chateau.jpg\",\"width\":1000,\"height\":665},{\"@type\":\"BreadcrumbList\",\"@id\":\"https:\/\/www.campings.com\/fr\/content\/guide-vacances-dordogne\/#breadcrumb\",\"itemListElement\":[{\"@type\":\"ListItem\",\"position\":1,\"name\":\"Home\",\"item\":\"https:\/\/www.campings.com\/fr\/content\/\"},{\"@type\":\"ListItem\",\"position\":2,\"name\":\"Le guide pour vos vacances en Dordogne\"}]},{\"@type\":\"WebSite\",\"@id\":\"https:\/\/www.campings.com\/fr\/content\/#website\",\"url\":\"https:\/\/www.campings.com\/fr\/content\/\",\"name\":\"\",\"description\":\"\",\"publisher\":{\"@id\":\"https:\/\/www.campings.com\/fr\/content\/#organization\"},\"potentialAction\":[{\"@type\":\"SearchAction\",\"target\":{\"@type\":\"EntryPoint\",\"urlTemplate\":\"https:\/\/www.campings.com\/fr\/content\/?s={search_term_string}\"},\"query-input\":{\"@type\":\"PropertyValueSpecification\",\"valueRequired\":true,\"valueName\":\"search_term_string\"}}],\"inLanguage\":\"fr-FR\"},{\"@type\":\"Organization\",\"@id\":\"https:\/\/www.campings.com\/fr\/content\/#organization\",\"name\":\"CAMPINGS.COM\",\"url\":\"https:\/\/www.campings.com\/fr\/content\/\",\"logo\":{\"@type\":\"ImageObject\",\"inLanguage\":\"fr-FR\",\"@id\":\"https:\/\/www.campings.com\/fr\/content\/#\/schema\/logo\/image\/\",\"url\":\"https:\/\/www.campings.com\/fr\/content\/wp-content\/uploads\/2019\/01\/cropped-logo-1.png\",\"contentUrl\":\"https:\/\/www.campings.com\/fr\/content\/wp-content\/uploads\/2019\/01\/cropped-logo-1.png\",\"width\":174,\"height\":42,\"caption\":\"CAMPINGS.COM\"},\"image\":{\"@id\":\"https:\/\/www.campings.com\/fr\/content\/#\/schema\/logo\/image\/\"}}]}<\/script>\n<!-- \/ Yoast SEO plugin. -->","yoast_head_json":{"title":"Le guide pour vos vacances en Dordogne -","description":"D\u00e9couvrez les plus beaux endroits \u00e0 visiter en Dordogne, une destination nature qui regorge de lieux spectaculaires, tr\u00e8s pris\u00e9e pendant les vacances.","robots":{"index":"index","follow":"follow","max-snippet":"max-snippet:-1","max-image-preview":"max-image-preview:large","max-video-preview":"max-video-preview:-1"},"canonical":"https:\/\/www.campings.com\/fr\/content\/guide-vacances-dordogne\/","og_locale":"fr_FR","og_type":"article","og_title":"Le guide pour vos vacances en Dordogne -","og_description":"D\u00e9couvrez les plus beaux endroits \u00e0 visiter en Dordogne, une destination nature qui regorge de lieux spectaculaires, tr\u00e8s pris\u00e9e pendant les vacances.","og_url":"https:\/\/www.campings.com\/fr\/content\/guide-vacances-dordogne\/","article_modified_time":"2021-06-25T14:03:28+00:00","og_image":[{"width":1000,"height":665,"url":"https:\/\/www.campings.com\/fr\/content\/wp-content\/uploads\/2021\/06\/chateau.jpg","type":"image\/jpeg"}],"twitter_card":"summary_large_image","twitter_misc":{"Dur\u00e9e de lecture estim\u00e9e":"6 minutes"},"schema":{"@context":"https:\/\/schema.org","@graph":[{"@type":"WebPage","@id":"https:\/\/www.campings.com\/fr\/content\/guide-vacances-dordogne\/","url":"https:\/\/www.campings.com\/fr\/content\/guide-vacances-dordogne\/","name":"Le guide pour vos vacances en Dordogne -","isPartOf":{"@id":"https:\/\/www.campings.com\/fr\/content\/#website"},"primaryImageOfPage":{"@id":"https:\/\/www.campings.com\/fr\/content\/guide-vacances-dordogne\/#primaryimage"},"image":{"@id":"https:\/\/www.campings.com\/fr\/content\/guide-vacances-dordogne\/#primaryimage"},"thumbnailUrl":"https:\/\/www.campings.com\/fr\/content\/wp-content\/uploads\/2021\/06\/chateau.jpg","datePublished":"2021-06-22T17:13:14+00:00","dateModified":"2021-06-25T14:03:28+00:00","description":"D\u00e9couvrez les plus beaux endroits \u00e0 visiter en Dordogne, une destination nature qui regorge de lieux spectaculaires, tr\u00e8s pris\u00e9e pendant les vacances.","breadcrumb":{"@id":"https:\/\/www.campings.com\/fr\/content\/guide-vacances-dordogne\/#breadcrumb"},"inLanguage":"fr-FR","potentialAction":[{"@type":"ReadAction","target":["https:\/\/www.campings.com\/fr\/content\/guide-vacances-dordogne\/"]}]},{"@type":"ImageObject","inLanguage":"fr-FR","@id":"https:\/\/www.campings.com\/fr\/content\/guide-vacances-dordogne\/#primaryimage","url":"https:\/\/www.campings.com\/fr\/content\/wp-content\/uploads\/2021\/06\/chateau.jpg","contentUrl":"https:\/\/www.campings.com\/fr\/content\/wp-content\/uploads\/2021\/06\/chateau.jpg","width":1000,"height":665},{"@type":"BreadcrumbList","@id":"https:\/\/www.campings.com\/fr\/content\/guide-vacances-dordogne\/#breadcrumb","itemListElement":[{"@type":"ListItem","position":1,"name":"Home","item":"https:\/\/www.campings.com\/fr\/content\/"},{"@type":"ListItem","position":2,"name":"Le guide pour vos vacances en Dordogne"}]},{"@type":"WebSite","@id":"https:\/\/www.campings.com\/fr\/content\/#website","url":"https:\/\/www.campings.com\/fr\/content\/","name":"","description":"","publisher":{"@id":"https:\/\/www.campings.com\/fr\/content\/#organization"},"potentialAction":[{"@type":"SearchAction","target":{"@type":"EntryPoint","urlTemplate":"https:\/\/www.campings.com\/fr\/content\/?s={search_term_string}"},"query-input":{"@type":"PropertyValueSpecification","valueRequired":true,"valueName":"search_term_string"}}],"inLanguage":"fr-FR"},{"@type":"Organization","@id":"https:\/\/www.campings.com\/fr\/content\/#organization","name":"CAMPINGS.COM","url":"https:\/\/www.campings.com\/fr\/content\/","logo":{"@type":"ImageObject","inLanguage":"fr-FR","@id":"https:\/\/www.campings.com\/fr\/content\/#\/schema\/logo\/image\/","url":"https:\/\/www.campings.com\/fr\/content\/wp-content\/uploads\/2019\/01\/cropped-logo-1.png","contentUrl":"https:\/\/www.campings.com\/fr\/content\/wp-content\/uploads\/2019\/01\/cropped-logo-1.png","width":174,"height":42,"caption":"CAMPINGS.COM"},"image":{"@id":"https:\/\/www.campings.com\/fr\/content\/#\/schema\/logo\/image\/"}}]}},"_links":{"self":[{"href":"https:\/\/www.campings.com\/fr\/content\/wp-json\/wp\/v2\/pages\/2807","targetHints":{"allow":["GET"]}}],"collection":[{"href":"https:\/\/www.campings.com\/fr\/content\/wp-json\/wp\/v2\/pages"}],"about":[{"href":"https:\/\/www.campings.com\/fr\/content\/wp-json\/wp\/v2\/types\/page"}],"author":[{"embeddable":true,"href":"https:\/\/www.campings.com\/fr\/content\/wp-json\/wp\/v2\/users\/18"}],"replies":[{"embeddable":true,"href":"https:\/\/www.campings.com\/fr\/content\/wp-json\/wp\/v2\/comments?post=2807"}],"version-history":[{"count":6,"href":"https:\/\/www.campings.com\/fr\/content\/wp-json\/wp\/v2\/pages\/2807\/revisions"}],"predecessor-version":[{"id":2870,"href":"https:\/\/www.campings.com\/fr\/content\/wp-json\/wp\/v2\/pages\/2807\/revisions\/2870"}],"wp:attachment":[{"href":"https:\/\/www.campings.com\/fr\/content\/wp-json\/wp\/v2\/media?parent=2807"}],"curies":[{"name":"wp","href":"https:\/\/api.w.org\/{rel}","templated":true}]}}