{"id":2685,"date":"2021-06-02T16:50:27","date_gmt":"2021-06-02T16:50:27","guid":{"rendered":"https:\/\/www.campings.com\/fr\/content\/?page_id=2685"},"modified":"2021-06-04T08:31:01","modified_gmt":"2021-06-04T08:31:01","slug":"plus-beaux-villages-corse","status":"publish","type":"page","link":"https:\/\/www.campings.com\/fr\/content\/guide-vacances-corse\/plus-beaux-villages-corse\/","title":{"rendered":"Les plus beaux villages de Corse"},"content":{"rendered":"<p>Entre mer et maquis, la Corse regorge de magnifiques endroits \u00e0 visiter. L\u2019\u00eele abrite notamment une multitude de villages au charme typique, conjuguant authenticit\u00e9, charme et tradition. Focus sur les plus beaux villages de Corse \u00e0 d\u00e9couvrir.<\/p>\n<p>Il y a mille et une fa\u00e7ons de d\u00e9couvrir <a href=\"https:\/\/www.campings.com\/fr\/content\/guide-vacances-corse\/\"><u>la Corse<\/u><\/a>\u00a0! Bien qu\u2019elle soit r\u00e9put\u00e9e pour ses plages de sable blanc et ses criques paradisiaques, elle compte aussi des villages valant le d\u00e9tour. Entre petites ruelles parsem\u00e9es de platanes et d\u2019oliviers, vieilles pierres et maisons traditionnelles aux volets color\u00e9s\u2026 Ces petits villages au charme authentique sont un v\u00e9ritable enchantement pour les sens, propices au d\u00e9paysement. Qu\u2019ils soient implant\u00e9s le long d\u2019un col, nich\u00e9 au creux d\u2019une vall\u00e9e ou offrant une vue imprenable sur la mer\u2026 D\u00e9couvrez les plus beaux villages de Corse o\u00f9 s\u00e9journer pendant vos vacances.<\/p>\n<h2><strong>les plus beaux villages \u00e0 voir en Corse\u00a0<\/strong><\/h2>\n<h3><strong>Piana, incontournable en Corse\u00a0<\/strong><\/h3>\n<p>Piana est un petit village perch\u00e9 \u00e0 430 m d\u2019altitude faisant face aux presqu\u2019\u00eeles de Scandola et Senino. Avec ses calanques et ses falaises rougeoyantes, il compte parmi les plus beaux villages de Corse et de France. Lors de votre passage, vous pourrez admirer les calanques le temps d\u2019une balade en mer ou \u00e0 l\u2019occasion d\u2019une randonn\u00e9e. Le village est situ\u00e9 au milieu d\u2019un paysage de roches granitiques exceptionnel, \u00e0 la fois escarp\u00e9 et sauvage. Le village de Piana est domin\u00e9 par la magnifique \u00e9glise Sainte-Marie, qui surplombe fi\u00e8rement le golfe de Porto. \u00c0 Piana, vous arpenterez \u00e9galement ses ruelles \u00e9troites au charme pittoresque, bord\u00e9es de maisons blanches dispos\u00e9es en amphith\u00e9\u00e2tre.<\/p>\n<h3><strong>Zonza<\/strong><\/h3>\n<p>Porte d\u2019entr\u00e9e conduisant \u00e0 tous les tr\u00e9sors cach\u00e9s de l\u2019Alta Rocca, Zonza est une escale incontournable. Lov\u00e9 aux pieds des impressionnantes Aiguilles de Bavella, le village est situ\u00e9 en plein c\u0153ur du parc naturel r\u00e9gional de Corse. Vous pourrez admirer de vieilles maisons en granit au charme intact qui ont \u00e9t\u00e9 construites sur des blocs rocheux. Entre nature sauvage et bord de mer, cette commune rurale offre une succession de panoramas \u00e0 couper le souffle.<\/p>\n<p>Ne manquez pas de visiter certains sites incontournables lors de votre passage \u00e0 Zonza ! L\u2019hippodrome de Viseo, l\u2019\u00e9glise Santa Maria Assunta ou encore le mus\u00e9e de la R\u00e9sistance en Alta Rocca\u2026<\/p>\n<h3><strong>Village de Lumio<\/strong><\/h3>\n<p>Pour d\u00e9couvrir les charmes de l\u2019arri\u00e8re-pays, direction Lumio, un petit village de Haute-Corse au charme pittoresque. En plein c\u0153ur de la Balagne, la cit\u00e9 domine la baie de Calvi, offrant une vue saisissante sur le golfe. Install\u00e9 \u00e0 flanc de montagne, le village est parcouru de ruelles \u00e9troites bord\u00e9es de belles demeures en pierre et de monuments historiques. En fl\u00e2nant dans le village de Lumio, vous pourrez visiter des chapelles et des \u00e9glises datant de plusieurs si\u00e8cles\u2026 N\u2019h\u00e9sitez pas \u00e0 faire un tour dans le quartier Torricella o\u00f9 se trouve la Terra Lomellini, une magnifique tour \u00e0 section carr\u00e9e. \u00c0 deux pas de la Pointe Caldanu, la tour g\u00e9noise de Caldanu vaut aussi le d\u00e9tour. Et en contrebas, vous pourrez profiter pleinement des joies du farniente et de la baignade sur les plages aux eaux turquoise.<\/p>\n<h3><strong>Erbalunga, village typique au bord de mer <\/strong><\/h3>\n<p>Si vous \u00eates en vacances au Cap Corse, Erbalunga est une \u00e9tape incontournable ! Ce village portuaire au charme pittoresque et pr\u00e9serv\u00e9 compte parmi les plus beaux villages de M\u00e9diterran\u00e9e\u2026 Vous pourrez admirer de belles demeures longeant la mer, sa tour g\u00e9noise ou encore le d\u00e9fil\u00e9 des bateaux au large\u2026 Apr\u00e8s avoir visit\u00e9 le port, vous pourrez fl\u00e2ner le long des ruelles pav\u00e9es pour d\u00e9couvrir tous les charmes de ce village. Afin de vous impr\u00e9gner de l\u2019ambiance, installez-vous sur un banc, \u00e0 l\u2019ombre des platanes et des palmiers\u2026 Une escapade \u00e0 Erbalunga ne serait pas compl\u00e8te sans la visite des ruines de la tour g\u00e9noise datant du 16e si\u00e8cle, class\u00e9e Monument Historique.<\/p>\n<p>Si vous \u00eates en qu\u00eate d\u2019un lieu de vill\u00e9giature calme et paisible, Erbalunga est le pied \u00e0 terre id\u00e9al !<\/p>\n<h3><strong>Saint-Florent (Corse)<\/strong><\/h3>\n<p>Lors de <a href=\"https:\/\/www.campings.com\/fr\/content\/guide-vacances-corse\/\"><u>vacances en Corse<\/u><\/a>, le village de Saint-Florent est tout aussi incontournable ! Particuli\u00e8rement fr\u00e9quent\u00e9e en p\u00e9riode estivale, cette cit\u00e9 de la Haute-Corse est surnomm\u00e9e \u00ab La petite Saint-Tropez \u00bb. Et avec toutes les visites et promenades \u00e0 faire dans le village, vous ne risquez pas de vous ennuyer ! Vous pourrez visiter la citadelle de Saint-Florent ou encore la magnifique cath\u00e9drale Santa Maria Assunta. Pour profiter des plaisirs de la baignade en famille ou entre amis, la plage de la Roya vous tend les bras. Saint-Florent est aussi le point de d\u00e9part parfait pour d\u00e9couvrir en bateau les plages paradisiaques du d\u00e9sert des Agriates. Et si vous aimez la randonn\u00e9e, empruntez le sentier des douaniers jusqu\u2019\u00e0 la Tour de la Mortella, situ\u00e9e \u00e0 2h de marche.<\/p>\n<p><img loading=\"lazy\" decoding=\"async\" class=\"alignnone size-full wp-image-2709\" src=\"https:\/\/www.campings.com\/fr\/content\/wp-content\/uploads\/2021\/06\/Saint-Florent-village.jpg\" alt=\"\" width=\"1000\" height=\"666\" \/><\/p>\n<h3><strong>Sant\u2019Antonino<\/strong><\/h3>\n<p>Sur les hauteurs de la Balagne, le village de Sant\u2019Antonino, perch\u00e9 \u00e0 500 m d\u2019altitude sur son piton granitique est incontournable ! Offrant un panorama \u00e0 couper le souffle sur la M\u00e9diterran\u00e9e, le village se caract\u00e9rise par ses ruelles en spirale tr\u00e8s atypiques. En arpentant ses ruelles, vous d\u00e9couvrirez des demeures coll\u00e9es les unes aux autres, construites \u00e0 m\u00eame la roche. D\u2019autres lieux d\u2019int\u00e9r\u00eat sont \u00e0 d\u00e9couvrir, comme les vestiges de l\u2019ancien castello ainsi qu\u2019une partie du donjon. Sur place, vous admirerez la vue imprenable sur la Balagne, avec ses oliviers et sa mer scintillante en toile de fond. Apr\u00e8s votre balade, profitez d\u2019un moment de d\u00e9tente sur la grande place pour siroter une citronnade.<\/p>\n<h3><strong>Cargese, \u00e0 proximit\u00e9 d\u2019Ajaccio<\/strong><\/h3>\n<p>Avec son charme ind\u00e9niable, Carg\u00e8se compte parmi les plus beaux villages de Corse. Situ\u00e9 sur la c\u00f4te ouest, au nord d\u2019Ajaccio, le village a la particularit\u00e9 de refermer le Golfe de Sagone. Juch\u00e9 sur une colline surplombant la mer, Carg\u00e8se est domin\u00e9 par les clochers de ses deux \u00e9glises catholiques. L\u2019\u00e9glise Saint-Spyridon, dite \u00ab la grecque \u00bb est l\u2019un des symboles du village tout comme l\u2019\u00e9glise de l\u2019Assomption ou \u00ab la latine \u00bb. Cette ancienne colonie grecque pr\u00e9sente encore les traces de son pass\u00e9, comme en t\u00e9moignent certains b\u00e2timents.<\/p>\n<p>En sillonnant les ruelles \u00e9troites, pentues ou escarp\u00e9es, bord\u00e9es de maisons color\u00e9es, vous pourrez d\u00e9couvrir ses secrets les plus cach\u00e9s. Pour vos moments de d\u00e9tente, les plages de Carg\u00e8se sont parfaites pour profiter de l\u2019air iod\u00e9. Stagnoli, Chiuni ou encore Menasina : vous aurez l\u2019embarras du choix !<\/p>\n<h3><strong>Evisa<\/strong><\/h3>\n<p>S\u2019il y a bien un lieu \u00e0 visiter absolument pendant des vacances en Corse, c\u2019est s\u00fbrement Evisa. Ce village, lov\u00e9 \u00e0 flanc de montagne est situ\u00e9 \u00e0 la fronti\u00e8re de la Haute-Corse et de la Corse du Sud. Entour\u00e9 d\u2019une nature sauvage, Evisa est le lieu de vill\u00e9giature parfait pour un d\u00e9paysement absolu. Entre la statue de Notre-Dame-Des-Neiges, la chapelle Saint-Cyprien et l\u2019\u00e9glise Saint-Martin, le village poss\u00e8de un important patrimoine architectural \u00e0 d\u00e9couvrir. Le village est aussi le point de d\u00e9part de nombreuses randonn\u00e9es pour d\u00e9couvrir autrement les environs.<\/p>\n<h3><strong>Nonza<\/strong><\/h3>\n<p>En Haute Corse, Nonza est l\u2019un des plus vieux et aussi l\u2019un des plus beaux villages de Corse\u2026 Juch\u00e9 sur son promontoire rocheux, ce village historique offre une vue imprenable sur le Golfe de Saint-Florent. Depuis la tour Paoline, vous pourrez m\u00eame admirer sa plage de galets noirs. Et en fl\u00e2nant dans les ruelles, vous serez s\u00e9duit par l\u2019ambiance conviviale et authentique qui y r\u00e8gne. Un village aux allures de carte postale o\u00f9 vous pourrez pleinement vous ressourcer pendant vos vacances !<\/p>\n<p>Vous pourrez vous promener sur la place de la cit\u00e9 o\u00f9 tr\u00f4ne la magnifique \u00e9glise de Saint-Julie\u2026 Pour faire bronzette, direction la plage de Nonza aux eaux turquoise, entour\u00e9e d\u2019une v\u00e9g\u00e9tation luxuriante. Installez-vous sur les galets noirs et profitez du calme et de la s\u00e9r\u00e9nit\u00e9 r\u00e9gnant sur les lieux.<\/p>\n<p><img loading=\"lazy\" decoding=\"async\" class=\"alignnone size-full wp-image-2710\" src=\"https:\/\/www.campings.com\/fr\/content\/wp-content\/uploads\/2021\/06\/Nonza-village.jpg\" alt=\"\" width=\"1000\" height=\"666\" \/><\/p>\n<h3><strong>Lama<\/strong><\/h3>\n<p>Envie de passer vos vacances dans un \u00e9crin de toute beaut\u00e9, au charme atypique ? Posez vos valises dans le village de Lama ! Situ\u00e9e en Haute-Corse, aux abords de la Balagne, cette cit\u00e9 m\u00e9di\u00e9vale, class\u00e9e \u00ab Village fleuri \u00bb est tr\u00e8s pris\u00e9e en \u00e9t\u00e9. Le village est perch\u00e9 sur un piton rocheux, surplombant la vall\u00e9e de l\u2019Ostriconi\u2026 En empruntant les ruelles empierr\u00e9es et \u00e9troites de la cit\u00e9, vous arriverez au c\u0153ur de l\u2019ancien village. Vous pourrez appr\u00e9cier la diversit\u00e9 des styles d\u2019architecture des maisons, allant du style bourgeois au style m\u00e9di\u00e9val. En fl\u00e2nant dans les rues, empruntez les escaliers pour atteindre la place de l\u2019Umbria. Une fois sur place, vous aurez le souffle coup\u00e9 en admirant le panorama d\u2019exception sur l\u2019Agriate et l\u2019Ostriconi.<\/p>\n<h2><strong>S\u00e9lection de campings<\/strong><\/h2>\n<p>Pour que vos <a href=\"https:\/\/www.campings.com\/fr\/content\/guide-vacances-corse\/\"><u>vacances en Corse<\/u><\/a>\u00a0soient inoubliables, choisissez un camping situ\u00e9 \u00e0 proximit\u00e9 de l\u2019un de plus beaux villages. D\u00e9couvrez notre s\u00e9lection d\u2019\u00e9tablissements situ\u00e9s \u00e0 proximit\u00e9.<\/p>\n<h3><strong>Camping \u00e0 Saint-Florent<\/strong><\/h3>\n<p>Saint-Florent compte parmi les plus beaux villages de Corse. Aux alentours, diff\u00e9rents campings sont install\u00e9s dans un environnement naturel paisible, propice \u00e0 la d\u00e9tente. Situ\u00e9 \u00e0 Saint-Florent, le camping Kallist\u00e9 est un \u00e9tablissement 4 \u00e9toiles, parfait pour des vacances en famille ou entre amis. En plus d\u2019\u00eatre situ\u00e9 \u00e0 quelques encablures de la mer, il propose aussi de nombreuses infrastructures d\u00e9di\u00e9es aux loisirs. C\u00f4t\u00e9 h\u00e9bergement, vous d\u00e9couvrirez des mobil homes d\u2019une capacit\u00e9 d\u2019accueil vari\u00e9e. Pour un maximum de confort pendant votre s\u00e9jour, le camping propose diff\u00e9rents services comme le d\u00e9p\u00f4t de pain, restauration\u2026<\/p>\n<p><a href=\"https:\/\/www.campings.com\/fr\/camping\/camping-kalliste-79093\">Plus d\u2019infos sur le camping Kallist\u00e9<\/a>.<\/p>\n<h3><strong>Camping \u00e0 Carg\u00e8se<\/strong><\/h3>\n<p>Si vous souhaitez passer vos vacances \u00e0 Carg\u00e8se, vous n\u2019aurez aucun mal \u00e0 trouver un camping r\u00e9pondant \u00e0 vos envies. \u00c0 l\u2019image du camping Le Sagone qui a tout pour plaire ! En plus des piscines disponibles, vous profiterez des joies de la baignade en mer, situ\u00e9e \u00e0 quelques kilom\u00e8tres seulement du camping. Service de restauration, \u00e9picerie, bar\u2026 tout est pens\u00e9 pour faciliter votre s\u00e9jour. C\u00f4t\u00e9 activit\u00e9s et loisirs, vous aurez aussi l\u2019embarras du choix : tennis, golf, volley\u2026<\/p>\n<p><a href=\"https:\/\/www.campings.com\/fr\/camping\/camping-le-sagone-78197#reviews\">Plus d\u2019infos sur le camping Le Sagone<\/a>.<\/p>\n<h3><strong>Camping proche de Piana<\/strong><\/h3>\n<p>Nich\u00e9 dans un \u00e9crin de verdure, le camping Les Oliviers est un point d\u2019ancrage \u00e0 proximit\u00e9 de Piana\u2026 Situ\u00e9 \u00e0 Ota dans un environnement calme et paisible, cet \u00e9tablissement est un endroit parfait pour d\u00e9compresser et se ressourcer. Pour un s\u00e9jour tout confort, vous aurez le choix entre plusieurs types h\u00e9bergements tout \u00e9quip\u00e9s offrant des services de qualit\u00e9.<\/p>\n<p>Diff\u00e9rents \u00e9quipements et infrastructures de loisirs sont \u00e9galement mis \u00e0 votre disposition : piscine, salle de fitness, terrain de p\u00e9tanque, etc.<\/p>\n<p><a href=\"https:\/\/www.campings.com\/fr\/camping\/camping-les-oliviers-77971\">Plus d\u2019infos sur le camping Les Oliviers<\/a>.<\/p>\n","protected":false},"excerpt":{"rendered":"<p>Entre mer et maquis, la Corse regorge de magnifiques endroits \u00e0 visiter. L\u2019\u00eele abrite notamment une multitude de villages au charme typique, conjuguant authenticit\u00e9, charme et tradition. Focus sur les plus beaux villages de Corse \u00e0 d\u00e9couvrir. Il y a mille et une fa\u00e7ons de d\u00e9couvrir la Corse\u00a0! Bien qu\u2019elle soit r\u00e9put\u00e9e pour ses plages [&hellip;]<\/p>\n","protected":false},"author":18,"featured_media":0,"parent":2665,"menu_order":0,"comment_status":"closed","ping_status":"closed","template":"template-twocolumns.php","meta":{"_acf_changed":false,"footnotes":""},"class_list":["post-2685","page","type-page","status-publish","hentry"],"acf":[],"yoast_head":"<!-- This site is optimized with the Yoast SEO plugin v27.1.1 - https:\/\/yoast.com\/product\/yoast-seo-wordpress\/ -->\n<title>Les plus beaux villages de Corse -<\/title>\n<meta name=\"description\" content=\"Partez \u00e0 la d\u00e9couverte des plus beaux villages de Corse pour vous ressourcer et vous d\u00e9connecter de votre quotidien dans un endroit totalement d\u00e9paysant.\" \/>\n<meta name=\"robots\" content=\"index, follow, max-snippet:-1, max-image-preview:large, max-video-preview:-1\" \/>\n<link rel=\"canonical\" href=\"https:\/\/www.campings.com\/fr\/content\/guide-vacances-corse\/plus-beaux-villages-corse\/\" \/>\n<meta property=\"og:locale\" content=\"fr_FR\" \/>\n<meta property=\"og:type\" content=\"article\" \/>\n<meta property=\"og:title\" content=\"Les plus beaux villages de Corse -\" \/>\n<meta property=\"og:description\" content=\"Partez \u00e0 la d\u00e9couverte des plus beaux villages de Corse pour vous ressourcer et vous d\u00e9connecter de votre quotidien dans un endroit totalement d\u00e9paysant.\" \/>\n<meta property=\"og:url\" content=\"https:\/\/www.campings.com\/fr\/content\/guide-vacances-corse\/plus-beaux-villages-corse\/\" \/>\n<meta property=\"article:modified_time\" content=\"2021-06-04T08:31:01+00:00\" \/>\n<meta property=\"og:image\" content=\"https:\/\/www.campings.com\/fr\/content\/wp-content\/uploads\/2021\/06\/Saint-Florent-village.jpg\" \/>\n\t<meta property=\"og:image:width\" content=\"1000\" \/>\n\t<meta property=\"og:image:height\" content=\"666\" \/>\n\t<meta property=\"og:image:type\" content=\"image\/jpeg\" \/>\n<meta name=\"twitter:card\" content=\"summary_large_image\" \/>\n<meta name=\"twitter:label1\" content=\"Dur\u00e9e de lecture estim\u00e9e\" \/>\n\t<meta name=\"twitter:data1\" content=\"9 minutes\" \/>\n<script type=\"application\/ld+json\" class=\"yoast-schema-graph\">{\"@context\":\"https:\/\/schema.org\",\"@graph\":[{\"@type\":\"WebPage\",\"@id\":\"https:\/\/www.campings.com\/fr\/content\/guide-vacances-corse\/plus-beaux-villages-corse\/\",\"url\":\"https:\/\/www.campings.com\/fr\/content\/guide-vacances-corse\/plus-beaux-villages-corse\/\",\"name\":\"Les plus beaux villages de Corse -\",\"isPartOf\":{\"@id\":\"https:\/\/www.campings.com\/fr\/content\/#website\"},\"primaryImageOfPage\":{\"@id\":\"https:\/\/www.campings.com\/fr\/content\/guide-vacances-corse\/plus-beaux-villages-corse\/#primaryimage\"},\"image\":{\"@id\":\"https:\/\/www.campings.com\/fr\/content\/guide-vacances-corse\/plus-beaux-villages-corse\/#primaryimage\"},\"thumbnailUrl\":\"https:\/\/www.campings.com\/fr\/content\/wp-content\/uploads\/2021\/06\/Saint-Florent-village.jpg\",\"datePublished\":\"2021-06-02T16:50:27+00:00\",\"dateModified\":\"2021-06-04T08:31:01+00:00\",\"description\":\"Partez \u00e0 la d\u00e9couverte des plus beaux villages de Corse pour vous ressourcer et vous d\u00e9connecter de votre quotidien dans un endroit totalement d\u00e9paysant.\",\"breadcrumb\":{\"@id\":\"https:\/\/www.campings.com\/fr\/content\/guide-vacances-corse\/plus-beaux-villages-corse\/#breadcrumb\"},\"inLanguage\":\"fr-FR\",\"potentialAction\":[{\"@type\":\"ReadAction\",\"target\":[\"https:\/\/www.campings.com\/fr\/content\/guide-vacances-corse\/plus-beaux-villages-corse\/\"]}]},{\"@type\":\"ImageObject\",\"inLanguage\":\"fr-FR\",\"@id\":\"https:\/\/www.campings.com\/fr\/content\/guide-vacances-corse\/plus-beaux-villages-corse\/#primaryimage\",\"url\":\"https:\/\/www.campings.com\/fr\/content\/wp-content\/uploads\/2021\/06\/Saint-Florent-village.jpg\",\"contentUrl\":\"https:\/\/www.campings.com\/fr\/content\/wp-content\/uploads\/2021\/06\/Saint-Florent-village.jpg\",\"width\":1000,\"height\":666},{\"@type\":\"BreadcrumbList\",\"@id\":\"https:\/\/www.campings.com\/fr\/content\/guide-vacances-corse\/plus-beaux-villages-corse\/#breadcrumb\",\"itemListElement\":[{\"@type\":\"ListItem\",\"position\":1,\"name\":\"Home\",\"item\":\"https:\/\/www.campings.com\/fr\/content\/\"},{\"@type\":\"ListItem\",\"position\":2,\"name\":\"Le guide de vos vacances en Corse\",\"item\":\"https:\/\/www.campings.com\/fr\/content\/guide-vacances-corse\/\"},{\"@type\":\"ListItem\",\"position\":3,\"name\":\"Les plus beaux villages de Corse\"}]},{\"@type\":\"WebSite\",\"@id\":\"https:\/\/www.campings.com\/fr\/content\/#website\",\"url\":\"https:\/\/www.campings.com\/fr\/content\/\",\"name\":\"\",\"description\":\"\",\"publisher\":{\"@id\":\"https:\/\/www.campings.com\/fr\/content\/#organization\"},\"potentialAction\":[{\"@type\":\"SearchAction\",\"target\":{\"@type\":\"EntryPoint\",\"urlTemplate\":\"https:\/\/www.campings.com\/fr\/content\/?s={search_term_string}\"},\"query-input\":{\"@type\":\"PropertyValueSpecification\",\"valueRequired\":true,\"valueName\":\"search_term_string\"}}],\"inLanguage\":\"fr-FR\"},{\"@type\":\"Organization\",\"@id\":\"https:\/\/www.campings.com\/fr\/content\/#organization\",\"name\":\"CAMPINGS.COM\",\"url\":\"https:\/\/www.campings.com\/fr\/content\/\",\"logo\":{\"@type\":\"ImageObject\",\"inLanguage\":\"fr-FR\",\"@id\":\"https:\/\/www.campings.com\/fr\/content\/#\/schema\/logo\/image\/\",\"url\":\"https:\/\/www.campings.com\/fr\/content\/wp-content\/uploads\/2019\/01\/cropped-logo-1.png\",\"contentUrl\":\"https:\/\/www.campings.com\/fr\/content\/wp-content\/uploads\/2019\/01\/cropped-logo-1.png\",\"width\":174,\"height\":42,\"caption\":\"CAMPINGS.COM\"},\"image\":{\"@id\":\"https:\/\/www.campings.com\/fr\/content\/#\/schema\/logo\/image\/\"}}]}<\/script>\n<!-- \/ Yoast SEO plugin. -->","yoast_head_json":{"title":"Les plus beaux villages de Corse -","description":"Partez \u00e0 la d\u00e9couverte des plus beaux villages de Corse pour vous ressourcer et vous d\u00e9connecter de votre quotidien dans un endroit totalement d\u00e9paysant.","robots":{"index":"index","follow":"follow","max-snippet":"max-snippet:-1","max-image-preview":"max-image-preview:large","max-video-preview":"max-video-preview:-1"},"canonical":"https:\/\/www.campings.com\/fr\/content\/guide-vacances-corse\/plus-beaux-villages-corse\/","og_locale":"fr_FR","og_type":"article","og_title":"Les plus beaux villages de Corse -","og_description":"Partez \u00e0 la d\u00e9couverte des plus beaux villages de Corse pour vous ressourcer et vous d\u00e9connecter de votre quotidien dans un endroit totalement d\u00e9paysant.","og_url":"https:\/\/www.campings.com\/fr\/content\/guide-vacances-corse\/plus-beaux-villages-corse\/","article_modified_time":"2021-06-04T08:31:01+00:00","og_image":[{"width":1000,"height":666,"url":"https:\/\/www.campings.com\/fr\/content\/wp-content\/uploads\/2021\/06\/Saint-Florent-village.jpg","type":"image\/jpeg"}],"twitter_card":"summary_large_image","twitter_misc":{"Dur\u00e9e de lecture estim\u00e9e":"9 minutes"},"schema":{"@context":"https:\/\/schema.org","@graph":[{"@type":"WebPage","@id":"https:\/\/www.campings.com\/fr\/content\/guide-vacances-corse\/plus-beaux-villages-corse\/","url":"https:\/\/www.campings.com\/fr\/content\/guide-vacances-corse\/plus-beaux-villages-corse\/","name":"Les plus beaux villages de Corse -","isPartOf":{"@id":"https:\/\/www.campings.com\/fr\/content\/#website"},"primaryImageOfPage":{"@id":"https:\/\/www.campings.com\/fr\/content\/guide-vacances-corse\/plus-beaux-villages-corse\/#primaryimage"},"image":{"@id":"https:\/\/www.campings.com\/fr\/content\/guide-vacances-corse\/plus-beaux-villages-corse\/#primaryimage"},"thumbnailUrl":"https:\/\/www.campings.com\/fr\/content\/wp-content\/uploads\/2021\/06\/Saint-Florent-village.jpg","datePublished":"2021-06-02T16:50:27+00:00","dateModified":"2021-06-04T08:31:01+00:00","description":"Partez \u00e0 la d\u00e9couverte des plus beaux villages de Corse pour vous ressourcer et vous d\u00e9connecter de votre quotidien dans un endroit totalement d\u00e9paysant.","breadcrumb":{"@id":"https:\/\/www.campings.com\/fr\/content\/guide-vacances-corse\/plus-beaux-villages-corse\/#breadcrumb"},"inLanguage":"fr-FR","potentialAction":[{"@type":"ReadAction","target":["https:\/\/www.campings.com\/fr\/content\/guide-vacances-corse\/plus-beaux-villages-corse\/"]}]},{"@type":"ImageObject","inLanguage":"fr-FR","@id":"https:\/\/www.campings.com\/fr\/content\/guide-vacances-corse\/plus-beaux-villages-corse\/#primaryimage","url":"https:\/\/www.campings.com\/fr\/content\/wp-content\/uploads\/2021\/06\/Saint-Florent-village.jpg","contentUrl":"https:\/\/www.campings.com\/fr\/content\/wp-content\/uploads\/2021\/06\/Saint-Florent-village.jpg","width":1000,"height":666},{"@type":"BreadcrumbList","@id":"https:\/\/www.campings.com\/fr\/content\/guide-vacances-corse\/plus-beaux-villages-corse\/#breadcrumb","itemListElement":[{"@type":"ListItem","position":1,"name":"Home","item":"https:\/\/www.campings.com\/fr\/content\/"},{"@type":"ListItem","position":2,"name":"Le guide de vos vacances en Corse","item":"https:\/\/www.campings.com\/fr\/content\/guide-vacances-corse\/"},{"@type":"ListItem","position":3,"name":"Les plus beaux villages de Corse"}]},{"@type":"WebSite","@id":"https:\/\/www.campings.com\/fr\/content\/#website","url":"https:\/\/www.campings.com\/fr\/content\/","name":"","description":"","publisher":{"@id":"https:\/\/www.campings.com\/fr\/content\/#organization"},"potentialAction":[{"@type":"SearchAction","target":{"@type":"EntryPoint","urlTemplate":"https:\/\/www.campings.com\/fr\/content\/?s={search_term_string}"},"query-input":{"@type":"PropertyValueSpecification","valueRequired":true,"valueName":"search_term_string"}}],"inLanguage":"fr-FR"},{"@type":"Organization","@id":"https:\/\/www.campings.com\/fr\/content\/#organization","name":"CAMPINGS.COM","url":"https:\/\/www.campings.com\/fr\/content\/","logo":{"@type":"ImageObject","inLanguage":"fr-FR","@id":"https:\/\/www.campings.com\/fr\/content\/#\/schema\/logo\/image\/","url":"https:\/\/www.campings.com\/fr\/content\/wp-content\/uploads\/2019\/01\/cropped-logo-1.png","contentUrl":"https:\/\/www.campings.com\/fr\/content\/wp-content\/uploads\/2019\/01\/cropped-logo-1.png","width":174,"height":42,"caption":"CAMPINGS.COM"},"image":{"@id":"https:\/\/www.campings.com\/fr\/content\/#\/schema\/logo\/image\/"}}]}},"_links":{"self":[{"href":"https:\/\/www.campings.com\/fr\/content\/wp-json\/wp\/v2\/pages\/2685","targetHints":{"allow":["GET"]}}],"collection":[{"href":"https:\/\/www.campings.com\/fr\/content\/wp-json\/wp\/v2\/pages"}],"about":[{"href":"https:\/\/www.campings.com\/fr\/content\/wp-json\/wp\/v2\/types\/page"}],"author":[{"embeddable":true,"href":"https:\/\/www.campings.com\/fr\/content\/wp-json\/wp\/v2\/users\/18"}],"replies":[{"embeddable":true,"href":"https:\/\/www.campings.com\/fr\/content\/wp-json\/wp\/v2\/comments?post=2685"}],"version-history":[{"count":3,"href":"https:\/\/www.campings.com\/fr\/content\/wp-json\/wp\/v2\/pages\/2685\/revisions"}],"predecessor-version":[{"id":2711,"href":"https:\/\/www.campings.com\/fr\/content\/wp-json\/wp\/v2\/pages\/2685\/revisions\/2711"}],"up":[{"embeddable":true,"href":"https:\/\/www.campings.com\/fr\/content\/wp-json\/wp\/v2\/pages\/2665"}],"wp:attachment":[{"href":"https:\/\/www.campings.com\/fr\/content\/wp-json\/wp\/v2\/media?parent=2685"}],"curies":[{"name":"wp","href":"https:\/\/api.w.org\/{rel}","templated":true}]}}