{"id":2682,"date":"2021-06-02T16:41:16","date_gmt":"2021-06-02T16:41:16","guid":{"rendered":"https:\/\/www.campings.com\/fr\/content\/?page_id=2682"},"modified":"2021-06-04T08:33:39","modified_gmt":"2021-06-04T08:33:39","slug":"plus-belles-plages-corse","status":"publish","type":"page","link":"https:\/\/www.campings.com\/fr\/content\/guide-vacances-corse\/plus-belles-plages-corse\/","title":{"rendered":"Les plus belles plages de Corse"},"content":{"rendered":"<p>Envie de passer vos vacances en bord de mer ? La <a href=\"https:\/\/www.campings.com\/fr\/content\/guide-vacances-corse\/\"><u>Corse<\/u><\/a> est l\u2019un des meilleurs choix ! Que vous choisissiez la Haute-Corse ou la Corse du Sud, les plus belles plages de l\u2019\u00eele vous promettent un s\u00e9jour idyllique.<\/p>\n<p>Envie de vivre des vacances de r\u00eave dans un d\u00e9cor paradisiaque ? Avec ses plages de sable blanc, ses eaux translucides et ses paysages sublimes, la Corse est une destination id\u00e9ale en \u00e9t\u00e9. Des temp\u00e9ratures (presque) toujours cl\u00e9mentes, un ensoleillement exceptionnel, une eau agr\u00e9able pour se baigner\u2026 Autant de raisons d\u2019enfiler son maillot et de partir \u00e0 la d\u00e9couverte des belles plages de Corse !<\/p>\n<h2>Les plus belles plages de Corse du Nord (carte des plages en Haute-Corse)<\/h2>\n<p>La Haute-Corse rec\u00e8le de paysages vari\u00e9s exceptionnels qui n\u2019ont rien \u00e0 envier \u00e0 ceux des Maldives ou des Cara\u00efbes\u2026 En qu\u00eate de plages de sable fin, de criques sauvages ou de plages de graviers ? Vous aurez l\u2019embarras du choix en <a href=\"https:\/\/www.campings.com\/fr\/content\/guide-vacances-corse\/\"><u>Corse<\/u><\/a> !<\/p>\n<p><img loading=\"lazy\" decoding=\"async\" class=\"alignnone size-full wp-image-2713\" src=\"https:\/\/www.campings.com\/fr\/content\/wp-content\/uploads\/2021\/06\/Plage-1.jpg\" alt=\"\" width=\"1000\" height=\"666\" \/><\/p>\n<h3>Plage de Saleccia<\/h3>\n<p>Situ\u00e9e en plein d\u00e9sert des Agriates, entre Saint-Florent et l\u2019\u00cele Rousse, la plage de Saleccia est une destination phare en Corse. S\u2019\u00e9tendant sur 1km de sable blanc, bord\u00e9 d\u2019une eau turquoise, la plage de Saleccia est digne des Cara\u00efbes.<\/p>\n<h3>Plage de Lotu<\/h3>\n<p>La plage de Lotu se trouve \u00e9galement dans le d\u00e9sert des Agriates. Une eau translucide, 400 m de sable blanc et fin\u2026 Cette plage sauvage entour\u00e9e de rochers est un spot incontournable lors d\u2019un s\u00e9jour au nord de la Corse.<\/p>\n<h3>Plage d&rsquo;Ostriconi<\/h3>\n<p>Nich\u00e9e aux portes du d\u00e9sert des Agriates, la plage d\u2019Ostriconi se trouve \u00e0 l&#8217;embouchure du fleuve d&rsquo;Ostriconi. Elle figure parmi les plus belles plages de la Haute-Corse. Ce site totalement sauvage se d\u00e9ploie sur une succession de dunes de sable dans un d\u00e9cor \u00e0 couper le souffle.<\/p>\n<h3>Plage d&rsquo;Arone<\/h3>\n<p>Situ\u00e9e pr\u00e8s du village de Piana, la plage d\u2019Arone est un spot \u00e0 ne pas manquer pendant vos vacances en Corse. Avec son sable fin et ses eaux claires, le lieu est une v\u00e9ritable invitation \u00e0 l\u2019\u00e9vasion dans l&rsquo;ile de beaut\u00e9.<\/p>\n<h3>Cala Genovese<\/h3>\n<p>La plage de Cala Genovese, \u00e0 Macinaggio est l\u2019une des plus belles plages de Corse du nord. Accessible par bateau ou \u00e0 pied via le sentier des douaniers, cette plage peu fr\u00e9quent\u00e9e est parfaite pour se d\u00e9tendre.<\/p>\n<h3>Autres plages : Cap Corse, Calvi, Ficajola, criques&#8230;<\/h3>\n<p>Hormis les plus belles plages class\u00e9es de Corse du Nord, d\u00e9couvrez d\u2019autres sites incontournables pour satisfaire toutes vos envies de baignade.<\/p>\n<ul>\n<li>La plage de Meria et sa tour g\u00e9noise, l\u2019une des plus belles du Cap Corse ;<\/li>\n<li>La plage de Cagnano en Haute-Corse ;<\/li>\n<li>La plage de Pietracorbara, une immense plage \u00e0 quelques kilom\u00e8tres de Bastia ;<\/li>\n<li>La Plage de Calvi, la grande plage de sable fin en Haute-Corse bord\u00e9e par une pin\u00e8de ;<\/li>\n<li>La plage de Ficajola, une crique paradisiaque situ\u00e9e dans les calanques de Piana ;<\/li>\n<li>La plage de Barcaggio, une belle plage de sable fin bord\u00e9e d\u2019un maquis au charme pr\u00e9serv\u00e9 ;<\/li>\n<li>La plage du village de Nonza, constitu\u00e9e de sable et de galets noirs.<\/li>\n<\/ul>\n<h2>Le top des plus belles plages de Corse du Sud<\/h2>\n<p>La Corse du sud abrite d\u2019innombrables plages paradisiaques, toutes aussi belles les unes que les autres. Des plages de sable fin ou de galets, une v\u00e9g\u00e9tation luxuriante, des hautes falaises\u2026 D\u00e9couvrez les plus belles plages de Corse du Sud.<\/p>\n<h3>Plage de Palombaggia \u00e0 Porto-Vecchio<\/h3>\n<p>Cette plage de Porto-Vecchio est c\u00e9l\u00e8bre pour son sable blanc, ses eaux turquoise et ses rochers aux teintes rouges. En \u00e9t\u00e9, quand le soleil passe au z\u00e9nith, les gigantesques pins maritimes qui l\u2019entourent offrent un peu d\u2019ombre et de fra\u00eecheur.<\/p>\n<h3>Plage de Rondinara<\/h3>\n<p>Entre Bonifacio et Porto-Vecchio, la plage de Rondinara est r\u00e9put\u00e9e pour sa baie en forme de coquillage. Sable fin, eau cristalline turquoise, une mer calme\u2026 La plage de Rondinara a tout pour plaire !<\/p>\n<p><img loading=\"lazy\" decoding=\"async\" class=\"alignnone size-full wp-image-2714\" src=\"https:\/\/www.campings.com\/fr\/content\/wp-content\/uploads\/2021\/06\/Plage-Rondinara.jpg\" alt=\"\" width=\"1000\" height=\"666\" \/><\/p>\n<h3>Plage de Santa Giulia<\/h3>\n<p>\u00c0 quelques kilom\u00e8tres de Porto-Vecchio, la plage de Santa Giulia vous permettra d\u2019observer de plus pr\u00e8s les fonds marins\u2026 Avec ses eaux peu profondes et cristallines, elle figure en t\u00eate de liste des <a href=\"https:\/\/www.campings.com\/fr\/content\/guide-vacances-corse\/\"><u>plus belles plages de Corse<\/u><\/a>.<\/p>\n<h3>Les plages de Sperone \u00e0 Bonifacio<\/h3>\n<p>V\u00e9ritables joyaux de Bonifacio, les plages de Sperone sont incontournables pendant vos vacances en Corse du sud.<\/p>\n<p>La plage du Petit Sperone, face \u00e0 l\u2019\u00eele de Piana est tr\u00e8s fr\u00e9quent\u00e9e en \u00e9t\u00e9. Moins recherch\u00e9e, la plage du Grand Sperone quant \u00e0 elle est accessible par un petit sentier de randonn\u00e9e, apr\u00e8s 10 mn de marche.<\/p>\n<h3>Plage de San Giovanni<\/h3>\n<p>La plage de San Giovanni se trouve dans la magnifique baie de Figari, \u00e0 l\u2019est de Bonifacio, \u00e0 Pianottoli-Caldarello.<\/p>\n<h3>Autres plages de Corse du Sud<\/h3>\n<p>Pendant votre s\u00e9jour en Corse du Sud, d\u2019autres plages (moins connues) valent aussi le d\u00e9tour :<\/p>\n<ul>\n<li>La plage de Liamone situ\u00e9e entre Porto et Ajaccio ;<\/li>\n<li>La plage de la Terre Sacr\u00e9e et ses petites criques pr\u00e8s d\u2019Ajaccio ;<\/li>\n<li>La plage de Menasina, parfaite pour les amateurs de snorkeling ;<\/li>\n<li>La plage d\u2019Agosta qui se pr\u00eate \u00e0 toutes les activit\u00e9s nautiques ;<\/li>\n<li>La plage de Tenutella, une petite plage de sable fin peu fr\u00e9quent\u00e9e\u00a0;<\/li>\n<li>La plage de Roccapina, o\u00f9 le granit rose creus\u00e9 par le vent et les pluies ressemble \u00e0 un lion couch\u00e9 face \u00e0 la M\u00e9diterran\u00e9e\u00a0;<\/li>\n<li>La superbe plage d&rsquo;Erbaju, situ\u00e9e \u00e0 c\u00f4t\u00e9 de la plage de Roccapina\u00a0;<\/li>\n<li>La plage d&rsquo;Argent ou plage de Cala Barbaria de Sart\u00e8ne que l&rsquo;on retrouve dans le Golfe de Murtoli.<\/li>\n<\/ul>\n<h2>S\u00e9lection de campings<\/h2>\n<p>Envie de passer des vacances \u00e0 deux pas de la mer ? En Haute-Corse ou en Corse du sud, d\u00e9couvrez notre s\u00e9lection de campings \u00e0 proximit\u00e9 des plages.<\/p>\n<h3>Camping proche de la plage Santa Giulia<\/h3>\n<p>Vous recherchez un camping proche de la plage Santa Giulia ? Retrouvez sur notre site toutes nos adresses pr\u00e8s de Porto-Vecchio. Chalets, villas, mobil-homes\u2026 Plusieurs formules d\u2019h\u00e9bergements sont propos\u00e9es en fonction de vos besoins.<\/p>\n<p><a href=\"https:\/\/www.campings.com\/fr\/camping\/camping-pezza-cardo-79193\">Plus d\u2019infos sur le\u00a0camping Pezza Cardo.\u00a0<\/a><\/p>\n<h3>Camping proche de la plage de Palombaggia<\/h3>\n<p>Pour un s\u00e9jour en famille, en amoureux ou entre amis, d\u00e9couvrez notre s\u00e9lection de campings \u00e0 proximit\u00e9 de la plage de Palombaggia. H\u00e9bergements tout confort, services de qualit\u00e9, infrastructures de loisirs\u2026 tous les ingr\u00e9dients sont r\u00e9unis passer des vacances inoubliables !<\/p>\n<p>Plus d\u2019infos sur le\u00a0<a href=\"https:\/\/www.campings.com\/fr\/camping\/camping-pezza-cardo-79193\">camping Pezza Cardo<\/a>.<\/p>\n<h3>Camping proche de la plage de Saleccia<\/h3>\n<p>\u00c0 la recherche d\u2019un camping proche de la plage de Saleccia ? Posez vos valises dans l\u2019un de nos campings \u00e0 Saint-Florent. Location de mobil-home, chalet ou emplacement pour tente : trouvez le type d\u2019h\u00e9bergement dont vous avez besoin pour vos vacances.<\/p>\n<p>Plus d\u2019infos sur le\u00a0<a href=\"https:\/\/www.campings.com\/fr\/camping\/camping-kalliste-79093\">camping Kalliste<\/a>.<\/p>\n","protected":false},"excerpt":{"rendered":"<p>Envie de passer vos vacances en bord de mer ? La Corse est l\u2019un des meilleurs choix ! Que vous choisissiez la Haute-Corse ou la Corse du Sud, les plus belles plages de l\u2019\u00eele vous promettent un s\u00e9jour idyllique. Envie de vivre des vacances de r\u00eave dans un d\u00e9cor paradisiaque ? Avec ses plages de [&hellip;]<\/p>\n","protected":false},"author":18,"featured_media":0,"parent":2665,"menu_order":0,"comment_status":"closed","ping_status":"closed","template":"template-twocolumns.php","meta":{"_acf_changed":false,"footnotes":""},"class_list":["post-2682","page","type-page","status-publish","hentry"],"acf":[],"yoast_head":"<!-- This site is optimized with the Yoast SEO plugin v27.1.1 - https:\/\/yoast.com\/product\/yoast-seo-wordpress\/ -->\n<title>Les plus belles plages de Corse -<\/title>\n<meta name=\"description\" content=\"D\u00e9couvrez les superbes plages de l\u2019\u00eele de Beaut\u00e9 ! Du nord au sud, profitez du soleil et de l\u2019air de la mer en sillonnant les plus belles plages de Corse.\" \/>\n<meta name=\"robots\" content=\"index, follow, max-snippet:-1, max-image-preview:large, max-video-preview:-1\" \/>\n<link rel=\"canonical\" href=\"https:\/\/www.campings.com\/fr\/content\/guide-vacances-corse\/plus-belles-plages-corse\/\" \/>\n<meta property=\"og:locale\" content=\"fr_FR\" \/>\n<meta property=\"og:type\" content=\"article\" \/>\n<meta property=\"og:title\" content=\"Les plus belles plages de Corse -\" \/>\n<meta property=\"og:description\" content=\"D\u00e9couvrez les superbes plages de l\u2019\u00eele de Beaut\u00e9 ! Du nord au sud, profitez du soleil et de l\u2019air de la mer en sillonnant les plus belles plages de Corse.\" \/>\n<meta property=\"og:url\" content=\"https:\/\/www.campings.com\/fr\/content\/guide-vacances-corse\/plus-belles-plages-corse\/\" \/>\n<meta property=\"article:modified_time\" content=\"2021-06-04T08:33:39+00:00\" \/>\n<meta property=\"og:image\" content=\"https:\/\/www.campings.com\/fr\/content\/wp-content\/uploads\/2021\/06\/Plage-1.jpg\" \/>\n\t<meta property=\"og:image:width\" content=\"1000\" \/>\n\t<meta property=\"og:image:height\" content=\"666\" \/>\n\t<meta property=\"og:image:type\" content=\"image\/jpeg\" \/>\n<meta name=\"twitter:card\" content=\"summary_large_image\" \/>\n<meta name=\"twitter:label1\" content=\"Dur\u00e9e de lecture estim\u00e9e\" \/>\n\t<meta name=\"twitter:data1\" content=\"6 minutes\" \/>\n<script type=\"application\/ld+json\" class=\"yoast-schema-graph\">{\"@context\":\"https:\/\/schema.org\",\"@graph\":[{\"@type\":\"WebPage\",\"@id\":\"https:\/\/www.campings.com\/fr\/content\/guide-vacances-corse\/plus-belles-plages-corse\/\",\"url\":\"https:\/\/www.campings.com\/fr\/content\/guide-vacances-corse\/plus-belles-plages-corse\/\",\"name\":\"Les plus belles plages de Corse -\",\"isPartOf\":{\"@id\":\"https:\/\/www.campings.com\/fr\/content\/#website\"},\"primaryImageOfPage\":{\"@id\":\"https:\/\/www.campings.com\/fr\/content\/guide-vacances-corse\/plus-belles-plages-corse\/#primaryimage\"},\"image\":{\"@id\":\"https:\/\/www.campings.com\/fr\/content\/guide-vacances-corse\/plus-belles-plages-corse\/#primaryimage\"},\"thumbnailUrl\":\"https:\/\/www.campings.com\/fr\/content\/wp-content\/uploads\/2021\/06\/Plage-1.jpg\",\"datePublished\":\"2021-06-02T16:41:16+00:00\",\"dateModified\":\"2021-06-04T08:33:39+00:00\",\"description\":\"D\u00e9couvrez les superbes plages de l\u2019\u00eele de Beaut\u00e9 ! Du nord au sud, profitez du soleil et de l\u2019air de la mer en sillonnant les plus belles plages de Corse.\",\"breadcrumb\":{\"@id\":\"https:\/\/www.campings.com\/fr\/content\/guide-vacances-corse\/plus-belles-plages-corse\/#breadcrumb\"},\"inLanguage\":\"fr-FR\",\"potentialAction\":[{\"@type\":\"ReadAction\",\"target\":[\"https:\/\/www.campings.com\/fr\/content\/guide-vacances-corse\/plus-belles-plages-corse\/\"]}]},{\"@type\":\"ImageObject\",\"inLanguage\":\"fr-FR\",\"@id\":\"https:\/\/www.campings.com\/fr\/content\/guide-vacances-corse\/plus-belles-plages-corse\/#primaryimage\",\"url\":\"https:\/\/www.campings.com\/fr\/content\/wp-content\/uploads\/2021\/06\/Plage-1.jpg\",\"contentUrl\":\"https:\/\/www.campings.com\/fr\/content\/wp-content\/uploads\/2021\/06\/Plage-1.jpg\",\"width\":1000,\"height\":666},{\"@type\":\"BreadcrumbList\",\"@id\":\"https:\/\/www.campings.com\/fr\/content\/guide-vacances-corse\/plus-belles-plages-corse\/#breadcrumb\",\"itemListElement\":[{\"@type\":\"ListItem\",\"position\":1,\"name\":\"Home\",\"item\":\"https:\/\/www.campings.com\/fr\/content\/\"},{\"@type\":\"ListItem\",\"position\":2,\"name\":\"Le guide de vos vacances en Corse\",\"item\":\"https:\/\/www.campings.com\/fr\/content\/guide-vacances-corse\/\"},{\"@type\":\"ListItem\",\"position\":3,\"name\":\"Les plus belles plages de Corse\"}]},{\"@type\":\"WebSite\",\"@id\":\"https:\/\/www.campings.com\/fr\/content\/#website\",\"url\":\"https:\/\/www.campings.com\/fr\/content\/\",\"name\":\"\",\"description\":\"\",\"publisher\":{\"@id\":\"https:\/\/www.campings.com\/fr\/content\/#organization\"},\"potentialAction\":[{\"@type\":\"SearchAction\",\"target\":{\"@type\":\"EntryPoint\",\"urlTemplate\":\"https:\/\/www.campings.com\/fr\/content\/?s={search_term_string}\"},\"query-input\":{\"@type\":\"PropertyValueSpecification\",\"valueRequired\":true,\"valueName\":\"search_term_string\"}}],\"inLanguage\":\"fr-FR\"},{\"@type\":\"Organization\",\"@id\":\"https:\/\/www.campings.com\/fr\/content\/#organization\",\"name\":\"CAMPINGS.COM\",\"url\":\"https:\/\/www.campings.com\/fr\/content\/\",\"logo\":{\"@type\":\"ImageObject\",\"inLanguage\":\"fr-FR\",\"@id\":\"https:\/\/www.campings.com\/fr\/content\/#\/schema\/logo\/image\/\",\"url\":\"https:\/\/www.campings.com\/fr\/content\/wp-content\/uploads\/2019\/01\/cropped-logo-1.png\",\"contentUrl\":\"https:\/\/www.campings.com\/fr\/content\/wp-content\/uploads\/2019\/01\/cropped-logo-1.png\",\"width\":174,\"height\":42,\"caption\":\"CAMPINGS.COM\"},\"image\":{\"@id\":\"https:\/\/www.campings.com\/fr\/content\/#\/schema\/logo\/image\/\"}}]}<\/script>\n<!-- \/ Yoast SEO plugin. -->","yoast_head_json":{"title":"Les plus belles plages de Corse -","description":"D\u00e9couvrez les superbes plages de l\u2019\u00eele de Beaut\u00e9 ! Du nord au sud, profitez du soleil et de l\u2019air de la mer en sillonnant les plus belles plages de Corse.","robots":{"index":"index","follow":"follow","max-snippet":"max-snippet:-1","max-image-preview":"max-image-preview:large","max-video-preview":"max-video-preview:-1"},"canonical":"https:\/\/www.campings.com\/fr\/content\/guide-vacances-corse\/plus-belles-plages-corse\/","og_locale":"fr_FR","og_type":"article","og_title":"Les plus belles plages de Corse -","og_description":"D\u00e9couvrez les superbes plages de l\u2019\u00eele de Beaut\u00e9 ! Du nord au sud, profitez du soleil et de l\u2019air de la mer en sillonnant les plus belles plages de Corse.","og_url":"https:\/\/www.campings.com\/fr\/content\/guide-vacances-corse\/plus-belles-plages-corse\/","article_modified_time":"2021-06-04T08:33:39+00:00","og_image":[{"width":1000,"height":666,"url":"https:\/\/www.campings.com\/fr\/content\/wp-content\/uploads\/2021\/06\/Plage-1.jpg","type":"image\/jpeg"}],"twitter_card":"summary_large_image","twitter_misc":{"Dur\u00e9e de lecture estim\u00e9e":"6 minutes"},"schema":{"@context":"https:\/\/schema.org","@graph":[{"@type":"WebPage","@id":"https:\/\/www.campings.com\/fr\/content\/guide-vacances-corse\/plus-belles-plages-corse\/","url":"https:\/\/www.campings.com\/fr\/content\/guide-vacances-corse\/plus-belles-plages-corse\/","name":"Les plus belles plages de Corse -","isPartOf":{"@id":"https:\/\/www.campings.com\/fr\/content\/#website"},"primaryImageOfPage":{"@id":"https:\/\/www.campings.com\/fr\/content\/guide-vacances-corse\/plus-belles-plages-corse\/#primaryimage"},"image":{"@id":"https:\/\/www.campings.com\/fr\/content\/guide-vacances-corse\/plus-belles-plages-corse\/#primaryimage"},"thumbnailUrl":"https:\/\/www.campings.com\/fr\/content\/wp-content\/uploads\/2021\/06\/Plage-1.jpg","datePublished":"2021-06-02T16:41:16+00:00","dateModified":"2021-06-04T08:33:39+00:00","description":"D\u00e9couvrez les superbes plages de l\u2019\u00eele de Beaut\u00e9 ! Du nord au sud, profitez du soleil et de l\u2019air de la mer en sillonnant les plus belles plages de Corse.","breadcrumb":{"@id":"https:\/\/www.campings.com\/fr\/content\/guide-vacances-corse\/plus-belles-plages-corse\/#breadcrumb"},"inLanguage":"fr-FR","potentialAction":[{"@type":"ReadAction","target":["https:\/\/www.campings.com\/fr\/content\/guide-vacances-corse\/plus-belles-plages-corse\/"]}]},{"@type":"ImageObject","inLanguage":"fr-FR","@id":"https:\/\/www.campings.com\/fr\/content\/guide-vacances-corse\/plus-belles-plages-corse\/#primaryimage","url":"https:\/\/www.campings.com\/fr\/content\/wp-content\/uploads\/2021\/06\/Plage-1.jpg","contentUrl":"https:\/\/www.campings.com\/fr\/content\/wp-content\/uploads\/2021\/06\/Plage-1.jpg","width":1000,"height":666},{"@type":"BreadcrumbList","@id":"https:\/\/www.campings.com\/fr\/content\/guide-vacances-corse\/plus-belles-plages-corse\/#breadcrumb","itemListElement":[{"@type":"ListItem","position":1,"name":"Home","item":"https:\/\/www.campings.com\/fr\/content\/"},{"@type":"ListItem","position":2,"name":"Le guide de vos vacances en Corse","item":"https:\/\/www.campings.com\/fr\/content\/guide-vacances-corse\/"},{"@type":"ListItem","position":3,"name":"Les plus belles plages de Corse"}]},{"@type":"WebSite","@id":"https:\/\/www.campings.com\/fr\/content\/#website","url":"https:\/\/www.campings.com\/fr\/content\/","name":"","description":"","publisher":{"@id":"https:\/\/www.campings.com\/fr\/content\/#organization"},"potentialAction":[{"@type":"SearchAction","target":{"@type":"EntryPoint","urlTemplate":"https:\/\/www.campings.com\/fr\/content\/?s={search_term_string}"},"query-input":{"@type":"PropertyValueSpecification","valueRequired":true,"valueName":"search_term_string"}}],"inLanguage":"fr-FR"},{"@type":"Organization","@id":"https:\/\/www.campings.com\/fr\/content\/#organization","name":"CAMPINGS.COM","url":"https:\/\/www.campings.com\/fr\/content\/","logo":{"@type":"ImageObject","inLanguage":"fr-FR","@id":"https:\/\/www.campings.com\/fr\/content\/#\/schema\/logo\/image\/","url":"https:\/\/www.campings.com\/fr\/content\/wp-content\/uploads\/2019\/01\/cropped-logo-1.png","contentUrl":"https:\/\/www.campings.com\/fr\/content\/wp-content\/uploads\/2019\/01\/cropped-logo-1.png","width":174,"height":42,"caption":"CAMPINGS.COM"},"image":{"@id":"https:\/\/www.campings.com\/fr\/content\/#\/schema\/logo\/image\/"}}]}},"_links":{"self":[{"href":"https:\/\/www.campings.com\/fr\/content\/wp-json\/wp\/v2\/pages\/2682","targetHints":{"allow":["GET"]}}],"collection":[{"href":"https:\/\/www.campings.com\/fr\/content\/wp-json\/wp\/v2\/pages"}],"about":[{"href":"https:\/\/www.campings.com\/fr\/content\/wp-json\/wp\/v2\/types\/page"}],"author":[{"embeddable":true,"href":"https:\/\/www.campings.com\/fr\/content\/wp-json\/wp\/v2\/users\/18"}],"replies":[{"embeddable":true,"href":"https:\/\/www.campings.com\/fr\/content\/wp-json\/wp\/v2\/comments?post=2682"}],"version-history":[{"count":3,"href":"https:\/\/www.campings.com\/fr\/content\/wp-json\/wp\/v2\/pages\/2682\/revisions"}],"predecessor-version":[{"id":2715,"href":"https:\/\/www.campings.com\/fr\/content\/wp-json\/wp\/v2\/pages\/2682\/revisions\/2715"}],"up":[{"embeddable":true,"href":"https:\/\/www.campings.com\/fr\/content\/wp-json\/wp\/v2\/pages\/2665"}],"wp:attachment":[{"href":"https:\/\/www.campings.com\/fr\/content\/wp-json\/wp\/v2\/media?parent=2682"}],"curies":[{"name":"wp","href":"https:\/\/api.w.org\/{rel}","templated":true}]}}