{"id":2093,"date":"2021-01-29T11:44:58","date_gmt":"2021-01-29T11:44:58","guid":{"rendered":"https:\/\/www.campings.com\/fr\/content\/?page_id=2093"},"modified":"2021-01-31T23:20:02","modified_gmt":"2021-01-31T23:20:02","slug":"la-materiel-indispensable-camping-tente","status":"publish","type":"page","link":"https:\/\/www.campings.com\/fr\/content\/la-materiel-indispensable-camping-tente\/","title":{"rendered":"Quel mat\u00e9riel emporter en vacances quand on fait du camping en tente\u00a0?"},"content":{"rendered":"<p>Vous \u00eates enfin d\u00e9cid\u00e9 \u00e0 partir en vacances en camping cette ann\u00e9e\u00a0! Toute la famille est enthousiaste \u00e0 l&rsquo;id\u00e9e de profiter de ce prochain <strong>voyage<\/strong>. Mais <a href=\"https:\/\/www.campings.com\/fr\/content\/tout-savoir-sur-le-camping\/comment-s-organiser-pour-partir-en-camping\/\">comment faire pour pr\u00e9parer aux mieux<\/a> les vacances quand on fait du camping en tente\u00a0? Quel est le <strong>mat\u00e9riel<\/strong> indispensable \u00e0 emporter dans son sac pour \u00eatre le plus confortable possible\u00a0? Choisissez un camping avec une piscine couverte pour un maximum de d\u00e9tente et d\u00e9couvrez notre article qui vous indique la liste des accessoires \u00e0 ne pas oublier avant le d\u00e9part.<\/p>\n<p><img decoding=\"async\" class=\"img-responsive\" src=\"https:\/\/www.campings.com\/fr\/content\/wp-content\/uploads\/2021\/01\/la-materiel-indispensable-camping-tente.jpg\" alt=\"La mat\u00e9riel indispensable pour le camping en tente-1\" \/><\/p>\n<h2>La tente&#8230; et ses accessoires pour camper<\/h2>\n<p>Quand on pr\u00e9pare ses vacances au camping et qu&rsquo;on envisage de dormir en tente, il faut penser avant toute chose \u00e0 un certain nombre d&rsquo;<strong>accessoires<\/strong>.<\/p>\n<p>Evidemment, il ne faudra pas oublier&#8230; votre <strong>tente<\/strong>, si vous ne souhaitez pas dormir \u00e0 la belle \u00e9toile. Vous avez la possibilit\u00e9 de l&rsquo;acheter \u00e0 moindre co\u00fbt, de la louer dans des magasins sp\u00e9cialis\u00e9s ou de vous la faire pr\u00eater par des amis.<\/p>\n<p>Il est surtout indispensable de bien emporter dans vos <strong>bagages<\/strong> tous les accessoires qui accompagnent votre tente et dont vous ne pourrez pas vous passer pour camper. Parmi eux, on notera l&rsquo;importance des piquets et des sardines. De m\u00eame, vous aurez besoin d&rsquo;un bon maillet pour fixer la tente correctement. Pensez par ailleurs \u00e0 vous \u00e9quiper d&rsquo;un peu de ficelle et d&rsquo;une b\u00e2che pour garantir l&rsquo;\u00e9tanch\u00e9it\u00e9 de votre tente.<\/p>\n<p>Sans ces quelques accessoires, vous ne pourrez pas installer votre tente. Il s&rsquo;agit donc d&rsquo;une premi\u00e8re \u00e9tape tr\u00e8s importante dans la <strong>pr\u00e9paration<\/strong> de votre liste de vacances.<\/p>\n<h2>Pr\u00e9voir le mat\u00e9riel ad\u00e9quat pour votre couchage dans une tente<\/h2>\n<p>Afin de passer des vacances agr\u00e9ables et camper dans les meilleures conditions, vous devez ajouter sur votre<strong> liste le mat\u00e9riel<\/strong> de bonne qualit\u00e9 pour votre couchage. On le sait, dormir en tente n&rsquo;est pas toujours confortable, donc autant optimiser au mieux le s\u00e9jour avec des accessoires adapt\u00e9s.<\/p>\n<p>Vous devez donc penser \u00e0 r\u00e9unir dans un sac un tapis de sol par personne. Si vous pr\u00e9f\u00e9rez retrouver un minimum de confort, semblable \u00e0 un lit classique, vous pouvez faire le choix d&#8217;emporter un matelas gonflable. Certains mod\u00e8les sont aujourd&rsquo;hui disponibles en version \u00e9lectrique, ce qui vous \u00e9vitera de vous fatiguer \u00e0 peine arriv\u00e9 sur place.<\/p>\n<p>Le matelas gonflable est une bonne solution \u00e0 condition que votre tente soit assez grande pour l&rsquo;accueillir. Sinon, pr\u00e9f\u00e9rez de bons tapis de sol assez \u00e9pais qui prendront bien moins de place. Par ailleurs, pour vous assurer des nuits douillettes, pensez \u00e0 prendre dans vos bagages des oreillers moelleux. Nous n&rsquo;y pensons pas toujours, mais les oreillers jouent un grand r\u00f4le dans la qualit\u00e9 de notre sommeil.<\/p>\n<p>Enfin, vous devez vous \u00e9quiper de sacs de couchage pour chaque membre de la famille afin de vous prot\u00e9ger du froid. Si les nuits d&rsquo;\u00e9t\u00e9 sont chaudes et peuvent se supporter avec un simple drap, vous aurez besoin d&rsquo;un duvet qui vous r\u00e9chauffera si vous partez hors saison.<\/p>\n<h2>Les accessoires indispensables pour les repas pendant le voyage<\/h2>\n<p>De bonnes vacances en camping ne sont pas possibles sans l&rsquo;organisation de repas conviviaux en plein air. Pour cela, vous aurez besoin d&#8217;emporter avec vous du mat\u00e9riel adapt\u00e9 au camping et qui vous permettra de r\u00e9aliser des recettes facilement, sans vous encombrer.<\/p>\n<p>La premi\u00e8re \u00e9tape consistera \u00e0 vous \u00e9quiper d&rsquo;un r\u00e9chaud de qualit\u00e9, ainsi que de sa bonbonne de gaz, afin d&rsquo;avoir un point de cuisson disponible \u00e0 tout moment pr\u00e8s de votre campement. Pensez \u00e9galement \u00e0 prendre dans votre sac une petite bo\u00eete d&rsquo;allumettes, qui sera tr\u00e8s utile au moment d&rsquo;allumer le r\u00e9chaud.<\/p>\n<p>De plus, pensez \u00e0<strong> s\u00e9lectionner quelques accessoires<\/strong> afin de pouvoir cuisiner de fa\u00e7on autonome\u00a0: prenez une casserole, une po\u00eale et une grande cuill\u00e8re en bois. Par ailleurs, vous aurez besoin de verres et de couverts pour dresser la table du repas. Vous pouvez choisir ces derniers en version jetable afin d&rsquo;\u00e9viter la corv\u00e9e de vaisselle durant les vacances. Certains pr\u00e9f\u00e9reront des couverts \u00e9cologiques en bambou qui sont pratiques, r\u00e9utilisables et lavables tr\u00e8s facilement en un minimum de temps.<\/p>\n<p>Pour profiter de bons d\u00e9jeuners et d\u00eeners en famille, pensez \u00e0 emporter dans votre voiture une table de camping pliante ainsi que des chaises. Certains \u00e9tablissements peuvent en proposer en d\u00e9pannage, mais ce n&rsquo;est pas toujours le cas. Donc autant s&rsquo;organiser \u00e0 l&rsquo;avance.<\/p>\n<p>Les petits d\u00e9jeuners sont \u00e9galement tr\u00e8s appr\u00e9ci\u00e9s durant les vacances en camping. Vous \u00eates libre d&rsquo;apporter votre cafeti\u00e8re et votre th\u00e9i\u00e8re pr\u00e9f\u00e9r\u00e9es durant votre s\u00e9jour. Cela vous \u00e9vitera de d\u00e9penser inutilement de l&rsquo;argent dans les machines \u00e0 caf\u00e9 automatiques.<\/p>\n<p>Enfin, pour conserver les aliments facilement, rien de mieux qu&rsquo;une glaci\u00e8re. Elle vous servira sur le lieu de campement et vous pourrez la stocker pr\u00e8s de votre tente. Si vous choisissez de passer quelques apr\u00e8s-midis sur le sable et au bord de l&rsquo;eau au soleil, alors la glaci\u00e8re sera votre meilleur compagnon et gardera vos boissons bien fra\u00eeches, m\u00eame durant les chaudes journ\u00e9es d&rsquo;\u00e9t\u00e9.<\/p>\n<p><img decoding=\"async\" class=\"img-responsive\" src=\"https:\/\/www.campings.com\/fr\/content\/wp-content\/uploads\/2021\/01\/la-materiel-indispensable-camping-tente-2.jpg\" alt=\"La mat\u00e9riel indispensable pour le camping en tente-2\" \/><\/p>\n<h2>Le n\u00e9cessaire pour la toilette et le m\u00e9nage quand on fait du camping en tente<\/h2>\n<p>Afin de passer un bon voyage au camping et \u00e9viter de courir les supermarch\u00e9s \u00e0 la derni\u00e8re minute, pensez \u00e0 ajouter sur votre liste tous les accessoires n\u00e9cessaires \u00e0 la toilette et au m\u00e9nage. Ainsi, vous devrez pr\u00e9parer une trousse de toilette par personne qui comprendra\u00a0: le dentifrice et les brosses \u00e0 dents, du shampoing et du gel douche, des produits solaires pour la plage ou la piscine.<\/p>\n<p>M\u00eame si le camping en tente rime avec simplicit\u00e9, vous serez obligatoirement de corv\u00e9e m\u00e9nage au moins une fois durant votre s\u00e9jour. Pour \u00e9viter les oublis, pensez \u00e0 vous \u00e9quiper de sacs poubelles, mais aussi d&rsquo;une \u00e9ponge, de liquide vaisselle et d&rsquo;une bassine. Cela vous permettra de laver vos ustensiles de cuisine facilement, et de les transporter entre votre campement et la zone sanitaire commune du camping.<\/p>\n<p>Vous devrez \u00e9galement <strong>emporter un peu de lessive<\/strong> pour le lavage du linge \u00e0 la main. Vous n&rsquo;\u00eates pas \u00e0 l&rsquo;abri des accidents et avoir \u00e0 port\u00e9e de main de quoi laver rapidement un T-shirt est toujours utile, surtout si vous partez avec des enfants\u00a0!<\/p>\n<p>Enfin, n&rsquo;oubliez pas le fameux papier toilette pour ne pas vous retrouver dans l&rsquo;inconfort et devoir en r\u00e9clamer \u00e0 vos voisins de tente le moment venu.<\/p>\n<h2>Le mat\u00e9riel suppl\u00e9mentaire \u00e0 ne pas oublier pour camper<\/h2>\n<p>Vous avez <strong>r\u00e9uni dans vos bagages tous les accessoires indispensables<\/strong> pour votre voyage et votre s\u00e9jour en tente dans un camping\u00a0? Attention, un peu de mat\u00e9riel suppl\u00e9mentaire, auquel on ne pense pas toujours, peut s&rsquo;av\u00e9rer tr\u00e8s utile\u00a0!<\/p>\n<p>Pour \u00eatre le plus organis\u00e9 possible, vous avez la possibilit\u00e9 de prendre avec vous une ou deux lampes torches. Celles-ci seront pratiques si vous avez besoin de vous d\u00e9placer dans le camping une fois la nuit tomb\u00e9e, par exemple si vous avez besoin d&rsquo;aller aux sanitaires en pleine nuit.<\/p>\n<p>Les adeptes du camping et des s\u00e9jours en tente aiment emporter avec eux un couteau suisse. Cet accessoire est un must-have lorsqu&rsquo;on fait des vacances \u00a0\u00bb\u00a0sauvages\u00a0\u00ab\u00a0. Il vous permettra d&rsquo;\u00eatre \u00e9quip\u00e9 \u00e0 tout moment sans \u00eatre encombrant.<\/p>\n<p>Enfin, n&rsquo;oubliez pas d&#8217;emporter avec vous un sac \u00e0 dos par personne, qui deviendra indispensable si vous d\u00e9cidez de partir en randonn\u00e9e. De m\u00eame, le sac de plage \u00e9tanche est id\u00e9al si vous s\u00e9journez pr\u00e8s de l&rsquo;eau et que vous avez besoin de stocker facilement les jeux, les serviettes et les mots crois\u00e9s.<\/p>\n<p><em>Nous vous recommandons ces autres pages\u00a0: <\/em><\/p>\n<ul>\n<li><a href=\"https:\/\/www.campings.com\/fr\/content\/tout-savoir-sur-le-camping\/quelle-est-la-meilleure-periode-pour-partir-en-camping\/\">Quelle est la meilleure p\u00e9riode pour partir en camping\u00a0?<\/a><\/li>\n<li><a href=\"https:\/\/www.campings.com\/fr\/content\/tout-savoir-sur-le-camping\/quoi-manger-en-camping\/\">Quoi manger en camping\u00a0?<\/a><\/li>\n<li><a href=\"https:\/\/www.campings.com\/fr\/content\/tout-savoir-sur-le-camping\/qu-est-ce-qu-il-faut-prendre-pour-le-camping\/\">Qu&rsquo;est-ce qu&rsquo;il faut prendre pour le camping\u00a0?<\/a><\/li>\n<li><a href=\"https:\/\/www.campings.com\/fr\/content\/tout-savoir-sur-le-camping\/10-conseils-bien-preparer-ses-vacances-camping\/\">10 conseils pour bien pr\u00e9parer ses vacances en camping<\/a><\/li>\n<\/ul>\n","protected":false},"excerpt":{"rendered":"<p>Vous \u00eates enfin d\u00e9cid\u00e9 \u00e0 partir en vacances en camping cette ann\u00e9e\u00a0! Toute la famille est enthousiaste \u00e0 l&rsquo;id\u00e9e de profiter de ce prochain voyage. Mais comment faire pour pr\u00e9parer aux mieux les vacances quand on fait du camping en tente\u00a0? Quel est le mat\u00e9riel indispensable \u00e0 emporter dans son sac pour \u00eatre le plus [&hellip;]<\/p>\n","protected":false},"author":18,"featured_media":0,"parent":0,"menu_order":0,"comment_status":"closed","ping_status":"closed","template":"template-twocolumns.php","meta":{"_acf_changed":false,"footnotes":""},"class_list":["post-2093","page","type-page","status-publish","hentry"],"acf":[],"yoast_head":"<!-- This site is optimized with the Yoast SEO plugin v27.1.1 - https:\/\/yoast.com\/product\/yoast-seo-wordpress\/ -->\n<title>Le mat\u00e9riel indispensable pour le camping en tente<\/title>\n<meta name=\"description\" content=\"Pour faire du camping en tente dans de bonnes conditions, vous ne devez oublier aucun \u00e9quipement important. Voici la liste du mat\u00e9riel indispensable.\" \/>\n<meta name=\"robots\" content=\"index, follow, max-snippet:-1, max-image-preview:large, max-video-preview:-1\" \/>\n<link rel=\"canonical\" href=\"https:\/\/www.campings.com\/fr\/content\/la-materiel-indispensable-camping-tente\/\" \/>\n<meta property=\"og:locale\" content=\"fr_FR\" \/>\n<meta property=\"og:type\" content=\"article\" \/>\n<meta property=\"og:title\" content=\"Le mat\u00e9riel indispensable pour le camping en tente\" \/>\n<meta property=\"og:description\" content=\"Pour faire du camping en tente dans de bonnes conditions, vous ne devez oublier aucun \u00e9quipement important. Voici la liste du mat\u00e9riel indispensable.\" \/>\n<meta property=\"og:url\" content=\"https:\/\/www.campings.com\/fr\/content\/la-materiel-indispensable-camping-tente\/\" \/>\n<meta property=\"article:modified_time\" content=\"2021-01-31T23:20:02+00:00\" \/>\n<meta property=\"og:image\" content=\"https:\/\/www.campings.com\/fr\/content\/wp-content\/uploads\/2021\/01\/la-materiel-indispensable-camping-tente.jpg\" \/>\n<meta name=\"twitter:card\" content=\"summary_large_image\" \/>\n<meta name=\"twitter:label1\" content=\"Dur\u00e9e de lecture estim\u00e9e\" \/>\n\t<meta name=\"twitter:data1\" content=\"7 minutes\" \/>\n<script type=\"application\/ld+json\" class=\"yoast-schema-graph\">{\"@context\":\"https:\/\/schema.org\",\"@graph\":[{\"@type\":\"WebPage\",\"@id\":\"https:\/\/www.campings.com\/fr\/content\/la-materiel-indispensable-camping-tente\/\",\"url\":\"https:\/\/www.campings.com\/fr\/content\/la-materiel-indispensable-camping-tente\/\",\"name\":\"Le mat\u00e9riel indispensable pour le camping en tente\",\"isPartOf\":{\"@id\":\"https:\/\/www.campings.com\/fr\/content\/#website\"},\"primaryImageOfPage\":{\"@id\":\"https:\/\/www.campings.com\/fr\/content\/la-materiel-indispensable-camping-tente\/#primaryimage\"},\"image\":{\"@id\":\"https:\/\/www.campings.com\/fr\/content\/la-materiel-indispensable-camping-tente\/#primaryimage\"},\"thumbnailUrl\":\"https:\/\/www.campings.com\/fr\/content\/wp-content\/uploads\/2021\/01\/la-materiel-indispensable-camping-tente.jpg\",\"datePublished\":\"2021-01-29T11:44:58+00:00\",\"dateModified\":\"2021-01-31T23:20:02+00:00\",\"description\":\"Pour faire du camping en tente dans de bonnes conditions, vous ne devez oublier aucun \u00e9quipement important. Voici la liste du mat\u00e9riel indispensable.\",\"breadcrumb\":{\"@id\":\"https:\/\/www.campings.com\/fr\/content\/la-materiel-indispensable-camping-tente\/#breadcrumb\"},\"inLanguage\":\"fr-FR\",\"potentialAction\":[{\"@type\":\"ReadAction\",\"target\":[\"https:\/\/www.campings.com\/fr\/content\/la-materiel-indispensable-camping-tente\/\"]}]},{\"@type\":\"ImageObject\",\"inLanguage\":\"fr-FR\",\"@id\":\"https:\/\/www.campings.com\/fr\/content\/la-materiel-indispensable-camping-tente\/#primaryimage\",\"url\":\"https:\/\/www.campings.com\/fr\/content\/wp-content\/uploads\/2021\/01\/la-materiel-indispensable-camping-tente.jpg\",\"contentUrl\":\"https:\/\/www.campings.com\/fr\/content\/wp-content\/uploads\/2021\/01\/la-materiel-indispensable-camping-tente.jpg\",\"width\":1000,\"height\":667},{\"@type\":\"BreadcrumbList\",\"@id\":\"https:\/\/www.campings.com\/fr\/content\/la-materiel-indispensable-camping-tente\/#breadcrumb\",\"itemListElement\":[{\"@type\":\"ListItem\",\"position\":1,\"name\":\"Home\",\"item\":\"https:\/\/www.campings.com\/fr\/content\/\"},{\"@type\":\"ListItem\",\"position\":2,\"name\":\"Quel mat\u00e9riel emporter en vacances quand on fait du camping en tente\u00a0?\"}]},{\"@type\":\"WebSite\",\"@id\":\"https:\/\/www.campings.com\/fr\/content\/#website\",\"url\":\"https:\/\/www.campings.com\/fr\/content\/\",\"name\":\"\",\"description\":\"\",\"publisher\":{\"@id\":\"https:\/\/www.campings.com\/fr\/content\/#organization\"},\"potentialAction\":[{\"@type\":\"SearchAction\",\"target\":{\"@type\":\"EntryPoint\",\"urlTemplate\":\"https:\/\/www.campings.com\/fr\/content\/?s={search_term_string}\"},\"query-input\":{\"@type\":\"PropertyValueSpecification\",\"valueRequired\":true,\"valueName\":\"search_term_string\"}}],\"inLanguage\":\"fr-FR\"},{\"@type\":\"Organization\",\"@id\":\"https:\/\/www.campings.com\/fr\/content\/#organization\",\"name\":\"CAMPINGS.COM\",\"url\":\"https:\/\/www.campings.com\/fr\/content\/\",\"logo\":{\"@type\":\"ImageObject\",\"inLanguage\":\"fr-FR\",\"@id\":\"https:\/\/www.campings.com\/fr\/content\/#\/schema\/logo\/image\/\",\"url\":\"https:\/\/www.campings.com\/fr\/content\/wp-content\/uploads\/2019\/01\/cropped-logo-1.png\",\"contentUrl\":\"https:\/\/www.campings.com\/fr\/content\/wp-content\/uploads\/2019\/01\/cropped-logo-1.png\",\"width\":174,\"height\":42,\"caption\":\"CAMPINGS.COM\"},\"image\":{\"@id\":\"https:\/\/www.campings.com\/fr\/content\/#\/schema\/logo\/image\/\"}}]}<\/script>\n<!-- \/ Yoast SEO plugin. -->","yoast_head_json":{"title":"Le mat\u00e9riel indispensable pour le camping en tente","description":"Pour faire du camping en tente dans de bonnes conditions, vous ne devez oublier aucun \u00e9quipement important. Voici la liste du mat\u00e9riel indispensable.","robots":{"index":"index","follow":"follow","max-snippet":"max-snippet:-1","max-image-preview":"max-image-preview:large","max-video-preview":"max-video-preview:-1"},"canonical":"https:\/\/www.campings.com\/fr\/content\/la-materiel-indispensable-camping-tente\/","og_locale":"fr_FR","og_type":"article","og_title":"Le mat\u00e9riel indispensable pour le camping en tente","og_description":"Pour faire du camping en tente dans de bonnes conditions, vous ne devez oublier aucun \u00e9quipement important. Voici la liste du mat\u00e9riel indispensable.","og_url":"https:\/\/www.campings.com\/fr\/content\/la-materiel-indispensable-camping-tente\/","article_modified_time":"2021-01-31T23:20:02+00:00","og_image":[{"url":"https:\/\/www.campings.com\/fr\/content\/wp-content\/uploads\/2021\/01\/la-materiel-indispensable-camping-tente.jpg","type":"","width":"","height":""}],"twitter_card":"summary_large_image","twitter_misc":{"Dur\u00e9e de lecture estim\u00e9e":"7 minutes"},"schema":{"@context":"https:\/\/schema.org","@graph":[{"@type":"WebPage","@id":"https:\/\/www.campings.com\/fr\/content\/la-materiel-indispensable-camping-tente\/","url":"https:\/\/www.campings.com\/fr\/content\/la-materiel-indispensable-camping-tente\/","name":"Le mat\u00e9riel indispensable pour le camping en tente","isPartOf":{"@id":"https:\/\/www.campings.com\/fr\/content\/#website"},"primaryImageOfPage":{"@id":"https:\/\/www.campings.com\/fr\/content\/la-materiel-indispensable-camping-tente\/#primaryimage"},"image":{"@id":"https:\/\/www.campings.com\/fr\/content\/la-materiel-indispensable-camping-tente\/#primaryimage"},"thumbnailUrl":"https:\/\/www.campings.com\/fr\/content\/wp-content\/uploads\/2021\/01\/la-materiel-indispensable-camping-tente.jpg","datePublished":"2021-01-29T11:44:58+00:00","dateModified":"2021-01-31T23:20:02+00:00","description":"Pour faire du camping en tente dans de bonnes conditions, vous ne devez oublier aucun \u00e9quipement important. Voici la liste du mat\u00e9riel indispensable.","breadcrumb":{"@id":"https:\/\/www.campings.com\/fr\/content\/la-materiel-indispensable-camping-tente\/#breadcrumb"},"inLanguage":"fr-FR","potentialAction":[{"@type":"ReadAction","target":["https:\/\/www.campings.com\/fr\/content\/la-materiel-indispensable-camping-tente\/"]}]},{"@type":"ImageObject","inLanguage":"fr-FR","@id":"https:\/\/www.campings.com\/fr\/content\/la-materiel-indispensable-camping-tente\/#primaryimage","url":"https:\/\/www.campings.com\/fr\/content\/wp-content\/uploads\/2021\/01\/la-materiel-indispensable-camping-tente.jpg","contentUrl":"https:\/\/www.campings.com\/fr\/content\/wp-content\/uploads\/2021\/01\/la-materiel-indispensable-camping-tente.jpg","width":1000,"height":667},{"@type":"BreadcrumbList","@id":"https:\/\/www.campings.com\/fr\/content\/la-materiel-indispensable-camping-tente\/#breadcrumb","itemListElement":[{"@type":"ListItem","position":1,"name":"Home","item":"https:\/\/www.campings.com\/fr\/content\/"},{"@type":"ListItem","position":2,"name":"Quel mat\u00e9riel emporter en vacances quand on fait du camping en tente\u00a0?"}]},{"@type":"WebSite","@id":"https:\/\/www.campings.com\/fr\/content\/#website","url":"https:\/\/www.campings.com\/fr\/content\/","name":"","description":"","publisher":{"@id":"https:\/\/www.campings.com\/fr\/content\/#organization"},"potentialAction":[{"@type":"SearchAction","target":{"@type":"EntryPoint","urlTemplate":"https:\/\/www.campings.com\/fr\/content\/?s={search_term_string}"},"query-input":{"@type":"PropertyValueSpecification","valueRequired":true,"valueName":"search_term_string"}}],"inLanguage":"fr-FR"},{"@type":"Organization","@id":"https:\/\/www.campings.com\/fr\/content\/#organization","name":"CAMPINGS.COM","url":"https:\/\/www.campings.com\/fr\/content\/","logo":{"@type":"ImageObject","inLanguage":"fr-FR","@id":"https:\/\/www.campings.com\/fr\/content\/#\/schema\/logo\/image\/","url":"https:\/\/www.campings.com\/fr\/content\/wp-content\/uploads\/2019\/01\/cropped-logo-1.png","contentUrl":"https:\/\/www.campings.com\/fr\/content\/wp-content\/uploads\/2019\/01\/cropped-logo-1.png","width":174,"height":42,"caption":"CAMPINGS.COM"},"image":{"@id":"https:\/\/www.campings.com\/fr\/content\/#\/schema\/logo\/image\/"}}]}},"_links":{"self":[{"href":"https:\/\/www.campings.com\/fr\/content\/wp-json\/wp\/v2\/pages\/2093","targetHints":{"allow":["GET"]}}],"collection":[{"href":"https:\/\/www.campings.com\/fr\/content\/wp-json\/wp\/v2\/pages"}],"about":[{"href":"https:\/\/www.campings.com\/fr\/content\/wp-json\/wp\/v2\/types\/page"}],"author":[{"embeddable":true,"href":"https:\/\/www.campings.com\/fr\/content\/wp-json\/wp\/v2\/users\/18"}],"replies":[{"embeddable":true,"href":"https:\/\/www.campings.com\/fr\/content\/wp-json\/wp\/v2\/comments?post=2093"}],"version-history":[{"count":6,"href":"https:\/\/www.campings.com\/fr\/content\/wp-json\/wp\/v2\/pages\/2093\/revisions"}],"predecessor-version":[{"id":2214,"href":"https:\/\/www.campings.com\/fr\/content\/wp-json\/wp\/v2\/pages\/2093\/revisions\/2214"}],"wp:attachment":[{"href":"https:\/\/www.campings.com\/fr\/content\/wp-json\/wp\/v2\/media?parent=2093"}],"curies":[{"name":"wp","href":"https:\/\/api.w.org\/{rel}","templated":true}]}}