{"id":2075,"date":"2021-01-29T11:26:54","date_gmt":"2021-01-29T11:26:54","guid":{"rendered":"https:\/\/www.campings.com\/fr\/content\/?page_id=2075"},"modified":"2021-01-31T23:07:36","modified_gmt":"2021-01-31T23:07:36","slug":"quel-camping-choisir-dans-landes","status":"publish","type":"page","link":"https:\/\/www.campings.com\/fr\/content\/quel-camping-choisir-dans-landes\/","title":{"rendered":"Choisir son camping dans les Landes"},"content":{"rendered":"<p>Chaque ann\u00e9e, lors de la saison estivale, des centaines de milliers de personnes font le choix de profiter des multiples atouts des Landes, ce d\u00e9partement du sud-ouest de la France rest\u00e9 authentique et accueillant. La situation g\u00e9ographique des Landes offre un large \u00e9ventail d&rsquo;activit\u00e9s <strong>\u00e0 destination de tous les publics<\/strong>\u00a0: poser sa serviette sur une plage de la c\u00f4te Atlantique, partir en randonn\u00e9e en for\u00eat, pratiquer un sport nautique ou encore appr\u00e9cier la r\u00e9put\u00e9e gastronomie locale.<\/p>\n<p>Dans les Landes, d\u00e9partement touristique par excellence, les possibilit\u00e9s d&rsquo;h\u00e9bergements de vacances sont innombrables, \u00e0 commencer par le mode qui reste le pr\u00e9f\u00e9r\u00e9 des Fran\u00e7ais, \u00e0 savoir le camping. Nous vous proposons donc un vaste <strong>tour d&rsquo;horizon de l&rsquo;offre landaise<\/strong> en la mati\u00e8re, afin de vous aider \u00e0 d\u00e9terminer <a href=\"https:\/\/www.campings.com\/fr\/content\/tout-savoir-sur-le-camping\/ou-partir-au-camping\/\">o\u00f9 partir au camping<\/a>, en fonction de divers crit\u00e8res, tels que la situation, le prix, le nombre d&rsquo;\u00e9toiles, les activit\u00e9s praticables et les avis des vacanciers.<\/p>\n<p><img decoding=\"async\" class=\"img-responsive\" src=\"https:\/\/www.campings.com\/fr\/content\/wp-content\/uploads\/2021\/01\/quel-camping-choisir-dans-landes.jpg\" alt=\"Quel camping choisir dans les Landes ?-1\" \/><\/p>\n<h2>Un camping dans les Landes pour profiter de la plage<\/h2>\n<p>Avec plus d&rsquo;une centaine de kilom\u00e8tres de littoral et donc de plages, le d\u00e9partement des Landes est, \u00e0 l&rsquo;\u00e9vidence, une destination phare pour les amoureux de l&rsquo;oc\u00e9an Atlantique.<\/p>\n<p>De l&rsquo;avis des connaisseurs, la c\u00f4te landaise est un territoire de premier choix pour d\u00e9couvrir ou affirmer sa pratique du surf, du kitesurf, de la voile ou du stand up paddle.\u00a0La longue tradition des sports nautiques dans la r\u00e9gion permet de trouver des <strong>activit\u00e9s et des initiations parfaitement encadr\u00e9es<\/strong> et s\u00e9curis\u00e9es, notamment pour les enfants, d\u00e8s leur plus jeune \u00e2ge.<\/p>\n<p>De plus, lors d&rsquo;un s\u00e9jour de vacances au camping dans les Landes, rien ne vous emp\u00eache de profiter simplement d&rsquo;une immense plage ensoleill\u00e9e pour bronzer et recharger vos batteries, en famille ou entre amis.<\/p>\n<p>Voici notre s\u00e9lection des meilleurs campings situ\u00e9s \u00e0 proximit\u00e9 de l&rsquo;une des 37 plages des Landes, en commen\u00e7ant par le nord du d\u00e9partement pour nous diriger progressivement vers le sud.<\/p>\n<h3>Le Camping Plage Sud \u00e0 Biscarrosse<\/h3>\n<p>Id\u00e9alement situ\u00e9 au coeur de la station baln\u00e9aire de Biscarrosse et \u00e0 800 m\u00e8tres de ses plages, ce camping 3 \u00e9toiles vous accueille pour un s\u00e9jour sur l&rsquo;un des nombreux emplacements de camping traditionnel, ou en bungalow et mobil home. Vous trouverez sur place un espace aquatique compos\u00e9 non pas d&rsquo;une piscine, mais de plusieurs piscines chauff\u00e9es et de <strong>jeux et activit\u00e9s aquatiques<\/strong> pour les enfants et les adultes.<\/p>\n<p>Les prix pratiqu\u00e9s sont abordables, \u00e0 l&rsquo;exemple d&rsquo;un s\u00e9jour de 7 nuits au mois de juin en location d&rsquo;un bungalow 6 personnes, propos\u00e9 \u00e0 moins de 300\u00a0euros.<\/p>\n<h3>Le Camping de la Plage \u00e0 Mimizan<\/h3>\n<p>Tout comme Biscarrosse, la ville de Mimizan est une destination familiale, \u00e0 l&rsquo;image du Camping de la Plage (4 \u00e9toiles), \u00e9tablissement situ\u00e9 \u00e0 seulement 400 m\u00e8tres de la plage et proche d&rsquo;un lac avec base nautique, propice \u00e0 la baignade ou \u00e0 la pratique du cano\u00e9-kayak.<\/p>\n<p>La piscine couverte gratuite du camping ainsi que les nombreux \u00e9quipements de jeux et de sports n&rsquo;attendent donc plus que vous, pour vous offrir un s\u00e9jour et des vacances inoubliables \u00e0 un prix particuli\u00e8rement raisonnable compte tenu des services propos\u00e9s.<\/p>\n<h3>Le Camping Village Resort et Spa Le Vieux Port \u00e0 Messanges<\/h3>\n<p>Install\u00e9 au bord de l&rsquo;oc\u00e9an et de ses plages, ce camping class\u00e9 5 \u00e9toiles propose tous les types d&rsquo;h\u00e9bergements, des services et activit\u00e9s d\u00e9di\u00e9s aux sports, aux divertissements ou au bien-\u00eatre. En choisissant bien votre site de r\u00e9servation, vous pourrez trouver des s\u00e9jours \u00e0 tr\u00e8s bon prix dans ce camping.<\/p>\n<h3>Camping Natureo Resort \u00e0 Seignosse<\/h3>\n<p>La c\u00f4te aquitaine est mondialement reconnue pour la pratique du surf et les Landes ne font pas exception. Choisir un camping dans la r\u00e9gion de Seignosse-Hossegor-Capbreton est le meilleur moyen d&rsquo;acc\u00e9der aux plages les plus connues et aux <strong>\u00e9coles de surf de niveau international<\/strong>, pouvant former les d\u00e9butants comme accueillir des pratiquants confirm\u00e9s de la planche de surf.<\/p>\n<p>Nous avons choisi de vous pr\u00e9senter le camping Natureo Resort, implant\u00e9 \u00e0 Seignosse au bord de l&rsquo;oc\u00e9an Atlantique et d&rsquo;une for\u00eat de pins maritimes. Ce camping dispose de tous les atouts pour offrir des vacances \u00e0 la carte avec, en outre, la possibilit\u00e9 d&rsquo;effectuer facilement tous vos d\u00e9placements \u00e0 v\u00e9lo.<\/p>\n<p><img decoding=\"async\" class=\"img-responsive\" src=\"https:\/\/www.campings.com\/fr\/content\/wp-content\/uploads\/2021\/01\/quel-camping-choisir-dans-landes-2.jpg\" alt=\"Quel camping choisir dans les Landes ?-2\" \/><\/p>\n<h2>A la d\u00e9couverte de la nature et de la for\u00eat landaise<\/h2>\n<p>La for\u00eat des Landes couvre 65\u00a0% du d\u00e9partement, ce qui laisse un territoire immense \u00e0 disposition des amateurs de vacances <strong>au coeur de la nature<\/strong>. De nombreux campings jalonnent ces espaces naturels, vous offrant la perspective de s\u00e9jours consacr\u00e9s \u00e0 la d\u00e9tente, \u00e0 la randonn\u00e9e en for\u00eat, \u00e0 la baignade dans un lac ou \u00e0 la descente d&rsquo;un cours d&rsquo;eau en cano\u00e9-kayak.<\/p>\n<p>La d\u00e9couverte des terres landaises passe \u00e9galement par la table. Chaque petit march\u00e9 local, chaque restaurant et chaque boutique de sp\u00e9cialit\u00e9s locales vous ouvriront les portes d&rsquo;une gastronomie qui satisfait les papilles des gourmands du monde entier. Les Landes regorgent \u00e9galement de petits villages authentiques, qui valent ind\u00e9niablement le d\u00e9tour.<\/p>\n<p>Nous pouvons donc vous conseiller un s\u00e9jour \u00e0 M\u00e9zos, au camping Village Tropical Sen-Yan, qui b\u00e9n\u00e9ficie de tr\u00e8s bons avis de ses clients, visiblement satisfaits par l&rsquo;ambiance et les nombreux services propos\u00e9s.<\/p>\n<p>Toujours \u00e0 l&rsquo;int\u00e9rieur des terres, le camping du Soleil des Landes, \u00e0 Lit-et-Mixe vous permettra de trouver une destination reposante, \u00e0 proximit\u00e9 de la charmante et pittoresque cit\u00e9 lacustre de Uza et \u00e0 seulement 7\u00a0km des plages.<\/p>\n<p>Pour profiter pleinement de la nature landaise, nous pouvons vous orienter vers la r\u00e9gion de L\u00e9on, village de charme nich\u00e9 au bord de la r\u00e9serve naturelle du courant d&rsquo;Huchet, dans lequel vous pourrez admirer la faune et la flore typique des Landes.<\/p>\n<p>Quel que soit votre lieu de s\u00e9jour, vous trouverez dans les campings situ\u00e9s dans la for\u00eat landaise des <strong>prix inf\u00e9rieurs \u00e0 ceux pratiqu\u00e9s sur la c\u00f4te<\/strong>, en ayant le choix de votre type d&rsquo;h\u00e9bergement et en b\u00e9n\u00e9ficiant syst\u00e9matiquement d&rsquo;au moins une piscine chauff\u00e9e et de multiples possibilit\u00e9s d&rsquo;activit\u00e9s et animations.<\/p>\n<h2>Les Landes\u00a0: une destination thermale<\/h2>\n<p>Beaucoup de gens l&rsquo;ignorent encore, mais les eaux tir\u00e9es du sous-sol landais sont charg\u00e9es en oligo-\u00e9l\u00e9ments et en min\u00e9raux aux vertus bienfaisantes, faisant des Landes la <strong>premi\u00e8re destination thermale de France<\/strong>.<\/p>\n<p>C&rsquo;est autour des villes de Dax, d&rsquo;Eug\u00e9nie-les-Bains, de Pr\u00e9chacq-les-Bains ou de Saubusse que vous trouverez ces eaux thermales qui attirent des milliers de visiteurs chaque ann\u00e9e, \u00e0 la recherche de soins, de d\u00e9tente ou tout simplement du plaisir procur\u00e9 par le thermalisme.<\/p>\n<p>Nous pouvons vous recommander le camping des Sources \u00e0 Eug\u00e9nie-les-Bains, qui a fait de la convivialit\u00e9 et du repos ses ma\u00eetres-mots. Situ\u00e9 \u00e0 proximit\u00e9 des thermes de la ville, il dispose d&#8217;emplacements de camping pour caravanes, camping-cars et tentes, mais vous propose \u00e9galement la location de nuits dans un mobil home climatis\u00e9 avec terrasse.<\/p>\n<p>La <a href=\"https:\/\/www.tourismelandes.com\/preparer-mon-sejour\/informations-pratiques\/nos-offices-de-tourisme\/\" target=\"_blank\" rel=\"noopener noreferrer\">richesse touristique des Landes<\/a> se d\u00e9cline donc en de multiples facettes, pour la plus grande satisfaction des vacanciers venus de France et de toute l&rsquo;Europe qui s&#8217;empressent d&rsquo;y revenir chaque \u00e9t\u00e9 pour profiter du climat, des paysages et de la situation exceptionnelle de nombreux campings.<\/p>\n<p><em>Nous vous recommandons ces autres pages\u00a0: <\/em><\/p>\n<ul>\n<li><a href=\"https:\/\/www.campings.com\/fr\/content\/tout-savoir-sur-le-camping\/top-destinations-camping-sur-la-cote-atlantique\/\">Quelles sont les top destinations camping sur la c\u00f4te atlantique\u00a0?<\/a><\/li>\n<li><a href=\"https:\/\/www.campings.com\/fr\/content\/tout-savoir-sur-le-camping\/top-destinations-camping-sur-la-cote-mediterraneenne\/\">Quelles sont les top destinations camping sur la c\u00f4te m\u00e9diterran\u00e9enne\u00a0?<\/a><\/li>\n<li><a href=\"https:\/\/www.campings.com\/fr\/content\/tout-savoir-sur-le-camping\/faire-du-camping-en-espagne\/\">Faire du camping en Espagne<\/a><\/li>\n<li><a href=\"https:\/\/www.campings.com\/fr\/content\/tout-savoir-sur-le-camping\/les-meilleurs-campings-en-italie\/\">Les meilleurs campings en Italie<\/a><\/li>\n<li><a href=\"https:\/\/www.campings.com\/fr\/content\/tout-savoir-sur-le-camping\/faire-du-camping-en-croatie\/\">Faire du camping en Croatie<\/a><\/li>\n<li><a href=\"https:\/\/www.campings.com\/fr\/content\/tout-savoir-sur-le-camping\/quel-camping-choisir-bretagne-\/\">Quel camping choisir en Bretagne\u00a0?<\/a><\/li>\n<li><a href=\"https:\/\/www.campings.com\/fr\/content\/tout-savoir-sur-le-camping\/quel-camping-choisir-vendee\/\">Quel camping choisir en Vend\u00e9e\u00a0?<\/a><\/li>\n<li><a href=\"https:\/\/www.campings.com\/fr\/content\/tout-savoir-sur-le-camping\/quel-camping-choisir-corse\/\">Quel camping choisir en Corse\u00a0?<\/a><\/li>\n<li><a href=\"https:\/\/www.campings.com\/fr\/content\/tout-savoir-sur-le-camping\/quel-camping-choisir-ardeche\/\">Quel camping choisir en Ard\u00e8che\u00a0?<\/a><\/li>\n<\/ul>\n","protected":false},"excerpt":{"rendered":"<p>Chaque ann\u00e9e, lors de la saison estivale, des centaines de milliers de personnes font le choix de profiter des multiples atouts des Landes, ce d\u00e9partement du sud-ouest de la France rest\u00e9 authentique et accueillant. La situation g\u00e9ographique des Landes offre un large \u00e9ventail d&rsquo;activit\u00e9s \u00e0 destination de tous les publics\u00a0: poser sa serviette sur une [&hellip;]<\/p>\n","protected":false},"author":18,"featured_media":0,"parent":0,"menu_order":0,"comment_status":"closed","ping_status":"closed","template":"template-twocolumns.php","meta":{"_acf_changed":false,"footnotes":""},"class_list":["post-2075","page","type-page","status-publish","hentry"],"acf":[],"yoast_head":"<!-- This site is optimized with the Yoast SEO plugin v27.1.1 - https:\/\/yoast.com\/product\/yoast-seo-wordpress\/ -->\n<title>Quel camping choisir dans les Landes ?<\/title>\n<meta name=\"description\" content=\"Le d\u00e9partement des Landes dispose d&#039;une offre pl\u00e9thorique de campings. Suivez notre guide pour trouver le camping qui vous correspond le plus.\" \/>\n<meta name=\"robots\" content=\"index, follow, max-snippet:-1, max-image-preview:large, max-video-preview:-1\" \/>\n<link rel=\"canonical\" href=\"https:\/\/www.campings.com\/fr\/content\/quel-camping-choisir-dans-landes\/\" \/>\n<meta property=\"og:locale\" content=\"fr_FR\" \/>\n<meta property=\"og:type\" content=\"article\" \/>\n<meta property=\"og:title\" content=\"Quel camping choisir dans les Landes ?\" \/>\n<meta property=\"og:description\" content=\"Le d\u00e9partement des Landes dispose d&#039;une offre pl\u00e9thorique de campings. Suivez notre guide pour trouver le camping qui vous correspond le plus.\" \/>\n<meta property=\"og:url\" content=\"https:\/\/www.campings.com\/fr\/content\/quel-camping-choisir-dans-landes\/\" \/>\n<meta property=\"article:modified_time\" content=\"2021-01-31T23:07:36+00:00\" \/>\n<meta property=\"og:image\" content=\"https:\/\/www.campings.com\/fr\/content\/wp-content\/uploads\/2021\/01\/quel-camping-choisir-dans-landes.jpg\" \/>\n<meta name=\"twitter:card\" content=\"summary_large_image\" \/>\n<meta name=\"twitter:label1\" content=\"Dur\u00e9e de lecture estim\u00e9e\" \/>\n\t<meta name=\"twitter:data1\" content=\"6 minutes\" \/>\n<script type=\"application\/ld+json\" class=\"yoast-schema-graph\">{\"@context\":\"https:\/\/schema.org\",\"@graph\":[{\"@type\":\"WebPage\",\"@id\":\"https:\/\/www.campings.com\/fr\/content\/quel-camping-choisir-dans-landes\/\",\"url\":\"https:\/\/www.campings.com\/fr\/content\/quel-camping-choisir-dans-landes\/\",\"name\":\"Quel camping choisir dans les Landes ?\",\"isPartOf\":{\"@id\":\"https:\/\/www.campings.com\/fr\/content\/#website\"},\"primaryImageOfPage\":{\"@id\":\"https:\/\/www.campings.com\/fr\/content\/quel-camping-choisir-dans-landes\/#primaryimage\"},\"image\":{\"@id\":\"https:\/\/www.campings.com\/fr\/content\/quel-camping-choisir-dans-landes\/#primaryimage\"},\"thumbnailUrl\":\"https:\/\/www.campings.com\/fr\/content\/wp-content\/uploads\/2021\/01\/quel-camping-choisir-dans-landes.jpg\",\"datePublished\":\"2021-01-29T11:26:54+00:00\",\"dateModified\":\"2021-01-31T23:07:36+00:00\",\"description\":\"Le d\u00e9partement des Landes dispose d'une offre pl\u00e9thorique de campings. Suivez notre guide pour trouver le camping qui vous correspond le plus.\",\"breadcrumb\":{\"@id\":\"https:\/\/www.campings.com\/fr\/content\/quel-camping-choisir-dans-landes\/#breadcrumb\"},\"inLanguage\":\"fr-FR\",\"potentialAction\":[{\"@type\":\"ReadAction\",\"target\":[\"https:\/\/www.campings.com\/fr\/content\/quel-camping-choisir-dans-landes\/\"]}]},{\"@type\":\"ImageObject\",\"inLanguage\":\"fr-FR\",\"@id\":\"https:\/\/www.campings.com\/fr\/content\/quel-camping-choisir-dans-landes\/#primaryimage\",\"url\":\"https:\/\/www.campings.com\/fr\/content\/wp-content\/uploads\/2021\/01\/quel-camping-choisir-dans-landes.jpg\",\"contentUrl\":\"https:\/\/www.campings.com\/fr\/content\/wp-content\/uploads\/2021\/01\/quel-camping-choisir-dans-landes.jpg\",\"width\":1000,\"height\":564},{\"@type\":\"BreadcrumbList\",\"@id\":\"https:\/\/www.campings.com\/fr\/content\/quel-camping-choisir-dans-landes\/#breadcrumb\",\"itemListElement\":[{\"@type\":\"ListItem\",\"position\":1,\"name\":\"Home\",\"item\":\"https:\/\/www.campings.com\/fr\/content\/\"},{\"@type\":\"ListItem\",\"position\":2,\"name\":\"Choisir son camping dans les Landes\"}]},{\"@type\":\"WebSite\",\"@id\":\"https:\/\/www.campings.com\/fr\/content\/#website\",\"url\":\"https:\/\/www.campings.com\/fr\/content\/\",\"name\":\"\",\"description\":\"\",\"publisher\":{\"@id\":\"https:\/\/www.campings.com\/fr\/content\/#organization\"},\"potentialAction\":[{\"@type\":\"SearchAction\",\"target\":{\"@type\":\"EntryPoint\",\"urlTemplate\":\"https:\/\/www.campings.com\/fr\/content\/?s={search_term_string}\"},\"query-input\":{\"@type\":\"PropertyValueSpecification\",\"valueRequired\":true,\"valueName\":\"search_term_string\"}}],\"inLanguage\":\"fr-FR\"},{\"@type\":\"Organization\",\"@id\":\"https:\/\/www.campings.com\/fr\/content\/#organization\",\"name\":\"CAMPINGS.COM\",\"url\":\"https:\/\/www.campings.com\/fr\/content\/\",\"logo\":{\"@type\":\"ImageObject\",\"inLanguage\":\"fr-FR\",\"@id\":\"https:\/\/www.campings.com\/fr\/content\/#\/schema\/logo\/image\/\",\"url\":\"https:\/\/www.campings.com\/fr\/content\/wp-content\/uploads\/2019\/01\/cropped-logo-1.png\",\"contentUrl\":\"https:\/\/www.campings.com\/fr\/content\/wp-content\/uploads\/2019\/01\/cropped-logo-1.png\",\"width\":174,\"height\":42,\"caption\":\"CAMPINGS.COM\"},\"image\":{\"@id\":\"https:\/\/www.campings.com\/fr\/content\/#\/schema\/logo\/image\/\"}}]}<\/script>\n<!-- \/ Yoast SEO plugin. -->","yoast_head_json":{"title":"Quel camping choisir dans les Landes ?","description":"Le d\u00e9partement des Landes dispose d'une offre pl\u00e9thorique de campings. Suivez notre guide pour trouver le camping qui vous correspond le plus.","robots":{"index":"index","follow":"follow","max-snippet":"max-snippet:-1","max-image-preview":"max-image-preview:large","max-video-preview":"max-video-preview:-1"},"canonical":"https:\/\/www.campings.com\/fr\/content\/quel-camping-choisir-dans-landes\/","og_locale":"fr_FR","og_type":"article","og_title":"Quel camping choisir dans les Landes ?","og_description":"Le d\u00e9partement des Landes dispose d'une offre pl\u00e9thorique de campings. Suivez notre guide pour trouver le camping qui vous correspond le plus.","og_url":"https:\/\/www.campings.com\/fr\/content\/quel-camping-choisir-dans-landes\/","article_modified_time":"2021-01-31T23:07:36+00:00","og_image":[{"url":"https:\/\/www.campings.com\/fr\/content\/wp-content\/uploads\/2021\/01\/quel-camping-choisir-dans-landes.jpg","type":"","width":"","height":""}],"twitter_card":"summary_large_image","twitter_misc":{"Dur\u00e9e de lecture estim\u00e9e":"6 minutes"},"schema":{"@context":"https:\/\/schema.org","@graph":[{"@type":"WebPage","@id":"https:\/\/www.campings.com\/fr\/content\/quel-camping-choisir-dans-landes\/","url":"https:\/\/www.campings.com\/fr\/content\/quel-camping-choisir-dans-landes\/","name":"Quel camping choisir dans les Landes ?","isPartOf":{"@id":"https:\/\/www.campings.com\/fr\/content\/#website"},"primaryImageOfPage":{"@id":"https:\/\/www.campings.com\/fr\/content\/quel-camping-choisir-dans-landes\/#primaryimage"},"image":{"@id":"https:\/\/www.campings.com\/fr\/content\/quel-camping-choisir-dans-landes\/#primaryimage"},"thumbnailUrl":"https:\/\/www.campings.com\/fr\/content\/wp-content\/uploads\/2021\/01\/quel-camping-choisir-dans-landes.jpg","datePublished":"2021-01-29T11:26:54+00:00","dateModified":"2021-01-31T23:07:36+00:00","description":"Le d\u00e9partement des Landes dispose d'une offre pl\u00e9thorique de campings. Suivez notre guide pour trouver le camping qui vous correspond le plus.","breadcrumb":{"@id":"https:\/\/www.campings.com\/fr\/content\/quel-camping-choisir-dans-landes\/#breadcrumb"},"inLanguage":"fr-FR","potentialAction":[{"@type":"ReadAction","target":["https:\/\/www.campings.com\/fr\/content\/quel-camping-choisir-dans-landes\/"]}]},{"@type":"ImageObject","inLanguage":"fr-FR","@id":"https:\/\/www.campings.com\/fr\/content\/quel-camping-choisir-dans-landes\/#primaryimage","url":"https:\/\/www.campings.com\/fr\/content\/wp-content\/uploads\/2021\/01\/quel-camping-choisir-dans-landes.jpg","contentUrl":"https:\/\/www.campings.com\/fr\/content\/wp-content\/uploads\/2021\/01\/quel-camping-choisir-dans-landes.jpg","width":1000,"height":564},{"@type":"BreadcrumbList","@id":"https:\/\/www.campings.com\/fr\/content\/quel-camping-choisir-dans-landes\/#breadcrumb","itemListElement":[{"@type":"ListItem","position":1,"name":"Home","item":"https:\/\/www.campings.com\/fr\/content\/"},{"@type":"ListItem","position":2,"name":"Choisir son camping dans les Landes"}]},{"@type":"WebSite","@id":"https:\/\/www.campings.com\/fr\/content\/#website","url":"https:\/\/www.campings.com\/fr\/content\/","name":"","description":"","publisher":{"@id":"https:\/\/www.campings.com\/fr\/content\/#organization"},"potentialAction":[{"@type":"SearchAction","target":{"@type":"EntryPoint","urlTemplate":"https:\/\/www.campings.com\/fr\/content\/?s={search_term_string}"},"query-input":{"@type":"PropertyValueSpecification","valueRequired":true,"valueName":"search_term_string"}}],"inLanguage":"fr-FR"},{"@type":"Organization","@id":"https:\/\/www.campings.com\/fr\/content\/#organization","name":"CAMPINGS.COM","url":"https:\/\/www.campings.com\/fr\/content\/","logo":{"@type":"ImageObject","inLanguage":"fr-FR","@id":"https:\/\/www.campings.com\/fr\/content\/#\/schema\/logo\/image\/","url":"https:\/\/www.campings.com\/fr\/content\/wp-content\/uploads\/2019\/01\/cropped-logo-1.png","contentUrl":"https:\/\/www.campings.com\/fr\/content\/wp-content\/uploads\/2019\/01\/cropped-logo-1.png","width":174,"height":42,"caption":"CAMPINGS.COM"},"image":{"@id":"https:\/\/www.campings.com\/fr\/content\/#\/schema\/logo\/image\/"}}]}},"_links":{"self":[{"href":"https:\/\/www.campings.com\/fr\/content\/wp-json\/wp\/v2\/pages\/2075","targetHints":{"allow":["GET"]}}],"collection":[{"href":"https:\/\/www.campings.com\/fr\/content\/wp-json\/wp\/v2\/pages"}],"about":[{"href":"https:\/\/www.campings.com\/fr\/content\/wp-json\/wp\/v2\/types\/page"}],"author":[{"embeddable":true,"href":"https:\/\/www.campings.com\/fr\/content\/wp-json\/wp\/v2\/users\/18"}],"replies":[{"embeddable":true,"href":"https:\/\/www.campings.com\/fr\/content\/wp-json\/wp\/v2\/comments?post=2075"}],"version-history":[{"count":4,"href":"https:\/\/www.campings.com\/fr\/content\/wp-json\/wp\/v2\/pages\/2075\/revisions"}],"predecessor-version":[{"id":2200,"href":"https:\/\/www.campings.com\/fr\/content\/wp-json\/wp\/v2\/pages\/2075\/revisions\/2200"}],"wp:attachment":[{"href":"https:\/\/www.campings.com\/fr\/content\/wp-json\/wp\/v2\/media?parent=2075"}],"curies":[{"name":"wp","href":"https:\/\/api.w.org\/{rel}","templated":true}]}}