{"id":2061,"date":"2021-01-29T11:15:25","date_gmt":"2021-01-29T11:15:25","guid":{"rendered":"https:\/\/www.campings.com\/fr\/content\/?page_id=2061"},"modified":"2021-01-31T23:02:04","modified_gmt":"2021-01-31T23:02:04","slug":"presentation-federation-campings-france","status":"publish","type":"page","link":"https:\/\/www.campings.com\/fr\/content\/presentation-federation-campings-france\/","title":{"rendered":"L&rsquo;histoire et les fonctions de la F\u00e9d\u00e9ration Fran\u00e7aise de Camping et de Caravaning"},"content":{"rendered":"<p>Planter sa tente en pleine nature, louer un Mobil-home, arpenter les routes au volant d&rsquo;un camping-car\u00a0: voil\u00e0 peut-\u00eatre ce que vous r\u00e9pondrez si l&rsquo;on vous demande <a href=\"https:\/\/www.campings.com\/fr\/content\/tout-savoir-sur-le-camping\/qu-est-ce-que-le-camping\/\">ce qu&rsquo;est le camping<\/a>. Et vous auriez en partie raison, mais le camping, c&rsquo;est aussi bien plus\u00a0!<\/p>\n<p>Pour d\u00e9fendre les valeurs de cette fa\u00e7on de s\u00e9journer, pour d\u00e9velopper les infrastructures destin\u00e9es \u00e0 accueillir les campeurs ou encore pour susciter l&rsquo;int\u00e9r\u00eat de nouveaux touristes, la f\u00e9d\u00e9ration de France du camping a ainsi vu le jour. D&rsquo;un regroupement de clubs \u00e0 une association nationale et reconnue, la FFCC est devenue un <strong>organisme pilier pour les campeurs, caravaniers et camping-caristes<\/strong>, mais aussi pour les collectivit\u00e9s et les entreprises du tourisme.<\/p>\n<p><img decoding=\"async\" class=\"img-responsive\" src=\"https:\/\/www.campings.com\/fr\/content\/wp-content\/uploads\/2021\/01\/presentation-federation-campings-france.jpg\" alt=\"Pr\u00e9sentation de la f\u00e9d\u00e9ration des campings de France-1\" \/><\/p>\n<h2>LA FFCC, une association presque centenaire<\/h2>\n<p>C&rsquo;est quelques ann\u00e9es apr\u00e8s l&rsquo;obtention des cong\u00e9s pay\u00e9s, <strong>en 1938<\/strong>, que fut fond\u00e9e cette f\u00e9d\u00e9ration consacr\u00e9e au tourisme, et plus particuli\u00e8rement au camping et aux activit\u00e9s de plein air. Elle fut d&rsquo;abord nomm\u00e9e Union Fran\u00e7aise des Associations de Campings, car il s&rsquo;agissait au d\u00e9part d&rsquo;une association qui <strong>regroupait 9 clubs<\/strong> r\u00e9partis sur le territoire national. Leur objectif majeur \u00e9tait de d\u00e9velopper les s\u00e9jours et sorties en plein air et d&rsquo;accompagner les touristes, mission \u00e0 laquelle s&rsquo;att\u00e8le encore aujourd&rsquo;hui la f\u00e9d\u00e9ration.<\/p>\n<p>Avec le d\u00e9veloppement du camping au cours des d\u00e9cennies suivantes, la F\u00e9d\u00e9ration Fran\u00e7aise de Camping et de Caravaning a pris de l&rsquo;ampleur et gagn\u00e9 des adh\u00e9rents. Ce qui lui a valu d&rsquo;\u00eatre <strong>reconnue d&rsquo;utilit\u00e9 publique d\u00e8s 1973<\/strong>.<\/p>\n<p>Au fil des ann\u00e9es, l&rsquo;association s&rsquo;est institutionnalis\u00e9e et a d\u00e9velopp\u00e9 des liens avec nombre d&rsquo;autres organisations de tourisme. Au pr\u00e9sident et au comit\u00e9 de direction s&rsquo;ajoutent m\u00eame plus d&rsquo;une dizaine de salari\u00e9s, qui permettent le bon fonctionnement de l&rsquo;organisme. Par ailleurs, le nombre de clubs affili\u00e9s grimpe \u00e0 70, ce qui en fait une association majeure dans le paysage du camping fran\u00e7ais.<\/p>\n<h2>Les missions de la f\u00e9d\u00e9ration des campings<\/h2>\n<p>La F\u00e9d\u00e9ration des Campeurs, Caravaniers et Camping-Caristes a pour objectif principal de <strong>d\u00e9velopper un tourisme de plein air de qualit\u00e9<\/strong>, en prenant en consid\u00e9ration les besoins de tous ses acteurs\u00a0: vacanciers, clubs, partenaires priv\u00e9s, collectivit\u00e9s, etc. Pour y parvenir, la f\u00e9d\u00e9ration met en place une multitude d&rsquo;actions, en accord avec les valeurs qui l&rsquo;animent depuis sa fondation.<\/p>\n<h3>Conseiller et d\u00e9fendre les touristes adeptes du camping<\/h3>\n<p>La mission num\u00e9ro\u00a01 de la FFCC est d&rsquo;offrir le meilleur niveau de satisfaction possible \u00e0 ses adh\u00e9rents, mais aussi \u00e0 l&rsquo;ensemble des touristes ayant choisi le camping au cours de leur voyage. Gr\u00e2ce \u00e0 son expertise, sa consid\u00e9ration et son large r\u00e9seau, elle veille ainsi \u00e0\u00a0\u00a0:<\/p>\n<ul>\n<li><strong>d\u00e9fendre les droits<\/strong> de l&rsquo;ensemble des adeptes de camping et de caravaning aupr\u00e8s des institutions, des collectivit\u00e9s et des propri\u00e9taires de camping\u00a0;<\/li>\n<li>accompagner ses adh\u00e9rents sur le plan juridique lorsqu&rsquo;ils souhaitent <strong>faire une r\u00e9clamation<\/strong> aupr\u00e8s d&rsquo;un gestionnaire de camping, d&rsquo;un constructeur de camping-cars ou de caravanes, d&rsquo;une municipalit\u00e9, etc. ;<\/li>\n<li>proposer des <strong>contenus \u00e0 vis\u00e9e informative<\/strong> pour les campeurs, caravaniers et camping-caristes fran\u00e7ais\u00a0;<\/li>\n<li>d\u00e9velopper un <strong>esprit de communaut\u00e9<\/strong> entre les adh\u00e9rents \u00e0 la f\u00e9d\u00e9ration, en permettant l&rsquo;\u00e9change, en organisant des voyages group\u00e9s, en cr\u00e9ant une charte commune, etc.<\/li>\n<\/ul>\n<h3>Faire du camping un mode de s\u00e9jour respectueux de l&rsquo;environnement et inclusif<\/h3>\n<p>La f\u00e9d\u00e9ration ne s&rsquo;engage pas uniquement aupr\u00e8s de ses adh\u00e9rents ou des campeurs au sens plus large. Elle sait que pour d\u00e9velopper le tourisme de plein air, il faut non seulement convaincre les vacanciers d&rsquo;opter pour le camping, mais aussi oeuvrer de sorte \u00e0 <strong>respecter la nature et l&rsquo;ensemble de la soci\u00e9t\u00e9<\/strong>.<\/p>\n<p>Plusieurs actions visent ainsi \u00e0 faire du camping un mode de voyage pour tous, o\u00f9 le respect est le ma\u00eetre-mot\u00a0:<\/p>\n<ul>\n<li>cr\u00e9ation d&rsquo;une \u00a0\u00bb\u00a0charte du touriste de plein air\u00a0\u00ab\u00a0, dans laquelle le respect des terrains et de leurs am\u00e9nagements, de la nature et des autres campeurs est d\u00e9clin\u00e9 en plusieurs commandements\u00a0;<\/li>\n<li>communication globale autour de la pr\u00e9servation de l&rsquo;environnement et des avantages du camping pour d\u00e9couvrir la nature et profiter de tout ce qu&rsquo;elle a \u00e0 offrir\u00a0;<\/li>\n<li>sensibilisation et discussion avec les acteurs du tourisme de plein air pour faciliter les vacances des personnes en situation de handicap.<\/li>\n<\/ul>\n<h3>Accompagner ses clubs partenaires<\/h3>\n<p>La FFCC fonctionne en partie gr\u00e2ce aux cotisations de ses clubs affili\u00e9s dans tout le pays, auxquels elle fournit des services en contrepartie. Cela passe notamment par la promotion des activit\u00e9s qu&rsquo;ils proposent aux amoureux de loisirs de plein air et de s\u00e9jours en camping.<\/p>\n<p>Par ailleurs, la F\u00e9d\u00e9ration Fran\u00e7aise de Camping et de Caravaning accompagne chaque club qui le souhaite dans sa gestion quotidienne, \u00e0 travers une <strong>aide juridique, logistique ou encore marketing<\/strong>.<\/p>\n<h3>Mettre en place des actions avec les autres grands acteurs du monde du camping<\/h3>\n<p>En tant que d\u00e9fenseur des campeurs, la FFCC doit \u00e9changer r\u00e9guli\u00e8rement avec les entreprises, associations et institutions concern\u00e9es. L&rsquo;une de ses missions est ainsi de faire office d&rsquo;<strong>interm\u00e9diaire entre les touristes et d&rsquo;autres organismes<\/strong>, tels que la FNHPA (F\u00e9d\u00e9ration Nationale de l&rsquo;H\u00f4tellerie de Plein Air), les FRHPA, les gestionnaires de terrains de camping ou les professionnels des loisirs de plein air.<\/p>\n<p>L&rsquo;id\u00e9e est de pouvoir offrir des prestations de qualit\u00e9, qui offrent satisfaction \u00e0 la fois aux campeurs et aux professionnels, sans oublier le r\u00f4le des collectivit\u00e9s.<\/p>\n<p><img decoding=\"async\" class=\"img-responsive\" src=\"https:\/\/www.campings.com\/fr\/content\/wp-content\/uploads\/2021\/01\/presentation-federation-campings-france-2.jpg\" alt=\"Pr\u00e9sentation de la f\u00e9d\u00e9ration des campings de France-2\" \/><\/p>\n<h2>Les services, offres et produits propos\u00e9s par l&rsquo;association<\/h2>\n<p>La f\u00e9d\u00e9ration ne se contente pas de r\u00e9aliser des actions \u00e0 l&rsquo;\u00e9chelle nationale pour promouvoir l&rsquo;h\u00e9bergement en plein air. Elle propose aussi tout un panel de produits et services\u00a0: certains sont accessibles \u00e0 tous les campeurs avec des r\u00e9ductions pour les adh\u00e9rents, tandis que certains avantages sont accord\u00e9s uniquement aux adh\u00e9rents.<\/p>\n<h3>Les assurances personnelles et mat\u00e9rielles de la f\u00e9d\u00e9ration<\/h3>\n<p>Lors de son adh\u00e9sion, le campeur b\u00e9n\u00e9ficie d\u00e9j\u00e0 de plusieurs garanties, par exemple s&rsquo;il doit annuler ou interrompre son s\u00e9jour, \u00eatre rapatri\u00e9, \u00eatre d\u00e9fendu lors d&rsquo;un litige, etc.<\/p>\n<p>Mais il faut \u00e9galement savoir que toutes les <strong>assurances utiles aux amateurs de camping<\/strong> peuvent \u00eatre souscrites aupr\u00e8s de la FFCC. Cela inclut des offres pour assurer un camping-car, une caravane, un Mobil-home ou du petit mat\u00e9riel de camping, dont on trouve une <a href=\"https:\/\/ffcc.fr\/assurances\/\" target=\"_blank\" rel=\"noopener noreferrer\">pr\u00e9sentation d\u00e9taill\u00e9e<\/a> sur le site de la f\u00e9d\u00e9ration.<\/p>\n<p>A cela s&rsquo;ajoutent des assurances sant\u00e9 et accidents de la vie, valables tout au long de l&rsquo;ann\u00e9e.<\/p>\n<h3>Les livrets et publications pour bien voyager<\/h3>\n<p>Afin d&rsquo;informer au mieux les campeurs et de les aider \u00e0 <strong>pr\u00e9parer leurs vacances<\/strong>, la FFCC publie \u00e9galement divers types de contenus\u00a0:<\/p>\n<ul>\n<li>des manuels r\u00e9pertoriant les aires de stationnement, les campings et les services utiles autour d&rsquo;une th\u00e9matique (guide pour des vacances en Europe du Sud ou guide pour camper \u00e0 la campagne par exemple)\u00a0;<\/li>\n<li>des carnets de route, avec des itin\u00e9raires en France ou \u00e0 l&rsquo;international\u00a0;<\/li>\n<li>des magazines avec toutes les actualit\u00e9s autour du monde du camping.<\/li>\n<\/ul>\n<h3>Les avantages pour voyager dans le pays et \u00e0 l&rsquo;international<\/h3>\n<p>L&rsquo;adh\u00e9sion \u00e0 la FFCC permet de b\u00e9n\u00e9ficier de plusieurs <strong>services \u00e0 prix r\u00e9duit<\/strong>, voire gratuitement\u00a0:<\/p>\n<ul>\n<li>la carte de t\u00e9l\u00e9p\u00e9age pour camping-car\u00a0;<\/li>\n<li>les vignettes autorouti\u00e8res, indispensables pour circuler dans certains pays\u00a0;<\/li>\n<li>le carnet de passage en douane, bien souvent obligatoire pour voyager en dehors de l&rsquo;UE\u00a0;<\/li>\n<li>la <a href=\"https:\/\/www.campingcardinternational.com\/fr\/\" target=\"_blank\" rel=\"noopener noreferrer\">carte internationale de camping<\/a> au prix de 6\u00a0\u20ac, permettant d&rsquo;obtenir des r\u00e9ductions sur la location d&rsquo;un emplacement, d&rsquo;un Mobil-home ou d&rsquo;une autre solution d&rsquo;h\u00e9bergement dans les campings partenaires.<\/li>\n<\/ul>\n<p>Gr\u00e2ce \u00e0 ses valeurs, \u00e0 une offre vari\u00e9e et aux avantages qu&rsquo;elle a pu n\u00e9gocier, la F\u00e9d\u00e9ration Fran\u00e7aise de Camping et de Caravaning participe ainsi au <strong>d\u00e9veloppement de l&rsquo;h\u00f4tellerie de plein air<\/strong>. S\u00e9jours de qualit\u00e9, camping pour tous, solutions pour des vacances moins ch\u00e8res, d\u00e9fense des campeurs\u00a0: voil\u00e0 \u00e0 quoi aspire depuis toujours la f\u00e9d\u00e9ration\u00a0!<\/p>\n<p><em>Nous vous recommandons ces autres pages\u00a0: <\/em><\/p>\n<ul>\n<li><a href=\"https:\/\/www.campings.com\/fr\/content\/tout-savoir-sur-le-camping\/l-histoire-camping\/\">L&rsquo;histoire du camping<\/a><\/li>\n<li><a href=\"https:\/\/www.campings.com\/fr\/content\/tout-savoir-sur-le-camping\/quels-sont-les-types-de-campings\/\">Quels sont les types de campings\u00a0?<\/a><\/li>\n<li><a href=\"https:\/\/www.campings.com\/fr\/content\/tout-savoir-sur-le-camping\/quels-sont-les-types-d-hebergements-en-camping\/\">Quels sont les types d&rsquo;h\u00e9bergements en camping\u00a0?<\/a><\/li>\n<li><a href=\"https:\/\/www.campings.com\/fr\/content\/tout-savoir-sur-le-camping\/focus-camping-paysan\/\">Focus sur le camping paysan<\/a><\/li>\n<li><a href=\"https:\/\/www.campings.com\/fr\/content\/tout-savoir-sur-le-camping\/les-campings-naturistes-vague-fond\/\">Les campings naturistes, une vague de fond<\/a><\/li>\n<\/ul>\n","protected":false},"excerpt":{"rendered":"<p>Planter sa tente en pleine nature, louer un Mobil-home, arpenter les routes au volant d&rsquo;un camping-car\u00a0: voil\u00e0 peut-\u00eatre ce que vous r\u00e9pondrez si l&rsquo;on vous demande ce qu&rsquo;est le camping. Et vous auriez en partie raison, mais le camping, c&rsquo;est aussi bien plus\u00a0! Pour d\u00e9fendre les valeurs de cette fa\u00e7on de s\u00e9journer, pour d\u00e9velopper les [&hellip;]<\/p>\n","protected":false},"author":18,"featured_media":0,"parent":0,"menu_order":0,"comment_status":"closed","ping_status":"closed","template":"template-twocolumns.php","meta":{"_acf_changed":false,"footnotes":""},"class_list":["post-2061","page","type-page","status-publish","hentry"],"acf":[],"yoast_head":"<!-- This site is optimized with the Yoast SEO plugin v27.1.1 - https:\/\/yoast.com\/product\/yoast-seo-wordpress\/ -->\n<title>Pr\u00e9sentation de la f\u00e9d\u00e9ration des campings de France<\/title>\n<meta name=\"description\" content=\"Sous le sigle FFCC, la principale f\u00e9d\u00e9ration de camping fran\u00e7aise d\u00e9fend depuis des d\u00e9cennies les droits des campeurs et d\u00e9veloppe le tourisme de plein air.\" \/>\n<meta name=\"robots\" content=\"index, follow, max-snippet:-1, max-image-preview:large, max-video-preview:-1\" \/>\n<link rel=\"canonical\" href=\"https:\/\/www.campings.com\/fr\/content\/presentation-federation-campings-france\/\" \/>\n<meta property=\"og:locale\" content=\"fr_FR\" \/>\n<meta property=\"og:type\" content=\"article\" \/>\n<meta property=\"og:title\" content=\"Pr\u00e9sentation de la f\u00e9d\u00e9ration des campings de France\" \/>\n<meta property=\"og:description\" content=\"Sous le sigle FFCC, la principale f\u00e9d\u00e9ration de camping fran\u00e7aise d\u00e9fend depuis des d\u00e9cennies les droits des campeurs et d\u00e9veloppe le tourisme de plein air.\" \/>\n<meta property=\"og:url\" content=\"https:\/\/www.campings.com\/fr\/content\/presentation-federation-campings-france\/\" \/>\n<meta property=\"article:modified_time\" content=\"2021-01-31T23:02:04+00:00\" \/>\n<meta property=\"og:image\" content=\"https:\/\/www.campings.com\/fr\/content\/wp-content\/uploads\/2021\/01\/presentation-federation-campings-france.jpg\" \/>\n<meta name=\"twitter:card\" content=\"summary_large_image\" \/>\n<meta name=\"twitter:label1\" content=\"Dur\u00e9e de lecture estim\u00e9e\" \/>\n\t<meta name=\"twitter:data1\" content=\"7 minutes\" \/>\n<script type=\"application\/ld+json\" class=\"yoast-schema-graph\">{\"@context\":\"https:\/\/schema.org\",\"@graph\":[{\"@type\":\"WebPage\",\"@id\":\"https:\/\/www.campings.com\/fr\/content\/presentation-federation-campings-france\/\",\"url\":\"https:\/\/www.campings.com\/fr\/content\/presentation-federation-campings-france\/\",\"name\":\"Pr\u00e9sentation de la f\u00e9d\u00e9ration des campings de France\",\"isPartOf\":{\"@id\":\"https:\/\/www.campings.com\/fr\/content\/#website\"},\"primaryImageOfPage\":{\"@id\":\"https:\/\/www.campings.com\/fr\/content\/presentation-federation-campings-france\/#primaryimage\"},\"image\":{\"@id\":\"https:\/\/www.campings.com\/fr\/content\/presentation-federation-campings-france\/#primaryimage\"},\"thumbnailUrl\":\"https:\/\/www.campings.com\/fr\/content\/wp-content\/uploads\/2021\/01\/presentation-federation-campings-france.jpg\",\"datePublished\":\"2021-01-29T11:15:25+00:00\",\"dateModified\":\"2021-01-31T23:02:04+00:00\",\"description\":\"Sous le sigle FFCC, la principale f\u00e9d\u00e9ration de camping fran\u00e7aise d\u00e9fend depuis des d\u00e9cennies les droits des campeurs et d\u00e9veloppe le tourisme de plein air.\",\"breadcrumb\":{\"@id\":\"https:\/\/www.campings.com\/fr\/content\/presentation-federation-campings-france\/#breadcrumb\"},\"inLanguage\":\"fr-FR\",\"potentialAction\":[{\"@type\":\"ReadAction\",\"target\":[\"https:\/\/www.campings.com\/fr\/content\/presentation-federation-campings-france\/\"]}]},{\"@type\":\"ImageObject\",\"inLanguage\":\"fr-FR\",\"@id\":\"https:\/\/www.campings.com\/fr\/content\/presentation-federation-campings-france\/#primaryimage\",\"url\":\"https:\/\/www.campings.com\/fr\/content\/wp-content\/uploads\/2021\/01\/presentation-federation-campings-france.jpg\",\"contentUrl\":\"https:\/\/www.campings.com\/fr\/content\/wp-content\/uploads\/2021\/01\/presentation-federation-campings-france.jpg\",\"width\":1000,\"height\":667},{\"@type\":\"BreadcrumbList\",\"@id\":\"https:\/\/www.campings.com\/fr\/content\/presentation-federation-campings-france\/#breadcrumb\",\"itemListElement\":[{\"@type\":\"ListItem\",\"position\":1,\"name\":\"Home\",\"item\":\"https:\/\/www.campings.com\/fr\/content\/\"},{\"@type\":\"ListItem\",\"position\":2,\"name\":\"L&rsquo;histoire et les fonctions de la F\u00e9d\u00e9ration Fran\u00e7aise de Camping et de Caravaning\"}]},{\"@type\":\"WebSite\",\"@id\":\"https:\/\/www.campings.com\/fr\/content\/#website\",\"url\":\"https:\/\/www.campings.com\/fr\/content\/\",\"name\":\"\",\"description\":\"\",\"publisher\":{\"@id\":\"https:\/\/www.campings.com\/fr\/content\/#organization\"},\"potentialAction\":[{\"@type\":\"SearchAction\",\"target\":{\"@type\":\"EntryPoint\",\"urlTemplate\":\"https:\/\/www.campings.com\/fr\/content\/?s={search_term_string}\"},\"query-input\":{\"@type\":\"PropertyValueSpecification\",\"valueRequired\":true,\"valueName\":\"search_term_string\"}}],\"inLanguage\":\"fr-FR\"},{\"@type\":\"Organization\",\"@id\":\"https:\/\/www.campings.com\/fr\/content\/#organization\",\"name\":\"CAMPINGS.COM\",\"url\":\"https:\/\/www.campings.com\/fr\/content\/\",\"logo\":{\"@type\":\"ImageObject\",\"inLanguage\":\"fr-FR\",\"@id\":\"https:\/\/www.campings.com\/fr\/content\/#\/schema\/logo\/image\/\",\"url\":\"https:\/\/www.campings.com\/fr\/content\/wp-content\/uploads\/2019\/01\/cropped-logo-1.png\",\"contentUrl\":\"https:\/\/www.campings.com\/fr\/content\/wp-content\/uploads\/2019\/01\/cropped-logo-1.png\",\"width\":174,\"height\":42,\"caption\":\"CAMPINGS.COM\"},\"image\":{\"@id\":\"https:\/\/www.campings.com\/fr\/content\/#\/schema\/logo\/image\/\"}}]}<\/script>\n<!-- \/ Yoast SEO plugin. -->","yoast_head_json":{"title":"Pr\u00e9sentation de la f\u00e9d\u00e9ration des campings de France","description":"Sous le sigle FFCC, la principale f\u00e9d\u00e9ration de camping fran\u00e7aise d\u00e9fend depuis des d\u00e9cennies les droits des campeurs et d\u00e9veloppe le tourisme de plein air.","robots":{"index":"index","follow":"follow","max-snippet":"max-snippet:-1","max-image-preview":"max-image-preview:large","max-video-preview":"max-video-preview:-1"},"canonical":"https:\/\/www.campings.com\/fr\/content\/presentation-federation-campings-france\/","og_locale":"fr_FR","og_type":"article","og_title":"Pr\u00e9sentation de la f\u00e9d\u00e9ration des campings de France","og_description":"Sous le sigle FFCC, la principale f\u00e9d\u00e9ration de camping fran\u00e7aise d\u00e9fend depuis des d\u00e9cennies les droits des campeurs et d\u00e9veloppe le tourisme de plein air.","og_url":"https:\/\/www.campings.com\/fr\/content\/presentation-federation-campings-france\/","article_modified_time":"2021-01-31T23:02:04+00:00","og_image":[{"url":"https:\/\/www.campings.com\/fr\/content\/wp-content\/uploads\/2021\/01\/presentation-federation-campings-france.jpg","type":"","width":"","height":""}],"twitter_card":"summary_large_image","twitter_misc":{"Dur\u00e9e de lecture estim\u00e9e":"7 minutes"},"schema":{"@context":"https:\/\/schema.org","@graph":[{"@type":"WebPage","@id":"https:\/\/www.campings.com\/fr\/content\/presentation-federation-campings-france\/","url":"https:\/\/www.campings.com\/fr\/content\/presentation-federation-campings-france\/","name":"Pr\u00e9sentation de la f\u00e9d\u00e9ration des campings de France","isPartOf":{"@id":"https:\/\/www.campings.com\/fr\/content\/#website"},"primaryImageOfPage":{"@id":"https:\/\/www.campings.com\/fr\/content\/presentation-federation-campings-france\/#primaryimage"},"image":{"@id":"https:\/\/www.campings.com\/fr\/content\/presentation-federation-campings-france\/#primaryimage"},"thumbnailUrl":"https:\/\/www.campings.com\/fr\/content\/wp-content\/uploads\/2021\/01\/presentation-federation-campings-france.jpg","datePublished":"2021-01-29T11:15:25+00:00","dateModified":"2021-01-31T23:02:04+00:00","description":"Sous le sigle FFCC, la principale f\u00e9d\u00e9ration de camping fran\u00e7aise d\u00e9fend depuis des d\u00e9cennies les droits des campeurs et d\u00e9veloppe le tourisme de plein air.","breadcrumb":{"@id":"https:\/\/www.campings.com\/fr\/content\/presentation-federation-campings-france\/#breadcrumb"},"inLanguage":"fr-FR","potentialAction":[{"@type":"ReadAction","target":["https:\/\/www.campings.com\/fr\/content\/presentation-federation-campings-france\/"]}]},{"@type":"ImageObject","inLanguage":"fr-FR","@id":"https:\/\/www.campings.com\/fr\/content\/presentation-federation-campings-france\/#primaryimage","url":"https:\/\/www.campings.com\/fr\/content\/wp-content\/uploads\/2021\/01\/presentation-federation-campings-france.jpg","contentUrl":"https:\/\/www.campings.com\/fr\/content\/wp-content\/uploads\/2021\/01\/presentation-federation-campings-france.jpg","width":1000,"height":667},{"@type":"BreadcrumbList","@id":"https:\/\/www.campings.com\/fr\/content\/presentation-federation-campings-france\/#breadcrumb","itemListElement":[{"@type":"ListItem","position":1,"name":"Home","item":"https:\/\/www.campings.com\/fr\/content\/"},{"@type":"ListItem","position":2,"name":"L&rsquo;histoire et les fonctions de la F\u00e9d\u00e9ration Fran\u00e7aise de Camping et de Caravaning"}]},{"@type":"WebSite","@id":"https:\/\/www.campings.com\/fr\/content\/#website","url":"https:\/\/www.campings.com\/fr\/content\/","name":"","description":"","publisher":{"@id":"https:\/\/www.campings.com\/fr\/content\/#organization"},"potentialAction":[{"@type":"SearchAction","target":{"@type":"EntryPoint","urlTemplate":"https:\/\/www.campings.com\/fr\/content\/?s={search_term_string}"},"query-input":{"@type":"PropertyValueSpecification","valueRequired":true,"valueName":"search_term_string"}}],"inLanguage":"fr-FR"},{"@type":"Organization","@id":"https:\/\/www.campings.com\/fr\/content\/#organization","name":"CAMPINGS.COM","url":"https:\/\/www.campings.com\/fr\/content\/","logo":{"@type":"ImageObject","inLanguage":"fr-FR","@id":"https:\/\/www.campings.com\/fr\/content\/#\/schema\/logo\/image\/","url":"https:\/\/www.campings.com\/fr\/content\/wp-content\/uploads\/2019\/01\/cropped-logo-1.png","contentUrl":"https:\/\/www.campings.com\/fr\/content\/wp-content\/uploads\/2019\/01\/cropped-logo-1.png","width":174,"height":42,"caption":"CAMPINGS.COM"},"image":{"@id":"https:\/\/www.campings.com\/fr\/content\/#\/schema\/logo\/image\/"}}]}},"_links":{"self":[{"href":"https:\/\/www.campings.com\/fr\/content\/wp-json\/wp\/v2\/pages\/2061","targetHints":{"allow":["GET"]}}],"collection":[{"href":"https:\/\/www.campings.com\/fr\/content\/wp-json\/wp\/v2\/pages"}],"about":[{"href":"https:\/\/www.campings.com\/fr\/content\/wp-json\/wp\/v2\/types\/page"}],"author":[{"embeddable":true,"href":"https:\/\/www.campings.com\/fr\/content\/wp-json\/wp\/v2\/users\/18"}],"replies":[{"embeddable":true,"href":"https:\/\/www.campings.com\/fr\/content\/wp-json\/wp\/v2\/comments?post=2061"}],"version-history":[{"count":4,"href":"https:\/\/www.campings.com\/fr\/content\/wp-json\/wp\/v2\/pages\/2061\/revisions"}],"predecessor-version":[{"id":2193,"href":"https:\/\/www.campings.com\/fr\/content\/wp-json\/wp\/v2\/pages\/2061\/revisions\/2193"}],"wp:attachment":[{"href":"https:\/\/www.campings.com\/fr\/content\/wp-json\/wp\/v2\/media?parent=2061"}],"curies":[{"name":"wp","href":"https:\/\/api.w.org\/{rel}","templated":true}]}}