{"id":1767,"date":"2020-02-28T14:46:31","date_gmt":"2020-02-28T14:46:31","guid":{"rendered":"https:\/\/www.campings.com\/fr\/content\/?page_id=1767"},"modified":"2020-02-28T14:46:37","modified_gmt":"2020-02-28T14:46:37","slug":"comment-gerer-le-camping-quand-il-gele","status":"publish","type":"page","link":"https:\/\/www.campings.com\/fr\/content\/faq-camping\/comment-gerer-le-camping-quand-il-gele\/","title":{"rendered":"Comment g\u00e9rer le camping quand il g\u00e8le ?"},"content":{"rendered":"<p>G\u00e9rer le <a href=\"https:\/\/www.campings.com\/fr\/content\/tout-savoir-sur-le-camping\/faq-camping\/\">camping<\/a> quand il g\u00e8le demande un peu d\u2019anticipation :<\/p>\n<ul>\n<li><strong>Mettez de l\u2019antigel<\/strong> dans les r\u00e9serves d\u2019eau ou du gros sel.<\/li>\n<li>Pensez \u00e0 <strong>vidanger r\u00e9guli\u00e8rement les eaux us\u00e9es<\/strong> du camping-car.<\/li>\n<li>\u00c9quipez-vous de <strong>v\u00eatements chauds et respirants.<\/strong><\/li>\n<li>Optez pour des <strong>bouteilles de gaz propane<\/strong>.<strong><br \/>\n<\/strong><\/li>\n<\/ul>\n<h2>Comment pr\u00e9server son camping-car du gel ?<\/h2>\n<p>Faire du camping pendant la saison hivernale demande une bonne organisation pour affronter les basses temp\u00e9ratures. Voici nos conseils.<\/p>\n<ul>\n<li><strong>Le gaz<\/strong> : le butane g\u00e8le \u00e0 une temp\u00e9rature inf\u00e9rieure \u00e0 0\u00b0, pr\u00e9f\u00e9rez une <strong>bouteille de gaz au propane<\/strong>. Attention, votre consommation de chauffage augmente, pr\u00e9voyez plus de bouteilles.<\/li>\n<li><strong>Antigel<\/strong> : faites le plein de nettoyant antigel, optez pour l\u2019utilisation de produits sp\u00e9cifiques pour le r\u00e9servoir d\u2019eau ou du gros sel pour faciliter l\u2019\u00e9vacuation des eaux us\u00e9es.<\/li>\n<li><strong>Isolation <\/strong>: pour votre confort, n\u2019h\u00e9sitez pas \u00e0 installer une b\u00e2che sur votre v\u00e9hicule pour conserver une temp\u00e9rature constante \u00e0 l\u2019int\u00e9rieur. Attention \u00e0 l\u2019humidit\u00e9, a\u00e9rez ?!<\/li>\n<li><strong>Accessoires utiles<\/strong> : pr\u00e9voyez des c\u00e2bles de recharge pour la batterie, une pelle ou un balai pour la neige sur le toit et autour, un chauffage d\u2019appoint\u2026<\/li>\n<\/ul>\n<h2>Comment faire du camping sous la tente quand il g\u00e8le ?<\/h2>\n<p>Faire du camping sous la tente quand il g\u00e8le est possible, mais demande une bonne gestion pour conserver la chaleur.<\/p>\n<ul>\n<li><strong>Une tente sp\u00e9ciale hiver<\/strong>, mieux isol\u00e9e contre le froid.<\/li>\n<li>Un sac de couchage sp\u00e9cial temp\u00e9rature basse ou optez pour <strong>plusieurs sacs de couchage superpos\u00e9s<\/strong>.<\/li>\n<li>Multipliez les <strong>couches de v\u00eatements isolants<\/strong>. Oubliez le coton pour privil\u00e9gier la laine.<\/li>\n<li>Choisissez un bon camping pour disposer d\u2019<strong>eau chaude \u00e0 volont\u00e9<\/strong>.<\/li>\n<\/ul>\n","protected":false},"excerpt":{"rendered":"<p>G\u00e9rer le camping quand il g\u00e8le demande un peu d\u2019anticipation : Mettez de l\u2019antigel dans les r\u00e9serves d\u2019eau ou du gros sel. Pensez \u00e0 vidanger r\u00e9guli\u00e8rement les eaux us\u00e9es du camping-car. \u00c9quipez-vous de v\u00eatements chauds et respirants. Optez pour des bouteilles de gaz propane. Comment pr\u00e9server son camping-car du gel ? Faire du camping pendant [&hellip;]<\/p>\n","protected":false},"author":2,"featured_media":0,"parent":1638,"menu_order":0,"comment_status":"closed","ping_status":"closed","template":"template-twocolumns.php","meta":{"_acf_changed":false,"footnotes":""},"class_list":["post-1767","page","type-page","status-publish","hentry"],"acf":[],"yoast_head":"<!-- This site is optimized with the Yoast SEO plugin v27.1.1 - https:\/\/yoast.com\/product\/yoast-seo-wordpress\/ -->\n<title>Comment g\u00e9rer le camping quand il g\u00e8le ?<\/title>\n<meta name=\"description\" content=\"FAQ - Comment g\u00e9rer le camping quand il g\u00e8le ?\" \/>\n<meta name=\"robots\" content=\"index, follow, max-snippet:-1, max-image-preview:large, max-video-preview:-1\" \/>\n<link rel=\"canonical\" href=\"https:\/\/www.campings.com\/fr\/content\/faq-camping\/comment-gerer-le-camping-quand-il-gele\/\" \/>\n<meta property=\"og:locale\" content=\"fr_FR\" \/>\n<meta property=\"og:type\" content=\"article\" \/>\n<meta property=\"og:title\" content=\"Comment g\u00e9rer le camping quand il g\u00e8le ?\" \/>\n<meta property=\"og:description\" content=\"FAQ - Comment g\u00e9rer le camping quand il g\u00e8le ?\" \/>\n<meta property=\"og:url\" content=\"https:\/\/www.campings.com\/fr\/content\/faq-camping\/comment-gerer-le-camping-quand-il-gele\/\" \/>\n<meta property=\"article:modified_time\" content=\"2020-02-28T14:46:37+00:00\" \/>\n<meta name=\"twitter:card\" content=\"summary_large_image\" \/>\n<meta name=\"twitter:label1\" content=\"Dur\u00e9e de lecture estim\u00e9e\" \/>\n\t<meta name=\"twitter:data1\" content=\"1 minute\" \/>\n<script type=\"application\/ld+json\" class=\"yoast-schema-graph\">{\"@context\":\"https:\/\/schema.org\",\"@graph\":[{\"@type\":\"WebPage\",\"@id\":\"https:\/\/www.campings.com\/fr\/content\/faq-camping\/comment-gerer-le-camping-quand-il-gele\/\",\"url\":\"https:\/\/www.campings.com\/fr\/content\/faq-camping\/comment-gerer-le-camping-quand-il-gele\/\",\"name\":\"Comment g\u00e9rer le camping quand il g\u00e8le ?\",\"isPartOf\":{\"@id\":\"https:\/\/www.campings.com\/fr\/content\/#website\"},\"datePublished\":\"2020-02-28T14:46:31+00:00\",\"dateModified\":\"2020-02-28T14:46:37+00:00\",\"description\":\"FAQ - Comment g\u00e9rer le camping quand il g\u00e8le ?\",\"breadcrumb\":{\"@id\":\"https:\/\/www.campings.com\/fr\/content\/faq-camping\/comment-gerer-le-camping-quand-il-gele\/#breadcrumb\"},\"inLanguage\":\"fr-FR\",\"potentialAction\":[{\"@type\":\"ReadAction\",\"target\":[\"https:\/\/www.campings.com\/fr\/content\/faq-camping\/comment-gerer-le-camping-quand-il-gele\/\"]}]},{\"@type\":\"BreadcrumbList\",\"@id\":\"https:\/\/www.campings.com\/fr\/content\/faq-camping\/comment-gerer-le-camping-quand-il-gele\/#breadcrumb\",\"itemListElement\":[{\"@type\":\"ListItem\",\"position\":1,\"name\":\"Home\",\"item\":\"https:\/\/www.campings.com\/fr\/content\/\"},{\"@type\":\"ListItem\",\"position\":2,\"name\":\"FAQ camping\",\"item\":\"https:\/\/www.campings.com\/fr\/content\/faq-camping\/\"},{\"@type\":\"ListItem\",\"position\":3,\"name\":\"Comment g\u00e9rer le camping quand il g\u00e8le ?\"}]},{\"@type\":\"WebSite\",\"@id\":\"https:\/\/www.campings.com\/fr\/content\/#website\",\"url\":\"https:\/\/www.campings.com\/fr\/content\/\",\"name\":\"\",\"description\":\"\",\"publisher\":{\"@id\":\"https:\/\/www.campings.com\/fr\/content\/#organization\"},\"potentialAction\":[{\"@type\":\"SearchAction\",\"target\":{\"@type\":\"EntryPoint\",\"urlTemplate\":\"https:\/\/www.campings.com\/fr\/content\/?s={search_term_string}\"},\"query-input\":{\"@type\":\"PropertyValueSpecification\",\"valueRequired\":true,\"valueName\":\"search_term_string\"}}],\"inLanguage\":\"fr-FR\"},{\"@type\":\"Organization\",\"@id\":\"https:\/\/www.campings.com\/fr\/content\/#organization\",\"name\":\"CAMPINGS.COM\",\"url\":\"https:\/\/www.campings.com\/fr\/content\/\",\"logo\":{\"@type\":\"ImageObject\",\"inLanguage\":\"fr-FR\",\"@id\":\"https:\/\/www.campings.com\/fr\/content\/#\/schema\/logo\/image\/\",\"url\":\"https:\/\/www.campings.com\/fr\/content\/wp-content\/uploads\/2019\/01\/cropped-logo-1.png\",\"contentUrl\":\"https:\/\/www.campings.com\/fr\/content\/wp-content\/uploads\/2019\/01\/cropped-logo-1.png\",\"width\":174,\"height\":42,\"caption\":\"CAMPINGS.COM\"},\"image\":{\"@id\":\"https:\/\/www.campings.com\/fr\/content\/#\/schema\/logo\/image\/\"}}]}<\/script>\n<!-- \/ Yoast SEO plugin. -->","yoast_head_json":{"title":"Comment g\u00e9rer le camping quand il g\u00e8le ?","description":"FAQ - Comment g\u00e9rer le camping quand il g\u00e8le ?","robots":{"index":"index","follow":"follow","max-snippet":"max-snippet:-1","max-image-preview":"max-image-preview:large","max-video-preview":"max-video-preview:-1"},"canonical":"https:\/\/www.campings.com\/fr\/content\/faq-camping\/comment-gerer-le-camping-quand-il-gele\/","og_locale":"fr_FR","og_type":"article","og_title":"Comment g\u00e9rer le camping quand il g\u00e8le ?","og_description":"FAQ - Comment g\u00e9rer le camping quand il g\u00e8le ?","og_url":"https:\/\/www.campings.com\/fr\/content\/faq-camping\/comment-gerer-le-camping-quand-il-gele\/","article_modified_time":"2020-02-28T14:46:37+00:00","twitter_card":"summary_large_image","twitter_misc":{"Dur\u00e9e de lecture estim\u00e9e":"1 minute"},"schema":{"@context":"https:\/\/schema.org","@graph":[{"@type":"WebPage","@id":"https:\/\/www.campings.com\/fr\/content\/faq-camping\/comment-gerer-le-camping-quand-il-gele\/","url":"https:\/\/www.campings.com\/fr\/content\/faq-camping\/comment-gerer-le-camping-quand-il-gele\/","name":"Comment g\u00e9rer le camping quand il g\u00e8le ?","isPartOf":{"@id":"https:\/\/www.campings.com\/fr\/content\/#website"},"datePublished":"2020-02-28T14:46:31+00:00","dateModified":"2020-02-28T14:46:37+00:00","description":"FAQ - Comment g\u00e9rer le camping quand il g\u00e8le ?","breadcrumb":{"@id":"https:\/\/www.campings.com\/fr\/content\/faq-camping\/comment-gerer-le-camping-quand-il-gele\/#breadcrumb"},"inLanguage":"fr-FR","potentialAction":[{"@type":"ReadAction","target":["https:\/\/www.campings.com\/fr\/content\/faq-camping\/comment-gerer-le-camping-quand-il-gele\/"]}]},{"@type":"BreadcrumbList","@id":"https:\/\/www.campings.com\/fr\/content\/faq-camping\/comment-gerer-le-camping-quand-il-gele\/#breadcrumb","itemListElement":[{"@type":"ListItem","position":1,"name":"Home","item":"https:\/\/www.campings.com\/fr\/content\/"},{"@type":"ListItem","position":2,"name":"FAQ camping","item":"https:\/\/www.campings.com\/fr\/content\/faq-camping\/"},{"@type":"ListItem","position":3,"name":"Comment g\u00e9rer le camping quand il g\u00e8le ?"}]},{"@type":"WebSite","@id":"https:\/\/www.campings.com\/fr\/content\/#website","url":"https:\/\/www.campings.com\/fr\/content\/","name":"","description":"","publisher":{"@id":"https:\/\/www.campings.com\/fr\/content\/#organization"},"potentialAction":[{"@type":"SearchAction","target":{"@type":"EntryPoint","urlTemplate":"https:\/\/www.campings.com\/fr\/content\/?s={search_term_string}"},"query-input":{"@type":"PropertyValueSpecification","valueRequired":true,"valueName":"search_term_string"}}],"inLanguage":"fr-FR"},{"@type":"Organization","@id":"https:\/\/www.campings.com\/fr\/content\/#organization","name":"CAMPINGS.COM","url":"https:\/\/www.campings.com\/fr\/content\/","logo":{"@type":"ImageObject","inLanguage":"fr-FR","@id":"https:\/\/www.campings.com\/fr\/content\/#\/schema\/logo\/image\/","url":"https:\/\/www.campings.com\/fr\/content\/wp-content\/uploads\/2019\/01\/cropped-logo-1.png","contentUrl":"https:\/\/www.campings.com\/fr\/content\/wp-content\/uploads\/2019\/01\/cropped-logo-1.png","width":174,"height":42,"caption":"CAMPINGS.COM"},"image":{"@id":"https:\/\/www.campings.com\/fr\/content\/#\/schema\/logo\/image\/"}}]}},"_links":{"self":[{"href":"https:\/\/www.campings.com\/fr\/content\/wp-json\/wp\/v2\/pages\/1767","targetHints":{"allow":["GET"]}}],"collection":[{"href":"https:\/\/www.campings.com\/fr\/content\/wp-json\/wp\/v2\/pages"}],"about":[{"href":"https:\/\/www.campings.com\/fr\/content\/wp-json\/wp\/v2\/types\/page"}],"author":[{"embeddable":true,"href":"https:\/\/www.campings.com\/fr\/content\/wp-json\/wp\/v2\/users\/2"}],"replies":[{"embeddable":true,"href":"https:\/\/www.campings.com\/fr\/content\/wp-json\/wp\/v2\/comments?post=1767"}],"version-history":[{"count":1,"href":"https:\/\/www.campings.com\/fr\/content\/wp-json\/wp\/v2\/pages\/1767\/revisions"}],"predecessor-version":[{"id":1768,"href":"https:\/\/www.campings.com\/fr\/content\/wp-json\/wp\/v2\/pages\/1767\/revisions\/1768"}],"up":[{"embeddable":true,"href":"https:\/\/www.campings.com\/fr\/content\/wp-json\/wp\/v2\/pages\/1638"}],"wp:attachment":[{"href":"https:\/\/www.campings.com\/fr\/content\/wp-json\/wp\/v2\/media?parent=1767"}],"curies":[{"name":"wp","href":"https:\/\/api.w.org\/{rel}","templated":true}]}}