{"id":1759,"date":"2020-02-28T14:43:39","date_gmt":"2020-02-28T14:43:39","guid":{"rendered":"https:\/\/www.campings.com\/fr\/content\/?page_id=1759"},"modified":"2020-02-28T14:43:45","modified_gmt":"2020-02-28T14:43:45","slug":"qu-est-ce-qu-un-camping-a-la-ferme","status":"publish","type":"page","link":"https:\/\/www.campings.com\/fr\/content\/faq-camping\/qu-est-ce-qu-un-camping-a-la-ferme\/","title":{"rendered":"Qu&rsquo;est-ce qu&rsquo;un camping \u00e0 la ferme ?"},"content":{"rendered":"<p><strong>Le camping \u00e0 la ferme est un camping install\u00e9 sur une exploitation agricole <\/strong>et g\u00e9r\u00e9 par un agriculteur. Cette activit\u00e9 est soumise \u00e0 une r\u00e9glementation pr\u00e9cise concernant, entre autres, le nombre d&#8217;emplacements disponibles. Le <a href=\"https:\/\/www.campings.com\/fr\/content\/tout-savoir-sur-le-camping\/faq-camping\/\">camping<\/a> \u00e0 la ferme est privil\u00e9gi\u00e9 par les vacanciers d\u00e9sireux de d\u00e9couvrir le monde rural.<\/p>\n<h2>Quelles sont les particularit\u00e9s du camping \u00e0 la ferme ?<\/h2>\n<p>Le camping \u00e0 la ferme a \u00e9t\u00e9 cr\u00e9\u00e9 pour r\u00e9pondre \u00e0 trois besoins :<\/p>\n<ul>\n<li>Permettre aux agriculteurs d&rsquo;obtenir des revenus compl\u00e9mentaires.<\/li>\n<li><strong>Faire d\u00e9couvrir la vie \u00e0 la ferme aux vacanciers<\/strong>, de l&rsquo;entretien des terres au soin des animaux.<\/li>\n<li>Cr\u00e9er des liens sociaux forts entre les exploitants fermiers et les touristes adeptes du camping.<\/li>\n<\/ul>\n<p>Sur simple demande d&rsquo;autorisation au maire ou au pr\u00e9fet, un agriculteur peut accueillir sur son exploitation agricole des campeurs. Ce qui diff\u00e9rencie le camping \u00e0 la ferme du camping classique est le nombre d&#8217;emplacements. En effet, <strong>le camping \u00e0 la ferme dispose de six emplacements<\/strong> et peut accueillir vingt personnes au maximum sur son terrain.<\/p>\n<h2>Comment fonctionne le camping \u00e0 la ferme ?<\/h2>\n<p>Le camping \u00e0 la ferme pr\u00e9sente de nombreux avantages pour des vacances inoubliables et un <strong>tourisme \u00e9cologique<\/strong>. C&rsquo;est un type d&rsquo;h\u00e9bergement qui entra\u00eene les campeurs au c\u0153ur du savoir-faire rural. Les enfants, mais aussi les adultes, d\u00e9couvrent le m\u00e9tier d&rsquo;exploitant agricole : c\u00e9r\u00e9alier, viticulteur ou encore \u00e9leveur. Gr\u00e2ce au camping \u00e0 la ferme, ils ont la possibilit\u00e9 de traire les vaches, de ramasser les l\u00e9gumes, de nourrir les animaux, d&rsquo;apprendre le nom des machines agricoles, etc. Au cours du s\u00e9jour, les vacanciers peuvent <strong>go\u00fbter des produits locaux<\/strong>, fabriqu\u00e9s par les exploitants eux-m\u00eames. Les enfants et leurs parents, les c\u00e9libataires et les jeunes couples sont de plus en plus nombreux \u00e0 se tourner vers ce genre de campings. Tous appr\u00e9cient la proximit\u00e9 avec la nature apaisante et la d\u00e9couverte d&rsquo;un terroir \u00e0 travers des activit\u00e9s saines.<\/p>\n","protected":false},"excerpt":{"rendered":"<p>Le camping \u00e0 la ferme est un camping install\u00e9 sur une exploitation agricole et g\u00e9r\u00e9 par un agriculteur. Cette activit\u00e9 est soumise \u00e0 une r\u00e9glementation pr\u00e9cise concernant, entre autres, le nombre d&#8217;emplacements disponibles. Le camping \u00e0 la ferme est privil\u00e9gi\u00e9 par les vacanciers d\u00e9sireux de d\u00e9couvrir le monde rural. Quelles sont les particularit\u00e9s du camping [&hellip;]<\/p>\n","protected":false},"author":2,"featured_media":0,"parent":1638,"menu_order":0,"comment_status":"closed","ping_status":"closed","template":"template-twocolumns.php","meta":{"_acf_changed":false,"footnotes":""},"class_list":["post-1759","page","type-page","status-publish","hentry"],"acf":[],"yoast_head":"<!-- This site is optimized with the Yoast SEO plugin v27.1.1 - https:\/\/yoast.com\/product\/yoast-seo-wordpress\/ -->\n<title>Qu&#039;est-ce qu&#039;un camping \u00e0 la ferme ?<\/title>\n<meta name=\"description\" content=\"FAQ - Qu&#039;est-ce qu&#039;un camping \u00e0 la ferme ?\" \/>\n<meta name=\"robots\" content=\"index, follow, max-snippet:-1, max-image-preview:large, max-video-preview:-1\" \/>\n<link rel=\"canonical\" href=\"https:\/\/www.campings.com\/fr\/content\/faq-camping\/qu-est-ce-qu-un-camping-a-la-ferme\/\" \/>\n<meta property=\"og:locale\" content=\"fr_FR\" \/>\n<meta property=\"og:type\" content=\"article\" \/>\n<meta property=\"og:title\" content=\"Qu&#039;est-ce qu&#039;un camping \u00e0 la ferme ?\" \/>\n<meta property=\"og:description\" content=\"FAQ - Qu&#039;est-ce qu&#039;un camping \u00e0 la ferme ?\" \/>\n<meta property=\"og:url\" content=\"https:\/\/www.campings.com\/fr\/content\/faq-camping\/qu-est-ce-qu-un-camping-a-la-ferme\/\" \/>\n<meta property=\"article:modified_time\" content=\"2020-02-28T14:43:45+00:00\" \/>\n<meta name=\"twitter:card\" content=\"summary_large_image\" \/>\n<meta name=\"twitter:label1\" content=\"Dur\u00e9e de lecture estim\u00e9e\" \/>\n\t<meta name=\"twitter:data1\" content=\"2 minutes\" \/>\n<script type=\"application\/ld+json\" class=\"yoast-schema-graph\">{\"@context\":\"https:\/\/schema.org\",\"@graph\":[{\"@type\":\"WebPage\",\"@id\":\"https:\/\/www.campings.com\/fr\/content\/faq-camping\/qu-est-ce-qu-un-camping-a-la-ferme\/\",\"url\":\"https:\/\/www.campings.com\/fr\/content\/faq-camping\/qu-est-ce-qu-un-camping-a-la-ferme\/\",\"name\":\"Qu'est-ce qu'un camping \u00e0 la ferme ?\",\"isPartOf\":{\"@id\":\"https:\/\/www.campings.com\/fr\/content\/#website\"},\"datePublished\":\"2020-02-28T14:43:39+00:00\",\"dateModified\":\"2020-02-28T14:43:45+00:00\",\"description\":\"FAQ - Qu'est-ce qu'un camping \u00e0 la ferme ?\",\"breadcrumb\":{\"@id\":\"https:\/\/www.campings.com\/fr\/content\/faq-camping\/qu-est-ce-qu-un-camping-a-la-ferme\/#breadcrumb\"},\"inLanguage\":\"fr-FR\",\"potentialAction\":[{\"@type\":\"ReadAction\",\"target\":[\"https:\/\/www.campings.com\/fr\/content\/faq-camping\/qu-est-ce-qu-un-camping-a-la-ferme\/\"]}]},{\"@type\":\"BreadcrumbList\",\"@id\":\"https:\/\/www.campings.com\/fr\/content\/faq-camping\/qu-est-ce-qu-un-camping-a-la-ferme\/#breadcrumb\",\"itemListElement\":[{\"@type\":\"ListItem\",\"position\":1,\"name\":\"Home\",\"item\":\"https:\/\/www.campings.com\/fr\/content\/\"},{\"@type\":\"ListItem\",\"position\":2,\"name\":\"FAQ camping\",\"item\":\"https:\/\/www.campings.com\/fr\/content\/faq-camping\/\"},{\"@type\":\"ListItem\",\"position\":3,\"name\":\"Qu&rsquo;est-ce qu&rsquo;un camping \u00e0 la ferme ?\"}]},{\"@type\":\"WebSite\",\"@id\":\"https:\/\/www.campings.com\/fr\/content\/#website\",\"url\":\"https:\/\/www.campings.com\/fr\/content\/\",\"name\":\"\",\"description\":\"\",\"publisher\":{\"@id\":\"https:\/\/www.campings.com\/fr\/content\/#organization\"},\"potentialAction\":[{\"@type\":\"SearchAction\",\"target\":{\"@type\":\"EntryPoint\",\"urlTemplate\":\"https:\/\/www.campings.com\/fr\/content\/?s={search_term_string}\"},\"query-input\":{\"@type\":\"PropertyValueSpecification\",\"valueRequired\":true,\"valueName\":\"search_term_string\"}}],\"inLanguage\":\"fr-FR\"},{\"@type\":\"Organization\",\"@id\":\"https:\/\/www.campings.com\/fr\/content\/#organization\",\"name\":\"CAMPINGS.COM\",\"url\":\"https:\/\/www.campings.com\/fr\/content\/\",\"logo\":{\"@type\":\"ImageObject\",\"inLanguage\":\"fr-FR\",\"@id\":\"https:\/\/www.campings.com\/fr\/content\/#\/schema\/logo\/image\/\",\"url\":\"https:\/\/www.campings.com\/fr\/content\/wp-content\/uploads\/2019\/01\/cropped-logo-1.png\",\"contentUrl\":\"https:\/\/www.campings.com\/fr\/content\/wp-content\/uploads\/2019\/01\/cropped-logo-1.png\",\"width\":174,\"height\":42,\"caption\":\"CAMPINGS.COM\"},\"image\":{\"@id\":\"https:\/\/www.campings.com\/fr\/content\/#\/schema\/logo\/image\/\"}}]}<\/script>\n<!-- \/ Yoast SEO plugin. -->","yoast_head_json":{"title":"Qu'est-ce qu'un camping \u00e0 la ferme ?","description":"FAQ - Qu'est-ce qu'un camping \u00e0 la ferme ?","robots":{"index":"index","follow":"follow","max-snippet":"max-snippet:-1","max-image-preview":"max-image-preview:large","max-video-preview":"max-video-preview:-1"},"canonical":"https:\/\/www.campings.com\/fr\/content\/faq-camping\/qu-est-ce-qu-un-camping-a-la-ferme\/","og_locale":"fr_FR","og_type":"article","og_title":"Qu'est-ce qu'un camping \u00e0 la ferme ?","og_description":"FAQ - Qu'est-ce qu'un camping \u00e0 la ferme ?","og_url":"https:\/\/www.campings.com\/fr\/content\/faq-camping\/qu-est-ce-qu-un-camping-a-la-ferme\/","article_modified_time":"2020-02-28T14:43:45+00:00","twitter_card":"summary_large_image","twitter_misc":{"Dur\u00e9e de lecture estim\u00e9e":"2 minutes"},"schema":{"@context":"https:\/\/schema.org","@graph":[{"@type":"WebPage","@id":"https:\/\/www.campings.com\/fr\/content\/faq-camping\/qu-est-ce-qu-un-camping-a-la-ferme\/","url":"https:\/\/www.campings.com\/fr\/content\/faq-camping\/qu-est-ce-qu-un-camping-a-la-ferme\/","name":"Qu'est-ce qu'un camping \u00e0 la ferme ?","isPartOf":{"@id":"https:\/\/www.campings.com\/fr\/content\/#website"},"datePublished":"2020-02-28T14:43:39+00:00","dateModified":"2020-02-28T14:43:45+00:00","description":"FAQ - Qu'est-ce qu'un camping \u00e0 la ferme ?","breadcrumb":{"@id":"https:\/\/www.campings.com\/fr\/content\/faq-camping\/qu-est-ce-qu-un-camping-a-la-ferme\/#breadcrumb"},"inLanguage":"fr-FR","potentialAction":[{"@type":"ReadAction","target":["https:\/\/www.campings.com\/fr\/content\/faq-camping\/qu-est-ce-qu-un-camping-a-la-ferme\/"]}]},{"@type":"BreadcrumbList","@id":"https:\/\/www.campings.com\/fr\/content\/faq-camping\/qu-est-ce-qu-un-camping-a-la-ferme\/#breadcrumb","itemListElement":[{"@type":"ListItem","position":1,"name":"Home","item":"https:\/\/www.campings.com\/fr\/content\/"},{"@type":"ListItem","position":2,"name":"FAQ camping","item":"https:\/\/www.campings.com\/fr\/content\/faq-camping\/"},{"@type":"ListItem","position":3,"name":"Qu&rsquo;est-ce qu&rsquo;un camping \u00e0 la ferme ?"}]},{"@type":"WebSite","@id":"https:\/\/www.campings.com\/fr\/content\/#website","url":"https:\/\/www.campings.com\/fr\/content\/","name":"","description":"","publisher":{"@id":"https:\/\/www.campings.com\/fr\/content\/#organization"},"potentialAction":[{"@type":"SearchAction","target":{"@type":"EntryPoint","urlTemplate":"https:\/\/www.campings.com\/fr\/content\/?s={search_term_string}"},"query-input":{"@type":"PropertyValueSpecification","valueRequired":true,"valueName":"search_term_string"}}],"inLanguage":"fr-FR"},{"@type":"Organization","@id":"https:\/\/www.campings.com\/fr\/content\/#organization","name":"CAMPINGS.COM","url":"https:\/\/www.campings.com\/fr\/content\/","logo":{"@type":"ImageObject","inLanguage":"fr-FR","@id":"https:\/\/www.campings.com\/fr\/content\/#\/schema\/logo\/image\/","url":"https:\/\/www.campings.com\/fr\/content\/wp-content\/uploads\/2019\/01\/cropped-logo-1.png","contentUrl":"https:\/\/www.campings.com\/fr\/content\/wp-content\/uploads\/2019\/01\/cropped-logo-1.png","width":174,"height":42,"caption":"CAMPINGS.COM"},"image":{"@id":"https:\/\/www.campings.com\/fr\/content\/#\/schema\/logo\/image\/"}}]}},"_links":{"self":[{"href":"https:\/\/www.campings.com\/fr\/content\/wp-json\/wp\/v2\/pages\/1759","targetHints":{"allow":["GET"]}}],"collection":[{"href":"https:\/\/www.campings.com\/fr\/content\/wp-json\/wp\/v2\/pages"}],"about":[{"href":"https:\/\/www.campings.com\/fr\/content\/wp-json\/wp\/v2\/types\/page"}],"author":[{"embeddable":true,"href":"https:\/\/www.campings.com\/fr\/content\/wp-json\/wp\/v2\/users\/2"}],"replies":[{"embeddable":true,"href":"https:\/\/www.campings.com\/fr\/content\/wp-json\/wp\/v2\/comments?post=1759"}],"version-history":[{"count":1,"href":"https:\/\/www.campings.com\/fr\/content\/wp-json\/wp\/v2\/pages\/1759\/revisions"}],"predecessor-version":[{"id":1760,"href":"https:\/\/www.campings.com\/fr\/content\/wp-json\/wp\/v2\/pages\/1759\/revisions\/1760"}],"up":[{"embeddable":true,"href":"https:\/\/www.campings.com\/fr\/content\/wp-json\/wp\/v2\/pages\/1638"}],"wp:attachment":[{"href":"https:\/\/www.campings.com\/fr\/content\/wp-json\/wp\/v2\/media?parent=1759"}],"curies":[{"name":"wp","href":"https:\/\/api.w.org\/{rel}","templated":true}]}}