{"id":1739,"date":"2020-02-28T14:35:41","date_gmt":"2020-02-28T14:35:41","guid":{"rendered":"https:\/\/www.campings.com\/fr\/content\/?page_id=1739"},"modified":"2020-02-28T14:35:48","modified_gmt":"2020-02-28T14:35:48","slug":"comment-brancher-le-gaz-en-camping","status":"publish","type":"page","link":"https:\/\/www.campings.com\/fr\/content\/faq-camping\/comment-brancher-le-gaz-en-camping\/","title":{"rendered":"Comment brancher le gaz en camping ?"},"content":{"rendered":"<p>Contrairement \u00e0 l&rsquo;eau et l&rsquo;\u00e9lectricit\u00e9, il est impossible de <strong>se brancher sur le gaz<\/strong> lorsqu&rsquo;on part au <a href=\"https:\/\/www.campings.com\/fr\/content\/tout-savoir-sur-le-camping\/faq-camping\/\">camping<\/a>. En tente ou en camping-car, il faut donc pr\u00e9voir son propre syst\u00e8me d&rsquo;alimentation en gaz pour en profiter m\u00eame pendant les vacances.<\/p>\n<h2>Comment brancher le gaz en camping quand on est en tente ?<\/h2>\n<p>L&rsquo;utilisation du gaz est tr\u00e8s r\u00e9duite lorsqu&rsquo;on fait du camping en tente. Pour profiter quand m\u00eame de repas chauds, <strong>le r\u00e9chaud<\/strong> est l&rsquo;appareil le plus utilis\u00e9 par les campeurs. Il peut fonctionner au propane, au butane, \u00e0 l&rsquo;isobutane, ou au GPL. Le plus souvent, le r\u00e9chaud est <strong>raccord\u00e9 \u00e0 la bouteille de gaz<\/strong> via un tuyau flexible auquel on ajoute un d\u00e9tendeur. Le raccordement peut aussi se faire \u00e0 l&rsquo;aide d&rsquo;une cartouche de gaz unique, \u00e0 jeter apr\u00e8s utilisation. L&rsquo;installation simplifi\u00e9e de ces appareils ne dispense pas d&rsquo;une surveillance accrue notamment pour une <strong>utilisation ext\u00e9rieure<\/strong>, surtout lorsque les conditions m\u00e9t\u00e9o sont d\u00e9favorables.<\/p>\n<h2>Comment brancher le gaz en camping quand on est en camping-car ?<\/h2>\n<p>Le confort d&rsquo;un camping-car offre beaucoup plus de possibilit\u00e9s en mati\u00e8re d&rsquo;<strong>utilisation du gaz<\/strong>. Dans ce type de v\u00e9hicule, les bouteilles de gaz sont plac\u00e9es dans un endroit bien particulier, d&rsquo;o\u00f9 partent les tuyaux de raccordement qui proc\u00e8dent \u00e0 l&rsquo;alimentation des diff\u00e9rents appareils. Pour brancher le gaz dans un camping-car, il faut s&rsquo;assurer que le <strong>d\u00e9tendeur corresponde au type de gaz<\/strong> utilis\u00e9 et au poids de la bouteille. Une fois le robinet ouvert, et selon le mod\u00e8le de v\u00e9hicule, d&rsquo;autres vannes doivent \u00eatre actionn\u00e9es pour permettre la sortie du gaz dans les diff\u00e9rents tuyaux.<\/p>\n","protected":false},"excerpt":{"rendered":"<p>Contrairement \u00e0 l&rsquo;eau et l&rsquo;\u00e9lectricit\u00e9, il est impossible de se brancher sur le gaz lorsqu&rsquo;on part au camping. En tente ou en camping-car, il faut donc pr\u00e9voir son propre syst\u00e8me d&rsquo;alimentation en gaz pour en profiter m\u00eame pendant les vacances. Comment brancher le gaz en camping quand on est en tente ? L&rsquo;utilisation du gaz [&hellip;]<\/p>\n","protected":false},"author":2,"featured_media":0,"parent":1638,"menu_order":0,"comment_status":"closed","ping_status":"closed","template":"template-twocolumns.php","meta":{"_acf_changed":false,"footnotes":""},"class_list":["post-1739","page","type-page","status-publish","hentry"],"acf":[],"yoast_head":"<!-- This site is optimized with the Yoast SEO plugin v27.1.1 - https:\/\/yoast.com\/product\/yoast-seo-wordpress\/ -->\n<title>Comment brancher le gaz en camping ?<\/title>\n<meta name=\"description\" content=\"FAQ - Comment brancher le gaz en camping ?\" \/>\n<meta name=\"robots\" content=\"index, follow, max-snippet:-1, max-image-preview:large, max-video-preview:-1\" \/>\n<link rel=\"canonical\" href=\"https:\/\/www.campings.com\/fr\/content\/faq-camping\/comment-brancher-le-gaz-en-camping\/\" \/>\n<meta property=\"og:locale\" content=\"fr_FR\" \/>\n<meta property=\"og:type\" content=\"article\" \/>\n<meta property=\"og:title\" content=\"Comment brancher le gaz en camping ?\" \/>\n<meta property=\"og:description\" content=\"FAQ - Comment brancher le gaz en camping ?\" \/>\n<meta property=\"og:url\" content=\"https:\/\/www.campings.com\/fr\/content\/faq-camping\/comment-brancher-le-gaz-en-camping\/\" \/>\n<meta property=\"article:modified_time\" content=\"2020-02-28T14:35:48+00:00\" \/>\n<meta name=\"twitter:card\" content=\"summary_large_image\" \/>\n<meta name=\"twitter:label1\" content=\"Dur\u00e9e de lecture estim\u00e9e\" \/>\n\t<meta name=\"twitter:data1\" content=\"1 minute\" \/>\n<script type=\"application\/ld+json\" class=\"yoast-schema-graph\">{\"@context\":\"https:\/\/schema.org\",\"@graph\":[{\"@type\":\"WebPage\",\"@id\":\"https:\/\/www.campings.com\/fr\/content\/faq-camping\/comment-brancher-le-gaz-en-camping\/\",\"url\":\"https:\/\/www.campings.com\/fr\/content\/faq-camping\/comment-brancher-le-gaz-en-camping\/\",\"name\":\"Comment brancher le gaz en camping ?\",\"isPartOf\":{\"@id\":\"https:\/\/www.campings.com\/fr\/content\/#website\"},\"datePublished\":\"2020-02-28T14:35:41+00:00\",\"dateModified\":\"2020-02-28T14:35:48+00:00\",\"description\":\"FAQ - Comment brancher le gaz en camping ?\",\"breadcrumb\":{\"@id\":\"https:\/\/www.campings.com\/fr\/content\/faq-camping\/comment-brancher-le-gaz-en-camping\/#breadcrumb\"},\"inLanguage\":\"fr-FR\",\"potentialAction\":[{\"@type\":\"ReadAction\",\"target\":[\"https:\/\/www.campings.com\/fr\/content\/faq-camping\/comment-brancher-le-gaz-en-camping\/\"]}]},{\"@type\":\"BreadcrumbList\",\"@id\":\"https:\/\/www.campings.com\/fr\/content\/faq-camping\/comment-brancher-le-gaz-en-camping\/#breadcrumb\",\"itemListElement\":[{\"@type\":\"ListItem\",\"position\":1,\"name\":\"Home\",\"item\":\"https:\/\/www.campings.com\/fr\/content\/\"},{\"@type\":\"ListItem\",\"position\":2,\"name\":\"FAQ camping\",\"item\":\"https:\/\/www.campings.com\/fr\/content\/faq-camping\/\"},{\"@type\":\"ListItem\",\"position\":3,\"name\":\"Comment brancher le gaz en camping ?\"}]},{\"@type\":\"WebSite\",\"@id\":\"https:\/\/www.campings.com\/fr\/content\/#website\",\"url\":\"https:\/\/www.campings.com\/fr\/content\/\",\"name\":\"\",\"description\":\"\",\"publisher\":{\"@id\":\"https:\/\/www.campings.com\/fr\/content\/#organization\"},\"potentialAction\":[{\"@type\":\"SearchAction\",\"target\":{\"@type\":\"EntryPoint\",\"urlTemplate\":\"https:\/\/www.campings.com\/fr\/content\/?s={search_term_string}\"},\"query-input\":{\"@type\":\"PropertyValueSpecification\",\"valueRequired\":true,\"valueName\":\"search_term_string\"}}],\"inLanguage\":\"fr-FR\"},{\"@type\":\"Organization\",\"@id\":\"https:\/\/www.campings.com\/fr\/content\/#organization\",\"name\":\"CAMPINGS.COM\",\"url\":\"https:\/\/www.campings.com\/fr\/content\/\",\"logo\":{\"@type\":\"ImageObject\",\"inLanguage\":\"fr-FR\",\"@id\":\"https:\/\/www.campings.com\/fr\/content\/#\/schema\/logo\/image\/\",\"url\":\"https:\/\/www.campings.com\/fr\/content\/wp-content\/uploads\/2019\/01\/cropped-logo-1.png\",\"contentUrl\":\"https:\/\/www.campings.com\/fr\/content\/wp-content\/uploads\/2019\/01\/cropped-logo-1.png\",\"width\":174,\"height\":42,\"caption\":\"CAMPINGS.COM\"},\"image\":{\"@id\":\"https:\/\/www.campings.com\/fr\/content\/#\/schema\/logo\/image\/\"}}]}<\/script>\n<!-- \/ Yoast SEO plugin. -->","yoast_head_json":{"title":"Comment brancher le gaz en camping ?","description":"FAQ - Comment brancher le gaz en camping ?","robots":{"index":"index","follow":"follow","max-snippet":"max-snippet:-1","max-image-preview":"max-image-preview:large","max-video-preview":"max-video-preview:-1"},"canonical":"https:\/\/www.campings.com\/fr\/content\/faq-camping\/comment-brancher-le-gaz-en-camping\/","og_locale":"fr_FR","og_type":"article","og_title":"Comment brancher le gaz en camping ?","og_description":"FAQ - Comment brancher le gaz en camping ?","og_url":"https:\/\/www.campings.com\/fr\/content\/faq-camping\/comment-brancher-le-gaz-en-camping\/","article_modified_time":"2020-02-28T14:35:48+00:00","twitter_card":"summary_large_image","twitter_misc":{"Dur\u00e9e de lecture estim\u00e9e":"1 minute"},"schema":{"@context":"https:\/\/schema.org","@graph":[{"@type":"WebPage","@id":"https:\/\/www.campings.com\/fr\/content\/faq-camping\/comment-brancher-le-gaz-en-camping\/","url":"https:\/\/www.campings.com\/fr\/content\/faq-camping\/comment-brancher-le-gaz-en-camping\/","name":"Comment brancher le gaz en camping ?","isPartOf":{"@id":"https:\/\/www.campings.com\/fr\/content\/#website"},"datePublished":"2020-02-28T14:35:41+00:00","dateModified":"2020-02-28T14:35:48+00:00","description":"FAQ - Comment brancher le gaz en camping ?","breadcrumb":{"@id":"https:\/\/www.campings.com\/fr\/content\/faq-camping\/comment-brancher-le-gaz-en-camping\/#breadcrumb"},"inLanguage":"fr-FR","potentialAction":[{"@type":"ReadAction","target":["https:\/\/www.campings.com\/fr\/content\/faq-camping\/comment-brancher-le-gaz-en-camping\/"]}]},{"@type":"BreadcrumbList","@id":"https:\/\/www.campings.com\/fr\/content\/faq-camping\/comment-brancher-le-gaz-en-camping\/#breadcrumb","itemListElement":[{"@type":"ListItem","position":1,"name":"Home","item":"https:\/\/www.campings.com\/fr\/content\/"},{"@type":"ListItem","position":2,"name":"FAQ camping","item":"https:\/\/www.campings.com\/fr\/content\/faq-camping\/"},{"@type":"ListItem","position":3,"name":"Comment brancher le gaz en camping ?"}]},{"@type":"WebSite","@id":"https:\/\/www.campings.com\/fr\/content\/#website","url":"https:\/\/www.campings.com\/fr\/content\/","name":"","description":"","publisher":{"@id":"https:\/\/www.campings.com\/fr\/content\/#organization"},"potentialAction":[{"@type":"SearchAction","target":{"@type":"EntryPoint","urlTemplate":"https:\/\/www.campings.com\/fr\/content\/?s={search_term_string}"},"query-input":{"@type":"PropertyValueSpecification","valueRequired":true,"valueName":"search_term_string"}}],"inLanguage":"fr-FR"},{"@type":"Organization","@id":"https:\/\/www.campings.com\/fr\/content\/#organization","name":"CAMPINGS.COM","url":"https:\/\/www.campings.com\/fr\/content\/","logo":{"@type":"ImageObject","inLanguage":"fr-FR","@id":"https:\/\/www.campings.com\/fr\/content\/#\/schema\/logo\/image\/","url":"https:\/\/www.campings.com\/fr\/content\/wp-content\/uploads\/2019\/01\/cropped-logo-1.png","contentUrl":"https:\/\/www.campings.com\/fr\/content\/wp-content\/uploads\/2019\/01\/cropped-logo-1.png","width":174,"height":42,"caption":"CAMPINGS.COM"},"image":{"@id":"https:\/\/www.campings.com\/fr\/content\/#\/schema\/logo\/image\/"}}]}},"_links":{"self":[{"href":"https:\/\/www.campings.com\/fr\/content\/wp-json\/wp\/v2\/pages\/1739","targetHints":{"allow":["GET"]}}],"collection":[{"href":"https:\/\/www.campings.com\/fr\/content\/wp-json\/wp\/v2\/pages"}],"about":[{"href":"https:\/\/www.campings.com\/fr\/content\/wp-json\/wp\/v2\/types\/page"}],"author":[{"embeddable":true,"href":"https:\/\/www.campings.com\/fr\/content\/wp-json\/wp\/v2\/users\/2"}],"replies":[{"embeddable":true,"href":"https:\/\/www.campings.com\/fr\/content\/wp-json\/wp\/v2\/comments?post=1739"}],"version-history":[{"count":1,"href":"https:\/\/www.campings.com\/fr\/content\/wp-json\/wp\/v2\/pages\/1739\/revisions"}],"predecessor-version":[{"id":1740,"href":"https:\/\/www.campings.com\/fr\/content\/wp-json\/wp\/v2\/pages\/1739\/revisions\/1740"}],"up":[{"embeddable":true,"href":"https:\/\/www.campings.com\/fr\/content\/wp-json\/wp\/v2\/pages\/1638"}],"wp:attachment":[{"href":"https:\/\/www.campings.com\/fr\/content\/wp-json\/wp\/v2\/media?parent=1739"}],"curies":[{"name":"wp","href":"https:\/\/api.w.org\/{rel}","templated":true}]}}