{"id":1729,"date":"2020-02-28T14:31:26","date_gmt":"2020-02-28T14:31:26","guid":{"rendered":"https:\/\/www.campings.com\/fr\/content\/?page_id=1729"},"modified":"2020-02-28T14:31:34","modified_gmt":"2020-02-28T14:31:34","slug":"comment-utiliser-un-percolateur-en-camping","status":"publish","type":"page","link":"https:\/\/www.campings.com\/fr\/content\/faq-camping\/comment-utiliser-un-percolateur-en-camping\/","title":{"rendered":"Comment utiliser un percolateur en camping ?"},"content":{"rendered":"<p>L\u2019utilisation d\u2019un percolateur au <a href=\"https:\/\/www.campings.com\/fr\/content\/tout-savoir-sur-le-camping\/faq-camping\/\">camping<\/a> est simple :<\/p>\n<ul>\n<li>Remplissez le r\u00e9servoir d\u2019eau.<\/li>\n<li>Placez le panier au-dessus de l\u2019eau.<\/li>\n<li>Ajoutez-y le caf\u00e9 moulu.<\/li>\n<li>Posez le percolateur sur votre r\u00e9chaud.<\/li>\n<li>Laissez infuser dix minutes minimum.<\/li>\n<li>Retirez le percolateur du feu, enlevez le panier.<\/li>\n<\/ul>\n<p>Votre caf\u00e9 est pr\u00eat?!<\/p>\n<h2>Quelle cafeti\u00e8re choisir pour faire du caf\u00e9 en camping ?<\/h2>\n<p>Impossible de ne pas d\u00e9marrer la journ\u00e9e sans un bon caf\u00e9, m\u00eame pendant les vacances au camping. Mais quel mod\u00e8le de cafeti\u00e8re emporter en camping ?<\/p>\n<h3>La cafeti\u00e8re \u00e0 piston<\/h3>\n<p>Pratique \u00e0 utiliser au camping, la cafeti\u00e8re \u00e0 piston ne demande qu&rsquo;un r\u00e9chaud \u00e0 gaz pour fonctionner. Le caf\u00e9 \u00ab\u00a0\u00e0 l&rsquo;ancienne\u00a0\u00bb est r\u00e9put\u00e9 pour d\u00e9livrer les ar\u00f4mes du caf\u00e9.<\/p>\n<h3>Les percolateurs<\/h3>\n<p>La pr\u00e9paration du caf\u00e9 avec un percolateur fonctionne sur le m\u00eame principe que la cafeti\u00e8re \u00e0 piston. Mais elle ne convient pas aux plus press\u00e9s, l&rsquo;infusion du caf\u00e9 demandant au minimum dix minutes.<\/p>\n<h3>La cafeti\u00e8re traditionnelle<\/h3>\n<p>La cafeti\u00e8re \u00e9lectrique s\u2019utilise comme \u00e0 la maison avec son filtre et son r\u00e9servoir, en verre ou en acier inoxydable. Elle demande surtout l\u2019acc\u00e8s \u00e0 du courant ou \u00e0 une prise allume-cigare.<\/p>\n<h3>La machine \u00e0 expresso<\/h3>\n<p>Sans doute la moins pratique pour un s\u00e9jour au camping, son utilisation demande une prise \u00e9lectrique, de l&rsquo;espace et les capsules sont des d\u00e9chets suppl\u00e9mentaires.<br \/>\nParmi toutes ces cafeti\u00e8res, et hormis pour les machines \u00e0 expresso, <strong>optez pour des mod\u00e8les \u00e0 petite capacit\u00e9<\/strong> ou au nombre de tasses r\u00e9duit, par souci d&rsquo;encombrement. Quant \u00e0 la qualit\u00e9 du caf\u00e9, le choix du mod\u00e8le de cafeti\u00e8re n\u2019est qu\u2019une question de go\u00fbt.<\/p>\n","protected":false},"excerpt":{"rendered":"<p>L\u2019utilisation d\u2019un percolateur au camping est simple : Remplissez le r\u00e9servoir d\u2019eau. Placez le panier au-dessus de l\u2019eau. Ajoutez-y le caf\u00e9 moulu. Posez le percolateur sur votre r\u00e9chaud. Laissez infuser dix minutes minimum. Retirez le percolateur du feu, enlevez le panier. Votre caf\u00e9 est pr\u00eat?! Quelle cafeti\u00e8re choisir pour faire du caf\u00e9 en camping ? [&hellip;]<\/p>\n","protected":false},"author":2,"featured_media":0,"parent":1638,"menu_order":0,"comment_status":"closed","ping_status":"closed","template":"template-twocolumns.php","meta":{"_acf_changed":false,"footnotes":""},"class_list":["post-1729","page","type-page","status-publish","hentry"],"acf":[],"yoast_head":"<!-- This site is optimized with the Yoast SEO plugin v27.1.1 - https:\/\/yoast.com\/product\/yoast-seo-wordpress\/ -->\n<title>Comment utiliser un percolateur en camping ?<\/title>\n<meta name=\"description\" content=\"FAQ - Comment utiliser un percolateur en camping ?\" \/>\n<meta name=\"robots\" content=\"index, follow, max-snippet:-1, max-image-preview:large, max-video-preview:-1\" \/>\n<link rel=\"canonical\" href=\"https:\/\/www.campings.com\/fr\/content\/faq-camping\/comment-utiliser-un-percolateur-en-camping\/\" \/>\n<meta property=\"og:locale\" content=\"fr_FR\" \/>\n<meta property=\"og:type\" content=\"article\" \/>\n<meta property=\"og:title\" content=\"Comment utiliser un percolateur en camping ?\" \/>\n<meta property=\"og:description\" content=\"FAQ - Comment utiliser un percolateur en camping ?\" \/>\n<meta property=\"og:url\" content=\"https:\/\/www.campings.com\/fr\/content\/faq-camping\/comment-utiliser-un-percolateur-en-camping\/\" \/>\n<meta property=\"article:modified_time\" content=\"2020-02-28T14:31:34+00:00\" \/>\n<meta name=\"twitter:card\" content=\"summary_large_image\" \/>\n<meta name=\"twitter:label1\" content=\"Dur\u00e9e de lecture estim\u00e9e\" \/>\n\t<meta name=\"twitter:data1\" content=\"1 minute\" \/>\n<script type=\"application\/ld+json\" class=\"yoast-schema-graph\">{\"@context\":\"https:\/\/schema.org\",\"@graph\":[{\"@type\":\"WebPage\",\"@id\":\"https:\/\/www.campings.com\/fr\/content\/faq-camping\/comment-utiliser-un-percolateur-en-camping\/\",\"url\":\"https:\/\/www.campings.com\/fr\/content\/faq-camping\/comment-utiliser-un-percolateur-en-camping\/\",\"name\":\"Comment utiliser un percolateur en camping ?\",\"isPartOf\":{\"@id\":\"https:\/\/www.campings.com\/fr\/content\/#website\"},\"datePublished\":\"2020-02-28T14:31:26+00:00\",\"dateModified\":\"2020-02-28T14:31:34+00:00\",\"description\":\"FAQ - Comment utiliser un percolateur en camping ?\",\"breadcrumb\":{\"@id\":\"https:\/\/www.campings.com\/fr\/content\/faq-camping\/comment-utiliser-un-percolateur-en-camping\/#breadcrumb\"},\"inLanguage\":\"fr-FR\",\"potentialAction\":[{\"@type\":\"ReadAction\",\"target\":[\"https:\/\/www.campings.com\/fr\/content\/faq-camping\/comment-utiliser-un-percolateur-en-camping\/\"]}]},{\"@type\":\"BreadcrumbList\",\"@id\":\"https:\/\/www.campings.com\/fr\/content\/faq-camping\/comment-utiliser-un-percolateur-en-camping\/#breadcrumb\",\"itemListElement\":[{\"@type\":\"ListItem\",\"position\":1,\"name\":\"Home\",\"item\":\"https:\/\/www.campings.com\/fr\/content\/\"},{\"@type\":\"ListItem\",\"position\":2,\"name\":\"FAQ camping\",\"item\":\"https:\/\/www.campings.com\/fr\/content\/faq-camping\/\"},{\"@type\":\"ListItem\",\"position\":3,\"name\":\"Comment utiliser un percolateur en camping ?\"}]},{\"@type\":\"WebSite\",\"@id\":\"https:\/\/www.campings.com\/fr\/content\/#website\",\"url\":\"https:\/\/www.campings.com\/fr\/content\/\",\"name\":\"\",\"description\":\"\",\"publisher\":{\"@id\":\"https:\/\/www.campings.com\/fr\/content\/#organization\"},\"potentialAction\":[{\"@type\":\"SearchAction\",\"target\":{\"@type\":\"EntryPoint\",\"urlTemplate\":\"https:\/\/www.campings.com\/fr\/content\/?s={search_term_string}\"},\"query-input\":{\"@type\":\"PropertyValueSpecification\",\"valueRequired\":true,\"valueName\":\"search_term_string\"}}],\"inLanguage\":\"fr-FR\"},{\"@type\":\"Organization\",\"@id\":\"https:\/\/www.campings.com\/fr\/content\/#organization\",\"name\":\"CAMPINGS.COM\",\"url\":\"https:\/\/www.campings.com\/fr\/content\/\",\"logo\":{\"@type\":\"ImageObject\",\"inLanguage\":\"fr-FR\",\"@id\":\"https:\/\/www.campings.com\/fr\/content\/#\/schema\/logo\/image\/\",\"url\":\"https:\/\/www.campings.com\/fr\/content\/wp-content\/uploads\/2019\/01\/cropped-logo-1.png\",\"contentUrl\":\"https:\/\/www.campings.com\/fr\/content\/wp-content\/uploads\/2019\/01\/cropped-logo-1.png\",\"width\":174,\"height\":42,\"caption\":\"CAMPINGS.COM\"},\"image\":{\"@id\":\"https:\/\/www.campings.com\/fr\/content\/#\/schema\/logo\/image\/\"}}]}<\/script>\n<!-- \/ Yoast SEO plugin. -->","yoast_head_json":{"title":"Comment utiliser un percolateur en camping ?","description":"FAQ - Comment utiliser un percolateur en camping ?","robots":{"index":"index","follow":"follow","max-snippet":"max-snippet:-1","max-image-preview":"max-image-preview:large","max-video-preview":"max-video-preview:-1"},"canonical":"https:\/\/www.campings.com\/fr\/content\/faq-camping\/comment-utiliser-un-percolateur-en-camping\/","og_locale":"fr_FR","og_type":"article","og_title":"Comment utiliser un percolateur en camping ?","og_description":"FAQ - Comment utiliser un percolateur en camping ?","og_url":"https:\/\/www.campings.com\/fr\/content\/faq-camping\/comment-utiliser-un-percolateur-en-camping\/","article_modified_time":"2020-02-28T14:31:34+00:00","twitter_card":"summary_large_image","twitter_misc":{"Dur\u00e9e de lecture estim\u00e9e":"1 minute"},"schema":{"@context":"https:\/\/schema.org","@graph":[{"@type":"WebPage","@id":"https:\/\/www.campings.com\/fr\/content\/faq-camping\/comment-utiliser-un-percolateur-en-camping\/","url":"https:\/\/www.campings.com\/fr\/content\/faq-camping\/comment-utiliser-un-percolateur-en-camping\/","name":"Comment utiliser un percolateur en camping ?","isPartOf":{"@id":"https:\/\/www.campings.com\/fr\/content\/#website"},"datePublished":"2020-02-28T14:31:26+00:00","dateModified":"2020-02-28T14:31:34+00:00","description":"FAQ - Comment utiliser un percolateur en camping ?","breadcrumb":{"@id":"https:\/\/www.campings.com\/fr\/content\/faq-camping\/comment-utiliser-un-percolateur-en-camping\/#breadcrumb"},"inLanguage":"fr-FR","potentialAction":[{"@type":"ReadAction","target":["https:\/\/www.campings.com\/fr\/content\/faq-camping\/comment-utiliser-un-percolateur-en-camping\/"]}]},{"@type":"BreadcrumbList","@id":"https:\/\/www.campings.com\/fr\/content\/faq-camping\/comment-utiliser-un-percolateur-en-camping\/#breadcrumb","itemListElement":[{"@type":"ListItem","position":1,"name":"Home","item":"https:\/\/www.campings.com\/fr\/content\/"},{"@type":"ListItem","position":2,"name":"FAQ camping","item":"https:\/\/www.campings.com\/fr\/content\/faq-camping\/"},{"@type":"ListItem","position":3,"name":"Comment utiliser un percolateur en camping ?"}]},{"@type":"WebSite","@id":"https:\/\/www.campings.com\/fr\/content\/#website","url":"https:\/\/www.campings.com\/fr\/content\/","name":"","description":"","publisher":{"@id":"https:\/\/www.campings.com\/fr\/content\/#organization"},"potentialAction":[{"@type":"SearchAction","target":{"@type":"EntryPoint","urlTemplate":"https:\/\/www.campings.com\/fr\/content\/?s={search_term_string}"},"query-input":{"@type":"PropertyValueSpecification","valueRequired":true,"valueName":"search_term_string"}}],"inLanguage":"fr-FR"},{"@type":"Organization","@id":"https:\/\/www.campings.com\/fr\/content\/#organization","name":"CAMPINGS.COM","url":"https:\/\/www.campings.com\/fr\/content\/","logo":{"@type":"ImageObject","inLanguage":"fr-FR","@id":"https:\/\/www.campings.com\/fr\/content\/#\/schema\/logo\/image\/","url":"https:\/\/www.campings.com\/fr\/content\/wp-content\/uploads\/2019\/01\/cropped-logo-1.png","contentUrl":"https:\/\/www.campings.com\/fr\/content\/wp-content\/uploads\/2019\/01\/cropped-logo-1.png","width":174,"height":42,"caption":"CAMPINGS.COM"},"image":{"@id":"https:\/\/www.campings.com\/fr\/content\/#\/schema\/logo\/image\/"}}]}},"_links":{"self":[{"href":"https:\/\/www.campings.com\/fr\/content\/wp-json\/wp\/v2\/pages\/1729","targetHints":{"allow":["GET"]}}],"collection":[{"href":"https:\/\/www.campings.com\/fr\/content\/wp-json\/wp\/v2\/pages"}],"about":[{"href":"https:\/\/www.campings.com\/fr\/content\/wp-json\/wp\/v2\/types\/page"}],"author":[{"embeddable":true,"href":"https:\/\/www.campings.com\/fr\/content\/wp-json\/wp\/v2\/users\/2"}],"replies":[{"embeddable":true,"href":"https:\/\/www.campings.com\/fr\/content\/wp-json\/wp\/v2\/comments?post=1729"}],"version-history":[{"count":1,"href":"https:\/\/www.campings.com\/fr\/content\/wp-json\/wp\/v2\/pages\/1729\/revisions"}],"predecessor-version":[{"id":1730,"href":"https:\/\/www.campings.com\/fr\/content\/wp-json\/wp\/v2\/pages\/1729\/revisions\/1730"}],"up":[{"embeddable":true,"href":"https:\/\/www.campings.com\/fr\/content\/wp-json\/wp\/v2\/pages\/1638"}],"wp:attachment":[{"href":"https:\/\/www.campings.com\/fr\/content\/wp-json\/wp\/v2\/media?parent=1729"}],"curies":[{"name":"wp","href":"https:\/\/api.w.org\/{rel}","templated":true}]}}