{"id":1715,"date":"2020-02-28T14:25:01","date_gmt":"2020-02-28T14:25:01","guid":{"rendered":"https:\/\/www.campings.com\/fr\/content\/?page_id=1715"},"modified":"2020-02-28T14:25:08","modified_gmt":"2020-02-28T14:25:08","slug":"quel-climatiseur-choisir-pour-un-camping-car","status":"publish","type":"page","link":"https:\/\/www.campings.com\/fr\/content\/faq-camping\/quel-climatiseur-choisir-pour-un-camping-car\/","title":{"rendered":"Quel climatiseur choisir pour un camping-car ?"},"content":{"rendered":"<p>Le choix de votre<strong> climatiseur pour camping-car <\/strong>d\u00e9pend de l&rsquo;espace disponible pour l&rsquo;installation, de vos pr\u00e9f\u00e9rences en mati\u00e8re d&rsquo;encombrement de votre v\u00e9hicule, de la fr\u00e9quence de vos besoins, mais \u00e9galement de l&rsquo;\u00e9ventuelle r\u00e9versibilit\u00e9 pour une utilisation combin\u00e9e climatisation et chauffage.<\/p>\n<h2>Climatiseur pour camping-car mobile, fixe ou portatif ?<\/h2>\n<p>Pratique pour les besoins temporaires, le <strong>climatiseur mobile pour camping-car<\/strong> se pose facilement au sol avec une baie d&rsquo;extraction \u00e0 faire sortir d&rsquo;une fen\u00eatre. Il r\u00e9duit consid\u00e9rablement l&rsquo;espace disponible \u00e0 l&rsquo;int\u00e9rieur.<br \/>\nPour les petits v\u00e9hicules, un <strong>climatiseur portatif pour camping-car<\/strong>, dit aussi split ou monobloc, avec une unit\u00e9 murale \u00e0 l&rsquo;int\u00e9rieur connect\u00e9e \u00e0 une unit\u00e9 ext\u00e9rieure est plus adapt\u00e9e. Autre alternative : un <strong>climatiseur fixe pour camping-car<\/strong> avec installation sur le toit ou dans le coffre.<\/p>\n<h2>Climatiseur de toit ou climatiseur de coffre ?<\/h2>\n<p>Un <strong>climatiseur de toit pour camping, car <\/strong>est l\u00e9ger, facile d&rsquo;installation et rapide de fonctionnement. Il encombre la lucarne de toit, mais maintient votre espace de rangement dans le coffre.<br \/>\nUn <strong>climatiseur de coffre pour camping-car <\/strong>offre plus de flexibilit\u00e9 pour la r\u00e9partition de l&rsquo;air froid. Il empi\u00e8te sur votre espace de stockage dans le coffre, mais pr\u00e9serve l&rsquo;usage de la fen\u00eatre de toit.<br \/>\nLes deux options sont \u00e9galement silencieuses.<\/p>\n<h2>Climatiseur pour camping, car r\u00e9versible ou non ?<\/h2>\n<p>Un <strong>climatiseur pour camping-car<\/strong> peut simplement refroidir votre v\u00e9hicule l&rsquo;\u00e9t\u00e9 ou le r\u00e9chauffer en prime l&rsquo;hiver. Votre choix d\u00e9pend alors de votre besoin en rafra\u00eechisseur seul ou en <strong>climatiseur r\u00e9versible<\/strong>, offrant climatisation et chauffage.<\/p>\n<p>&nbsp;<\/p>\n<p><a href=\"https:\/\/www.campings.com\/fr\/content\/tout-savoir-sur-le-camping\/faq-camping\/\">Retour \u00e0 la FAQ camping<\/a><\/p>\n","protected":false},"excerpt":{"rendered":"<p>Le choix de votre climatiseur pour camping-car d\u00e9pend de l&rsquo;espace disponible pour l&rsquo;installation, de vos pr\u00e9f\u00e9rences en mati\u00e8re d&rsquo;encombrement de votre v\u00e9hicule, de la fr\u00e9quence de vos besoins, mais \u00e9galement de l&rsquo;\u00e9ventuelle r\u00e9versibilit\u00e9 pour une utilisation combin\u00e9e climatisation et chauffage. Climatiseur pour camping-car mobile, fixe ou portatif ? Pratique pour les besoins temporaires, le climatiseur [&hellip;]<\/p>\n","protected":false},"author":2,"featured_media":0,"parent":1638,"menu_order":0,"comment_status":"closed","ping_status":"closed","template":"template-twocolumns.php","meta":{"_acf_changed":false,"footnotes":""},"class_list":["post-1715","page","type-page","status-publish","hentry"],"acf":[],"yoast_head":"<!-- This site is optimized with the Yoast SEO plugin v27.1.1 - https:\/\/yoast.com\/product\/yoast-seo-wordpress\/ -->\n<title>Quel climatiseur choisir pour un camping car ?<\/title>\n<meta name=\"description\" content=\"FAQ - Quel climatiseur choisir pour un camping car ?\" \/>\n<meta name=\"robots\" content=\"index, follow, max-snippet:-1, max-image-preview:large, max-video-preview:-1\" \/>\n<link rel=\"canonical\" href=\"https:\/\/www.campings.com\/fr\/content\/faq-camping\/quel-climatiseur-choisir-pour-un-camping-car\/\" \/>\n<meta property=\"og:locale\" content=\"fr_FR\" \/>\n<meta property=\"og:type\" content=\"article\" \/>\n<meta property=\"og:title\" content=\"Quel climatiseur choisir pour un camping car ?\" \/>\n<meta property=\"og:description\" content=\"FAQ - Quel climatiseur choisir pour un camping car ?\" \/>\n<meta property=\"og:url\" content=\"https:\/\/www.campings.com\/fr\/content\/faq-camping\/quel-climatiseur-choisir-pour-un-camping-car\/\" \/>\n<meta property=\"article:modified_time\" content=\"2020-02-28T14:25:08+00:00\" \/>\n<meta name=\"twitter:card\" content=\"summary_large_image\" \/>\n<meta name=\"twitter:label1\" content=\"Dur\u00e9e de lecture estim\u00e9e\" \/>\n\t<meta name=\"twitter:data1\" content=\"1 minute\" \/>\n<script type=\"application\/ld+json\" class=\"yoast-schema-graph\">{\"@context\":\"https:\/\/schema.org\",\"@graph\":[{\"@type\":\"WebPage\",\"@id\":\"https:\/\/www.campings.com\/fr\/content\/faq-camping\/quel-climatiseur-choisir-pour-un-camping-car\/\",\"url\":\"https:\/\/www.campings.com\/fr\/content\/faq-camping\/quel-climatiseur-choisir-pour-un-camping-car\/\",\"name\":\"Quel climatiseur choisir pour un camping car ?\",\"isPartOf\":{\"@id\":\"https:\/\/www.campings.com\/fr\/content\/#website\"},\"datePublished\":\"2020-02-28T14:25:01+00:00\",\"dateModified\":\"2020-02-28T14:25:08+00:00\",\"description\":\"FAQ - Quel climatiseur choisir pour un camping car ?\",\"breadcrumb\":{\"@id\":\"https:\/\/www.campings.com\/fr\/content\/faq-camping\/quel-climatiseur-choisir-pour-un-camping-car\/#breadcrumb\"},\"inLanguage\":\"fr-FR\",\"potentialAction\":[{\"@type\":\"ReadAction\",\"target\":[\"https:\/\/www.campings.com\/fr\/content\/faq-camping\/quel-climatiseur-choisir-pour-un-camping-car\/\"]}]},{\"@type\":\"BreadcrumbList\",\"@id\":\"https:\/\/www.campings.com\/fr\/content\/faq-camping\/quel-climatiseur-choisir-pour-un-camping-car\/#breadcrumb\",\"itemListElement\":[{\"@type\":\"ListItem\",\"position\":1,\"name\":\"Home\",\"item\":\"https:\/\/www.campings.com\/fr\/content\/\"},{\"@type\":\"ListItem\",\"position\":2,\"name\":\"FAQ camping\",\"item\":\"https:\/\/www.campings.com\/fr\/content\/faq-camping\/\"},{\"@type\":\"ListItem\",\"position\":3,\"name\":\"Quel climatiseur choisir pour un camping-car ?\"}]},{\"@type\":\"WebSite\",\"@id\":\"https:\/\/www.campings.com\/fr\/content\/#website\",\"url\":\"https:\/\/www.campings.com\/fr\/content\/\",\"name\":\"\",\"description\":\"\",\"publisher\":{\"@id\":\"https:\/\/www.campings.com\/fr\/content\/#organization\"},\"potentialAction\":[{\"@type\":\"SearchAction\",\"target\":{\"@type\":\"EntryPoint\",\"urlTemplate\":\"https:\/\/www.campings.com\/fr\/content\/?s={search_term_string}\"},\"query-input\":{\"@type\":\"PropertyValueSpecification\",\"valueRequired\":true,\"valueName\":\"search_term_string\"}}],\"inLanguage\":\"fr-FR\"},{\"@type\":\"Organization\",\"@id\":\"https:\/\/www.campings.com\/fr\/content\/#organization\",\"name\":\"CAMPINGS.COM\",\"url\":\"https:\/\/www.campings.com\/fr\/content\/\",\"logo\":{\"@type\":\"ImageObject\",\"inLanguage\":\"fr-FR\",\"@id\":\"https:\/\/www.campings.com\/fr\/content\/#\/schema\/logo\/image\/\",\"url\":\"https:\/\/www.campings.com\/fr\/content\/wp-content\/uploads\/2019\/01\/cropped-logo-1.png\",\"contentUrl\":\"https:\/\/www.campings.com\/fr\/content\/wp-content\/uploads\/2019\/01\/cropped-logo-1.png\",\"width\":174,\"height\":42,\"caption\":\"CAMPINGS.COM\"},\"image\":{\"@id\":\"https:\/\/www.campings.com\/fr\/content\/#\/schema\/logo\/image\/\"}}]}<\/script>\n<!-- \/ Yoast SEO plugin. -->","yoast_head_json":{"title":"Quel climatiseur choisir pour un camping car ?","description":"FAQ - Quel climatiseur choisir pour un camping car ?","robots":{"index":"index","follow":"follow","max-snippet":"max-snippet:-1","max-image-preview":"max-image-preview:large","max-video-preview":"max-video-preview:-1"},"canonical":"https:\/\/www.campings.com\/fr\/content\/faq-camping\/quel-climatiseur-choisir-pour-un-camping-car\/","og_locale":"fr_FR","og_type":"article","og_title":"Quel climatiseur choisir pour un camping car ?","og_description":"FAQ - Quel climatiseur choisir pour un camping car ?","og_url":"https:\/\/www.campings.com\/fr\/content\/faq-camping\/quel-climatiseur-choisir-pour-un-camping-car\/","article_modified_time":"2020-02-28T14:25:08+00:00","twitter_card":"summary_large_image","twitter_misc":{"Dur\u00e9e de lecture estim\u00e9e":"1 minute"},"schema":{"@context":"https:\/\/schema.org","@graph":[{"@type":"WebPage","@id":"https:\/\/www.campings.com\/fr\/content\/faq-camping\/quel-climatiseur-choisir-pour-un-camping-car\/","url":"https:\/\/www.campings.com\/fr\/content\/faq-camping\/quel-climatiseur-choisir-pour-un-camping-car\/","name":"Quel climatiseur choisir pour un camping car ?","isPartOf":{"@id":"https:\/\/www.campings.com\/fr\/content\/#website"},"datePublished":"2020-02-28T14:25:01+00:00","dateModified":"2020-02-28T14:25:08+00:00","description":"FAQ - Quel climatiseur choisir pour un camping car ?","breadcrumb":{"@id":"https:\/\/www.campings.com\/fr\/content\/faq-camping\/quel-climatiseur-choisir-pour-un-camping-car\/#breadcrumb"},"inLanguage":"fr-FR","potentialAction":[{"@type":"ReadAction","target":["https:\/\/www.campings.com\/fr\/content\/faq-camping\/quel-climatiseur-choisir-pour-un-camping-car\/"]}]},{"@type":"BreadcrumbList","@id":"https:\/\/www.campings.com\/fr\/content\/faq-camping\/quel-climatiseur-choisir-pour-un-camping-car\/#breadcrumb","itemListElement":[{"@type":"ListItem","position":1,"name":"Home","item":"https:\/\/www.campings.com\/fr\/content\/"},{"@type":"ListItem","position":2,"name":"FAQ camping","item":"https:\/\/www.campings.com\/fr\/content\/faq-camping\/"},{"@type":"ListItem","position":3,"name":"Quel climatiseur choisir pour un camping-car ?"}]},{"@type":"WebSite","@id":"https:\/\/www.campings.com\/fr\/content\/#website","url":"https:\/\/www.campings.com\/fr\/content\/","name":"","description":"","publisher":{"@id":"https:\/\/www.campings.com\/fr\/content\/#organization"},"potentialAction":[{"@type":"SearchAction","target":{"@type":"EntryPoint","urlTemplate":"https:\/\/www.campings.com\/fr\/content\/?s={search_term_string}"},"query-input":{"@type":"PropertyValueSpecification","valueRequired":true,"valueName":"search_term_string"}}],"inLanguage":"fr-FR"},{"@type":"Organization","@id":"https:\/\/www.campings.com\/fr\/content\/#organization","name":"CAMPINGS.COM","url":"https:\/\/www.campings.com\/fr\/content\/","logo":{"@type":"ImageObject","inLanguage":"fr-FR","@id":"https:\/\/www.campings.com\/fr\/content\/#\/schema\/logo\/image\/","url":"https:\/\/www.campings.com\/fr\/content\/wp-content\/uploads\/2019\/01\/cropped-logo-1.png","contentUrl":"https:\/\/www.campings.com\/fr\/content\/wp-content\/uploads\/2019\/01\/cropped-logo-1.png","width":174,"height":42,"caption":"CAMPINGS.COM"},"image":{"@id":"https:\/\/www.campings.com\/fr\/content\/#\/schema\/logo\/image\/"}}]}},"_links":{"self":[{"href":"https:\/\/www.campings.com\/fr\/content\/wp-json\/wp\/v2\/pages\/1715","targetHints":{"allow":["GET"]}}],"collection":[{"href":"https:\/\/www.campings.com\/fr\/content\/wp-json\/wp\/v2\/pages"}],"about":[{"href":"https:\/\/www.campings.com\/fr\/content\/wp-json\/wp\/v2\/types\/page"}],"author":[{"embeddable":true,"href":"https:\/\/www.campings.com\/fr\/content\/wp-json\/wp\/v2\/users\/2"}],"replies":[{"embeddable":true,"href":"https:\/\/www.campings.com\/fr\/content\/wp-json\/wp\/v2\/comments?post=1715"}],"version-history":[{"count":1,"href":"https:\/\/www.campings.com\/fr\/content\/wp-json\/wp\/v2\/pages\/1715\/revisions"}],"predecessor-version":[{"id":1716,"href":"https:\/\/www.campings.com\/fr\/content\/wp-json\/wp\/v2\/pages\/1715\/revisions\/1716"}],"up":[{"embeddable":true,"href":"https:\/\/www.campings.com\/fr\/content\/wp-json\/wp\/v2\/pages\/1638"}],"wp:attachment":[{"href":"https:\/\/www.campings.com\/fr\/content\/wp-json\/wp\/v2\/media?parent=1715"}],"curies":[{"name":"wp","href":"https:\/\/api.w.org\/{rel}","templated":true}]}}