{"id":1704,"date":"2020-02-28T14:18:02","date_gmt":"2020-02-28T14:18:02","guid":{"rendered":"https:\/\/www.campings.com\/fr\/content\/?page_id=1704"},"modified":"2020-02-28T14:18:10","modified_gmt":"2020-02-28T14:18:10","slug":"ou-stationner-sa-caravane-en-camping","status":"publish","type":"page","link":"https:\/\/www.campings.com\/fr\/content\/faq-camping\/ou-stationner-sa-caravane-en-camping\/","title":{"rendered":"O\u00f9 stationner sa caravane en camping ?"},"content":{"rendered":"<p>Une <strong>caravane<\/strong> peut \u00eatre stationn\u00e9e <strong>dans un <a href=\"https:\/\/www.campings.com\/fr\/content\/tout-savoir-sur-le-camping\/faq-camping\/\">camping<\/a> sur un emplacement nu<\/strong>. De nombreux campings proposent \u00e0 la location des emplacements nus sans Mobil-home afin de pouvoir y installer sa caravane et profiter des services disponibles dans le camping.<\/p>\n<h2>Les renseignements pr\u00e9alables avant de stationner sa caravane dans un camping<\/h2>\n<p>En plus des aires de stationnement pr\u00e9vues pour les caravanes et les camping-cars, les caravanes peuvent aussi \u00eatre install\u00e9es dans un camping. Les caravanes devront \u00eatre immatricul\u00e9es et \u00eatre conformes aux <strong>limites de poids et de taille<\/strong> instaur\u00e9es par le Code de la route en France.<br \/>\nSelon les emplacements nus disponibles sur le camping, il est conseill\u00e9 de demander pr\u00e9alablement au g\u00e9rant du camping si tel mod\u00e8le de caravane est accept\u00e9 sur le terrain. Les <strong>emplacements pr\u00e9vus<\/strong> pour une caravane sont suffisamment grands pour y <strong>stationner \u00e9galement le v\u00e9hicule<\/strong>.<\/p>\n<h2>Stationner sa caravane dans un camping : les diff\u00e9rentes prestations<\/h2>\n<p>Le camping peut proposer <strong>diff\u00e9rents services en plus du stationnement<\/strong> de la caravane et du v\u00e9hicule sur un emplacement nu.<br \/>\nParmi les services propos\u00e9s pour camper en tout confort dans sa caravane, le camping peut mettre \u00e0 votre disposition :<\/p>\n<ul>\n<li>le <strong>raccordement \u00e0 l\u2019\u00e9lectricit\u00e9 et \u00e0 l\u2019eau potable<\/strong> ;<\/li>\n<li>une <strong>\u00e9vacuation pour les eaux domestiques<\/strong> ;<\/li>\n<li>le raccordement \u00e0 un <strong>c\u00e2ble TV<\/strong>.<\/li>\n<\/ul>\n<p>N\u2019h\u00e9sitez pas \u00e0 demander au propri\u00e9taire du camping quels sont les services propos\u00e9s avec la location de l\u2019emplacement pour le stationnement de votre caravane et de votre v\u00e9hicule.<\/p>\n","protected":false},"excerpt":{"rendered":"<p>Une caravane peut \u00eatre stationn\u00e9e dans un camping sur un emplacement nu. De nombreux campings proposent \u00e0 la location des emplacements nus sans Mobil-home afin de pouvoir y installer sa caravane et profiter des services disponibles dans le camping. Les renseignements pr\u00e9alables avant de stationner sa caravane dans un camping En plus des aires de [&hellip;]<\/p>\n","protected":false},"author":2,"featured_media":0,"parent":1638,"menu_order":0,"comment_status":"closed","ping_status":"closed","template":"template-twocolumns.php","meta":{"_acf_changed":false,"footnotes":""},"class_list":["post-1704","page","type-page","status-publish","hentry"],"acf":[],"yoast_head":"<!-- This site is optimized with the Yoast SEO plugin v27.1.1 - https:\/\/yoast.com\/product\/yoast-seo-wordpress\/ -->\n<title>O\u00f9 stationner sa caravane en camping ?<\/title>\n<meta name=\"description\" content=\"FAQ - O\u00f9 stationner sa caravane en camping ?\" \/>\n<meta name=\"robots\" content=\"index, follow, max-snippet:-1, max-image-preview:large, max-video-preview:-1\" \/>\n<link rel=\"canonical\" href=\"https:\/\/www.campings.com\/fr\/content\/faq-camping\/ou-stationner-sa-caravane-en-camping\/\" \/>\n<meta property=\"og:locale\" content=\"fr_FR\" \/>\n<meta property=\"og:type\" content=\"article\" \/>\n<meta property=\"og:title\" content=\"O\u00f9 stationner sa caravane en camping ?\" \/>\n<meta property=\"og:description\" content=\"FAQ - O\u00f9 stationner sa caravane en camping ?\" \/>\n<meta property=\"og:url\" content=\"https:\/\/www.campings.com\/fr\/content\/faq-camping\/ou-stationner-sa-caravane-en-camping\/\" \/>\n<meta property=\"article:modified_time\" content=\"2020-02-28T14:18:10+00:00\" \/>\n<meta name=\"twitter:card\" content=\"summary_large_image\" \/>\n<meta name=\"twitter:label1\" content=\"Dur\u00e9e de lecture estim\u00e9e\" \/>\n\t<meta name=\"twitter:data1\" content=\"1 minute\" \/>\n<script type=\"application\/ld+json\" class=\"yoast-schema-graph\">{\"@context\":\"https:\/\/schema.org\",\"@graph\":[{\"@type\":\"WebPage\",\"@id\":\"https:\/\/www.campings.com\/fr\/content\/faq-camping\/ou-stationner-sa-caravane-en-camping\/\",\"url\":\"https:\/\/www.campings.com\/fr\/content\/faq-camping\/ou-stationner-sa-caravane-en-camping\/\",\"name\":\"O\u00f9 stationner sa caravane en camping ?\",\"isPartOf\":{\"@id\":\"https:\/\/www.campings.com\/fr\/content\/#website\"},\"datePublished\":\"2020-02-28T14:18:02+00:00\",\"dateModified\":\"2020-02-28T14:18:10+00:00\",\"description\":\"FAQ - O\u00f9 stationner sa caravane en camping ?\",\"breadcrumb\":{\"@id\":\"https:\/\/www.campings.com\/fr\/content\/faq-camping\/ou-stationner-sa-caravane-en-camping\/#breadcrumb\"},\"inLanguage\":\"fr-FR\",\"potentialAction\":[{\"@type\":\"ReadAction\",\"target\":[\"https:\/\/www.campings.com\/fr\/content\/faq-camping\/ou-stationner-sa-caravane-en-camping\/\"]}]},{\"@type\":\"BreadcrumbList\",\"@id\":\"https:\/\/www.campings.com\/fr\/content\/faq-camping\/ou-stationner-sa-caravane-en-camping\/#breadcrumb\",\"itemListElement\":[{\"@type\":\"ListItem\",\"position\":1,\"name\":\"Home\",\"item\":\"https:\/\/www.campings.com\/fr\/content\/\"},{\"@type\":\"ListItem\",\"position\":2,\"name\":\"FAQ camping\",\"item\":\"https:\/\/www.campings.com\/fr\/content\/faq-camping\/\"},{\"@type\":\"ListItem\",\"position\":3,\"name\":\"O\u00f9 stationner sa caravane en camping ?\"}]},{\"@type\":\"WebSite\",\"@id\":\"https:\/\/www.campings.com\/fr\/content\/#website\",\"url\":\"https:\/\/www.campings.com\/fr\/content\/\",\"name\":\"\",\"description\":\"\",\"publisher\":{\"@id\":\"https:\/\/www.campings.com\/fr\/content\/#organization\"},\"potentialAction\":[{\"@type\":\"SearchAction\",\"target\":{\"@type\":\"EntryPoint\",\"urlTemplate\":\"https:\/\/www.campings.com\/fr\/content\/?s={search_term_string}\"},\"query-input\":{\"@type\":\"PropertyValueSpecification\",\"valueRequired\":true,\"valueName\":\"search_term_string\"}}],\"inLanguage\":\"fr-FR\"},{\"@type\":\"Organization\",\"@id\":\"https:\/\/www.campings.com\/fr\/content\/#organization\",\"name\":\"CAMPINGS.COM\",\"url\":\"https:\/\/www.campings.com\/fr\/content\/\",\"logo\":{\"@type\":\"ImageObject\",\"inLanguage\":\"fr-FR\",\"@id\":\"https:\/\/www.campings.com\/fr\/content\/#\/schema\/logo\/image\/\",\"url\":\"https:\/\/www.campings.com\/fr\/content\/wp-content\/uploads\/2019\/01\/cropped-logo-1.png\",\"contentUrl\":\"https:\/\/www.campings.com\/fr\/content\/wp-content\/uploads\/2019\/01\/cropped-logo-1.png\",\"width\":174,\"height\":42,\"caption\":\"CAMPINGS.COM\"},\"image\":{\"@id\":\"https:\/\/www.campings.com\/fr\/content\/#\/schema\/logo\/image\/\"}}]}<\/script>\n<!-- \/ Yoast SEO plugin. -->","yoast_head_json":{"title":"O\u00f9 stationner sa caravane en camping ?","description":"FAQ - O\u00f9 stationner sa caravane en camping ?","robots":{"index":"index","follow":"follow","max-snippet":"max-snippet:-1","max-image-preview":"max-image-preview:large","max-video-preview":"max-video-preview:-1"},"canonical":"https:\/\/www.campings.com\/fr\/content\/faq-camping\/ou-stationner-sa-caravane-en-camping\/","og_locale":"fr_FR","og_type":"article","og_title":"O\u00f9 stationner sa caravane en camping ?","og_description":"FAQ - O\u00f9 stationner sa caravane en camping ?","og_url":"https:\/\/www.campings.com\/fr\/content\/faq-camping\/ou-stationner-sa-caravane-en-camping\/","article_modified_time":"2020-02-28T14:18:10+00:00","twitter_card":"summary_large_image","twitter_misc":{"Dur\u00e9e de lecture estim\u00e9e":"1 minute"},"schema":{"@context":"https:\/\/schema.org","@graph":[{"@type":"WebPage","@id":"https:\/\/www.campings.com\/fr\/content\/faq-camping\/ou-stationner-sa-caravane-en-camping\/","url":"https:\/\/www.campings.com\/fr\/content\/faq-camping\/ou-stationner-sa-caravane-en-camping\/","name":"O\u00f9 stationner sa caravane en camping ?","isPartOf":{"@id":"https:\/\/www.campings.com\/fr\/content\/#website"},"datePublished":"2020-02-28T14:18:02+00:00","dateModified":"2020-02-28T14:18:10+00:00","description":"FAQ - O\u00f9 stationner sa caravane en camping ?","breadcrumb":{"@id":"https:\/\/www.campings.com\/fr\/content\/faq-camping\/ou-stationner-sa-caravane-en-camping\/#breadcrumb"},"inLanguage":"fr-FR","potentialAction":[{"@type":"ReadAction","target":["https:\/\/www.campings.com\/fr\/content\/faq-camping\/ou-stationner-sa-caravane-en-camping\/"]}]},{"@type":"BreadcrumbList","@id":"https:\/\/www.campings.com\/fr\/content\/faq-camping\/ou-stationner-sa-caravane-en-camping\/#breadcrumb","itemListElement":[{"@type":"ListItem","position":1,"name":"Home","item":"https:\/\/www.campings.com\/fr\/content\/"},{"@type":"ListItem","position":2,"name":"FAQ camping","item":"https:\/\/www.campings.com\/fr\/content\/faq-camping\/"},{"@type":"ListItem","position":3,"name":"O\u00f9 stationner sa caravane en camping ?"}]},{"@type":"WebSite","@id":"https:\/\/www.campings.com\/fr\/content\/#website","url":"https:\/\/www.campings.com\/fr\/content\/","name":"","description":"","publisher":{"@id":"https:\/\/www.campings.com\/fr\/content\/#organization"},"potentialAction":[{"@type":"SearchAction","target":{"@type":"EntryPoint","urlTemplate":"https:\/\/www.campings.com\/fr\/content\/?s={search_term_string}"},"query-input":{"@type":"PropertyValueSpecification","valueRequired":true,"valueName":"search_term_string"}}],"inLanguage":"fr-FR"},{"@type":"Organization","@id":"https:\/\/www.campings.com\/fr\/content\/#organization","name":"CAMPINGS.COM","url":"https:\/\/www.campings.com\/fr\/content\/","logo":{"@type":"ImageObject","inLanguage":"fr-FR","@id":"https:\/\/www.campings.com\/fr\/content\/#\/schema\/logo\/image\/","url":"https:\/\/www.campings.com\/fr\/content\/wp-content\/uploads\/2019\/01\/cropped-logo-1.png","contentUrl":"https:\/\/www.campings.com\/fr\/content\/wp-content\/uploads\/2019\/01\/cropped-logo-1.png","width":174,"height":42,"caption":"CAMPINGS.COM"},"image":{"@id":"https:\/\/www.campings.com\/fr\/content\/#\/schema\/logo\/image\/"}}]}},"_links":{"self":[{"href":"https:\/\/www.campings.com\/fr\/content\/wp-json\/wp\/v2\/pages\/1704","targetHints":{"allow":["GET"]}}],"collection":[{"href":"https:\/\/www.campings.com\/fr\/content\/wp-json\/wp\/v2\/pages"}],"about":[{"href":"https:\/\/www.campings.com\/fr\/content\/wp-json\/wp\/v2\/types\/page"}],"author":[{"embeddable":true,"href":"https:\/\/www.campings.com\/fr\/content\/wp-json\/wp\/v2\/users\/2"}],"replies":[{"embeddable":true,"href":"https:\/\/www.campings.com\/fr\/content\/wp-json\/wp\/v2\/comments?post=1704"}],"version-history":[{"count":1,"href":"https:\/\/www.campings.com\/fr\/content\/wp-json\/wp\/v2\/pages\/1704\/revisions"}],"predecessor-version":[{"id":1705,"href":"https:\/\/www.campings.com\/fr\/content\/wp-json\/wp\/v2\/pages\/1704\/revisions\/1705"}],"up":[{"embeddable":true,"href":"https:\/\/www.campings.com\/fr\/content\/wp-json\/wp\/v2\/pages\/1638"}],"wp:attachment":[{"href":"https:\/\/www.campings.com\/fr\/content\/wp-json\/wp\/v2\/media?parent=1704"}],"curies":[{"name":"wp","href":"https:\/\/api.w.org\/{rel}","templated":true}]}}