{"id":1700,"date":"2020-02-28T14:15:39","date_gmt":"2020-02-28T14:15:39","guid":{"rendered":"https:\/\/www.campings.com\/fr\/content\/?page_id=1700"},"modified":"2020-02-28T14:15:47","modified_gmt":"2020-02-28T14:15:47","slug":"quel-type-de-tente-acheter-en-camping-pour-5","status":"publish","type":"page","link":"https:\/\/www.campings.com\/fr\/content\/faq-camping\/quel-type-de-tente-acheter-en-camping-pour-5\/","title":{"rendered":"Quel type de tente acheter en camping \u00e0 5 ?"},"content":{"rendered":"<p>Le type de tente \u00e0 acheter en <a href=\"https:\/\/www.campings.com\/fr\/content\/tout-savoir-sur-le-camping\/faq-camping\/\">camping<\/a> \u00e0 5 d\u00e9pend des voyageurs. Pour une famille de 5 personnes, la <strong>tente d\u00f4me ou tunnel XL <\/strong>est un bon choix. Dans le cas de voyageurs ind\u00e9pendants, vous opterez pour la <strong>tente d\u00f4me XXL pour 6 <\/strong>qui offre trois zones de couchage s\u00e9par\u00e9es ainsi qu&rsquo;un bel espace de rangement.<\/p>\n<h2>La tente d\u00f4me XL pour partir \u00e0 5 \u00e0 petit prix<\/h2>\n<p>La tente d\u00f4me XL pour partir en camping \u00e0 5 convient pour <strong>une famille,<\/strong> car elle ne poss\u00e8de g\u00e9n\u00e9ralement qu&rsquo;<strong>une seule chambre pour accueillir les 5 couchages<\/strong> sur une largeur d&rsquo;environ 2,80 m pour une hauteur d&rsquo;environ 1,60 m. L&rsquo;int\u00e9r\u00eat de ce mod\u00e8le est qu&rsquo;il propose un <strong>espace de rangement <\/strong>pour y entreposer vos sacs. Veillez \u00e0 choisir un mod\u00e8le de tente <strong>bien ventil\u00e9<\/strong> et avec une<strong> ouverture lat\u00e9rale <\/strong>qui offre plus de libert\u00e9 de mouvement.<\/p>\n<h2>La tente tunnel XL pour partir en camping en famille \u00e0 5<\/h2>\n<p><strong>La tente tunnel XL <\/strong>pour partir en camping en famille \u00e0 5 poss\u00e8de <strong>deux chambres<\/strong> ainsi qu&rsquo;un espace de vie appr\u00e9ciable. Sa hauteur est plus importante que celle de la tente d\u00f4me. Celle-ci varie g\u00e9n\u00e9ralement entre 1,90 m et 2 m. Elle est <strong>plus spacieuse<\/strong> et offre <strong>diverses possibilit\u00e9s de rangement <\/strong>pour vos affaires.<\/p>\n<h2>La tente mod\u00e8le d\u00f4me XXL pour partir en camping entre amis<\/h2>\n<p><strong>La tente d\u00f4me XXL pour 6 personnes<\/strong> est id\u00e9ale <strong>partir en camping entre amis.<\/strong> Avec ses <strong>trois chambres s\u00e9par\u00e9es,<\/strong> elle vous permettra d&rsquo;agencer les 5 couchages \u00e0 votre guise. De plus, elle offre des espaces de rangement spacieux ainsi qu&rsquo;une <strong>antichambre<\/strong> qui vous permettra d&rsquo;y ranger les affaires humides ou que vous ne souhaitez pas placer \u00e0 c\u00f4t\u00e9 de vous.<\/p>\n","protected":false},"excerpt":{"rendered":"<p>Le type de tente \u00e0 acheter en camping \u00e0 5 d\u00e9pend des voyageurs. Pour une famille de 5 personnes, la tente d\u00f4me ou tunnel XL est un bon choix. Dans le cas de voyageurs ind\u00e9pendants, vous opterez pour la tente d\u00f4me XXL pour 6 qui offre trois zones de couchage s\u00e9par\u00e9es ainsi qu&rsquo;un bel espace [&hellip;]<\/p>\n","protected":false},"author":2,"featured_media":0,"parent":1638,"menu_order":0,"comment_status":"closed","ping_status":"closed","template":"template-twocolumns.php","meta":{"_acf_changed":false,"footnotes":""},"class_list":["post-1700","page","type-page","status-publish","hentry"],"acf":[],"yoast_head":"<!-- This site is optimized with the Yoast SEO plugin v27.1.1 - https:\/\/yoast.com\/product\/yoast-seo-wordpress\/ -->\n<title>Quel type de tente acheter en camping \u00e0 5 ?<\/title>\n<meta name=\"description\" content=\"FAQ - Quel type de tente acheter en camping \u00e0 5 ?\" \/>\n<meta name=\"robots\" content=\"index, follow, max-snippet:-1, max-image-preview:large, max-video-preview:-1\" \/>\n<link rel=\"canonical\" href=\"https:\/\/www.campings.com\/fr\/content\/faq-camping\/quel-type-de-tente-acheter-en-camping-pour-5\/\" \/>\n<meta property=\"og:locale\" content=\"fr_FR\" \/>\n<meta property=\"og:type\" content=\"article\" \/>\n<meta property=\"og:title\" content=\"Quel type de tente acheter en camping \u00e0 5 ?\" \/>\n<meta property=\"og:description\" content=\"FAQ - Quel type de tente acheter en camping \u00e0 5 ?\" \/>\n<meta property=\"og:url\" content=\"https:\/\/www.campings.com\/fr\/content\/faq-camping\/quel-type-de-tente-acheter-en-camping-pour-5\/\" \/>\n<meta property=\"article:modified_time\" content=\"2020-02-28T14:15:47+00:00\" \/>\n<meta name=\"twitter:card\" content=\"summary_large_image\" \/>\n<meta name=\"twitter:label1\" content=\"Dur\u00e9e de lecture estim\u00e9e\" \/>\n\t<meta name=\"twitter:data1\" content=\"1 minute\" \/>\n<script type=\"application\/ld+json\" class=\"yoast-schema-graph\">{\"@context\":\"https:\/\/schema.org\",\"@graph\":[{\"@type\":\"WebPage\",\"@id\":\"https:\/\/www.campings.com\/fr\/content\/faq-camping\/quel-type-de-tente-acheter-en-camping-pour-5\/\",\"url\":\"https:\/\/www.campings.com\/fr\/content\/faq-camping\/quel-type-de-tente-acheter-en-camping-pour-5\/\",\"name\":\"Quel type de tente acheter en camping \u00e0 5 ?\",\"isPartOf\":{\"@id\":\"https:\/\/www.campings.com\/fr\/content\/#website\"},\"datePublished\":\"2020-02-28T14:15:39+00:00\",\"dateModified\":\"2020-02-28T14:15:47+00:00\",\"description\":\"FAQ - Quel type de tente acheter en camping \u00e0 5 ?\",\"breadcrumb\":{\"@id\":\"https:\/\/www.campings.com\/fr\/content\/faq-camping\/quel-type-de-tente-acheter-en-camping-pour-5\/#breadcrumb\"},\"inLanguage\":\"fr-FR\",\"potentialAction\":[{\"@type\":\"ReadAction\",\"target\":[\"https:\/\/www.campings.com\/fr\/content\/faq-camping\/quel-type-de-tente-acheter-en-camping-pour-5\/\"]}]},{\"@type\":\"BreadcrumbList\",\"@id\":\"https:\/\/www.campings.com\/fr\/content\/faq-camping\/quel-type-de-tente-acheter-en-camping-pour-5\/#breadcrumb\",\"itemListElement\":[{\"@type\":\"ListItem\",\"position\":1,\"name\":\"Home\",\"item\":\"https:\/\/www.campings.com\/fr\/content\/\"},{\"@type\":\"ListItem\",\"position\":2,\"name\":\"FAQ camping\",\"item\":\"https:\/\/www.campings.com\/fr\/content\/faq-camping\/\"},{\"@type\":\"ListItem\",\"position\":3,\"name\":\"Quel type de tente acheter en camping \u00e0 5 ?\"}]},{\"@type\":\"WebSite\",\"@id\":\"https:\/\/www.campings.com\/fr\/content\/#website\",\"url\":\"https:\/\/www.campings.com\/fr\/content\/\",\"name\":\"\",\"description\":\"\",\"publisher\":{\"@id\":\"https:\/\/www.campings.com\/fr\/content\/#organization\"},\"potentialAction\":[{\"@type\":\"SearchAction\",\"target\":{\"@type\":\"EntryPoint\",\"urlTemplate\":\"https:\/\/www.campings.com\/fr\/content\/?s={search_term_string}\"},\"query-input\":{\"@type\":\"PropertyValueSpecification\",\"valueRequired\":true,\"valueName\":\"search_term_string\"}}],\"inLanguage\":\"fr-FR\"},{\"@type\":\"Organization\",\"@id\":\"https:\/\/www.campings.com\/fr\/content\/#organization\",\"name\":\"CAMPINGS.COM\",\"url\":\"https:\/\/www.campings.com\/fr\/content\/\",\"logo\":{\"@type\":\"ImageObject\",\"inLanguage\":\"fr-FR\",\"@id\":\"https:\/\/www.campings.com\/fr\/content\/#\/schema\/logo\/image\/\",\"url\":\"https:\/\/www.campings.com\/fr\/content\/wp-content\/uploads\/2019\/01\/cropped-logo-1.png\",\"contentUrl\":\"https:\/\/www.campings.com\/fr\/content\/wp-content\/uploads\/2019\/01\/cropped-logo-1.png\",\"width\":174,\"height\":42,\"caption\":\"CAMPINGS.COM\"},\"image\":{\"@id\":\"https:\/\/www.campings.com\/fr\/content\/#\/schema\/logo\/image\/\"}}]}<\/script>\n<!-- \/ Yoast SEO plugin. -->","yoast_head_json":{"title":"Quel type de tente acheter en camping \u00e0 5 ?","description":"FAQ - Quel type de tente acheter en camping \u00e0 5 ?","robots":{"index":"index","follow":"follow","max-snippet":"max-snippet:-1","max-image-preview":"max-image-preview:large","max-video-preview":"max-video-preview:-1"},"canonical":"https:\/\/www.campings.com\/fr\/content\/faq-camping\/quel-type-de-tente-acheter-en-camping-pour-5\/","og_locale":"fr_FR","og_type":"article","og_title":"Quel type de tente acheter en camping \u00e0 5 ?","og_description":"FAQ - Quel type de tente acheter en camping \u00e0 5 ?","og_url":"https:\/\/www.campings.com\/fr\/content\/faq-camping\/quel-type-de-tente-acheter-en-camping-pour-5\/","article_modified_time":"2020-02-28T14:15:47+00:00","twitter_card":"summary_large_image","twitter_misc":{"Dur\u00e9e de lecture estim\u00e9e":"1 minute"},"schema":{"@context":"https:\/\/schema.org","@graph":[{"@type":"WebPage","@id":"https:\/\/www.campings.com\/fr\/content\/faq-camping\/quel-type-de-tente-acheter-en-camping-pour-5\/","url":"https:\/\/www.campings.com\/fr\/content\/faq-camping\/quel-type-de-tente-acheter-en-camping-pour-5\/","name":"Quel type de tente acheter en camping \u00e0 5 ?","isPartOf":{"@id":"https:\/\/www.campings.com\/fr\/content\/#website"},"datePublished":"2020-02-28T14:15:39+00:00","dateModified":"2020-02-28T14:15:47+00:00","description":"FAQ - Quel type de tente acheter en camping \u00e0 5 ?","breadcrumb":{"@id":"https:\/\/www.campings.com\/fr\/content\/faq-camping\/quel-type-de-tente-acheter-en-camping-pour-5\/#breadcrumb"},"inLanguage":"fr-FR","potentialAction":[{"@type":"ReadAction","target":["https:\/\/www.campings.com\/fr\/content\/faq-camping\/quel-type-de-tente-acheter-en-camping-pour-5\/"]}]},{"@type":"BreadcrumbList","@id":"https:\/\/www.campings.com\/fr\/content\/faq-camping\/quel-type-de-tente-acheter-en-camping-pour-5\/#breadcrumb","itemListElement":[{"@type":"ListItem","position":1,"name":"Home","item":"https:\/\/www.campings.com\/fr\/content\/"},{"@type":"ListItem","position":2,"name":"FAQ camping","item":"https:\/\/www.campings.com\/fr\/content\/faq-camping\/"},{"@type":"ListItem","position":3,"name":"Quel type de tente acheter en camping \u00e0 5 ?"}]},{"@type":"WebSite","@id":"https:\/\/www.campings.com\/fr\/content\/#website","url":"https:\/\/www.campings.com\/fr\/content\/","name":"","description":"","publisher":{"@id":"https:\/\/www.campings.com\/fr\/content\/#organization"},"potentialAction":[{"@type":"SearchAction","target":{"@type":"EntryPoint","urlTemplate":"https:\/\/www.campings.com\/fr\/content\/?s={search_term_string}"},"query-input":{"@type":"PropertyValueSpecification","valueRequired":true,"valueName":"search_term_string"}}],"inLanguage":"fr-FR"},{"@type":"Organization","@id":"https:\/\/www.campings.com\/fr\/content\/#organization","name":"CAMPINGS.COM","url":"https:\/\/www.campings.com\/fr\/content\/","logo":{"@type":"ImageObject","inLanguage":"fr-FR","@id":"https:\/\/www.campings.com\/fr\/content\/#\/schema\/logo\/image\/","url":"https:\/\/www.campings.com\/fr\/content\/wp-content\/uploads\/2019\/01\/cropped-logo-1.png","contentUrl":"https:\/\/www.campings.com\/fr\/content\/wp-content\/uploads\/2019\/01\/cropped-logo-1.png","width":174,"height":42,"caption":"CAMPINGS.COM"},"image":{"@id":"https:\/\/www.campings.com\/fr\/content\/#\/schema\/logo\/image\/"}}]}},"_links":{"self":[{"href":"https:\/\/www.campings.com\/fr\/content\/wp-json\/wp\/v2\/pages\/1700","targetHints":{"allow":["GET"]}}],"collection":[{"href":"https:\/\/www.campings.com\/fr\/content\/wp-json\/wp\/v2\/pages"}],"about":[{"href":"https:\/\/www.campings.com\/fr\/content\/wp-json\/wp\/v2\/types\/page"}],"author":[{"embeddable":true,"href":"https:\/\/www.campings.com\/fr\/content\/wp-json\/wp\/v2\/users\/2"}],"replies":[{"embeddable":true,"href":"https:\/\/www.campings.com\/fr\/content\/wp-json\/wp\/v2\/comments?post=1700"}],"version-history":[{"count":1,"href":"https:\/\/www.campings.com\/fr\/content\/wp-json\/wp\/v2\/pages\/1700\/revisions"}],"predecessor-version":[{"id":1701,"href":"https:\/\/www.campings.com\/fr\/content\/wp-json\/wp\/v2\/pages\/1700\/revisions\/1701"}],"up":[{"embeddable":true,"href":"https:\/\/www.campings.com\/fr\/content\/wp-json\/wp\/v2\/pages\/1638"}],"wp:attachment":[{"href":"https:\/\/www.campings.com\/fr\/content\/wp-json\/wp\/v2\/media?parent=1700"}],"curies":[{"name":"wp","href":"https:\/\/api.w.org\/{rel}","templated":true}]}}