{"id":1694,"date":"2020-02-28T14:12:47","date_gmt":"2020-02-28T14:12:47","guid":{"rendered":"https:\/\/www.campings.com\/fr\/content\/?page_id=1694"},"modified":"2020-02-28T14:12:55","modified_gmt":"2020-02-28T14:12:55","slug":"quel-type-de-tente-acheter-en-camping-pour-2","status":"publish","type":"page","link":"https:\/\/www.campings.com\/fr\/content\/faq-camping\/quel-type-de-tente-acheter-en-camping-pour-2\/","title":{"rendered":"Quel type de tente acheter en camping pour 2 ?"},"content":{"rendered":"<p>Une <strong>tente de <a href=\"https:\/\/www.campings.com\/fr\/content\/tout-savoir-sur-le-camping\/faq-camping\/\">camping<\/a> pour 2 personnes<\/strong> se compose d&rsquo;une chambre ou deux pour le rangement, doit poss\u00e9der un double toit avec du tissu imperm\u00e9able, \u00eatre l\u00e9g\u00e8re, facile \u00e0 monter. Elle peut \u00eatre en forme de <strong>tipi, d\u00f4me ou tunnel<\/strong>.<\/p>\n<h2>Choisir sa toile de tente pour faire du camping \u00e0 deux<\/h2>\n<p>Une toile de tente de qualit\u00e9 doit r\u00e9pondre \u00e0 plusieurs crit\u00e8res pour assurer le confort des occupants pendant ses vacances.<\/p>\n<h3>Le tissu<\/h3>\n<p>Le tissu d&rsquo;une toile de tente doit \u00eatre imperm\u00e9able, pour \u00e9viter de prendre l&rsquo;eau en cas de pluie, <strong>r\u00e9sistant aux UV et solide<\/strong>. Le polyester est le mat\u00e9riau le plus courant, mais on peut aussi trouver du coton, qui a l&rsquo;avantage d&rsquo;\u00eatre r\u00e9sistant, d&rsquo;avoir une plus longue dur\u00e9e de vie et d&rsquo;\u00eatre isolant.<\/p>\n<h3>Les arceaux<\/h3>\n<p>Ce sont eux qui vont maintenir la tente en forme, et en place. Ils doivent \u00eatre solides afin que la tente ne s&rsquo;envole si elle subit des intemp\u00e9ries, et qu&rsquo;ils ne plient pas. Si les tentes gonflables sont tr\u00e8s pratiques, les mat\u00e9riaux comme<strong> l&rsquo;acier ou l&rsquo;aluminium<\/strong> sont plus fiables en cas de climat rigoureux (orages).<\/p>\n<h3>Le poids<\/h3>\n<p>Si pour une randonn\u00e9e, rien ne vaut une toile de tente l\u00e9g\u00e8re, pour du camping, on peut se permettre de <strong>choisir un abri plus lourd<\/strong>. N&rsquo;ayant pas besoin de bouger une fois install\u00e9, on est plus libre dans le choix du tissu et des arceaux.<\/p>\n<h3>L&rsquo;espace<\/h3>\n<p>Une tente doit \u00eatre spacieuse. Pour accueillir deux personnes, l&rsquo;int\u00e9rieur sera compos\u00e9 d&rsquo;<strong>une chambre, parfois deux <\/strong>pour ranger son mat\u00e9riel et son sac.<\/p>\n","protected":false},"excerpt":{"rendered":"<p>Une tente de camping pour 2 personnes se compose d&rsquo;une chambre ou deux pour le rangement, doit poss\u00e9der un double toit avec du tissu imperm\u00e9able, \u00eatre l\u00e9g\u00e8re, facile \u00e0 monter. Elle peut \u00eatre en forme de tipi, d\u00f4me ou tunnel. Choisir sa toile de tente pour faire du camping \u00e0 deux Une toile de tente [&hellip;]<\/p>\n","protected":false},"author":2,"featured_media":0,"parent":1638,"menu_order":0,"comment_status":"closed","ping_status":"closed","template":"template-twocolumns.php","meta":{"_acf_changed":false,"footnotes":""},"class_list":["post-1694","page","type-page","status-publish","hentry"],"acf":[],"yoast_head":"<!-- This site is optimized with the Yoast SEO plugin v27.1.1 - https:\/\/yoast.com\/product\/yoast-seo-wordpress\/ -->\n<title>Quel type de tente acheter en camping pour 2 ?<\/title>\n<meta name=\"description\" content=\"FAQ - Quel type de tente acheter en camping pour 2 ?\" \/>\n<meta name=\"robots\" content=\"index, follow, max-snippet:-1, max-image-preview:large, max-video-preview:-1\" \/>\n<link rel=\"canonical\" href=\"https:\/\/www.campings.com\/fr\/content\/faq-camping\/quel-type-de-tente-acheter-en-camping-pour-2\/\" \/>\n<meta property=\"og:locale\" content=\"fr_FR\" \/>\n<meta property=\"og:type\" content=\"article\" \/>\n<meta property=\"og:title\" content=\"Quel type de tente acheter en camping pour 2 ?\" \/>\n<meta property=\"og:description\" content=\"FAQ - Quel type de tente acheter en camping pour 2 ?\" \/>\n<meta property=\"og:url\" content=\"https:\/\/www.campings.com\/fr\/content\/faq-camping\/quel-type-de-tente-acheter-en-camping-pour-2\/\" \/>\n<meta property=\"article:modified_time\" content=\"2020-02-28T14:12:55+00:00\" \/>\n<meta name=\"twitter:card\" content=\"summary_large_image\" \/>\n<meta name=\"twitter:label1\" content=\"Dur\u00e9e de lecture estim\u00e9e\" \/>\n\t<meta name=\"twitter:data1\" content=\"1 minute\" \/>\n<script type=\"application\/ld+json\" class=\"yoast-schema-graph\">{\"@context\":\"https:\/\/schema.org\",\"@graph\":[{\"@type\":\"WebPage\",\"@id\":\"https:\/\/www.campings.com\/fr\/content\/faq-camping\/quel-type-de-tente-acheter-en-camping-pour-2\/\",\"url\":\"https:\/\/www.campings.com\/fr\/content\/faq-camping\/quel-type-de-tente-acheter-en-camping-pour-2\/\",\"name\":\"Quel type de tente acheter en camping pour 2 ?\",\"isPartOf\":{\"@id\":\"https:\/\/www.campings.com\/fr\/content\/#website\"},\"datePublished\":\"2020-02-28T14:12:47+00:00\",\"dateModified\":\"2020-02-28T14:12:55+00:00\",\"description\":\"FAQ - Quel type de tente acheter en camping pour 2 ?\",\"breadcrumb\":{\"@id\":\"https:\/\/www.campings.com\/fr\/content\/faq-camping\/quel-type-de-tente-acheter-en-camping-pour-2\/#breadcrumb\"},\"inLanguage\":\"fr-FR\",\"potentialAction\":[{\"@type\":\"ReadAction\",\"target\":[\"https:\/\/www.campings.com\/fr\/content\/faq-camping\/quel-type-de-tente-acheter-en-camping-pour-2\/\"]}]},{\"@type\":\"BreadcrumbList\",\"@id\":\"https:\/\/www.campings.com\/fr\/content\/faq-camping\/quel-type-de-tente-acheter-en-camping-pour-2\/#breadcrumb\",\"itemListElement\":[{\"@type\":\"ListItem\",\"position\":1,\"name\":\"Home\",\"item\":\"https:\/\/www.campings.com\/fr\/content\/\"},{\"@type\":\"ListItem\",\"position\":2,\"name\":\"FAQ camping\",\"item\":\"https:\/\/www.campings.com\/fr\/content\/faq-camping\/\"},{\"@type\":\"ListItem\",\"position\":3,\"name\":\"Quel type de tente acheter en camping pour 2 ?\"}]},{\"@type\":\"WebSite\",\"@id\":\"https:\/\/www.campings.com\/fr\/content\/#website\",\"url\":\"https:\/\/www.campings.com\/fr\/content\/\",\"name\":\"\",\"description\":\"\",\"publisher\":{\"@id\":\"https:\/\/www.campings.com\/fr\/content\/#organization\"},\"potentialAction\":[{\"@type\":\"SearchAction\",\"target\":{\"@type\":\"EntryPoint\",\"urlTemplate\":\"https:\/\/www.campings.com\/fr\/content\/?s={search_term_string}\"},\"query-input\":{\"@type\":\"PropertyValueSpecification\",\"valueRequired\":true,\"valueName\":\"search_term_string\"}}],\"inLanguage\":\"fr-FR\"},{\"@type\":\"Organization\",\"@id\":\"https:\/\/www.campings.com\/fr\/content\/#organization\",\"name\":\"CAMPINGS.COM\",\"url\":\"https:\/\/www.campings.com\/fr\/content\/\",\"logo\":{\"@type\":\"ImageObject\",\"inLanguage\":\"fr-FR\",\"@id\":\"https:\/\/www.campings.com\/fr\/content\/#\/schema\/logo\/image\/\",\"url\":\"https:\/\/www.campings.com\/fr\/content\/wp-content\/uploads\/2019\/01\/cropped-logo-1.png\",\"contentUrl\":\"https:\/\/www.campings.com\/fr\/content\/wp-content\/uploads\/2019\/01\/cropped-logo-1.png\",\"width\":174,\"height\":42,\"caption\":\"CAMPINGS.COM\"},\"image\":{\"@id\":\"https:\/\/www.campings.com\/fr\/content\/#\/schema\/logo\/image\/\"}}]}<\/script>\n<!-- \/ Yoast SEO plugin. -->","yoast_head_json":{"title":"Quel type de tente acheter en camping pour 2 ?","description":"FAQ - Quel type de tente acheter en camping pour 2 ?","robots":{"index":"index","follow":"follow","max-snippet":"max-snippet:-1","max-image-preview":"max-image-preview:large","max-video-preview":"max-video-preview:-1"},"canonical":"https:\/\/www.campings.com\/fr\/content\/faq-camping\/quel-type-de-tente-acheter-en-camping-pour-2\/","og_locale":"fr_FR","og_type":"article","og_title":"Quel type de tente acheter en camping pour 2 ?","og_description":"FAQ - Quel type de tente acheter en camping pour 2 ?","og_url":"https:\/\/www.campings.com\/fr\/content\/faq-camping\/quel-type-de-tente-acheter-en-camping-pour-2\/","article_modified_time":"2020-02-28T14:12:55+00:00","twitter_card":"summary_large_image","twitter_misc":{"Dur\u00e9e de lecture estim\u00e9e":"1 minute"},"schema":{"@context":"https:\/\/schema.org","@graph":[{"@type":"WebPage","@id":"https:\/\/www.campings.com\/fr\/content\/faq-camping\/quel-type-de-tente-acheter-en-camping-pour-2\/","url":"https:\/\/www.campings.com\/fr\/content\/faq-camping\/quel-type-de-tente-acheter-en-camping-pour-2\/","name":"Quel type de tente acheter en camping pour 2 ?","isPartOf":{"@id":"https:\/\/www.campings.com\/fr\/content\/#website"},"datePublished":"2020-02-28T14:12:47+00:00","dateModified":"2020-02-28T14:12:55+00:00","description":"FAQ - Quel type de tente acheter en camping pour 2 ?","breadcrumb":{"@id":"https:\/\/www.campings.com\/fr\/content\/faq-camping\/quel-type-de-tente-acheter-en-camping-pour-2\/#breadcrumb"},"inLanguage":"fr-FR","potentialAction":[{"@type":"ReadAction","target":["https:\/\/www.campings.com\/fr\/content\/faq-camping\/quel-type-de-tente-acheter-en-camping-pour-2\/"]}]},{"@type":"BreadcrumbList","@id":"https:\/\/www.campings.com\/fr\/content\/faq-camping\/quel-type-de-tente-acheter-en-camping-pour-2\/#breadcrumb","itemListElement":[{"@type":"ListItem","position":1,"name":"Home","item":"https:\/\/www.campings.com\/fr\/content\/"},{"@type":"ListItem","position":2,"name":"FAQ camping","item":"https:\/\/www.campings.com\/fr\/content\/faq-camping\/"},{"@type":"ListItem","position":3,"name":"Quel type de tente acheter en camping pour 2 ?"}]},{"@type":"WebSite","@id":"https:\/\/www.campings.com\/fr\/content\/#website","url":"https:\/\/www.campings.com\/fr\/content\/","name":"","description":"","publisher":{"@id":"https:\/\/www.campings.com\/fr\/content\/#organization"},"potentialAction":[{"@type":"SearchAction","target":{"@type":"EntryPoint","urlTemplate":"https:\/\/www.campings.com\/fr\/content\/?s={search_term_string}"},"query-input":{"@type":"PropertyValueSpecification","valueRequired":true,"valueName":"search_term_string"}}],"inLanguage":"fr-FR"},{"@type":"Organization","@id":"https:\/\/www.campings.com\/fr\/content\/#organization","name":"CAMPINGS.COM","url":"https:\/\/www.campings.com\/fr\/content\/","logo":{"@type":"ImageObject","inLanguage":"fr-FR","@id":"https:\/\/www.campings.com\/fr\/content\/#\/schema\/logo\/image\/","url":"https:\/\/www.campings.com\/fr\/content\/wp-content\/uploads\/2019\/01\/cropped-logo-1.png","contentUrl":"https:\/\/www.campings.com\/fr\/content\/wp-content\/uploads\/2019\/01\/cropped-logo-1.png","width":174,"height":42,"caption":"CAMPINGS.COM"},"image":{"@id":"https:\/\/www.campings.com\/fr\/content\/#\/schema\/logo\/image\/"}}]}},"_links":{"self":[{"href":"https:\/\/www.campings.com\/fr\/content\/wp-json\/wp\/v2\/pages\/1694","targetHints":{"allow":["GET"]}}],"collection":[{"href":"https:\/\/www.campings.com\/fr\/content\/wp-json\/wp\/v2\/pages"}],"about":[{"href":"https:\/\/www.campings.com\/fr\/content\/wp-json\/wp\/v2\/types\/page"}],"author":[{"embeddable":true,"href":"https:\/\/www.campings.com\/fr\/content\/wp-json\/wp\/v2\/users\/2"}],"replies":[{"embeddable":true,"href":"https:\/\/www.campings.com\/fr\/content\/wp-json\/wp\/v2\/comments?post=1694"}],"version-history":[{"count":1,"href":"https:\/\/www.campings.com\/fr\/content\/wp-json\/wp\/v2\/pages\/1694\/revisions"}],"predecessor-version":[{"id":1695,"href":"https:\/\/www.campings.com\/fr\/content\/wp-json\/wp\/v2\/pages\/1694\/revisions\/1695"}],"up":[{"embeddable":true,"href":"https:\/\/www.campings.com\/fr\/content\/wp-json\/wp\/v2\/pages\/1638"}],"wp:attachment":[{"href":"https:\/\/www.campings.com\/fr\/content\/wp-json\/wp\/v2\/media?parent=1694"}],"curies":[{"name":"wp","href":"https:\/\/api.w.org\/{rel}","templated":true}]}}