{"id":1692,"date":"2020-02-28T14:11:58","date_gmt":"2020-02-28T14:11:58","guid":{"rendered":"https:\/\/www.campings.com\/fr\/content\/?page_id=1692"},"modified":"2020-02-28T14:12:05","modified_gmt":"2020-02-28T14:12:05","slug":"a-quoi-servent-les-ecolabels-pour-le-camping","status":"publish","type":"page","link":"https:\/\/www.campings.com\/fr\/content\/faq-camping\/a-quoi-servent-les-ecolabels-pour-le-camping\/","title":{"rendered":"\u00c0 quoi servent les \u00e9colabels pour le camping ?"},"content":{"rendered":"<p><strong>Les \u00e9colabels pour le <a href=\"https:\/\/www.campings.com\/fr\/content\/tout-savoir-sur-le-camping\/faq-camping\/\">camping<\/a><\/strong> servent \u00e0 distinguer les campings qui int\u00e8grent dans leur gestion une politique de pr\u00e9servation de l\u2019environnement. Les <strong>campings qui re\u00e7oivent un \u00e9colabel<\/strong> r\u00e9pondent \u00e0 plusieurs crit\u00e8res de gestion des d\u00e9chets et de r\u00e9duction de consommation d\u2019\u00e9nergies fossiles. L\u2019<strong>\u00e9colabel europ\u00e9en<\/strong> est un des \u00e9colabels les plus reconnus.<\/p>\n<h2>L\u2019\u00e9colabel europ\u00e9en pour le camping<\/h2>\n<p>L\u2019<strong>\u00e9colabel europ\u00e9en<\/strong> est un label qui est reconnu en <strong>France <\/strong>ainsi que dans l\u2019<strong>Union europ\u00e9enne<\/strong>. Ce label est octroy\u00e9 aux campings qui int\u00e8grent une d\u00e9marche \u00e9cologique dans leur fonctionnement. Un camping qui souhaite recevoir l\u2019\u00e9colabel europ\u00e9en doit r\u00e9pondre \u00e0 plusieurs crit\u00e8res dont les principaux concernent :<\/p>\n<ul>\n<li>la <strong>gestion des d\u00e9chets<\/strong> sur le camping ;<\/li>\n<li>la gestion de l\u2019eau ;<\/li>\n<li>la <strong>production d\u2019\u00e9nergies renouvelables<\/strong>.<\/li>\n<\/ul>\n<p>L\u2019\u00e9colabel europ\u00e9en pour les campings exige :<\/p>\n<ul>\n<li>une r\u00e9duction de la consommation d\u2019\u00e9nergies fossiles ;<\/li>\n<li>une <strong>meilleure gestion de l\u2019eau<\/strong> au niveau de la piscine et des autres \u00e9quipements sanitaires ;<\/li>\n<li>une r\u00e9duction des d\u00e9chets accompagn\u00e9e d\u2019une sensibilisation au <strong>tri s\u00e9lectif<\/strong> aupr\u00e8s des \u00e9quipes de nettoyage et des touristes ;<\/li>\n<li>des services propos\u00e9s aux touristes dans une d\u00e9marche d\u2019\u00e9conomies d\u2019\u00e9nergie avec par exemple une promotion sur les <strong>transports en commun ou \u00e9cologiques<\/strong>.<\/li>\n<\/ul>\n<p>Les \u00e9colabels permettent donc de choisir plus facilement un camping respectueux de l\u2019environnement.<\/p>\n<h2>Les \u00e9colabels pour le camping : un gage de qualit\u00e9<\/h2>\n<p>Les <strong>\u00e9colabels<\/strong> pour le camping sont octroy\u00e9s \u00e0 un \u00e9tablissement par l\u2019<strong>AFNOR Certification<\/strong>. L\u2019AFNOR Certification examine le dossier remis par le camping qui souhaite obtenir un \u00e9colabel. L\u2019AFNOR va v\u00e9rifier que le camping remplit tous les crit\u00e8res exig\u00e9s pour obtenir l\u2019\u00e9colabel. Des <strong>audits sur le camping<\/strong> auront \u00e9galement lieu r\u00e9guli\u00e8rement afin de s\u2019assurer que le camping satisfait toujours les conditions d\u2019obtention de l\u2019\u00e9colabel.<br \/>\nCes \u00e9colabels sont donc un <strong>gage de qualit\u00e9<\/strong> concernant les services et les produits propos\u00e9s sur le camping avec un contr\u00f4le r\u00e9gulier des prestations propos\u00e9es par une agence ind\u00e9pendante au camping.<\/p>\n","protected":false},"excerpt":{"rendered":"<p>Les \u00e9colabels pour le camping servent \u00e0 distinguer les campings qui int\u00e8grent dans leur gestion une politique de pr\u00e9servation de l\u2019environnement. Les campings qui re\u00e7oivent un \u00e9colabel r\u00e9pondent \u00e0 plusieurs crit\u00e8res de gestion des d\u00e9chets et de r\u00e9duction de consommation d\u2019\u00e9nergies fossiles. L\u2019\u00e9colabel europ\u00e9en est un des \u00e9colabels les plus reconnus. L\u2019\u00e9colabel europ\u00e9en pour le [&hellip;]<\/p>\n","protected":false},"author":2,"featured_media":0,"parent":1638,"menu_order":0,"comment_status":"closed","ping_status":"closed","template":"template-twocolumns.php","meta":{"_acf_changed":false,"footnotes":""},"class_list":["post-1692","page","type-page","status-publish","hentry"],"acf":[],"yoast_head":"<!-- This site is optimized with the Yoast SEO plugin v27.1.1 - https:\/\/yoast.com\/product\/yoast-seo-wordpress\/ -->\n<title>\u00c0 quoi servent les \u00e9colabels pour le camping ?<\/title>\n<meta name=\"description\" content=\"FAQ - \u00c0 quoi servent les \u00e9colabels pour le camping ?\" \/>\n<meta name=\"robots\" content=\"index, follow, max-snippet:-1, max-image-preview:large, max-video-preview:-1\" \/>\n<link rel=\"canonical\" href=\"https:\/\/www.campings.com\/fr\/content\/faq-camping\/a-quoi-servent-les-ecolabels-pour-le-camping\/\" \/>\n<meta property=\"og:locale\" content=\"fr_FR\" \/>\n<meta property=\"og:type\" content=\"article\" \/>\n<meta property=\"og:title\" content=\"\u00c0 quoi servent les \u00e9colabels pour le camping ?\" \/>\n<meta property=\"og:description\" content=\"FAQ - \u00c0 quoi servent les \u00e9colabels pour le camping ?\" \/>\n<meta property=\"og:url\" content=\"https:\/\/www.campings.com\/fr\/content\/faq-camping\/a-quoi-servent-les-ecolabels-pour-le-camping\/\" \/>\n<meta property=\"article:modified_time\" content=\"2020-02-28T14:12:05+00:00\" \/>\n<meta name=\"twitter:card\" content=\"summary_large_image\" \/>\n<meta name=\"twitter:label1\" content=\"Dur\u00e9e de lecture estim\u00e9e\" \/>\n\t<meta name=\"twitter:data1\" content=\"2 minutes\" \/>\n<script type=\"application\/ld+json\" class=\"yoast-schema-graph\">{\"@context\":\"https:\/\/schema.org\",\"@graph\":[{\"@type\":\"WebPage\",\"@id\":\"https:\/\/www.campings.com\/fr\/content\/faq-camping\/a-quoi-servent-les-ecolabels-pour-le-camping\/\",\"url\":\"https:\/\/www.campings.com\/fr\/content\/faq-camping\/a-quoi-servent-les-ecolabels-pour-le-camping\/\",\"name\":\"\u00c0 quoi servent les \u00e9colabels pour le camping ?\",\"isPartOf\":{\"@id\":\"https:\/\/www.campings.com\/fr\/content\/#website\"},\"datePublished\":\"2020-02-28T14:11:58+00:00\",\"dateModified\":\"2020-02-28T14:12:05+00:00\",\"description\":\"FAQ - \u00c0 quoi servent les \u00e9colabels pour le camping ?\",\"breadcrumb\":{\"@id\":\"https:\/\/www.campings.com\/fr\/content\/faq-camping\/a-quoi-servent-les-ecolabels-pour-le-camping\/#breadcrumb\"},\"inLanguage\":\"fr-FR\",\"potentialAction\":[{\"@type\":\"ReadAction\",\"target\":[\"https:\/\/www.campings.com\/fr\/content\/faq-camping\/a-quoi-servent-les-ecolabels-pour-le-camping\/\"]}]},{\"@type\":\"BreadcrumbList\",\"@id\":\"https:\/\/www.campings.com\/fr\/content\/faq-camping\/a-quoi-servent-les-ecolabels-pour-le-camping\/#breadcrumb\",\"itemListElement\":[{\"@type\":\"ListItem\",\"position\":1,\"name\":\"Home\",\"item\":\"https:\/\/www.campings.com\/fr\/content\/\"},{\"@type\":\"ListItem\",\"position\":2,\"name\":\"FAQ camping\",\"item\":\"https:\/\/www.campings.com\/fr\/content\/faq-camping\/\"},{\"@type\":\"ListItem\",\"position\":3,\"name\":\"\u00c0 quoi servent les \u00e9colabels pour le camping ?\"}]},{\"@type\":\"WebSite\",\"@id\":\"https:\/\/www.campings.com\/fr\/content\/#website\",\"url\":\"https:\/\/www.campings.com\/fr\/content\/\",\"name\":\"\",\"description\":\"\",\"publisher\":{\"@id\":\"https:\/\/www.campings.com\/fr\/content\/#organization\"},\"potentialAction\":[{\"@type\":\"SearchAction\",\"target\":{\"@type\":\"EntryPoint\",\"urlTemplate\":\"https:\/\/www.campings.com\/fr\/content\/?s={search_term_string}\"},\"query-input\":{\"@type\":\"PropertyValueSpecification\",\"valueRequired\":true,\"valueName\":\"search_term_string\"}}],\"inLanguage\":\"fr-FR\"},{\"@type\":\"Organization\",\"@id\":\"https:\/\/www.campings.com\/fr\/content\/#organization\",\"name\":\"CAMPINGS.COM\",\"url\":\"https:\/\/www.campings.com\/fr\/content\/\",\"logo\":{\"@type\":\"ImageObject\",\"inLanguage\":\"fr-FR\",\"@id\":\"https:\/\/www.campings.com\/fr\/content\/#\/schema\/logo\/image\/\",\"url\":\"https:\/\/www.campings.com\/fr\/content\/wp-content\/uploads\/2019\/01\/cropped-logo-1.png\",\"contentUrl\":\"https:\/\/www.campings.com\/fr\/content\/wp-content\/uploads\/2019\/01\/cropped-logo-1.png\",\"width\":174,\"height\":42,\"caption\":\"CAMPINGS.COM\"},\"image\":{\"@id\":\"https:\/\/www.campings.com\/fr\/content\/#\/schema\/logo\/image\/\"}}]}<\/script>\n<!-- \/ Yoast SEO plugin. -->","yoast_head_json":{"title":"\u00c0 quoi servent les \u00e9colabels pour le camping ?","description":"FAQ - \u00c0 quoi servent les \u00e9colabels pour le camping ?","robots":{"index":"index","follow":"follow","max-snippet":"max-snippet:-1","max-image-preview":"max-image-preview:large","max-video-preview":"max-video-preview:-1"},"canonical":"https:\/\/www.campings.com\/fr\/content\/faq-camping\/a-quoi-servent-les-ecolabels-pour-le-camping\/","og_locale":"fr_FR","og_type":"article","og_title":"\u00c0 quoi servent les \u00e9colabels pour le camping ?","og_description":"FAQ - \u00c0 quoi servent les \u00e9colabels pour le camping ?","og_url":"https:\/\/www.campings.com\/fr\/content\/faq-camping\/a-quoi-servent-les-ecolabels-pour-le-camping\/","article_modified_time":"2020-02-28T14:12:05+00:00","twitter_card":"summary_large_image","twitter_misc":{"Dur\u00e9e de lecture estim\u00e9e":"2 minutes"},"schema":{"@context":"https:\/\/schema.org","@graph":[{"@type":"WebPage","@id":"https:\/\/www.campings.com\/fr\/content\/faq-camping\/a-quoi-servent-les-ecolabels-pour-le-camping\/","url":"https:\/\/www.campings.com\/fr\/content\/faq-camping\/a-quoi-servent-les-ecolabels-pour-le-camping\/","name":"\u00c0 quoi servent les \u00e9colabels pour le camping ?","isPartOf":{"@id":"https:\/\/www.campings.com\/fr\/content\/#website"},"datePublished":"2020-02-28T14:11:58+00:00","dateModified":"2020-02-28T14:12:05+00:00","description":"FAQ - \u00c0 quoi servent les \u00e9colabels pour le camping ?","breadcrumb":{"@id":"https:\/\/www.campings.com\/fr\/content\/faq-camping\/a-quoi-servent-les-ecolabels-pour-le-camping\/#breadcrumb"},"inLanguage":"fr-FR","potentialAction":[{"@type":"ReadAction","target":["https:\/\/www.campings.com\/fr\/content\/faq-camping\/a-quoi-servent-les-ecolabels-pour-le-camping\/"]}]},{"@type":"BreadcrumbList","@id":"https:\/\/www.campings.com\/fr\/content\/faq-camping\/a-quoi-servent-les-ecolabels-pour-le-camping\/#breadcrumb","itemListElement":[{"@type":"ListItem","position":1,"name":"Home","item":"https:\/\/www.campings.com\/fr\/content\/"},{"@type":"ListItem","position":2,"name":"FAQ camping","item":"https:\/\/www.campings.com\/fr\/content\/faq-camping\/"},{"@type":"ListItem","position":3,"name":"\u00c0 quoi servent les \u00e9colabels pour le camping ?"}]},{"@type":"WebSite","@id":"https:\/\/www.campings.com\/fr\/content\/#website","url":"https:\/\/www.campings.com\/fr\/content\/","name":"","description":"","publisher":{"@id":"https:\/\/www.campings.com\/fr\/content\/#organization"},"potentialAction":[{"@type":"SearchAction","target":{"@type":"EntryPoint","urlTemplate":"https:\/\/www.campings.com\/fr\/content\/?s={search_term_string}"},"query-input":{"@type":"PropertyValueSpecification","valueRequired":true,"valueName":"search_term_string"}}],"inLanguage":"fr-FR"},{"@type":"Organization","@id":"https:\/\/www.campings.com\/fr\/content\/#organization","name":"CAMPINGS.COM","url":"https:\/\/www.campings.com\/fr\/content\/","logo":{"@type":"ImageObject","inLanguage":"fr-FR","@id":"https:\/\/www.campings.com\/fr\/content\/#\/schema\/logo\/image\/","url":"https:\/\/www.campings.com\/fr\/content\/wp-content\/uploads\/2019\/01\/cropped-logo-1.png","contentUrl":"https:\/\/www.campings.com\/fr\/content\/wp-content\/uploads\/2019\/01\/cropped-logo-1.png","width":174,"height":42,"caption":"CAMPINGS.COM"},"image":{"@id":"https:\/\/www.campings.com\/fr\/content\/#\/schema\/logo\/image\/"}}]}},"_links":{"self":[{"href":"https:\/\/www.campings.com\/fr\/content\/wp-json\/wp\/v2\/pages\/1692","targetHints":{"allow":["GET"]}}],"collection":[{"href":"https:\/\/www.campings.com\/fr\/content\/wp-json\/wp\/v2\/pages"}],"about":[{"href":"https:\/\/www.campings.com\/fr\/content\/wp-json\/wp\/v2\/types\/page"}],"author":[{"embeddable":true,"href":"https:\/\/www.campings.com\/fr\/content\/wp-json\/wp\/v2\/users\/2"}],"replies":[{"embeddable":true,"href":"https:\/\/www.campings.com\/fr\/content\/wp-json\/wp\/v2\/comments?post=1692"}],"version-history":[{"count":1,"href":"https:\/\/www.campings.com\/fr\/content\/wp-json\/wp\/v2\/pages\/1692\/revisions"}],"predecessor-version":[{"id":1693,"href":"https:\/\/www.campings.com\/fr\/content\/wp-json\/wp\/v2\/pages\/1692\/revisions\/1693"}],"up":[{"embeddable":true,"href":"https:\/\/www.campings.com\/fr\/content\/wp-json\/wp\/v2\/pages\/1638"}],"wp:attachment":[{"href":"https:\/\/www.campings.com\/fr\/content\/wp-json\/wp\/v2\/media?parent=1692"}],"curies":[{"name":"wp","href":"https:\/\/api.w.org\/{rel}","templated":true}]}}