{"id":1563,"date":"2020-02-26T09:36:55","date_gmt":"2020-02-26T09:36:55","guid":{"rendered":"https:\/\/www.campings.com\/fr\/content\/?page_id=1563"},"modified":"2021-01-31T22:38:13","modified_gmt":"2021-01-31T22:38:13","slug":"choisir-un-camping-avec-un-parc-aquatique","status":"publish","type":"page","link":"https:\/\/www.campings.com\/fr\/content\/choisir-un-camping-avec-un-parc-aquatique\/","title":{"rendered":"Pourquoi choisir un camping avec un parc aquatique ?"},"content":{"rendered":"<p><strong>Mini sommaire<\/strong><\/p>\n<ol>\n<li><a href=\"#ancre1\">Sensations fortes garanties avec les parcs aquatiques<\/a><\/li>\n<li><a href=\"#ancre2\">Des jeux aquatiques pour toute la famille<\/a><\/li>\n<li><a href=\"#ancre3\">La s\u00e9curit\u00e9 des parcs aquatiques<\/a><\/li>\n<li><a href=\"#ancre4\">Espace d\u00e9tente et bien-\u00eatre avec le parc aquatique<\/a><\/li>\n<li><a href=\"#ancre5\">Un acc\u00e8s illimit\u00e9 aux jeux aquatiques<\/a><\/li>\n<li><a href=\"#ancre6\">Des parcs aquatiques disponibles dans toute la France<\/a><\/li>\n<li><a href=\"#ancre7\">Parcs aquatiques et h\u00e9bergements de qualit\u00e9<\/a><\/li>\n<\/ol>\n<p>Parmi les crit\u00e8res de s\u00e9lection, <strong>un camping avec un parc aquatique<\/strong> s\u00e9duit particuli\u00e8rement les familles. Avec ses jeux d\u2019eau, ses toboggans, ses multiples bassins d\u00e9di\u00e9s, cet espace ludique garantit l\u2019amusement tout au long des vacances. Les enfants sont ravis de se baigner \u00e0 tout moment de la journ\u00e9e et les parents sont rassur\u00e9s par la s\u00e9curit\u00e9 des lieux. Si vous ne savez pas encore <a href=\"https:\/\/www.campings.com\/fr\/content\/tout-savoir-sur-le-camping\/quel-camping-choisir\/\">quel camping choisir <\/a>pour vos vacances, l\u2019option parc aquatique devrait mettre tout le monde d\u2019accord !<\/p>\n<p><img decoding=\"async\" class=\"img-responsive\" src=\"https:\/\/www.campings.com\/fr\/content\/wp-content\/uploads\/2020\/02\/choisir-un-camping-avec-un-parc-aquatique-1.jpg\" alt=\"Choisir un camping avec un parc aquatique-1\" \/><\/p>\n<h2 id=\"ancre1\">Sensations fortes garanties avec les parcs aquatiques<\/h2>\n<p>Les parcs aquatiques install\u00e9s dans les campings ressemblent de plus en plus \u00e0 de v\u00e9ritables<strong> parcs d\u2019attractions<\/strong>. Les activit\u00e9s ludiques y sont nombreuses et les installations, parfois vertigineuses, ne manquent pas de provoquer des sensations fortes. Les toboggans culminent \u00e0 des hauteurs de plus en plus \u00e9lev\u00e9es et disposent de multiples virages pour accentuer la vitesse. \u00c0 ceci viennent s\u2019ajouter les plantes glissantes ou encore les bassins \u00e0 contre-courant. De plus en plus, les structures s\u2019inspirent des parcs \u00e0 sensations dont la priorit\u00e9 est de vous couper le souffle en vous offrant quelques mont\u00e9es d\u2019adr\u00e9naline.<br \/>\nPourquoi installer un tel parc dans son camping\u2009? Pour permettre aux enfants et aux grands de se d\u00e9fouler, de <strong>vivre de grands moments<\/strong> et de recommencer jusqu\u2019\u00e0 \u00e9puisement\u2026 ou fermeture du parc aquatique. Ici, plus question de barboter ou de nager en multipliant les longueurs. Les campings proposent une activit\u00e9 aquatique hors du commun, des jeux accessibles \u00e0 longueur de journ\u00e9e, \u00e0 vivre en famille ou avec les nouveaux amis.<br \/>\nImaginez le bonheur pour les plus jeunes d\u2019avoirun acc\u00e8s illimit\u00e9 \u00e0 un parc de loisirs \u00e0 proximit\u00e9 de votre mobil-home. Pour eux, en plus du jeu et des sensations fortes dont ils raffolent, c\u2019est aussi un <strong>sentiment de libert\u00e9<\/strong> qu\u2019ils exp\u00e9rimentent.<\/p>\n<h2 id=\"ancre2\">Des jeux aquatiques pour toute la famille<\/h2>\n<p>Choisir un camping avec un parc aquatique, c\u2019est offrir \u00e0 toute la famille l\u2019occasion de <a href=\"https:\/\/www.guide-piscine.fr\/bebe-et-enfant-dans-l-eau\/jeux-dans-l-eau\/jeux-piscine-ballon-toboggan-bouee-cerceau-but-football-filet-volley-panier-basket-matelas-75_A\">s\u2019amuser dans la piscine<\/a>, quel que soit l\u2019\u00e2ge des diff\u00e9rents membres de la tribu. Si les plus grands passent leur temps \u00e0 se d\u00e9fouler dans les toboggans, les moins t\u00e9m\u00e9raires ou les plus petits ne manquent pas non plus d\u2019activit\u00e9s dans l\u2019espace aquatique du camping.<br \/>\nLoin des cris et des plongeons \u00e0 toute vitesse, l\u2019espace d\u00e9di\u00e9 aux enfants appelle au <strong>calme et \u00e0 la tranquillit\u00e9<\/strong>. Pas question de s\u2019ennuyer pour autant puisque les bassins comprennent tout le n\u00e9cessaire pour occuper les plus jeunes. <strong>Pataugeoire <\/strong>pour avoir toujours pied et s\u2019asseoir dans l\u2019eau sans risque, des jets d\u2019eau pour s\u2019\u00e9clabousser, des brumisateurs, des animaux ou des clowns diss\u00e9min\u00e9s ici et l\u00e0 pour agr\u00e9menter l\u2019espace, etc., <strong>les bassins d\u00e9di\u00e9s aux enfants<\/strong> se veulent avant tout ludiques. Et il n\u2019est pas rare d\u2019y voir installer des structures de jeu avec des petits toboggans, des filets \u00e0 escalader, comme ceux que l\u2019on croise dans les parcs en ville.<br \/>\nDans un d\u00e9cor soign\u00e9 <strong>propice au divertissement<\/strong>, les enfants d\u00e9couvrent les plaisirs de l\u2019eau. \u00c0 un \u00e2ge o\u00f9 certains ne savent pas encore nager et o\u00f9 d\u2019autres pr\u00e9sentent quelques appr\u00e9hensions, ces espaces nautiques permettent de se familiariser avec cet \u00e9l\u00e9ment, en douceur et en jouant. Si les d\u00e9buts de s\u00e9jours se passent dans les pataugeoires, il n\u2019est pas rare de les voir se terminer dans les toboggans tant les enfants auront appris \u00e0 avoir confiance !<\/p>\n<h2 id=\"ancre3\">La s\u00e9curit\u00e9 des parcs aquatiques<\/h2>\n<p>Le divertissement ne peut \u00eatre complet que si les parents voient leurs enfants \u00e9voluer dans un <strong>environnement s\u00e9curis\u00e9<\/strong>. Les campings placent la s\u00e9curit\u00e9 de leur espace aquatique au c\u0153ur de leurs priorit\u00e9s. Puisque ces piscines et ces structures sont au centre de la vie du camping et repr\u00e9sentent le crit\u00e8re principal du choix des vacanciers, il est impossible de faire l\u2019impasse sur la s\u00e9curit\u00e9.<br \/>\nAussi, pour \u00e9viter toute source d\u2019inqui\u00e9tude, les bassins sont <strong>surveill\u00e9s par des ma\u00eetres-nageurs<\/strong>, des professionnels habilit\u00e9s au poste de surveillance, capables d\u2019intervenir au moindre probl\u00e8me. Les infrastructures sont v\u00e9rifi\u00e9es pour ne causer aucun danger ni aucune blessure. La qualit\u00e9 de l\u2019eau subit elle aussi <strong>un contr\u00f4le rigoureux<\/strong> pour r\u00e9pondre aux <a href=\"https:\/\/www.economie.gouv.fr\/dgccrf\/Publications\/Vie-pratique\/Fiches-pratiques\/Piscine-securite\">normes d\u2019hygi\u00e8ne<\/a>.<br \/>\nL\u2019espace aquatique se doit de proposer du plaisir. Il est au c\u0153ur de votre s\u00e9jour et de vos activit\u00e9s. La moindre inqui\u00e9tude peut ternir vos vacances. C\u2019est pourquoi les campings prennent particuli\u00e8rement soin de leur parc aquatique. La concurrence est rude sur le march\u00e9 et certains campings ne peuvent souffrir de mauvais avis ou d\u2019une mauvaise r\u00e9putation. Le parc aquatique doit \u00eatre parfait !<\/p>\n<h2 id=\"ancre4\">Espace d\u00e9tente et bien-\u00eatre avec le parc aquatique<\/h2>\n<p>Il n\u2019est pas rare de voir <strong>un espace bien-\u00eatre<\/strong> accompagner le parc aquatique de votre camping. Pendant que les enfants s\u2019amusent \u00e0 plonger la t\u00eate la premi\u00e8re ou que le plus petit \u00e9clabousse l\u2019un de ses parents, l\u2019autre peut s\u2019adonner \u00e0 une s\u00e9ance de spa. <strong>Hammam, jacuzzi, sauna, l\u2019espace baln\u00e9o<\/strong> vient parfois compl\u00e9ter l\u2019offre aquatique du camping. L\u2019endroit id\u00e9al pour se d\u00e9tendre et tirer profit \u00e0 votre tour de l\u2019eau environnante.<br \/>\nL\u2019espace aquatique n\u2019est pas uniquement d\u00e9di\u00e9 aux enfants et les parents peuvent avoir tout le loisir d\u2019en profiter. Sans se lancer \u00e0 l\u2019assaut des toboggans hauts perch\u00e9s, les \u00e9quipes d\u2019animations proposent notamment des<strong> cours d\u2019aquagym ou d\u2019aquafun<\/strong> selon vos envies. Et si le camping b\u00e9n\u00e9ficie d\u2019une piscine chauff\u00e9e, ces activit\u00e9s sportives sont encore plus appr\u00e9ciables pratiqu\u00e9es le matin quand les enfants ne sont pas encore dans l\u2019eau !<br \/>\nPlus simplement,profiter d\u2019un <strong>transat au bord de la piscine<\/strong>, pour lire, \u00e9couter de la musique ou juste se poser au soleil, en sachant ses enfants s\u2019amuser en toute s\u00e9curit\u00e9, contribue au bien-\u00eatre et \u00e0 la d\u00e9tente pendant les vacances.<\/p>\n<p><img decoding=\"async\" class=\"img-responsive\" src=\"https:\/\/www.campings.com\/fr\/content\/wp-content\/uploads\/2020\/02\/choisir-un-camping-avec-un-parc-aquatique-2.jpg\" alt=\"Choisir un camping avec un parc aquatique-2\" \/><\/p>\n<h2 id=\"ancre5\">Un acc\u00e8s illimit\u00e9 aux jeux aquatiques<\/h2>\n<p>L\u2019un des avantages des parcs aquatiques est de proposer un<strong> acc\u00e8s illimit\u00e9 aux bassins. <\/strong>Ouverts tout au long de la journ\u00e9e, les vacanciers y ont acc\u00e8s \u00e0 tout moment de leur s\u00e9jour. Quand les enfants s\u2019ennuient ou quand les parents n\u2019ont pas d\u00e9cid\u00e9 d\u2019entreprendre une sortie \u00e0 l\u2019ext\u00e9rieur, la piscine est l\u2019activit\u00e9 maitresse des vacances. Mieux, quand les temp\u00e9ratures estivales sont trop \u00e9lev\u00e9es, la piscine reste le meilleur moyen de se rafraichir.<br \/>\nLes \u00e9quipes d\u2019animations ne manquent pas non plus de proposer des activit\u00e9s autour des bassins. Quand le parc aquatique est au c\u0153ur du camping, il faut l\u2019exploiter au maximum ! Et si en plus, les piscines sont chauff\u00e9es ou couvertes, alors il est impossible de ne pas passer ses vacances en maillot de bain.<br \/>\nCet acc\u00e8s est un atout pour les parents qui auront moins besoin de chercher \u00e0 tout prix \u00e0 occuper leurs enfants. Les activit\u00e9s sont bien assez nombreuses au cours de l\u2019ann\u00e9e, l\u2019heure est au l\u00e2cher-prise, au laisser vivre et \u00e0 <strong>la d\u00e9tente<\/strong>. Si l\u2019ennui ou la lassitude se font ressentir, il sera encore temps de se tourner vers les autres activit\u00e9s propos\u00e9es par le camping. Avant que les cascades, les rivi\u00e8res \u00e0 contre-courant, les toboggans et tous les jeux aquatiques pass\u00e9s avec les amis ne lassent, vos vacances seront d\u00e9j\u00e0 bien avanc\u00e9es !<\/p>\n<h2 id=\"ancre6\">Des parcs aquatiques disponibles dans toute la France<\/h2>\n<p>Choisir un camping avec un parc aquatique pour y passer vos vacances, ce n\u2019est pas renoncer \u00e0 une partie du pays. Aujourd\u2019hui, nombreux sont les campings diss\u00e9min\u00e9s aux quatre coins de la France \u00e0 proposer des parcs aquatiques. Ces espaces ne sont pas l\u2019apanage des r\u00e9gions ensoleill\u00e9es. Encore moins des endroits nich\u00e9s en pleine campagne o\u00f9 les points d\u2019eau sont absents. Que vous soyez au bord de la plage ou d\u2019un lac, en Bretagne ou dans le Languedoc, les campings proposent ces espaces aquatiques, qu\u2019ils adaptent en fonction de leur climat.<br \/>\nAinsi, dans les r\u00e9gions o\u00f9 les temp\u00e9ratures estivales restent moyennes, comme dans les Pyr\u00e9n\u00e9es ou sur la zone atlantique quand le vent souffle, les campings proposent, en plus des jeux, toboggans, cascades et pataugeoires, des <strong>piscines couvertes,<\/strong> des piscines chauff\u00e9es, voire les deux. Vous pouvez continuer de profiter des espaces aquatiques m\u00eame par mauvais temps ! C\u2019est id\u00e9al quand il pleut et que les activit\u00e9s ext\u00e9rieures sont annul\u00e9es.<br \/>\nDu c\u00f4t\u00e9 d\u2019Argel\u00e8s, de la c\u00f4te m\u00e9diterran\u00e9enne, ou de Saint-Tropez et de la Provence, les temp\u00e9ratures ne sont pas cl\u00e9mentes toute l\u2019ann\u00e9e, et pas toujours en fin de saison estivale. Pour r\u00e9pondre aux envies de <strong>baignade pendant les vacances<\/strong>, le choix de la piscine couverte ou chauff\u00e9e peut \u00eatre un plus pour vous garantir cet acc\u00e8s illimit\u00e9 aux bassins. Aussi, avec de tels \u00e9quipements, vous pouvez varier les plaisirs de vos destinations et continuer de d\u00e9couvrir la France et ses r\u00e9gions.<br \/>\nLanguedoc-Roussillon, C\u00f4te d\u2019Azur, c\u00f4te atlantique avec Biarritz ou la Vend\u00e9e, maintenant que vous connaissez votre envie de parc aquatique, le plus dur sera de choisir le lieu de votre s\u00e9jour !<\/p>\n<h2 id=\"ancre7\">Parcs aquatiques et h\u00e9bergements de qualit\u00e9<\/h2>\n<p>La majorit\u00e9 des campings disposant de parcs aquatiques s\u2019inscrivent parmi les <strong>\u00e9tablissements \u00e0 quatre ou cinq \u00e9toiles<\/strong>. Le confort ne se limite pas uniquement \u00e0 fournir un terrain de jeu autour de la piscine. Les prestations tendent vers le haut de gamme, et les h\u00e9bergements offrent un niveau de bien-\u00eatre d\u2019exception pour du camping.<br \/>\nLes mobil-home se font plus spacieux pour accueillir la famille, quand ils ne sont pas remplac\u00e9s par des bungalows ou des cottages. Le domaine est plus vaste, les services sur place sont nombreux, comme une sup\u00e9rette ou un restaurant par exemple. Il n\u2019est pas rare non plus que la situation g\u00e9ographique soit, elle aussi, privil\u00e9gi\u00e9e.<br \/>\nOptez pour un camping avec un parc aquatique, c\u2019est aussi l\u2019assurance de <strong>trouver un \u00e9tablissement o\u00f9 vous serez bien accueillis<\/strong>, vous et votre famille. En plus du r\u00eave et du plaisir offerts par ces campings, vous aurez la certitude de passer de bonnes vacances.<\/p>\n<p><em>Nous vous recommandons ces autres pages : <\/em><\/p>\n<ul>\n<li><a href=\"https:\/\/www.campings.com\/fr\/content\/tout-savoir-sur-le-camping\/ou-partir-au-camping\/\">O\u00f9 partir au camping ? <\/a><\/li>\n<li><a href=\"https:\/\/www.campings.com\/fr\/content\/tout-savoir-sur-le-camping\/quels-sont-les-campings-acceptant-les-animaux\/\">Quels sont les campings acceptant les animaux ?<\/a><\/li>\n<li><a href=\"https:\/\/www.campings.com\/fr\/content\/tout-savoir-sur-le-camping\/choisir-un-camping-en-bord-de-mer-ou-avec-acces-direct-a-la-plage\/\">Choisir un camping en bord de mer ou avec acc\u00e8s direct \u00e0 la plage<\/a><\/li>\n<li><a href=\"https:\/\/www.campings.com\/fr\/content\/tout-savoir-sur-le-camping\/choisir-un-camping-avec-une-piscine-couverte\/\">Choisir un camping avec une piscine couverte<\/a><\/li>\n<li><a href=\"https:\/\/www.campings.com\/fr\/content\/tout-savoir-sur-le-camping\/choisir-un-camping-de-luxe-5-etoiles\/\">Choisir un camping de luxe 5 \u00e9toiles<\/a><\/li>\n<li><a href=\"https:\/\/www.campings.com\/fr\/content\/tout-savoir-sur-le-camping\/choisir-un-camping-avec-un-club-enfants\/\">Choisir un camping avec un club enfants<\/a><\/li>\n<li><a href=\"https:\/\/www.campings.com\/fr\/content\/tout-savoir-sur-le-camping\/choisir-un-camping-a-la-montagne\/\">Choisir un camping \u00e0 la montagne<\/a><\/li>\n<li><a href=\"https:\/\/www.campings.com\/fr\/content\/tout-savoir-sur-le-camping\/quels-campings-plus-originaux-france\/\">Quels sont les campings les plus originaux en France ?<\/a><\/li>\n<li><a href=\"https:\/\/www.campings.com\/fr\/content\/tout-savoir-sur-le-camping\/choisir-plus-grands-campings-france\/\">Choisir un des plus grands campings de France<\/a><\/li>\n<\/ul>\n","protected":false},"excerpt":{"rendered":"<p>Mini sommaire Sensations fortes garanties avec les parcs aquatiques Des jeux aquatiques pour toute la famille La s\u00e9curit\u00e9 des parcs aquatiques Espace d\u00e9tente et bien-\u00eatre avec le parc aquatique Un acc\u00e8s illimit\u00e9 aux jeux aquatiques Des parcs aquatiques disponibles dans toute la France Parcs aquatiques et h\u00e9bergements de qualit\u00e9 Parmi les crit\u00e8res de s\u00e9lection, un [&hellip;]<\/p>\n","protected":false},"author":2,"featured_media":0,"parent":0,"menu_order":0,"comment_status":"closed","ping_status":"closed","template":"template-twocolumns.php","meta":{"_acf_changed":false,"footnotes":""},"class_list":["post-1563","page","type-page","status-publish","hentry"],"acf":[],"yoast_head":"<!-- This site is optimized with the Yoast SEO plugin v27.1.1 - https:\/\/yoast.com\/product\/yoast-seo-wordpress\/ -->\n<title>Choisir un camping avec un parc aquatique<\/title>\n<meta name=\"description\" content=\"Choisir un camping avec un parc aquatique, c\u2019est la garantie de passer des moments de jeux m\u00e9morables. Toboggans, glissades, etc. Les enfants adorent !\" \/>\n<meta name=\"robots\" content=\"index, follow, max-snippet:-1, max-image-preview:large, max-video-preview:-1\" \/>\n<link rel=\"canonical\" href=\"https:\/\/www.campings.com\/fr\/content\/choisir-un-camping-avec-un-parc-aquatique\/\" \/>\n<meta property=\"og:locale\" content=\"fr_FR\" \/>\n<meta property=\"og:type\" content=\"article\" \/>\n<meta property=\"og:title\" content=\"Choisir un camping avec un parc aquatique\" \/>\n<meta property=\"og:description\" content=\"Choisir un camping avec un parc aquatique, c\u2019est la garantie de passer des moments de jeux m\u00e9morables. Toboggans, glissades, etc. Les enfants adorent !\" \/>\n<meta property=\"og:url\" content=\"https:\/\/www.campings.com\/fr\/content\/choisir-un-camping-avec-un-parc-aquatique\/\" \/>\n<meta property=\"article:modified_time\" content=\"2021-01-31T22:38:13+00:00\" \/>\n<meta property=\"og:image\" content=\"https:\/\/www.campings.com\/fr\/content\/wp-content\/uploads\/2020\/02\/choisir-un-camping-avec-un-parc-aquatique-1.jpg\" \/>\n<meta name=\"twitter:card\" content=\"summary_large_image\" \/>\n<meta name=\"twitter:label1\" content=\"Dur\u00e9e de lecture estim\u00e9e\" \/>\n\t<meta name=\"twitter:data1\" content=\"9 minutes\" \/>\n<script type=\"application\/ld+json\" class=\"yoast-schema-graph\">{\"@context\":\"https:\/\/schema.org\",\"@graph\":[{\"@type\":\"WebPage\",\"@id\":\"https:\/\/www.campings.com\/fr\/content\/choisir-un-camping-avec-un-parc-aquatique\/\",\"url\":\"https:\/\/www.campings.com\/fr\/content\/choisir-un-camping-avec-un-parc-aquatique\/\",\"name\":\"Choisir un camping avec un parc aquatique\",\"isPartOf\":{\"@id\":\"https:\/\/www.campings.com\/fr\/content\/#website\"},\"primaryImageOfPage\":{\"@id\":\"https:\/\/www.campings.com\/fr\/content\/choisir-un-camping-avec-un-parc-aquatique\/#primaryimage\"},\"image\":{\"@id\":\"https:\/\/www.campings.com\/fr\/content\/choisir-un-camping-avec-un-parc-aquatique\/#primaryimage\"},\"thumbnailUrl\":\"https:\/\/www.campings.com\/fr\/content\/wp-content\/uploads\/2020\/02\/choisir-un-camping-avec-un-parc-aquatique-1.jpg\",\"datePublished\":\"2020-02-26T09:36:55+00:00\",\"dateModified\":\"2021-01-31T22:38:13+00:00\",\"description\":\"Choisir un camping avec un parc aquatique, c\u2019est la garantie de passer des moments de jeux m\u00e9morables. Toboggans, glissades, etc. Les enfants adorent !\",\"breadcrumb\":{\"@id\":\"https:\/\/www.campings.com\/fr\/content\/choisir-un-camping-avec-un-parc-aquatique\/#breadcrumb\"},\"inLanguage\":\"fr-FR\",\"potentialAction\":[{\"@type\":\"ReadAction\",\"target\":[\"https:\/\/www.campings.com\/fr\/content\/choisir-un-camping-avec-un-parc-aquatique\/\"]}]},{\"@type\":\"ImageObject\",\"inLanguage\":\"fr-FR\",\"@id\":\"https:\/\/www.campings.com\/fr\/content\/choisir-un-camping-avec-un-parc-aquatique\/#primaryimage\",\"url\":\"https:\/\/www.campings.com\/fr\/content\/wp-content\/uploads\/2020\/02\/choisir-un-camping-avec-un-parc-aquatique-1.jpg\",\"contentUrl\":\"https:\/\/www.campings.com\/fr\/content\/wp-content\/uploads\/2020\/02\/choisir-un-camping-avec-un-parc-aquatique-1.jpg\",\"width\":1000,\"height\":667},{\"@type\":\"BreadcrumbList\",\"@id\":\"https:\/\/www.campings.com\/fr\/content\/choisir-un-camping-avec-un-parc-aquatique\/#breadcrumb\",\"itemListElement\":[{\"@type\":\"ListItem\",\"position\":1,\"name\":\"Home\",\"item\":\"https:\/\/www.campings.com\/fr\/content\/\"},{\"@type\":\"ListItem\",\"position\":2,\"name\":\"Pourquoi choisir un camping avec un parc aquatique ?\"}]},{\"@type\":\"WebSite\",\"@id\":\"https:\/\/www.campings.com\/fr\/content\/#website\",\"url\":\"https:\/\/www.campings.com\/fr\/content\/\",\"name\":\"\",\"description\":\"\",\"publisher\":{\"@id\":\"https:\/\/www.campings.com\/fr\/content\/#organization\"},\"potentialAction\":[{\"@type\":\"SearchAction\",\"target\":{\"@type\":\"EntryPoint\",\"urlTemplate\":\"https:\/\/www.campings.com\/fr\/content\/?s={search_term_string}\"},\"query-input\":{\"@type\":\"PropertyValueSpecification\",\"valueRequired\":true,\"valueName\":\"search_term_string\"}}],\"inLanguage\":\"fr-FR\"},{\"@type\":\"Organization\",\"@id\":\"https:\/\/www.campings.com\/fr\/content\/#organization\",\"name\":\"CAMPINGS.COM\",\"url\":\"https:\/\/www.campings.com\/fr\/content\/\",\"logo\":{\"@type\":\"ImageObject\",\"inLanguage\":\"fr-FR\",\"@id\":\"https:\/\/www.campings.com\/fr\/content\/#\/schema\/logo\/image\/\",\"url\":\"https:\/\/www.campings.com\/fr\/content\/wp-content\/uploads\/2019\/01\/cropped-logo-1.png\",\"contentUrl\":\"https:\/\/www.campings.com\/fr\/content\/wp-content\/uploads\/2019\/01\/cropped-logo-1.png\",\"width\":174,\"height\":42,\"caption\":\"CAMPINGS.COM\"},\"image\":{\"@id\":\"https:\/\/www.campings.com\/fr\/content\/#\/schema\/logo\/image\/\"}}]}<\/script>\n<!-- \/ Yoast SEO plugin. -->","yoast_head_json":{"title":"Choisir un camping avec un parc aquatique","description":"Choisir un camping avec un parc aquatique, c\u2019est la garantie de passer des moments de jeux m\u00e9morables. Toboggans, glissades, etc. Les enfants adorent !","robots":{"index":"index","follow":"follow","max-snippet":"max-snippet:-1","max-image-preview":"max-image-preview:large","max-video-preview":"max-video-preview:-1"},"canonical":"https:\/\/www.campings.com\/fr\/content\/choisir-un-camping-avec-un-parc-aquatique\/","og_locale":"fr_FR","og_type":"article","og_title":"Choisir un camping avec un parc aquatique","og_description":"Choisir un camping avec un parc aquatique, c\u2019est la garantie de passer des moments de jeux m\u00e9morables. Toboggans, glissades, etc. Les enfants adorent !","og_url":"https:\/\/www.campings.com\/fr\/content\/choisir-un-camping-avec-un-parc-aquatique\/","article_modified_time":"2021-01-31T22:38:13+00:00","og_image":[{"url":"https:\/\/www.campings.com\/fr\/content\/wp-content\/uploads\/2020\/02\/choisir-un-camping-avec-un-parc-aquatique-1.jpg","type":"","width":"","height":""}],"twitter_card":"summary_large_image","twitter_misc":{"Dur\u00e9e de lecture estim\u00e9e":"9 minutes"},"schema":{"@context":"https:\/\/schema.org","@graph":[{"@type":"WebPage","@id":"https:\/\/www.campings.com\/fr\/content\/choisir-un-camping-avec-un-parc-aquatique\/","url":"https:\/\/www.campings.com\/fr\/content\/choisir-un-camping-avec-un-parc-aquatique\/","name":"Choisir un camping avec un parc aquatique","isPartOf":{"@id":"https:\/\/www.campings.com\/fr\/content\/#website"},"primaryImageOfPage":{"@id":"https:\/\/www.campings.com\/fr\/content\/choisir-un-camping-avec-un-parc-aquatique\/#primaryimage"},"image":{"@id":"https:\/\/www.campings.com\/fr\/content\/choisir-un-camping-avec-un-parc-aquatique\/#primaryimage"},"thumbnailUrl":"https:\/\/www.campings.com\/fr\/content\/wp-content\/uploads\/2020\/02\/choisir-un-camping-avec-un-parc-aquatique-1.jpg","datePublished":"2020-02-26T09:36:55+00:00","dateModified":"2021-01-31T22:38:13+00:00","description":"Choisir un camping avec un parc aquatique, c\u2019est la garantie de passer des moments de jeux m\u00e9morables. Toboggans, glissades, etc. Les enfants adorent !","breadcrumb":{"@id":"https:\/\/www.campings.com\/fr\/content\/choisir-un-camping-avec-un-parc-aquatique\/#breadcrumb"},"inLanguage":"fr-FR","potentialAction":[{"@type":"ReadAction","target":["https:\/\/www.campings.com\/fr\/content\/choisir-un-camping-avec-un-parc-aquatique\/"]}]},{"@type":"ImageObject","inLanguage":"fr-FR","@id":"https:\/\/www.campings.com\/fr\/content\/choisir-un-camping-avec-un-parc-aquatique\/#primaryimage","url":"https:\/\/www.campings.com\/fr\/content\/wp-content\/uploads\/2020\/02\/choisir-un-camping-avec-un-parc-aquatique-1.jpg","contentUrl":"https:\/\/www.campings.com\/fr\/content\/wp-content\/uploads\/2020\/02\/choisir-un-camping-avec-un-parc-aquatique-1.jpg","width":1000,"height":667},{"@type":"BreadcrumbList","@id":"https:\/\/www.campings.com\/fr\/content\/choisir-un-camping-avec-un-parc-aquatique\/#breadcrumb","itemListElement":[{"@type":"ListItem","position":1,"name":"Home","item":"https:\/\/www.campings.com\/fr\/content\/"},{"@type":"ListItem","position":2,"name":"Pourquoi choisir un camping avec un parc aquatique ?"}]},{"@type":"WebSite","@id":"https:\/\/www.campings.com\/fr\/content\/#website","url":"https:\/\/www.campings.com\/fr\/content\/","name":"","description":"","publisher":{"@id":"https:\/\/www.campings.com\/fr\/content\/#organization"},"potentialAction":[{"@type":"SearchAction","target":{"@type":"EntryPoint","urlTemplate":"https:\/\/www.campings.com\/fr\/content\/?s={search_term_string}"},"query-input":{"@type":"PropertyValueSpecification","valueRequired":true,"valueName":"search_term_string"}}],"inLanguage":"fr-FR"},{"@type":"Organization","@id":"https:\/\/www.campings.com\/fr\/content\/#organization","name":"CAMPINGS.COM","url":"https:\/\/www.campings.com\/fr\/content\/","logo":{"@type":"ImageObject","inLanguage":"fr-FR","@id":"https:\/\/www.campings.com\/fr\/content\/#\/schema\/logo\/image\/","url":"https:\/\/www.campings.com\/fr\/content\/wp-content\/uploads\/2019\/01\/cropped-logo-1.png","contentUrl":"https:\/\/www.campings.com\/fr\/content\/wp-content\/uploads\/2019\/01\/cropped-logo-1.png","width":174,"height":42,"caption":"CAMPINGS.COM"},"image":{"@id":"https:\/\/www.campings.com\/fr\/content\/#\/schema\/logo\/image\/"}}]}},"_links":{"self":[{"href":"https:\/\/www.campings.com\/fr\/content\/wp-json\/wp\/v2\/pages\/1563","targetHints":{"allow":["GET"]}}],"collection":[{"href":"https:\/\/www.campings.com\/fr\/content\/wp-json\/wp\/v2\/pages"}],"about":[{"href":"https:\/\/www.campings.com\/fr\/content\/wp-json\/wp\/v2\/types\/page"}],"author":[{"embeddable":true,"href":"https:\/\/www.campings.com\/fr\/content\/wp-json\/wp\/v2\/users\/2"}],"replies":[{"embeddable":true,"href":"https:\/\/www.campings.com\/fr\/content\/wp-json\/wp\/v2\/comments?post=1563"}],"version-history":[{"count":3,"href":"https:\/\/www.campings.com\/fr\/content\/wp-json\/wp\/v2\/pages\/1563\/revisions"}],"predecessor-version":[{"id":3839,"href":"https:\/\/www.campings.com\/fr\/content\/wp-json\/wp\/v2\/pages\/1563\/revisions\/3839"}],"wp:attachment":[{"href":"https:\/\/www.campings.com\/fr\/content\/wp-json\/wp\/v2\/media?parent=1563"}],"curies":[{"name":"wp","href":"https:\/\/api.w.org\/{rel}","templated":true}]}}