{"id":1558,"date":"2020-02-26T09:34:02","date_gmt":"2020-02-26T09:34:02","guid":{"rendered":"https:\/\/www.campings.com\/fr\/content\/?page_id=1558"},"modified":"2021-01-31T22:38:26","modified_gmt":"2021-01-31T22:38:26","slug":"quels-sont-les-campings-acceptant-les-animaux","status":"publish","type":"page","link":"https:\/\/www.campings.com\/fr\/content\/quels-sont-les-campings-acceptant-les-animaux\/","title":{"rendered":"Tout savoir sur les campings qui acceptent les animaux"},"content":{"rendered":"<p><strong>Mini sommaire<\/strong><\/p>\n<ol>\n<li><a href=\"#ancre1\">Quelles sont les conditions pour emmener un animal en camping ?<\/a><\/li>\n<li><a href=\"#ancre2\">Combien co\u00fbte le s\u00e9jour d\u2019un animal en camping ?<\/a><\/li>\n<li><a href=\"#ancre3\">Quels sont les campings acceptant les animaux ?<\/a><\/li>\n<li><a href=\"#ancre4\">Comment pr\u00e9parer des vacances en camping avec un animal ?<\/a><\/li>\n<\/ol>\n<p>S\u2019il n\u2019est pas toujours simple de <a href=\"https:\/\/www.campings.com\/fr\/content\/tout-savoir-sur-le-camping\/quel-camping-choisir\/\">choisir un camping sereinement<\/a>, la pr\u00e9paration des vacances peut se compliquer lorsqu\u2019on souhaite emmener un animal de compagnie. De nombreux campings en France acceptent les animaux, sous quelques conditions. Dans certains \u00e9tablissements, les h\u00e9bergements sont m\u00eame adapt\u00e9s sp\u00e9cifiquement \u00e0 leur attention.<br \/>\nToutefois, partir en vacances avec un animal demande un minimum de pr\u00e9paration, surtout lorsqu\u2019il est question d\u2019un s\u00e9jour en camping. Quelles sont les pr\u00e9cautions requises pour emmener un chien ou un chat ?<strong> Quels sont les campings qui acceptent les animaux de compagnie<\/strong> ? Suivez le guide !<\/p>\n<p><img decoding=\"async\" class=\"img-responsive\" src=\"https:\/\/www.campings.com\/fr\/content\/wp-content\/uploads\/2020\/02\/quels-sont-les-campings-acceptant-les-animaux-1.jpg\" alt=\"Quels sont les campings acceptant les animaux-1\" \/><\/p>\n<h2 id=\"ancre1\">Quelles sont les conditions pour emmener un animal en camping ?<\/h2>\n<p>M\u00eame si cela semble \u00e9vident, <strong>vous ne pouvez pas imposer un animal de compagnie<\/strong> dans un camping qui ne l\u2019autorise pas. Il est donc imp\u00e9ratif de ne r\u00e9server vos vacances que dans des h\u00e9bergements acceptant la pr\u00e9sence des animaux. Cela ne devrait pas \u00eatre trop compliqu\u00e9, puisque la grande majorit\u00e9 des campings en France sont flexibles sur cette question. Cependant, certaines races de chiens peuvent poser probl\u00e8me. Soyez vigilant, surtout si vous \u00eates propri\u00e9taire d\u2019un chien de cat\u00e9gorie 1 ou 2, car ce sont eux qui sont jug\u00e9s les plus dangereux.<br \/>\nLorsqu\u2019un camping accepte les animaux de compagnie, il peut exiger le respect de certains crit\u00e8res. Ainsi, des h\u00e9bergements refusent parfois les animaux de plus de 5 kg. Si votre animal n\u2019est ni un chat ni un chien, mais plut\u00f4t un NAC, comme un reptile ou un rongeur, il peut \u00eatre n\u00e9cessaire de contacter le camping pour conna\u00eetre leur politique.<br \/>\nN\u2019oubliez pas que de nombreux campings imposent des conditions de s\u00e9jour pour les animaux. Par exemple, certains \u00e9tablissements demandent \u00e0 ce que ces derniers soient toujours tenus en laisse dans l\u2019enceinte du camping. Cette obligation est importante pour des raisons de s\u00e9curit\u00e9, notamment pour \u00e9viter tout probl\u00e8me avec un enfant.<br \/>\nEnfin, au moment de r\u00e9server vos vacances en camping, assurez-vous que <strong>le carnet de sant\u00e9 de votre animal de compagnie est \u00e0 jour<\/strong>. Le cas \u00e9ch\u00e9ant, certains h\u00e9bergements pourraient vous refuser l\u2019entr\u00e9e, notamment si les vaccins de l\u2019animal ne sont pas \u00e0 jour. De la m\u00eame fa\u00e7on, votre chien ou votre chat doit \u00eatre identifi\u00e9, pour \u00eatre retrouv\u00e9 facilement s\u2019il venait \u00e0 s\u2019\u00e9garer.<\/p>\n<h2 id=\"ancre2\">Combien co\u00fbte le s\u00e9jour d\u2019un animal en camping ?<\/h2>\n<p>Si de nombreux campings acceptent les animaux dans leur enceinte, <strong>ce service est bien souvent payant<\/strong>. En basse saison ou en haute saison, il faut compter un prix minimum de 2 \u00e0 3 \u20ac par nuit et par animal. Toutefois, certains h\u00e9bergements sont plus chers, atteignant jusqu\u2019\u00e0 10 \u20ac la journ\u00e9e pour un chien. C\u2019est donc un budget \u00e0 prendre en compte lors de la pr\u00e9paration de vos vacances, surtout pour un s\u00e9jour de plusieurs nuits ou de plus d\u2019une semaine. Notez qu\u2019avec les animaux de petite taille, certains campings restent gratuits, notamment pour les furets et les rongeurs.<br \/>\nPour finir, jetez un \u0153il du c\u00f4t\u00e9 de votre assurance, afin d\u2019\u00eatre couvert en cas de dommages caus\u00e9s par votre animal de compagnie. V\u00e9rifiez par exemple les clauses de la responsabilit\u00e9 civile de votre assurance habitation qui peuvent offrir des garanties sur cette question.<\/p>\n<h2 id=\"ancre3\">Quels sont les campings acceptant les animaux ?<\/h2>\n<p>Vous voulez partir en qu\u00eate du camping parfait pour vos vacances ? Voici <strong>une s\u00e9lection des meilleurs h\u00e9bergements<\/strong> dans plusieurs r\u00e9gions de France et <a href=\"https:\/\/www.santevet.com\/articles\/ou-partir-en-camping-avec-son-chien-et-autre-animal\">recommand\u00e9s pour un s\u00e9jour avec un animal<\/a>.<\/p>\n<h3>Les campings acceptant les animaux en Bretagne<\/h3>\n<p>Chaque ann\u00e9e, la Bretagne accueille son lot de visiteurs, venus des quatre coins de la France, et m\u00eame du monde. Quelques campings bretons de qualit\u00e9 accepteront sans soucis votre animal de compagnie :<\/p>\n<ul>\n<li><strong>Le camping Le Kergariou<\/strong>, situ\u00e9 \u00e0 Clohars Carno\u00ebt dans le Finist\u00e8re, est un \u00e9tablissement 3 \u00e9toiles aux services de qualit\u00e9. Au programme ? Piscine couverte et chauff\u00e9e, sanitaires individuels et adapt\u00e9s aux personnes handicap\u00e9es, ou encore point WiFi. Du c\u00f4t\u00e9 de la location d\u2019h\u00e9bergements, on retrouve le traditionnel emplacement libre, ou le confortable et pratique mobil-home. Tous les animaux de compagnie sont les bienvenus, sauf les chiens de cat\u00e9gorie 1 et 2. Pour le prix abordable de 2 \u20ac par animal, ce camping propose une promenade en libre acc\u00e8s pour les chiens, ainsi que des douches adapt\u00e9es et un v\u00e9t\u00e9rinaire \u00e0 proximit\u00e9.<\/li>\n<li><strong>Le camping de la vall\u00e9e de l\u2019Hy\u00e8res<\/strong>, \u00e0 Carhaix-Plouguer, est un \u00e9crin de verdure au c\u0153ur de la Bretagne. Am\u00e9nag\u00e9 pour les personnes \u00e0 mobilit\u00e9 r\u00e9duite, il poss\u00e8de de nombreux \u00e9quipements, des sanitaires aux aires de jeux, en passant par son WiFi gratuit et ses activit\u00e9s de plein air. Gratuit pour les animaux, le camping exige tout de m\u00eame qu\u2019ils soient tenus en laisse. Si vous poss\u00e9dez des papiers en r\u00e8gle, le domaine accepte aussi les chiens de cat\u00e9gorie 1 et 2.<\/li>\n<\/ul>\n<h3>Les campings acceptant les animaux en Aquitaine<\/h3>\n<p>Parmi les r\u00e9gions pr\u00e9f\u00e9r\u00e9es des touristes, l\u2019Aquitaine arrive en t\u00eate de liste, gr\u00e2ce \u00e0 son climat ensoleill\u00e9 et son cadre de vie idyllique. \u00c0 cheval entre l\u2019oc\u00e9an Atlantique et les Pyr\u00e9n\u00e9es, quelques \u00e9tablissements de camping peuvent accueillir votre animal :<\/p>\n<ul>\n<li><strong>Le camping des Pins<\/strong>, \u00e0 Soulac sur mer en Gironde, offre un magnifique espace de vacances \u00e0 seulement 1,8 km de l\u2019oc\u00e9an. Dans une nature pr\u00e9serv\u00e9e, le lieu propose un large choix d\u2019h\u00e9bergements en location, entre mobil-homes, emplacements libres et lodges. Tous les animaux y sont les bienvenus, except\u00e9 les chiens de cat\u00e9gorie 1 et 2. Avec sa piscine chauff\u00e9e, son WiFi gratuit et ses animations pour petits et grands, ce camping est l\u2019un des plus pl\u00e9biscit\u00e9s du d\u00e9partement.<\/li>\n<li><strong>Le camping de Fr\u00e9audour<\/strong>, situ\u00e9 \u00e0 Saint-Pardoux en Haute-Vienne, est un \u00e9tablissement 4 \u00e9toiles au bord d\u2019un lac. S\u2019il accueille tous les animaux gratuitement, hors chiens de cat\u00e9gorie 1 et 2, il impose une limite de 2 chiens par r\u00e9servation. De plus, chaque animal doit \u00eatre \u00e0 jour de ses vaccins. Tr\u00e8s anim\u00e9 durant l\u2019\u00e9t\u00e9, ce camping met \u00e0 disposition un acc\u00e8s WiFi gratuit, une piscine chauff\u00e9e, et un superbe choix d\u2019h\u00e9bergements en location, dont le mobil-home ou le chalet avec acc\u00e8s direct au lac.<\/li>\n<\/ul>\n<h3>Les campings acceptant les animaux dans les Pays de la Loire<\/h3>\n<p>Avec de nombreuses stations baln\u00e9aires r\u00e9put\u00e9es, les Pays de la Loire attirent chaque ann\u00e9e de nombreux vacanciers. \u00c0 ce titre, la r\u00e9gion compte de superbes campings qui acceptent tous les animaux de compagnie :<\/p>\n<ul>\n<li><strong>Le camping Les Alouettes<\/strong>, \u00e0 Bretignolles-sur-Mer en Vend\u00e9e, est le lieu id\u00e9al pour des vacances en famille. Avec sa piscine couverte et chauff\u00e9e, ou encore son espace aquatique ludique, l\u2019\u00e9tablissement accueille tous les animaux, sauf les chiens de cat\u00e9gorie 1 et 2. Acc\u00e8s WiFi, \u00e9picerie et exposants sont aussi au programme de ce camping 4 \u00e9toiles.<\/li>\n<li><strong>Le camping Le Moulin de L\u2019Eclis<\/strong>, \u00e0 Ass\u00e9rac en Loire Atlantique, est un superbe club de vacances 4 \u00e9toiles. Avec 80 emplacements libres et 63 h\u00e9bergements en location, de type chalet ou mobil-home, il accueille aussi les animaux de toute taille, sauf les chiens de cat\u00e9gorie 1 et 2. Dot\u00e9 d\u2019un immense complexe aquatique, dont une piscine chauff\u00e9e et en partie couverte, ce camping offre aussi de nombreux autres \u00e9quipements, dont un acc\u00e8s WiFi dans toute son enceinte et des sanitaires pour enfant.<\/li>\n<\/ul>\n<h2><img decoding=\"async\" class=\"img-responsive\" src=\"https:\/\/www.campings.com\/fr\/content\/wp-content\/uploads\/2020\/02\/quels-sont-les-campings-acceptant-les-animaux-2.jpg\" alt=\"Quels sont les campings acceptant les animaux-2\" \/><\/h2>\n<h2 id=\"ancre4\">Comment pr\u00e9parer des vacances en camping avec un animal ?<\/h2>\n<p>En fonction du mode de camping que vous choisissez, les besoins de votre animal peuvent varier. Tente, chalet, bungalow ou mobil-home, partir en vacances avec des animaux exige <strong>un minimum de pr\u00e9paration<\/strong>. Pour vous aider \u00e0 vous organiser, faisons le point sur quelques r\u00e8gles pratiques et sur les accessoires \u00e0 emporter.<\/p>\n<h3>Passer des vacances dans une tente avec votre animal<\/h3>\n<p>Si vous voulez emmener votre chien en vacances alors que vous avez pr\u00e9vu de dormir dans une tente, <a href=\"https:\/\/altitude-blog.com\/fr\/comment-amener-son-chien-en-camping-pour-la-premiere-fois\/\">vous devez choisir le bon mod\u00e8le<\/a>. En effet, <strong>une simple tente ne sera pas suffisante<\/strong> pour vos besoins et ceux de votre animal. Ainsi, privil\u00e9giez plut\u00f4t un mod\u00e8le avec un auvent, pour qu\u2019il puisse y dormir confortablement sans vous importuner. Pensez aussi \u00e0 lui installer un tapis auquel il est de pr\u00e9f\u00e9rence habitu\u00e9, afin qu\u2019il ne passe pas ses nuits \u00e0 m\u00eame le sol. De mani\u00e8re g\u00e9n\u00e9rale, favorisez les tentes assez grandes pour pouvoir r\u00e9server \u00e0 votre chien, chat ou autre animal, une zone bien \u00e0 lui.<\/p>\n<h3>R\u00e9server un bungalow, mobil-home ou lodge avec votre animal<\/h3>\n<p>Tout comme pour une tente, si vous avez pr\u00e9vu de passer vos vacances dans un bungalow, un mobil-home ou un lodge, vous devez <strong>am\u00e9nager \u00e0 votre animal un espace rien qu\u2019\u00e0 lui<\/strong>. Puisque vous disposez d\u2019un lieu assez grand, profitez-en pour emporter son panier et ses jouets, afin qu\u2019il se sente rassur\u00e9 dans cet environnement \u00e9tranger. En effet, les animaux de compagnie, et en particulier les chiens, sont tr\u00e8s routiniers. Pour les perturber le moins possible, emporter ses objets les plus familiers est une excellente id\u00e9e. Tapis, panier ou jouets, tout est bon pour que votre animal se sente chez lui. Le cas \u00e9ch\u00e9ant, son attitude stress\u00e9e pourrait \u00e9courter vos vacances. De la m\u00eame fa\u00e7on, donnez-lui si possible sa nourriture habituelle, sous peine de perturber son transit.<\/p>\n<h3>Les r\u00e8gles de conduite sur l\u2019emplacement et dans le camping<\/h3>\n<p>G\u00e9n\u00e9ralement, l\u2019accueil des animaux de compagnie ne pose pas de soucis particuliers aux campings. Cependant, <strong>des r\u00e8gles de bonne conduite <\/strong>doivent n\u00e9anmoins \u00eatre respect\u00e9es. Parmi celles-ci, on retrouve celles qui concernent la pr\u00e9sence de l\u2019animal sur l\u2019emplacement. Chien ou chat, peu importe, votre fid\u00e8le compagnon ne doit pas y rester seul, pour ne pas causer d\u2019\u00e9ventuels dommages aux autres vacanciers en votre absence. De la m\u00eame fa\u00e7on, dans le reste du camping, la<strong> tenue en laisse<\/strong> est souvent obligatoire, afin que votre animal ne juge pas opportun d\u2019aller o\u00f9 bon lui semble.<\/p>\n<p><em>Nous vous recommandons ces autres pages :<\/em><\/p>\n<ul>\n<li><a href=\"https:\/\/www.campings.com\/fr\/content\/tout-savoir-sur-le-camping\/ou-partir-au-camping\/\">O\u00f9 partir au camping ? <\/a><\/li>\n<li><a href=\"https:\/\/www.campings.com\/fr\/content\/tout-savoir-sur-le-camping\/choisir-un-camping-en-bord-de-mer-ou-avec-acces-direct-a-la-plage\/\">Choisir un camping en bord de mer ou avec acc\u00e8s direct \u00e0 la plage<\/a><\/li>\n<li><a href=\"https:\/\/www.campings.com\/fr\/content\/tout-savoir-sur-le-camping\/choisir-un-camping-avec-un-parc-aquatique\/\">Choisir un camping avec un parc aquatique<\/a><\/li>\n<li><a href=\"https:\/\/www.campings.com\/fr\/content\/tout-savoir-sur-le-camping\/choisir-un-camping-avec-une-piscine-couverte\/\">Choisir un camping avec une piscine couverte<\/a><\/li>\n<li><a href=\"https:\/\/www.campings.com\/fr\/content\/tout-savoir-sur-le-camping\/choisir-un-camping-de-luxe-5-etoiles\/\">Choisir un camping de luxe 5 \u00e9toiles<\/a><\/li>\n<li><a href=\"https:\/\/www.campings.com\/fr\/content\/tout-savoir-sur-le-camping\/choisir-un-camping-avec-un-club-enfants\/\">Choisir un camping avec un club enfants<\/a><\/li>\n<li><a href=\"https:\/\/www.campings.com\/fr\/content\/tout-savoir-sur-le-camping\/choisir-un-camping-a-la-montagne\/\">Choisir un camping \u00e0 la montagne<\/a><\/li>\n<li><a href=\"https:\/\/www.campings.com\/fr\/content\/tout-savoir-sur-le-camping\/quels-campings-plus-originaux-france\/\">Quels sont les campings les plus originaux en France ?<\/a><\/li>\n<li><a href=\"https:\/\/www.campings.com\/fr\/content\/tout-savoir-sur-le-camping\/choisir-plus-grands-campings-france\/\">Choisir un des plus grands campings de France<\/a><\/li>\n<\/ul>\n","protected":false},"excerpt":{"rendered":"<p>Mini sommaire Quelles sont les conditions pour emmener un animal en camping ? Combien co\u00fbte le s\u00e9jour d\u2019un animal en camping ? Quels sont les campings acceptant les animaux ? Comment pr\u00e9parer des vacances en camping avec un animal ? S\u2019il n\u2019est pas toujours simple de choisir un camping sereinement, la pr\u00e9paration des vacances peut [&hellip;]<\/p>\n","protected":false},"author":2,"featured_media":0,"parent":0,"menu_order":0,"comment_status":"closed","ping_status":"closed","template":"template-twocolumns.php","meta":{"_acf_changed":false,"footnotes":""},"class_list":["post-1558","page","type-page","status-publish","hentry"],"acf":[],"yoast_head":"<!-- This site is optimized with the Yoast SEO plugin v27.1.1 - https:\/\/yoast.com\/product\/yoast-seo-wordpress\/ -->\n<title>Quels sont les campings acceptant les animaux ?<\/title>\n<meta name=\"description\" content=\"Vous r\u00eavez de partir en vacances avec votre chien ou votre chat ? Le point sur les campings qui acceptent les animaux et leurs conditions d\u2019accueil.\" \/>\n<meta name=\"robots\" content=\"index, follow, max-snippet:-1, max-image-preview:large, max-video-preview:-1\" \/>\n<link rel=\"canonical\" href=\"https:\/\/www.campings.com\/fr\/content\/quels-sont-les-campings-acceptant-les-animaux\/\" \/>\n<meta property=\"og:locale\" content=\"fr_FR\" \/>\n<meta property=\"og:type\" content=\"article\" \/>\n<meta property=\"og:title\" content=\"Quels sont les campings acceptant les animaux ?\" \/>\n<meta property=\"og:description\" content=\"Vous r\u00eavez de partir en vacances avec votre chien ou votre chat ? Le point sur les campings qui acceptent les animaux et leurs conditions d\u2019accueil.\" \/>\n<meta property=\"og:url\" content=\"https:\/\/www.campings.com\/fr\/content\/quels-sont-les-campings-acceptant-les-animaux\/\" \/>\n<meta property=\"article:modified_time\" content=\"2021-01-31T22:38:26+00:00\" \/>\n<meta property=\"og:image\" content=\"https:\/\/www.campings.com\/fr\/content\/wp-content\/uploads\/2020\/02\/quels-sont-les-campings-acceptant-les-animaux-1.jpg\" \/>\n<meta name=\"twitter:card\" content=\"summary_large_image\" \/>\n<meta name=\"twitter:label1\" content=\"Dur\u00e9e de lecture estim\u00e9e\" \/>\n\t<meta name=\"twitter:data1\" content=\"10 minutes\" \/>\n<script type=\"application\/ld+json\" class=\"yoast-schema-graph\">{\"@context\":\"https:\/\/schema.org\",\"@graph\":[{\"@type\":\"WebPage\",\"@id\":\"https:\/\/www.campings.com\/fr\/content\/quels-sont-les-campings-acceptant-les-animaux\/\",\"url\":\"https:\/\/www.campings.com\/fr\/content\/quels-sont-les-campings-acceptant-les-animaux\/\",\"name\":\"Quels sont les campings acceptant les animaux ?\",\"isPartOf\":{\"@id\":\"https:\/\/www.campings.com\/fr\/content\/#website\"},\"primaryImageOfPage\":{\"@id\":\"https:\/\/www.campings.com\/fr\/content\/quels-sont-les-campings-acceptant-les-animaux\/#primaryimage\"},\"image\":{\"@id\":\"https:\/\/www.campings.com\/fr\/content\/quels-sont-les-campings-acceptant-les-animaux\/#primaryimage\"},\"thumbnailUrl\":\"https:\/\/www.campings.com\/fr\/content\/wp-content\/uploads\/2020\/02\/quels-sont-les-campings-acceptant-les-animaux-1.jpg\",\"datePublished\":\"2020-02-26T09:34:02+00:00\",\"dateModified\":\"2021-01-31T22:38:26+00:00\",\"description\":\"Vous r\u00eavez de partir en vacances avec votre chien ou votre chat ? Le point sur les campings qui acceptent les animaux et leurs conditions d\u2019accueil.\",\"breadcrumb\":{\"@id\":\"https:\/\/www.campings.com\/fr\/content\/quels-sont-les-campings-acceptant-les-animaux\/#breadcrumb\"},\"inLanguage\":\"fr-FR\",\"potentialAction\":[{\"@type\":\"ReadAction\",\"target\":[\"https:\/\/www.campings.com\/fr\/content\/quels-sont-les-campings-acceptant-les-animaux\/\"]}]},{\"@type\":\"ImageObject\",\"inLanguage\":\"fr-FR\",\"@id\":\"https:\/\/www.campings.com\/fr\/content\/quels-sont-les-campings-acceptant-les-animaux\/#primaryimage\",\"url\":\"https:\/\/www.campings.com\/fr\/content\/wp-content\/uploads\/2020\/02\/quels-sont-les-campings-acceptant-les-animaux-1.jpg\",\"contentUrl\":\"https:\/\/www.campings.com\/fr\/content\/wp-content\/uploads\/2020\/02\/quels-sont-les-campings-acceptant-les-animaux-1.jpg\",\"width\":1000,\"height\":667},{\"@type\":\"BreadcrumbList\",\"@id\":\"https:\/\/www.campings.com\/fr\/content\/quels-sont-les-campings-acceptant-les-animaux\/#breadcrumb\",\"itemListElement\":[{\"@type\":\"ListItem\",\"position\":1,\"name\":\"Home\",\"item\":\"https:\/\/www.campings.com\/fr\/content\/\"},{\"@type\":\"ListItem\",\"position\":2,\"name\":\"Tout savoir sur les campings qui acceptent les animaux\"}]},{\"@type\":\"WebSite\",\"@id\":\"https:\/\/www.campings.com\/fr\/content\/#website\",\"url\":\"https:\/\/www.campings.com\/fr\/content\/\",\"name\":\"\",\"description\":\"\",\"publisher\":{\"@id\":\"https:\/\/www.campings.com\/fr\/content\/#organization\"},\"potentialAction\":[{\"@type\":\"SearchAction\",\"target\":{\"@type\":\"EntryPoint\",\"urlTemplate\":\"https:\/\/www.campings.com\/fr\/content\/?s={search_term_string}\"},\"query-input\":{\"@type\":\"PropertyValueSpecification\",\"valueRequired\":true,\"valueName\":\"search_term_string\"}}],\"inLanguage\":\"fr-FR\"},{\"@type\":\"Organization\",\"@id\":\"https:\/\/www.campings.com\/fr\/content\/#organization\",\"name\":\"CAMPINGS.COM\",\"url\":\"https:\/\/www.campings.com\/fr\/content\/\",\"logo\":{\"@type\":\"ImageObject\",\"inLanguage\":\"fr-FR\",\"@id\":\"https:\/\/www.campings.com\/fr\/content\/#\/schema\/logo\/image\/\",\"url\":\"https:\/\/www.campings.com\/fr\/content\/wp-content\/uploads\/2019\/01\/cropped-logo-1.png\",\"contentUrl\":\"https:\/\/www.campings.com\/fr\/content\/wp-content\/uploads\/2019\/01\/cropped-logo-1.png\",\"width\":174,\"height\":42,\"caption\":\"CAMPINGS.COM\"},\"image\":{\"@id\":\"https:\/\/www.campings.com\/fr\/content\/#\/schema\/logo\/image\/\"}}]}<\/script>\n<!-- \/ Yoast SEO plugin. -->","yoast_head_json":{"title":"Quels sont les campings acceptant les animaux ?","description":"Vous r\u00eavez de partir en vacances avec votre chien ou votre chat ? Le point sur les campings qui acceptent les animaux et leurs conditions d\u2019accueil.","robots":{"index":"index","follow":"follow","max-snippet":"max-snippet:-1","max-image-preview":"max-image-preview:large","max-video-preview":"max-video-preview:-1"},"canonical":"https:\/\/www.campings.com\/fr\/content\/quels-sont-les-campings-acceptant-les-animaux\/","og_locale":"fr_FR","og_type":"article","og_title":"Quels sont les campings acceptant les animaux ?","og_description":"Vous r\u00eavez de partir en vacances avec votre chien ou votre chat ? Le point sur les campings qui acceptent les animaux et leurs conditions d\u2019accueil.","og_url":"https:\/\/www.campings.com\/fr\/content\/quels-sont-les-campings-acceptant-les-animaux\/","article_modified_time":"2021-01-31T22:38:26+00:00","og_image":[{"url":"https:\/\/www.campings.com\/fr\/content\/wp-content\/uploads\/2020\/02\/quels-sont-les-campings-acceptant-les-animaux-1.jpg","type":"","width":"","height":""}],"twitter_card":"summary_large_image","twitter_misc":{"Dur\u00e9e de lecture estim\u00e9e":"10 minutes"},"schema":{"@context":"https:\/\/schema.org","@graph":[{"@type":"WebPage","@id":"https:\/\/www.campings.com\/fr\/content\/quels-sont-les-campings-acceptant-les-animaux\/","url":"https:\/\/www.campings.com\/fr\/content\/quels-sont-les-campings-acceptant-les-animaux\/","name":"Quels sont les campings acceptant les animaux ?","isPartOf":{"@id":"https:\/\/www.campings.com\/fr\/content\/#website"},"primaryImageOfPage":{"@id":"https:\/\/www.campings.com\/fr\/content\/quels-sont-les-campings-acceptant-les-animaux\/#primaryimage"},"image":{"@id":"https:\/\/www.campings.com\/fr\/content\/quels-sont-les-campings-acceptant-les-animaux\/#primaryimage"},"thumbnailUrl":"https:\/\/www.campings.com\/fr\/content\/wp-content\/uploads\/2020\/02\/quels-sont-les-campings-acceptant-les-animaux-1.jpg","datePublished":"2020-02-26T09:34:02+00:00","dateModified":"2021-01-31T22:38:26+00:00","description":"Vous r\u00eavez de partir en vacances avec votre chien ou votre chat ? Le point sur les campings qui acceptent les animaux et leurs conditions d\u2019accueil.","breadcrumb":{"@id":"https:\/\/www.campings.com\/fr\/content\/quels-sont-les-campings-acceptant-les-animaux\/#breadcrumb"},"inLanguage":"fr-FR","potentialAction":[{"@type":"ReadAction","target":["https:\/\/www.campings.com\/fr\/content\/quels-sont-les-campings-acceptant-les-animaux\/"]}]},{"@type":"ImageObject","inLanguage":"fr-FR","@id":"https:\/\/www.campings.com\/fr\/content\/quels-sont-les-campings-acceptant-les-animaux\/#primaryimage","url":"https:\/\/www.campings.com\/fr\/content\/wp-content\/uploads\/2020\/02\/quels-sont-les-campings-acceptant-les-animaux-1.jpg","contentUrl":"https:\/\/www.campings.com\/fr\/content\/wp-content\/uploads\/2020\/02\/quels-sont-les-campings-acceptant-les-animaux-1.jpg","width":1000,"height":667},{"@type":"BreadcrumbList","@id":"https:\/\/www.campings.com\/fr\/content\/quels-sont-les-campings-acceptant-les-animaux\/#breadcrumb","itemListElement":[{"@type":"ListItem","position":1,"name":"Home","item":"https:\/\/www.campings.com\/fr\/content\/"},{"@type":"ListItem","position":2,"name":"Tout savoir sur les campings qui acceptent les animaux"}]},{"@type":"WebSite","@id":"https:\/\/www.campings.com\/fr\/content\/#website","url":"https:\/\/www.campings.com\/fr\/content\/","name":"","description":"","publisher":{"@id":"https:\/\/www.campings.com\/fr\/content\/#organization"},"potentialAction":[{"@type":"SearchAction","target":{"@type":"EntryPoint","urlTemplate":"https:\/\/www.campings.com\/fr\/content\/?s={search_term_string}"},"query-input":{"@type":"PropertyValueSpecification","valueRequired":true,"valueName":"search_term_string"}}],"inLanguage":"fr-FR"},{"@type":"Organization","@id":"https:\/\/www.campings.com\/fr\/content\/#organization","name":"CAMPINGS.COM","url":"https:\/\/www.campings.com\/fr\/content\/","logo":{"@type":"ImageObject","inLanguage":"fr-FR","@id":"https:\/\/www.campings.com\/fr\/content\/#\/schema\/logo\/image\/","url":"https:\/\/www.campings.com\/fr\/content\/wp-content\/uploads\/2019\/01\/cropped-logo-1.png","contentUrl":"https:\/\/www.campings.com\/fr\/content\/wp-content\/uploads\/2019\/01\/cropped-logo-1.png","width":174,"height":42,"caption":"CAMPINGS.COM"},"image":{"@id":"https:\/\/www.campings.com\/fr\/content\/#\/schema\/logo\/image\/"}}]}},"_links":{"self":[{"href":"https:\/\/www.campings.com\/fr\/content\/wp-json\/wp\/v2\/pages\/1558","targetHints":{"allow":["GET"]}}],"collection":[{"href":"https:\/\/www.campings.com\/fr\/content\/wp-json\/wp\/v2\/pages"}],"about":[{"href":"https:\/\/www.campings.com\/fr\/content\/wp-json\/wp\/v2\/types\/page"}],"author":[{"embeddable":true,"href":"https:\/\/www.campings.com\/fr\/content\/wp-json\/wp\/v2\/users\/2"}],"replies":[{"embeddable":true,"href":"https:\/\/www.campings.com\/fr\/content\/wp-json\/wp\/v2\/comments?post=1558"}],"version-history":[{"count":3,"href":"https:\/\/www.campings.com\/fr\/content\/wp-json\/wp\/v2\/pages\/1558\/revisions"}],"predecessor-version":[{"id":9030,"href":"https:\/\/www.campings.com\/fr\/content\/wp-json\/wp\/v2\/pages\/1558\/revisions\/9030"}],"wp:attachment":[{"href":"https:\/\/www.campings.com\/fr\/content\/wp-json\/wp\/v2\/media?parent=1558"}],"curies":[{"name":"wp","href":"https:\/\/api.w.org\/{rel}","templated":true}]}}