{"id":1063,"date":"2019-05-08T07:51:08","date_gmt":"2019-05-08T07:51:08","guid":{"rendered":"https:\/\/www.campings.com\/fr\/content\/?page_id=1063"},"modified":"2025-06-25T13:27:52","modified_gmt":"2025-06-25T12:27:52","slug":"guide-campings-cote-dazur","status":"publish","type":"page","link":"https:\/\/www.campings.com\/fr\/content\/guide-campings-cote-dazur\/","title":{"rendered":"Guide Campings C\u00f4te d&rsquo;Azur"},"content":{"rendered":"<p>La <a href=\"https:\/\/www.campings.com\/fr\/landing\/campings-cote-d-azur\">C\u00f4te d&rsquo;Azu<\/a>r ! Y a-t-il r\u00e9gion plus adapt\u00e9e au repos pour un s\u00e9jour au soleil r\u00e9ussi et inoubliable ? Tout au sud du pays, sur le littoral m\u00e9diterran\u00e9en, la C\u00f4te d&rsquo;Azur est l&rsquo;un des territoires les plus visit\u00e9s de France. D&rsquo;Europe m\u00eame ! Partez en camping sur la C\u00f4te d&rsquo;Azur et vous d\u00e9couvrirez pourquoi. Pr\u00e9parez-vous \u00e0 d\u00e9couvrir un nouveau monde fait de beaut\u00e9s naturels, de farniente et de d\u00e9couvertes par milliers. Une location de mobil-home sur la C\u00f4te d&rsquo;Azur vous permettra de prendre des vacances bien m\u00e9rit\u00e9es sur le sable fin, \u00e0 l&rsquo;ombre des palmiers.<\/p>\n<p>L&rsquo;\u00e9t\u00e9, vos nombreuses promenades vous guideront s\u00fbrement de march\u00e9 en march\u00e9 et de restaurant en restaurant. Cannes, Nice, Saint-Tropez : voil\u00e0 s\u00fbrement les villes les plus connues et les plus repr\u00e9sentatives de la C\u00f4te d&rsquo;Azur. Pour une pause naturelle, il suffira de se rendre sur les \u00celes de L\u00e9rins, l&rsquo;\u00cele Sainte-Marguerite ou m\u00eame au Cap d&rsquo;Antibes. Au final, la chose la plus difficile \u00e0 faire sur la C\u00f4te d&rsquo;Azur, c&rsquo;est choisir ses activit\u00e9s pour \u00e9tablir son programme.<\/p>\n<p>Les beaux endroits et \u00e9tablissements pour se poser le temps d&rsquo;un long week-end ou de plusieurs semaines ne manquent pas. En d\u00e9part avec des enfants, assurez-vous de choisir un camping sur la C\u00f4te d&rsquo;Azur avec piscine. Sinon, les nombreux parcs aquatiques de la r\u00e9gion pourront rythmer votre s\u00e9jour. Activit\u00e9s de plein air, visites historiques, d\u00e9couvertes gourmandes. Il reste une question : les prochaines vacances sont pr\u00e9vues pour quand ?<\/p>\n","protected":false},"excerpt":{"rendered":"<p>La C\u00f4te d&rsquo;Azur ! Y a-t-il r\u00e9gion plus adapt\u00e9e au repos pour un s\u00e9jour au soleil r\u00e9ussi et inoubliable ? Tout au sud du pays, sur le littoral m\u00e9diterran\u00e9en, la C\u00f4te d&rsquo;Azur est l&rsquo;un des territoires les plus visit\u00e9s de France. D&rsquo;Europe m\u00eame ! Partez en camping sur la C\u00f4te d&rsquo;Azur et vous d\u00e9couvrirez pourquoi. [&hellip;]<\/p>\n","protected":false},"author":1,"featured_media":1064,"parent":0,"menu_order":0,"comment_status":"closed","ping_status":"closed","template":"template-region.php","meta":{"_acf_changed":false,"footnotes":""},"class_list":["post-1063","page","type-page","status-publish","has-post-thumbnail","hentry"],"acf":[],"yoast_head":"<!-- This site is optimized with the Yoast SEO plugin v27.1.1 - https:\/\/yoast.com\/product\/yoast-seo-wordpress\/ -->\n<title>Guide Campings C\u00f4te d&#039;Azur -<\/title>\n<meta name=\"robots\" content=\"index, follow, max-snippet:-1, max-image-preview:large, max-video-preview:-1\" \/>\n<link rel=\"canonical\" href=\"https:\/\/www.campings.com\/fr\/content\/guide-campings-cote-dazur\/\" \/>\n<meta property=\"og:locale\" content=\"fr_FR\" \/>\n<meta property=\"og:type\" content=\"article\" \/>\n<meta property=\"og:title\" content=\"Guide Campings C\u00f4te d&#039;Azur -\" \/>\n<meta property=\"og:description\" content=\"La C\u00f4te d&rsquo;Azur ! Y a-t-il r\u00e9gion plus adapt\u00e9e au repos pour un s\u00e9jour au soleil r\u00e9ussi et inoubliable ? Tout au sud du pays, sur le littoral m\u00e9diterran\u00e9en, la C\u00f4te d&rsquo;Azur est l&rsquo;un des territoires les plus visit\u00e9s de France. D&rsquo;Europe m\u00eame ! Partez en camping sur la C\u00f4te d&rsquo;Azur et vous d\u00e9couvrirez pourquoi. [&hellip;]\" \/>\n<meta property=\"og:url\" content=\"https:\/\/www.campings.com\/fr\/content\/guide-campings-cote-dazur\/\" \/>\n<meta property=\"article:modified_time\" content=\"2025-06-25T12:27:52+00:00\" \/>\n<meta property=\"og:image\" content=\"https:\/\/www.campings.com\/fr\/content\/wp-content\/uploads\/2019\/05\/tribloo-destinations-95-cropped-images-divingcotedazur-0-0-0-0-1523355430-c38676c3fbf017e43a227357bd9301c5.jpg\" \/>\n\t<meta property=\"og:image:width\" content=\"1400\" \/>\n\t<meta property=\"og:image:height\" content=\"557\" \/>\n\t<meta property=\"og:image:type\" content=\"image\/jpeg\" \/>\n<meta name=\"twitter:card\" content=\"summary_large_image\" \/>\n<meta name=\"twitter:label1\" content=\"Dur\u00e9e de lecture estim\u00e9e\" \/>\n\t<meta name=\"twitter:data1\" content=\"1 minute\" \/>\n<script type=\"application\/ld+json\" class=\"yoast-schema-graph\">{\"@context\":\"https:\/\/schema.org\",\"@graph\":[{\"@type\":\"WebPage\",\"@id\":\"https:\/\/www.campings.com\/fr\/content\/guide-campings-cote-dazur\/\",\"url\":\"https:\/\/www.campings.com\/fr\/content\/guide-campings-cote-dazur\/\",\"name\":\"Guide Campings C\u00f4te d'Azur -\",\"isPartOf\":{\"@id\":\"https:\/\/www.campings.com\/fr\/content\/#website\"},\"primaryImageOfPage\":{\"@id\":\"https:\/\/www.campings.com\/fr\/content\/guide-campings-cote-dazur\/#primaryimage\"},\"image\":{\"@id\":\"https:\/\/www.campings.com\/fr\/content\/guide-campings-cote-dazur\/#primaryimage\"},\"thumbnailUrl\":\"https:\/\/www.campings.com\/fr\/content\/wp-content\/uploads\/2019\/05\/tribloo-destinations-95-cropped-images-divingcotedazur-0-0-0-0-1523355430-c38676c3fbf017e43a227357bd9301c5.jpg\",\"datePublished\":\"2019-05-08T07:51:08+00:00\",\"dateModified\":\"2025-06-25T12:27:52+00:00\",\"breadcrumb\":{\"@id\":\"https:\/\/www.campings.com\/fr\/content\/guide-campings-cote-dazur\/#breadcrumb\"},\"inLanguage\":\"fr-FR\",\"potentialAction\":[{\"@type\":\"ReadAction\",\"target\":[\"https:\/\/www.campings.com\/fr\/content\/guide-campings-cote-dazur\/\"]}]},{\"@type\":\"ImageObject\",\"inLanguage\":\"fr-FR\",\"@id\":\"https:\/\/www.campings.com\/fr\/content\/guide-campings-cote-dazur\/#primaryimage\",\"url\":\"https:\/\/www.campings.com\/fr\/content\/wp-content\/uploads\/2019\/05\/tribloo-destinations-95-cropped-images-divingcotedazur-0-0-0-0-1523355430-c38676c3fbf017e43a227357bd9301c5.jpg\",\"contentUrl\":\"https:\/\/www.campings.com\/fr\/content\/wp-content\/uploads\/2019\/05\/tribloo-destinations-95-cropped-images-divingcotedazur-0-0-0-0-1523355430-c38676c3fbf017e43a227357bd9301c5.jpg\",\"width\":1400,\"height\":557},{\"@type\":\"BreadcrumbList\",\"@id\":\"https:\/\/www.campings.com\/fr\/content\/guide-campings-cote-dazur\/#breadcrumb\",\"itemListElement\":[{\"@type\":\"ListItem\",\"position\":1,\"name\":\"Home\",\"item\":\"https:\/\/www.campings.com\/fr\/content\/\"},{\"@type\":\"ListItem\",\"position\":2,\"name\":\"Guide Campings C\u00f4te d&rsquo;Azur\"}]},{\"@type\":\"WebSite\",\"@id\":\"https:\/\/www.campings.com\/fr\/content\/#website\",\"url\":\"https:\/\/www.campings.com\/fr\/content\/\",\"name\":\"\",\"description\":\"\",\"publisher\":{\"@id\":\"https:\/\/www.campings.com\/fr\/content\/#organization\"},\"potentialAction\":[{\"@type\":\"SearchAction\",\"target\":{\"@type\":\"EntryPoint\",\"urlTemplate\":\"https:\/\/www.campings.com\/fr\/content\/?s={search_term_string}\"},\"query-input\":{\"@type\":\"PropertyValueSpecification\",\"valueRequired\":true,\"valueName\":\"search_term_string\"}}],\"inLanguage\":\"fr-FR\"},{\"@type\":\"Organization\",\"@id\":\"https:\/\/www.campings.com\/fr\/content\/#organization\",\"name\":\"CAMPINGS.COM\",\"url\":\"https:\/\/www.campings.com\/fr\/content\/\",\"logo\":{\"@type\":\"ImageObject\",\"inLanguage\":\"fr-FR\",\"@id\":\"https:\/\/www.campings.com\/fr\/content\/#\/schema\/logo\/image\/\",\"url\":\"https:\/\/www.campings.com\/fr\/content\/wp-content\/uploads\/2019\/01\/cropped-logo-1.png\",\"contentUrl\":\"https:\/\/www.campings.com\/fr\/content\/wp-content\/uploads\/2019\/01\/cropped-logo-1.png\",\"width\":174,\"height\":42,\"caption\":\"CAMPINGS.COM\"},\"image\":{\"@id\":\"https:\/\/www.campings.com\/fr\/content\/#\/schema\/logo\/image\/\"}}]}<\/script>\n<!-- \/ Yoast SEO plugin. -->","yoast_head_json":{"title":"Guide Campings C\u00f4te d'Azur -","robots":{"index":"index","follow":"follow","max-snippet":"max-snippet:-1","max-image-preview":"max-image-preview:large","max-video-preview":"max-video-preview:-1"},"canonical":"https:\/\/www.campings.com\/fr\/content\/guide-campings-cote-dazur\/","og_locale":"fr_FR","og_type":"article","og_title":"Guide Campings C\u00f4te d'Azur -","og_description":"La C\u00f4te d&rsquo;Azur ! Y a-t-il r\u00e9gion plus adapt\u00e9e au repos pour un s\u00e9jour au soleil r\u00e9ussi et inoubliable ? Tout au sud du pays, sur le littoral m\u00e9diterran\u00e9en, la C\u00f4te d&rsquo;Azur est l&rsquo;un des territoires les plus visit\u00e9s de France. D&rsquo;Europe m\u00eame ! Partez en camping sur la C\u00f4te d&rsquo;Azur et vous d\u00e9couvrirez pourquoi. [&hellip;]","og_url":"https:\/\/www.campings.com\/fr\/content\/guide-campings-cote-dazur\/","article_modified_time":"2025-06-25T12:27:52+00:00","og_image":[{"width":1400,"height":557,"url":"https:\/\/www.campings.com\/fr\/content\/wp-content\/uploads\/2019\/05\/tribloo-destinations-95-cropped-images-divingcotedazur-0-0-0-0-1523355430-c38676c3fbf017e43a227357bd9301c5.jpg","type":"image\/jpeg"}],"twitter_card":"summary_large_image","twitter_misc":{"Dur\u00e9e de lecture estim\u00e9e":"1 minute"},"schema":{"@context":"https:\/\/schema.org","@graph":[{"@type":"WebPage","@id":"https:\/\/www.campings.com\/fr\/content\/guide-campings-cote-dazur\/","url":"https:\/\/www.campings.com\/fr\/content\/guide-campings-cote-dazur\/","name":"Guide Campings C\u00f4te d'Azur -","isPartOf":{"@id":"https:\/\/www.campings.com\/fr\/content\/#website"},"primaryImageOfPage":{"@id":"https:\/\/www.campings.com\/fr\/content\/guide-campings-cote-dazur\/#primaryimage"},"image":{"@id":"https:\/\/www.campings.com\/fr\/content\/guide-campings-cote-dazur\/#primaryimage"},"thumbnailUrl":"https:\/\/www.campings.com\/fr\/content\/wp-content\/uploads\/2019\/05\/tribloo-destinations-95-cropped-images-divingcotedazur-0-0-0-0-1523355430-c38676c3fbf017e43a227357bd9301c5.jpg","datePublished":"2019-05-08T07:51:08+00:00","dateModified":"2025-06-25T12:27:52+00:00","breadcrumb":{"@id":"https:\/\/www.campings.com\/fr\/content\/guide-campings-cote-dazur\/#breadcrumb"},"inLanguage":"fr-FR","potentialAction":[{"@type":"ReadAction","target":["https:\/\/www.campings.com\/fr\/content\/guide-campings-cote-dazur\/"]}]},{"@type":"ImageObject","inLanguage":"fr-FR","@id":"https:\/\/www.campings.com\/fr\/content\/guide-campings-cote-dazur\/#primaryimage","url":"https:\/\/www.campings.com\/fr\/content\/wp-content\/uploads\/2019\/05\/tribloo-destinations-95-cropped-images-divingcotedazur-0-0-0-0-1523355430-c38676c3fbf017e43a227357bd9301c5.jpg","contentUrl":"https:\/\/www.campings.com\/fr\/content\/wp-content\/uploads\/2019\/05\/tribloo-destinations-95-cropped-images-divingcotedazur-0-0-0-0-1523355430-c38676c3fbf017e43a227357bd9301c5.jpg","width":1400,"height":557},{"@type":"BreadcrumbList","@id":"https:\/\/www.campings.com\/fr\/content\/guide-campings-cote-dazur\/#breadcrumb","itemListElement":[{"@type":"ListItem","position":1,"name":"Home","item":"https:\/\/www.campings.com\/fr\/content\/"},{"@type":"ListItem","position":2,"name":"Guide Campings C\u00f4te d&rsquo;Azur"}]},{"@type":"WebSite","@id":"https:\/\/www.campings.com\/fr\/content\/#website","url":"https:\/\/www.campings.com\/fr\/content\/","name":"","description":"","publisher":{"@id":"https:\/\/www.campings.com\/fr\/content\/#organization"},"potentialAction":[{"@type":"SearchAction","target":{"@type":"EntryPoint","urlTemplate":"https:\/\/www.campings.com\/fr\/content\/?s={search_term_string}"},"query-input":{"@type":"PropertyValueSpecification","valueRequired":true,"valueName":"search_term_string"}}],"inLanguage":"fr-FR"},{"@type":"Organization","@id":"https:\/\/www.campings.com\/fr\/content\/#organization","name":"CAMPINGS.COM","url":"https:\/\/www.campings.com\/fr\/content\/","logo":{"@type":"ImageObject","inLanguage":"fr-FR","@id":"https:\/\/www.campings.com\/fr\/content\/#\/schema\/logo\/image\/","url":"https:\/\/www.campings.com\/fr\/content\/wp-content\/uploads\/2019\/01\/cropped-logo-1.png","contentUrl":"https:\/\/www.campings.com\/fr\/content\/wp-content\/uploads\/2019\/01\/cropped-logo-1.png","width":174,"height":42,"caption":"CAMPINGS.COM"},"image":{"@id":"https:\/\/www.campings.com\/fr\/content\/#\/schema\/logo\/image\/"}}]}},"_links":{"self":[{"href":"https:\/\/www.campings.com\/fr\/content\/wp-json\/wp\/v2\/pages\/1063","targetHints":{"allow":["GET"]}}],"collection":[{"href":"https:\/\/www.campings.com\/fr\/content\/wp-json\/wp\/v2\/pages"}],"about":[{"href":"https:\/\/www.campings.com\/fr\/content\/wp-json\/wp\/v2\/types\/page"}],"author":[{"embeddable":true,"href":"https:\/\/www.campings.com\/fr\/content\/wp-json\/wp\/v2\/users\/1"}],"replies":[{"embeddable":true,"href":"https:\/\/www.campings.com\/fr\/content\/wp-json\/wp\/v2\/comments?post=1063"}],"version-history":[{"count":4,"href":"https:\/\/www.campings.com\/fr\/content\/wp-json\/wp\/v2\/pages\/1063\/revisions"}],"predecessor-version":[{"id":5636,"href":"https:\/\/www.campings.com\/fr\/content\/wp-json\/wp\/v2\/pages\/1063\/revisions\/5636"}],"wp:featuredmedia":[{"embeddable":true,"href":"https:\/\/www.campings.com\/fr\/content\/wp-json\/wp\/v2\/media\/1064"}],"wp:attachment":[{"href":"https:\/\/www.campings.com\/fr\/content\/wp-json\/wp\/v2\/media?parent=1063"}],"curies":[{"name":"wp","href":"https:\/\/api.w.org\/{rel}","templated":true}]}}