{"id":17,"date":"2023-07-24T14:21:18","date_gmt":"2023-07-24T14:21:18","guid":{"rendered":"https:\/\/www.campings.com\/fr-be\/content\/?page_id=17"},"modified":"2023-07-24T14:22:09","modified_gmt":"2023-07-24T14:22:09","slug":"eco-responsabilite","status":"publish","type":"page","link":"https:\/\/www.campings.com\/fr-be\/content\/eco-responsabilite\/","title":{"rendered":"Eco-responsabilit\u00e9"},"content":{"rendered":"<p><b>C&#8217;est nouveau sur Campings.com : des filtres de recherche \u00e9co-responsables pour des vacances plus respectueuses de l&#8217;environnement !\u00a0<\/b><\/p>\n<p><span style=\"font-weight: 400\">Vous avez la possibilit\u00e9 de trouver sur notre site les campings qui s&#8217;engagent pour un tourisme durable. Notre moteur de recherche permet d&#8217;identifier les h\u00e9bergements ayant re\u00e7u les labels La Clef Verte et Ecolabel. Gr\u00e2ce \u00e0 cette nouvelle fonctionnalit\u00e9, nous valorisons nos partenaires les plus respectueux de l&#8217;environnement.\u00a0<\/span><\/p>\n<p><b><img loading=\"lazy\" decoding=\"async\" class=\"alignnone wp-image-4091 size-thumbnail\" src=\"https:\/\/www.campings.com\/fr\/content\/wp-content\/uploads\/2023\/07\/cv-logo-1-150x150.png\" alt=\"\" width=\"150\" height=\"150\" \/><\/b><\/p>\n<p><b>La Clef Verte<\/b><\/p>\n<p><span style=\"font-weight: 400\">Pr\u00e9sent sur les cinq continents, l&#8217;ecolabel touristique Clef Verte \/ Green Key est le premier label de tourisme durable international pour les h\u00e9bergements touristiques et les restaurants qui s\u2019engagent dans une d\u00e9marche environnementale performante avec pour objectif d\u2019\u00e9voluer en permanence vers les meilleures pratiques recommand\u00e9es par Clef Verte.<\/span><\/p>\n<p>D\u00e9velopp\u00e9 en France depuis 1998, le label Clef Verte est, par le nombre d&#8217;\u00e9tablissements labellis\u00e9s et par son ant\u00e9riorit\u00e9, le premier \u00e9colabel pour les\u00a0\u00e9tablissements touristiques en France.<\/p>\n<p><span style=\"font-weight: 400\">Ses crit\u00e8res sont bas\u00e9s sur le respect de la nature et des personnes. Ils se traduisent notamment par une consommation raisonn\u00e9e d\u2019\u00e9nergie et d\u2019eau, par une bonne gestion des d\u00e9chets, par une proposition de loisirs qui ne nuisent pas \u00e0 notre environnement, par une sensibilisation des h\u00f4tes et la formation des employ\u00e9s\u2026 Ces derniers permettent aux \u00e9tablissements de r\u00e9duire leur impact environnemental et de s\u2019engager en faveur de la r\u00e9alisation des Objectifs de D\u00e9veloppement Durable de l\u2019ONU.<\/span><\/p>\n<p>Pour en savoir plus : <a href=\"https:\/\/www.laclefverte.org\/\">https:\/\/www.laclefverte.org\/<\/a><\/p>\n<p><b><img loading=\"lazy\" decoding=\"async\" class=\"alignnone wp-image-4090 size-thumbnail\" src=\"https:\/\/www.campings.com\/fr\/content\/wp-content\/uploads\/2023\/07\/Logo_Ecolabel.svg-150x150.png\" alt=\"\" width=\"150\" height=\"150\" \/><\/b><\/p>\n<p><b>\u00c9colabel Europ\u00e9en\u00a0<\/b><\/p>\n<p><span style=\"font-weight: 400\">Initi\u00e9 en 1992 par la Commission Europ\u00e9enne, l\u2019\u00c9colabel Europ\u00e9en est un label officiel permettant de valoriser les produits et services respectueux de l\u2019environnement. Les h\u00e9bergements touristiques tels que les campings peuvent y pr\u00e9tendre depuis 2005. \u00a0L\u2019Ecolabel europ\u00e9en est le seul label \u00e9cologique officiel commun \u00e0 l\u2019ensemble des pays de l&#8217;Union europ\u00e9enne.\u00a0<\/span><\/p>\n<p><span style=\"font-weight: 400\">Ce label garantit que l\u2019h\u00e9bergement contribue activement \u00e0 l\u2019utilisation de sources d\u2019\u00e9nergie renouvelables, l\u2019\u00e9conomie d\u2019\u00e9nergie et d\u2019eau, la r\u00e9duction de la production de d\u00e9chets, la lutte contre le gaspillage alimentaire ou encore l&#8217;am\u00e9lioration de l&#8217;environnement local.\u00a0<\/span><\/p>\n<p>Pour en savoir plus : <a href=\"https:\/\/www.ecolabels.fr\/\">https:\/\/www.ecolabels.fr\/<\/a><\/p>\n","protected":false},"excerpt":{"rendered":"<p>C&#8217;est nouveau sur Campings.com : des filtres de recherche \u00e9co-responsables pour des vacances plus respectueuses de l&#8217;environnement !\u00a0 Vous avez la possibilit\u00e9 de trouver sur notre site les campings qui s&#8217;engagent pour un tourisme durable. Notre moteur de recherche permet d&#8217;identifier les h\u00e9bergements ayant re\u00e7u les labels La Clef Verte et Ecolabel. Gr\u00e2ce \u00e0 cette [&hellip;]<\/p>\n","protected":false},"author":25,"featured_media":0,"parent":0,"menu_order":0,"comment_status":"closed","ping_status":"closed","template":"template-onecolumn.php","meta":{"_acf_changed":false,"footnotes":""},"class_list":["post-17","page","type-page","status-publish","hentry"],"acf":[],"yoast_head":"<!-- This site is optimized with the Yoast SEO plugin v27.1.1 - https:\/\/yoast.com\/product\/yoast-seo-wordpress\/ -->\n<title>Eco-responsabilit\u00e9 - Campings FR BE Content<\/title>\n<meta name=\"robots\" content=\"index, follow, max-snippet:-1, max-image-preview:large, max-video-preview:-1\" \/>\n<link rel=\"canonical\" href=\"https:\/\/www.campings.com\/fr-be\/content\/eco-responsabilite\/\" \/>\n<meta property=\"og:locale\" content=\"en_US\" \/>\n<meta property=\"og:type\" content=\"article\" \/>\n<meta property=\"og:title\" content=\"Eco-responsabilit\u00e9 - Campings FR BE Content\" \/>\n<meta property=\"og:description\" content=\"C&#8217;est nouveau sur Campings.com : des filtres de recherche \u00e9co-responsables pour des vacances plus respectueuses de l&#8217;environnement !\u00a0 Vous avez la possibilit\u00e9 de trouver sur notre site les campings qui s&#8217;engagent pour un tourisme durable. Notre moteur de recherche permet d&#8217;identifier les h\u00e9bergements ayant re\u00e7u les labels La Clef Verte et Ecolabel. Gr\u00e2ce \u00e0 cette [&hellip;]\" \/>\n<meta property=\"og:url\" content=\"https:\/\/www.campings.com\/fr-be\/content\/eco-responsabilite\/\" \/>\n<meta property=\"og:site_name\" content=\"Campings FR BE Content\" \/>\n<meta property=\"article:modified_time\" content=\"2023-07-24T14:22:09+00:00\" \/>\n<meta name=\"twitter:card\" content=\"summary_large_image\" \/>\n<meta name=\"twitter:label1\" content=\"Est. reading time\" \/>\n\t<meta name=\"twitter:data1\" content=\"2 minutes\" \/>\n<script type=\"application\/ld+json\" class=\"yoast-schema-graph\">{\"@context\":\"https:\/\/schema.org\",\"@graph\":[{\"@type\":\"WebPage\",\"@id\":\"https:\/\/www.campings.com\/fr-be\/content\/eco-responsabilite\/\",\"url\":\"https:\/\/www.campings.com\/fr-be\/content\/eco-responsabilite\/\",\"name\":\"Eco-responsabilit\u00e9 - Campings FR BE Content\",\"isPartOf\":{\"@id\":\"https:\/\/www.campings.com\/fr-be\/content\/#website\"},\"primaryImageOfPage\":{\"@id\":\"https:\/\/www.campings.com\/fr-be\/content\/eco-responsabilite\/#primaryimage\"},\"image\":{\"@id\":\"https:\/\/www.campings.com\/fr-be\/content\/eco-responsabilite\/#primaryimage\"},\"thumbnailUrl\":\"https:\/\/www.campings.com\/fr\/content\/wp-content\/uploads\/2023\/07\/cv-logo-1-150x150.png\",\"datePublished\":\"2023-07-24T14:21:18+00:00\",\"dateModified\":\"2023-07-24T14:22:09+00:00\",\"breadcrumb\":{\"@id\":\"https:\/\/www.campings.com\/fr-be\/content\/eco-responsabilite\/#breadcrumb\"},\"inLanguage\":\"en-US\",\"potentialAction\":[{\"@type\":\"ReadAction\",\"target\":[\"https:\/\/www.campings.com\/fr-be\/content\/eco-responsabilite\/\"]}]},{\"@type\":\"ImageObject\",\"inLanguage\":\"en-US\",\"@id\":\"https:\/\/www.campings.com\/fr-be\/content\/eco-responsabilite\/#primaryimage\",\"url\":\"https:\/\/www.campings.com\/fr\/content\/wp-content\/uploads\/2023\/07\/cv-logo-1-150x150.png\",\"contentUrl\":\"https:\/\/www.campings.com\/fr\/content\/wp-content\/uploads\/2023\/07\/cv-logo-1-150x150.png\"},{\"@type\":\"BreadcrumbList\",\"@id\":\"https:\/\/www.campings.com\/fr-be\/content\/eco-responsabilite\/#breadcrumb\",\"itemListElement\":[{\"@type\":\"ListItem\",\"position\":1,\"name\":\"Home\",\"item\":\"https:\/\/www.campings.com\/fr-be\/content\/\"},{\"@type\":\"ListItem\",\"position\":2,\"name\":\"Eco-responsabilit\u00e9\"}]},{\"@type\":\"WebSite\",\"@id\":\"https:\/\/www.campings.com\/fr-be\/content\/#website\",\"url\":\"https:\/\/www.campings.com\/fr-be\/content\/\",\"name\":\"Campings FR BE Content\",\"description\":\"Just another Campings Blog Sites site\",\"potentialAction\":[{\"@type\":\"SearchAction\",\"target\":{\"@type\":\"EntryPoint\",\"urlTemplate\":\"https:\/\/www.campings.com\/fr-be\/content\/?s={search_term_string}\"},\"query-input\":{\"@type\":\"PropertyValueSpecification\",\"valueRequired\":true,\"valueName\":\"search_term_string\"}}],\"inLanguage\":\"en-US\"}]}<\/script>\n<!-- \/ Yoast SEO plugin. -->","yoast_head_json":{"title":"Eco-responsabilit\u00e9 - Campings FR BE Content","robots":{"index":"index","follow":"follow","max-snippet":"max-snippet:-1","max-image-preview":"max-image-preview:large","max-video-preview":"max-video-preview:-1"},"canonical":"https:\/\/www.campings.com\/fr-be\/content\/eco-responsabilite\/","og_locale":"en_US","og_type":"article","og_title":"Eco-responsabilit\u00e9 - Campings FR BE Content","og_description":"C&#8217;est nouveau sur Campings.com : des filtres de recherche \u00e9co-responsables pour des vacances plus respectueuses de l&#8217;environnement !\u00a0 Vous avez la possibilit\u00e9 de trouver sur notre site les campings qui s&#8217;engagent pour un tourisme durable. Notre moteur de recherche permet d&#8217;identifier les h\u00e9bergements ayant re\u00e7u les labels La Clef Verte et Ecolabel. Gr\u00e2ce \u00e0 cette [&hellip;]","og_url":"https:\/\/www.campings.com\/fr-be\/content\/eco-responsabilite\/","og_site_name":"Campings FR BE Content","article_modified_time":"2023-07-24T14:22:09+00:00","twitter_card":"summary_large_image","twitter_misc":{"Est. reading time":"2 minutes"},"schema":{"@context":"https:\/\/schema.org","@graph":[{"@type":"WebPage","@id":"https:\/\/www.campings.com\/fr-be\/content\/eco-responsabilite\/","url":"https:\/\/www.campings.com\/fr-be\/content\/eco-responsabilite\/","name":"Eco-responsabilit\u00e9 - Campings FR BE Content","isPartOf":{"@id":"https:\/\/www.campings.com\/fr-be\/content\/#website"},"primaryImageOfPage":{"@id":"https:\/\/www.campings.com\/fr-be\/content\/eco-responsabilite\/#primaryimage"},"image":{"@id":"https:\/\/www.campings.com\/fr-be\/content\/eco-responsabilite\/#primaryimage"},"thumbnailUrl":"https:\/\/www.campings.com\/fr\/content\/wp-content\/uploads\/2023\/07\/cv-logo-1-150x150.png","datePublished":"2023-07-24T14:21:18+00:00","dateModified":"2023-07-24T14:22:09+00:00","breadcrumb":{"@id":"https:\/\/www.campings.com\/fr-be\/content\/eco-responsabilite\/#breadcrumb"},"inLanguage":"en-US","potentialAction":[{"@type":"ReadAction","target":["https:\/\/www.campings.com\/fr-be\/content\/eco-responsabilite\/"]}]},{"@type":"ImageObject","inLanguage":"en-US","@id":"https:\/\/www.campings.com\/fr-be\/content\/eco-responsabilite\/#primaryimage","url":"https:\/\/www.campings.com\/fr\/content\/wp-content\/uploads\/2023\/07\/cv-logo-1-150x150.png","contentUrl":"https:\/\/www.campings.com\/fr\/content\/wp-content\/uploads\/2023\/07\/cv-logo-1-150x150.png"},{"@type":"BreadcrumbList","@id":"https:\/\/www.campings.com\/fr-be\/content\/eco-responsabilite\/#breadcrumb","itemListElement":[{"@type":"ListItem","position":1,"name":"Home","item":"https:\/\/www.campings.com\/fr-be\/content\/"},{"@type":"ListItem","position":2,"name":"Eco-responsabilit\u00e9"}]},{"@type":"WebSite","@id":"https:\/\/www.campings.com\/fr-be\/content\/#website","url":"https:\/\/www.campings.com\/fr-be\/content\/","name":"Campings FR BE Content","description":"Just another Campings Blog Sites site","potentialAction":[{"@type":"SearchAction","target":{"@type":"EntryPoint","urlTemplate":"https:\/\/www.campings.com\/fr-be\/content\/?s={search_term_string}"},"query-input":{"@type":"PropertyValueSpecification","valueRequired":true,"valueName":"search_term_string"}}],"inLanguage":"en-US"}]}},"_links":{"self":[{"href":"https:\/\/www.campings.com\/fr-be\/content\/wp-json\/wp\/v2\/pages\/17","targetHints":{"allow":["GET"]}}],"collection":[{"href":"https:\/\/www.campings.com\/fr-be\/content\/wp-json\/wp\/v2\/pages"}],"about":[{"href":"https:\/\/www.campings.com\/fr-be\/content\/wp-json\/wp\/v2\/types\/page"}],"author":[{"embeddable":true,"href":"https:\/\/www.campings.com\/fr-be\/content\/wp-json\/wp\/v2\/users\/25"}],"replies":[{"embeddable":true,"href":"https:\/\/www.campings.com\/fr-be\/content\/wp-json\/wp\/v2\/comments?post=17"}],"version-history":[{"count":2,"href":"https:\/\/www.campings.com\/fr-be\/content\/wp-json\/wp\/v2\/pages\/17\/revisions"}],"predecessor-version":[{"id":20,"href":"https:\/\/www.campings.com\/fr-be\/content\/wp-json\/wp\/v2\/pages\/17\/revisions\/20"}],"wp:attachment":[{"href":"https:\/\/www.campings.com\/fr-be\/content\/wp-json\/wp\/v2\/media?parent=17"}],"curies":[{"name":"wp","href":"https:\/\/api.w.org\/{rel}","templated":true}]}}