{"id":48,"date":"2022-06-21T08:03:18","date_gmt":"2022-06-21T08:03:18","guid":{"rendered":"https:\/\/www.campings.com\/es\/content\/?page_id=48"},"modified":"2022-06-21T08:06:20","modified_gmt":"2022-06-21T08:06:20","slug":"politica-de-privacidad","status":"publish","type":"page","link":"https:\/\/www.campings.com\/es\/content\/politica-de-privacidad\/","title":{"rendered":"Pol\u00edtica de Privacidad"},"content":{"rendered":"<p><strong>POL\u00cdTICA DE PRIVACIDAD DE WWW.CAMPINGS.COM.<\/strong><\/p>\n<p>Actualizado en [agosto de 2019].<\/p>\n<p>&nbsp;<\/p>\n<p><strong>I. Tratamiento de los datos personales de los clientes<\/strong><\/p>\n<p>Campings.com recoge y utiliza los datos personales facilitados voluntariamente por el Cliente que son necesarios para la realizaci\u00f3n de un Pedido.<\/p>\n<p>Los clientes est\u00e1n obligados a proporcionar sus datos e informaci\u00f3n personal de forma precisa, veraz y verdadera y a actualizar dichos datos e informaci\u00f3n tan pronto como sea necesario para garantizar que siguen siendo exactos y completos.<\/p>\n<p>Campings.com respeta las disposiciones de la Ley francesa n\u00ba 78-17 de 6 de enero de 1978 relativa a la inform\u00e1tica, a los ficheros y a las libertades, y recoge y trata los datos personales de sus Clientes de manera leal y l\u00edcita y respetando sus derechos.<\/p>\n<p>Campings.com es responsable del tratamiento de los datos personales declarados a la Comisi\u00f3n Nacional de Inform\u00e1tica y Libertades (&#8220;CNIL&#8221;).<\/p>\n<p>La finalidad del tratamiento es permitir la gesti\u00f3n de los pedidos de servicios de alojamiento de los Clientes a sus Socios y\/o sus solicitudes de informaci\u00f3n y prospecci\u00f3n comercial.<\/p>\n<p><strong>II. Naturaleza de los datos recogidos por Campings.com<\/strong><\/p>\n<p>Los datos personales recogidos son los siguientes: los apellidos y el nombre, la direcci\u00f3n postal, la direcci\u00f3n de correo electr\u00f3nico, la fecha de nacimiento y el n\u00famero de tel\u00e9fono de los Clientes, y los apellidos y el nombre y la fecha de nacimiento de los participantes.<\/p>\n<p>Campings.com tambi\u00e9n puede recopilar los datos de tr\u00e1fico que se generan cuando el terminal del Cliente se conecta a Internet y al Sitio. Estos datos pueden utilizarse con fines estad\u00edsticos para analizar el n\u00famero de visitantes del Sitio y para mejorarlo adapt\u00e1ndolo a las necesidades de los Clientes. Los datos de tr\u00e1fico nunca son utilizados por Campings.com por su nombre.<\/p>\n<p>Campings.com puede colocar cookies en los terminales de los Clientes para permitir la navegaci\u00f3n en el Sitio, con fines publicitarios y para comprender mejor c\u00f3mo interact\u00faan los Clientes con sus sitios y servicios a fin de mejorarlos.<\/p>\n<p>Campings.com utiliza el servicio de Google Analytics prestado por Google Inc, un proveedor de servicios de medici\u00f3n de audiencia, que :<\/p>\n<p>Recoge los siguientes datos: origen de las conexiones (proveedores de acceso), tipo y versi\u00f3n del navegador utilizado, idioma del navegador, duraci\u00f3n de la conexi\u00f3n, direcci\u00f3n IP, etc. ;<\/p>\n<p>Almacena cookies en los terminales de los Clientes para mostrar publicidad en el Sitio y realizar mediciones de audiencia. Los datos generados por las cookies son transmitidos por Google Inc. y est\u00e1n alojados en servidores ubicados en Estados Unidos. Google Inc. utilizar\u00e1 estos datos con el fin de evaluar el uso del sitio web, pero no asociar\u00e1 la direcci\u00f3n IP del Cliente con ning\u00fan otro dato que posea Google Inc. Google Inc. tambi\u00e9n podr\u00e1 transferir estos datos a terceros cuando as\u00ed lo exija la ley, o cuando dichos terceros procesen los datos en su nombre. Para m\u00e1s informaci\u00f3n, los clientes pueden consultar los siguientes sitios web: www.google.com\/intl\/es\/policies\/privacy y www.google.com\/policies\/technologies\/ads.<\/p>\n<p>Al continuar utilizando el Sitio, los Clientes aceptan el dep\u00f3sito de cookies en su terminal.<\/p>\n<p>Los clientes pueden eliminar las cookies en cualquier momento mediante el software de su navegador y configurarlo para evitar que se almacenen en su terminal. Campings.com les invita a consultar el archivo de ayuda de su software de navegaci\u00f3n para establecer la configuraci\u00f3n adecuada.<\/p>\n<p><strong>III. Protecci\u00f3n, almacenamiento y supresi\u00f3n de datos personales<\/strong><\/p>\n<p>Los datos personales facilitados por los Clientes son alojados por Campings.com.<\/p>\n<p>Campings.com conserva los datos personales de sus clientes durante la vigencia de un Pedido y hasta cinco (5) a\u00f1os despu\u00e9s de la \u00faltima solicitud sin respuesta del cliente.<\/p>\n<ol>\n<li><strong><em>Comunicaci\u00f3n y transferencia de los datos personales de los clientes<\/em><\/strong><\/li>\n<\/ol>\n<p>Campings.com podr\u00e1 enviar correos electr\u00f3nicos a los Clientes que hayan aceptado recibirlos, para informarles del desarrollo del Sitio o de sus actividades o para proporcionarles informaci\u00f3n t\u00e9cnica o administrativa.<\/p>\n<p>Campings.com puede transmitir los datos personales de sus clientes a socios y terceros con fines publicitarios. Campings.com se compromete a no comunicar, ceder o transferir los datos personales a terceros (salvo en el marco de su utilizaci\u00f3n de Google Analytics o de sus Socios, incluidos los socios comerciales) sin el consentimiento expreso de los Clientes, pero podr\u00e1 comunicarlos si as\u00ed lo exige la ley o a petici\u00f3n judicial o administrativa.<\/p>\n<p><strong><em>\u00a0 \u00a0 2. Derecho de acceso, modificaci\u00f3n o supresi\u00f3n de datos personales<\/em><\/strong><\/p>\n<p>&nbsp;<\/p>\n<p>De conformidad con la Ley\u00a0 Francesa de Protecci\u00f3n de Datos de 6 de enero de 1978 (Ley n\u00ba 78-17), Campings.com informa a los Clientes de su derecho a acceder, modificar, oponerse al tratamiento y solicitar la supresi\u00f3n de sus datos personales recogidos y tratados, precisando que la supresi\u00f3n de sus datos no es posible durante un Pedido.<\/p>\n<p>Los clientes pueden ejercer sus derechos:<\/p>\n<p>Enviando un correo electr\u00f3nico a la direcci\u00f3n &#8220;dpo@campings.com&#8221;, responsable de la protecci\u00f3n de datos (DPO) o,<\/p>\n<p>escribiendo a la direcci\u00f3n postal: Campings.com &#8211; 18-20 rue du faubourg du temple &#8211; 75541 Paris Cedex 11.<\/p>\n<p><strong><em> \u00a03.Informaci\u00f3n sobre las cookies en el sitio web www.campings.com\/es<\/em><\/strong><\/p>\n<p>\u00bfQu\u00e9 es una cookie?<\/p>\n<p>Cuando usted utiliza el Sitio, www.campings.com\/es puede colocar un archivo llamado &#8220;cookie&#8221; en su terminal (por ejemplo, ordenador, tableta), gracias al software de su navegador. Durante el tiempo que se almacena, permite que su ordenador sea identificado en sus pr\u00f3ximas visitas. Por lo tanto, cada vez que usted visite el Sitio, los Datos de su visita anterior pueden ser retenidos.<\/p>\n<p>&nbsp;<\/p>\n<p>\u00bfQu\u00e9 cookies se utilizan?<\/p>\n<p>Google Analytics (An\u00e1lisis y medici\u00f3n del rendimiento)<\/p>\n<p>Google Analytics utiliza cookies para recopilar datos que nos ayudan a entender mejor c\u00f3mo navegan nuestros usuarios y qu\u00e9 errores pueden encontrar. Utilizamos esta informaci\u00f3n para identificar c\u00f3mo podemos mejorar la experiencia del usuario. Los datos recogidos a trav\u00e9s de estas cookies son an\u00f3nimos. Estos terceros no recogen datos espec\u00edficos de los clientes y los datos nunca se comparten con otros terceros.<\/p>\n<p>&nbsp;<\/p>\n<p>ABTasty (An\u00e1lisis y medici\u00f3n del rendimiento)<\/p>\n<p>www.campings.com\/es trabaja con el tercero ABTasty para probar y optimizar el contenido y la experiencia de nuestros usuarios. Las cookies que utilizan nos permiten identificar los datos de navegaci\u00f3n de nuestros usuarios, con el fin de mejorar sus experiencias futuras. Los datos recogidos a trav\u00e9s de estas cookies son an\u00f3nimos. No recopilan datos espec\u00edficos de los clientes y los datos nunca se comparten con otros terceros.<\/p>\n<p>&nbsp;<\/p>\n<p>Facebook, Google Adwords, Bing, (segmentaci\u00f3n y publicidad)<\/p>\n<p>Google Adwords, Bing y Facebook utilizan cookies para hacer un seguimiento de nuestra propia actividad publicitaria de pago. Utilizamos la informaci\u00f3n recogida por estas cookies para ayudarnos a determinar d\u00f3nde ser\u00e1n m\u00e1s efectivos nuestros anuncios en l\u00ednea. Cada anunciante utiliza sus propias cookies de seguimiento y los datos recogidos no son confidenciales ni intercambiables.<\/p>\n<p>&nbsp;<\/p>\n<p>NetAffiliation, TradeTracker, Daisycon TF1, ADME, Notify, PRM Factory, (Targeting)<\/p>\n<p>Estas cookies son utilizadas por NetAffiliation, TF1, ADME, PRM Factory, y permiten a www.campings.com\/es cumplir con sus obligaciones contractuales de pago a sus socios cuando introducen un nuevo cliente en www.campings.com\/es. Los datos recogidos a trav\u00e9s de estas cookies son an\u00f3nimos. Este tercero no recoge datos espec\u00edficos de los clientes y los datos nunca se comparten con otros terceros.<\/p>\n<p>&nbsp;<\/p>\n<p>Criteo, Tedemis, Remailme, Eperflex, RTBHouse (Publicidad)<\/p>\n<p>www.campings.com\/es trabaja con agencias de terceros como Criteo, Tedemis, Remailme, Eperflex y RTBHouse para mostrar banners y anuncios por correo electr\u00f3nico en otros sitios web seleccionados bas\u00e1ndose en las p\u00e1ginas ya vistas en www.campings.com\/es. Estas cookies nos ayudan a supervisar y mejorar la eficacia de nuestros anuncios publicitarios y de correo electr\u00f3nico y a perfeccionar la orientaci\u00f3n de estas campa\u00f1as para mostrar el contenido m\u00e1s relevante para cada persona. Los datos recogidos a trav\u00e9s de estas cookies son an\u00f3nimos. Estos terceros no recogen datos espec\u00edficos de los clientes y los datos nunca se comparten con otros terceros.<\/p>\n<p>&nbsp;<\/p>\n<p>Zendesk (Zopim) (Funcional)<\/p>\n<p>Zendesk es una plataforma de atenci\u00f3n al cliente que ofrece a www.campings.com\/fr varios medios de comunicaci\u00f3n, incluido un servicio de chat (Zopim). La cookie de Zendesk hace un seguimiento del historial de los usuarios en las aplicaciones de Zendesk, incluidas las preferencias del usuario para ver el chat. La informaci\u00f3n recopilada a trav\u00e9s de estas cookies se utiliza \u00fanicamente para este fin y nunca se transmite ni se vende a terceros.<\/p>\n<p>&nbsp;<\/p>\n<p>TrustPilot (Opiniones de clientes)<\/p>\n<p>TrustPilot es una plataforma independiente que recoge las opiniones de los clientes. Si quieres escribir una rese\u00f1a en www.campings.com\/es, TrustPilot recopila datos personales sobre ti. Para obtener una visi\u00f3n general de los datos personales que se recogen y c\u00f3mo los utiliza TrustPilot, visite: http:\/\/es.legal.TrustPilot.com\/end-user-privacy-terms.<\/p>\n<p>&nbsp;<\/p>\n<p>ContentSquare<\/p>\n<p>ContentSquare es una soluci\u00f3n que agrega datos de tr\u00e1fico y uso para mejorar la experiencia del usuario. Las estad\u00edsticas elaboradas son an\u00f3nimas. Para excluirse del seguimiento, haga clic aqu\u00ed.<\/p>\n<p>&nbsp;<\/p>\n<p>Detalles de la cookie ContentSquare (Cookie : Duraci\u00f3n &#8211; descripci\u00f3n)<\/p>\n<p>_cs_id: 13 meses &#8211; Esta cookie contiene el ID de usuario de ContentSquare<\/p>\n<p>_cs_s : 30 minutos &#8211; Esta cookie contiene el n\u00famero de p\u00e1ginas vistas en la sesi\u00f3n actual para la herramienta ContentSquare.<\/p>\n<p>_cs_vars : sesi\u00f3n &#8211; Esta cookie es utilizada por ContentSquare para almacenar variables personalizadas<\/p>\n<p>_cs_ex : 30 d\u00edas &#8211; Esta cookie es utilizada por ContentSquare para excluir a ciertos visitantes de la recolecci\u00f3n.<\/p>\n<p>_cs_c : 13 meses &#8211; Esta cookie es utilizada por ContentSquare para guardar el consentimiento del usuario a la recogida de datos.<\/p>\n<p>_cs_optout: 10 a\u00f1os &#8211; Esta cookie es utilizada por ContentSquare para excluir a ciertos visitantes de la recopilaci\u00f3n.<\/p>\n<p><em>\u00bfC\u00f3mo puedo aceptar o rechazar el uso de cookies?<\/em><\/p>\n<p>Si no desea recibir cookies en general o desea rechazar s\u00f3lo ciertas cookies, puede cambiar la configuraci\u00f3n de su navegador adecuadamente.<\/p>\n<p>&nbsp;<\/p>\n<p>&nbsp;<\/p>\n<p>Las instrucciones para hacerlo se encuentran en el sitio web de cada navegador:<\/p>\n<p>&nbsp;<\/p>\n<p>Para Internet Explorer:<\/p>\n<p>http:\/\/windows.microsoft.com\/es-ES\/windows-vista\/Block-or-allow-cookies<\/p>\n<p>Para Firefox:<\/p>\n<p>http:\/\/support.mozilla.org\/es\/kb\/Activer%20et%20d%C3%A9sactiver%20les%20cookies<\/p>\n<p>Para Safari :<\/p>\n<p>http:\/\/support.apple.com\/kb\/ht1677?viewlocale=es_ES<\/p>\n<p>Para Chrome:<\/p>\n<p>http:\/\/support.google.com\/chrome\/bin\/answer.py?hl=es&#038;hlrm=en&#038;answer=95647<\/p>\n","protected":false},"excerpt":{"rendered":"<p>POL\u00cdTICA DE PRIVACIDAD DE WWW.CAMPINGS.COM. Actualizado en [agosto de 2019]. &nbsp; I. Tratamiento de los datos personales de los clientes Campings.com recoge y utiliza los datos personales facilitados voluntariamente por el Cliente que son necesarios para la realizaci\u00f3n de un Pedido. Los clientes est\u00e1n obligados a proporcionar sus datos e informaci\u00f3n personal de forma precisa, [&hellip;]<\/p>\n","protected":false},"author":19,"featured_media":0,"parent":0,"menu_order":0,"comment_status":"closed","ping_status":"closed","template":"template-onecolumn.php","meta":{"_acf_changed":false,"footnotes":""},"class_list":["post-48","page","type-page","status-publish","hentry"],"acf":[],"yoast_head":"<!-- This site is optimized with the Yoast SEO plugin v27.1.1 - https:\/\/yoast.com\/product\/yoast-seo-wordpress\/ -->\n<title>Pol\u00edtica de Privacidad - Campings ES Content<\/title>\n<meta name=\"robots\" content=\"index, follow, max-snippet:-1, max-image-preview:large, max-video-preview:-1\" \/>\n<link rel=\"canonical\" href=\"https:\/\/www.campings.com\/es\/content\/politica-de-privacidad\/\" \/>\n<meta property=\"og:locale\" content=\"en_US\" \/>\n<meta property=\"og:type\" content=\"article\" \/>\n<meta property=\"og:title\" content=\"Pol\u00edtica de Privacidad - Campings ES Content\" \/>\n<meta property=\"og:description\" content=\"POL\u00cdTICA DE PRIVACIDAD DE WWW.CAMPINGS.COM. Actualizado en [agosto de 2019]. &nbsp; I. Tratamiento de los datos personales de los clientes Campings.com recoge y utiliza los datos personales facilitados voluntariamente por el Cliente que son necesarios para la realizaci\u00f3n de un Pedido. Los clientes est\u00e1n obligados a proporcionar sus datos e informaci\u00f3n personal de forma precisa, [&hellip;]\" \/>\n<meta property=\"og:url\" content=\"https:\/\/www.campings.com\/es\/content\/politica-de-privacidad\/\" \/>\n<meta property=\"og:site_name\" content=\"Campings ES Content\" \/>\n<meta property=\"article:modified_time\" content=\"2022-06-21T08:06:20+00:00\" \/>\n<meta name=\"twitter:card\" content=\"summary_large_image\" \/>\n<meta name=\"twitter:label1\" content=\"Est. reading time\" \/>\n\t<meta name=\"twitter:data1\" content=\"9 minutes\" \/>\n<script type=\"application\/ld+json\" class=\"yoast-schema-graph\">{\"@context\":\"https:\/\/schema.org\",\"@graph\":[{\"@type\":\"WebPage\",\"@id\":\"https:\/\/www.campings.com\/es\/content\/politica-de-privacidad\/\",\"url\":\"https:\/\/www.campings.com\/es\/content\/politica-de-privacidad\/\",\"name\":\"Pol\u00edtica de Privacidad - Campings ES Content\",\"isPartOf\":{\"@id\":\"https:\/\/www.campings.com\/es\/content\/#website\"},\"datePublished\":\"2022-06-21T08:03:18+00:00\",\"dateModified\":\"2022-06-21T08:06:20+00:00\",\"breadcrumb\":{\"@id\":\"https:\/\/www.campings.com\/es\/content\/politica-de-privacidad\/#breadcrumb\"},\"inLanguage\":\"en-US\",\"potentialAction\":[{\"@type\":\"ReadAction\",\"target\":[\"https:\/\/www.campings.com\/es\/content\/politica-de-privacidad\/\"]}]},{\"@type\":\"BreadcrumbList\",\"@id\":\"https:\/\/www.campings.com\/es\/content\/politica-de-privacidad\/#breadcrumb\",\"itemListElement\":[{\"@type\":\"ListItem\",\"position\":1,\"name\":\"Home\",\"item\":\"https:\/\/www.campings.com\/es\/content\/\"},{\"@type\":\"ListItem\",\"position\":2,\"name\":\"Pol\u00edtica de Privacidad\"}]},{\"@type\":\"WebSite\",\"@id\":\"https:\/\/www.campings.com\/es\/content\/#website\",\"url\":\"https:\/\/www.campings.com\/es\/content\/\",\"name\":\"Campings ES Content\",\"description\":\"Campings Blog site in spain\",\"potentialAction\":[{\"@type\":\"SearchAction\",\"target\":{\"@type\":\"EntryPoint\",\"urlTemplate\":\"https:\/\/www.campings.com\/es\/content\/?s={search_term_string}\"},\"query-input\":{\"@type\":\"PropertyValueSpecification\",\"valueRequired\":true,\"valueName\":\"search_term_string\"}}],\"inLanguage\":\"en-US\"}]}<\/script>\n<!-- \/ Yoast SEO plugin. -->","yoast_head_json":{"title":"Pol\u00edtica de Privacidad - Campings ES Content","robots":{"index":"index","follow":"follow","max-snippet":"max-snippet:-1","max-image-preview":"max-image-preview:large","max-video-preview":"max-video-preview:-1"},"canonical":"https:\/\/www.campings.com\/es\/content\/politica-de-privacidad\/","og_locale":"en_US","og_type":"article","og_title":"Pol\u00edtica de Privacidad - Campings ES Content","og_description":"POL\u00cdTICA DE PRIVACIDAD DE WWW.CAMPINGS.COM. Actualizado en [agosto de 2019]. &nbsp; I. Tratamiento de los datos personales de los clientes Campings.com recoge y utiliza los datos personales facilitados voluntariamente por el Cliente que son necesarios para la realizaci\u00f3n de un Pedido. Los clientes est\u00e1n obligados a proporcionar sus datos e informaci\u00f3n personal de forma precisa, [&hellip;]","og_url":"https:\/\/www.campings.com\/es\/content\/politica-de-privacidad\/","og_site_name":"Campings ES Content","article_modified_time":"2022-06-21T08:06:20+00:00","twitter_card":"summary_large_image","twitter_misc":{"Est. reading time":"9 minutes"},"schema":{"@context":"https:\/\/schema.org","@graph":[{"@type":"WebPage","@id":"https:\/\/www.campings.com\/es\/content\/politica-de-privacidad\/","url":"https:\/\/www.campings.com\/es\/content\/politica-de-privacidad\/","name":"Pol\u00edtica de Privacidad - Campings ES Content","isPartOf":{"@id":"https:\/\/www.campings.com\/es\/content\/#website"},"datePublished":"2022-06-21T08:03:18+00:00","dateModified":"2022-06-21T08:06:20+00:00","breadcrumb":{"@id":"https:\/\/www.campings.com\/es\/content\/politica-de-privacidad\/#breadcrumb"},"inLanguage":"en-US","potentialAction":[{"@type":"ReadAction","target":["https:\/\/www.campings.com\/es\/content\/politica-de-privacidad\/"]}]},{"@type":"BreadcrumbList","@id":"https:\/\/www.campings.com\/es\/content\/politica-de-privacidad\/#breadcrumb","itemListElement":[{"@type":"ListItem","position":1,"name":"Home","item":"https:\/\/www.campings.com\/es\/content\/"},{"@type":"ListItem","position":2,"name":"Pol\u00edtica de Privacidad"}]},{"@type":"WebSite","@id":"https:\/\/www.campings.com\/es\/content\/#website","url":"https:\/\/www.campings.com\/es\/content\/","name":"Campings ES Content","description":"Campings Blog site in spain","potentialAction":[{"@type":"SearchAction","target":{"@type":"EntryPoint","urlTemplate":"https:\/\/www.campings.com\/es\/content\/?s={search_term_string}"},"query-input":{"@type":"PropertyValueSpecification","valueRequired":true,"valueName":"search_term_string"}}],"inLanguage":"en-US"}]}},"_links":{"self":[{"href":"https:\/\/www.campings.com\/es\/content\/wp-json\/wp\/v2\/pages\/48","targetHints":{"allow":["GET"]}}],"collection":[{"href":"https:\/\/www.campings.com\/es\/content\/wp-json\/wp\/v2\/pages"}],"about":[{"href":"https:\/\/www.campings.com\/es\/content\/wp-json\/wp\/v2\/types\/page"}],"author":[{"embeddable":true,"href":"https:\/\/www.campings.com\/es\/content\/wp-json\/wp\/v2\/users\/19"}],"replies":[{"embeddable":true,"href":"https:\/\/www.campings.com\/es\/content\/wp-json\/wp\/v2\/comments?post=48"}],"version-history":[{"count":4,"href":"https:\/\/www.campings.com\/es\/content\/wp-json\/wp\/v2\/pages\/48\/revisions"}],"predecessor-version":[{"id":143,"href":"https:\/\/www.campings.com\/es\/content\/wp-json\/wp\/v2\/pages\/48\/revisions\/143"}],"wp:attachment":[{"href":"https:\/\/www.campings.com\/es\/content\/wp-json\/wp\/v2\/media?parent=48"}],"curies":[{"name":"wp","href":"https:\/\/api.w.org\/{rel}","templated":true}]}}